2026-02-19 00:38:55.970 147542 DEBUG oslo_service.service [req-64c06f38-d3c9-4cfd-b988-76561ebe1dcd - - - - -] reserved_host_cpus = 0 log_opt_values /usr/lib/python3/dist-packages/oslo_config/cfg.py:2602
2026-02-19 00:38:55.970 147542 DEBUG oslo_service.service [req-64c06f38-d3c9-4cfd-b988-76561ebe1dcd - - - - -] reserved_host_disk_mb = 0 log_opt_values /usr/lib/python3/dist-packages/oslo_config/cfg.py:2602
2026-02-19 00:38:55.970 148787 DEBUG nova.service [req-35b22fbb-8e05-4c52-8d1d-6bd327ed0c59 - - - - -] Creating RPC server for service scheduler start /usr/lib/python3/dist-packages/nova/service.py:182
2026-02-19 00:38:55.970 147542 DEBUG oslo_service.service [req-64c06f38-d3c9-4cfd-b988-76561ebe1dcd - - - - -] reserved_host_memory_mb = 512 log_opt_values /usr/lib/python3/dist-packages/oslo_config/cfg.py:2602
2026-02-19 00:38:55.970 147542 DEBUG oslo_service.service [req-64c06f38-d3c9-4cfd-b988-76561ebe1dcd - - - - -] reserved_huge_pages = None log_opt_values /usr/lib/python3/dist-packages/oslo_config/cfg.py:2602
2026-02-19 00:38:55.972 147542 DEBUG oslo_service.service [req-64c06f38-d3c9-4cfd-b988-76561ebe1dcd - - - - -] resize_confirm_window = 0 log_opt_values /usr/lib/python3/dist-packages/oslo_config/cfg.py:2602
2026-02-19 00:38:55.972 147542 DEBUG oslo_service.service [req-64c06f38-d3c9-4cfd-b988-76561ebe1dcd - - - - -] resize_fs_using_block_device = False log_opt_values /usr/lib/python3/dist-packages/oslo_config/cfg.py:2602
2026-02-19 00:38:55.972 147542 DEBUG oslo_service.service [req-64c06f38-d3c9-4cfd-b988-76561ebe1dcd - - - - -] resume_guests_state_on_host_boot = False log_opt_values /usr/lib/python3/dist-packages/oslo_config/cfg.py:2602
2026-02-19 00:38:55.973 147542 DEBUG oslo_service.service [req-64c06f38-d3c9-4cfd-b988-76561ebe1dcd - - - - -] rootwrap_config = /etc/nova/rootwrap.conf log_opt_values /usr/lib/python3/dist-packages/oslo_config/cfg.py:2602
2026-02-19 00:38:55.973 147542 DEBUG oslo_service.service [req-64c06f38-d3c9-4cfd-b988-76561ebe1dcd - - - - -] run_external_periodic_tasks = True log_opt_values /usr/lib/python3/dist-packages/oslo_config/cfg.py:2602
2026-02-19 00:38:55.973 147542 DEBUG oslo_service.service [req-64c06f38-d3c9-4cfd-b988-76561ebe1dcd - - - - -] running_deleted_instance_action = reap log_opt_values /usr/lib/python3/dist-packages/oslo_config/cfg.py:2602
2026-02-19 00:38:55.973 148786 DEBUG nova.service [req-2429d373-e805-4b15-bbb4-f38ca0b2b651 - - - - -] Creating RPC server for service scheduler start /usr/lib/python3/dist-packages/nova/service.py:182
2026-02-19 00:38:55.973 147542 DEBUG oslo_service.service [req-64c06f38-d3c9-4cfd-b988-76561ebe1dcd - - - - -] running_deleted_instance_poll_interval = 1800 log_opt_values /usr/lib/python3/dist-packages/oslo_config/cfg.py:2602
2026-02-19 00:38:55.974 147542 DEBUG oslo_service.service [req-64c06f38-d3c9-4cfd-b988-76561ebe1dcd - - - - -] running_deleted_instance_timeout = 0 log_opt_values /usr/lib/python3/dist-packages/oslo_config/cfg.py:2602
2026-02-19 00:38:55.975 147542 DEBUG oslo_service.service [req-64c06f38-d3c9-4cfd-b988-76561ebe1dcd - - - - -] scheduler_instance_sync_interval = 120 log_opt_values /usr/lib/python3/dist-packages/oslo_config/cfg.py:2602
2026-02-19 00:38:55.975 147542 DEBUG oslo_service.service [req-64c06f38-d3c9-4cfd-b988-76561ebe1dcd - - - - -] service_down_time = 60 log_opt_values /usr/lib/python3/dist-packages/oslo_config/cfg.py:2602
2026-02-19 00:38:55.976 147542 DEBUG oslo_service.service [req-64c06f38-d3c9-4cfd-b988-76561ebe1dcd - - - - -] servicegroup_driver = db log_opt_values /usr/lib/python3/dist-packages/oslo_config/cfg.py:2602
2026-02-19 00:38:55.976 147542 DEBUG oslo_service.service [req-64c06f38-d3c9-4cfd-b988-76561ebe1dcd - - - - -] shelved_offload_time = 0 log_opt_values /usr/lib/python3/dist-packages/oslo_config/cfg.py:2602
2026-02-19 00:38:55.976 147542 DEBUG oslo_service.service [req-64c06f38-d3c9-4cfd-b988-76561ebe1dcd - - - - -] shelved_poll_interval = 3600 log_opt_values /usr/lib/python3/dist-packages/oslo_config/cfg.py:2602
2026-02-19 00:38:55.976 147542 DEBUG oslo_service.service [req-64c06f38-d3c9-4cfd-b988-76561ebe1dcd - - - - -] shutdown_timeout = 60 log_opt_values /usr/lib/python3/dist-packages/oslo_config/cfg.py:2602
2026-02-19 00:38:55.976 147542 DEBUG oslo_service.service [req-64c06f38-d3c9-4cfd-b988-76561ebe1dcd - - - - -] source_is_ipv6 = False log_opt_values /usr/lib/python3/dist-packages/oslo_config/cfg.py:2602
2026-02-19 00:38:55.976 147542 DEBUG oslo_service.service [req-64c06f38-d3c9-4cfd-b988-76561ebe1dcd - - - - -] ssl_only = False log_opt_values /usr/lib/python3/dist-packages/oslo_config/cfg.py:2602
2026-02-19 00:38:55.977 147542 DEBUG oslo_service.service [req-64c06f38-d3c9-4cfd-b988-76561ebe1dcd - - - - -] state_path = /var/lib/nova log_opt_values /usr/lib/python3/dist-packages/oslo_config/cfg.py:2602
2026-02-19 00:38:55.977 147542 DEBUG oslo_service.service [req-64c06f38-d3c9-4cfd-b988-76561ebe1dcd - - - - -] sync_power_state_interval = 600 log_opt_values /usr/lib/python3/dist-packages/oslo_config/cfg.py:2602
2026-02-19 00:38:55.977 147542 DEBUG oslo_service.service [req-64c06f38-d3c9-4cfd-b988-76561ebe1dcd - - - - -] sync_power_state_pool_size = 1000 log_opt_values /usr/lib/python3/dist-packages/oslo_config/cfg.py:2602
2026-02-19 00:38:55.977 147542 DEBUG oslo_service.service [req-64c06f38-d3c9-4cfd-b988-76561ebe1dcd - - - - -] syslog_log_facility = LOG_USER log_opt_values /usr/lib/python3/dist-packages/oslo_config/cfg.py:2602
2026-02-19 00:38:55.977 147542 DEBUG oslo_service.service [req-64c06f38-d3c9-4cfd-b988-76561ebe1dcd - - - - -] tempdir = None log_opt_values /usr/lib/python3/dist-packages/oslo_config/cfg.py:2602
2026-02-19 00:38:55.977 147542 DEBUG oslo_service.service [req-64c06f38-d3c9-4cfd-b988-76561ebe1dcd - - - - -] timeout_nbd = 10 log_opt_values /usr/lib/python3/dist-packages/oslo_config/cfg.py:2602
2026-02-19 00:38:55.978 147542 DEBUG oslo_service.service [req-64c06f38-d3c9-4cfd-b988-76561ebe1dcd - - - - -] transport_url = **** log_opt_values /usr/lib/python3/dist-packages/oslo_config/cfg.py:2602
2026-02-19 00:38:55.978 147542 DEBUG oslo_service.service [req-64c06f38-d3c9-4cfd-b988-76561ebe1dcd - - - - -] update_resources_interval = 0 log_opt_values /usr/lib/python3/dist-packages/oslo_config/cfg.py:2602
2026-02-19 00:38:55.978 147542 DEBUG oslo_service.service [req-64c06f38-d3c9-4cfd-b988-76561ebe1dcd - - - - -] use_cow_images = True log_opt_values /usr/lib/python3/dist-packages/oslo_config/cfg.py:2602
2026-02-19 00:38:55.978 147542 DEBUG oslo_service.service [req-64c06f38-d3c9-4cfd-b988-76561ebe1dcd - - - - -] use_eventlog = False log_opt_values /usr/lib/python3/dist-packages/oslo_config/cfg.py:2602
2026-02-19 00:38:55.978 147542 DEBUG oslo_service.service [req-64c06f38-d3c9-4cfd-b988-76561ebe1dcd - - - - -] use_journal = False log_opt_values /usr/lib/python3/dist-packages/oslo_config/cfg.py:2602
2026-02-19 00:38:55.979 147542 DEBUG oslo_service.service [req-64c06f38-d3c9-4cfd-b988-76561ebe1dcd - - - - -] use_json = False log_opt_values /usr/lib/python3/dist-packages/oslo_config/cfg.py:2602
2026-02-19 00:38:55.979 147542 DEBUG oslo_service.service [req-64c06f38-d3c9-4cfd-b988-76561ebe1dcd - - - - -] use_rootwrap_daemon = False log_opt_values /usr/lib/python3/dist-packages/oslo_config/cfg.py:2602
2026-02-19 00:38:55.979 147542 DEBUG oslo_service.service [req-64c06f38-d3c9-4cfd-b988-76561ebe1dcd - - - - -] use_stderr = False log_opt_values /usr/lib/python3/dist-packages/oslo_config/cfg.py:2602
2026-02-19 00:38:55.979 147542 DEBUG oslo_service.service [req-64c06f38-d3c9-4cfd-b988-76561ebe1dcd - - - - -] use_syslog = False log_opt_values /usr/lib/python3/dist-packages/oslo_config/cfg.py:2602
2026-02-19 00:38:55.979 147542 DEBUG oslo_service.service [req-64c06f38-d3c9-4cfd-b988-76561ebe1dcd - - - - -] vcpu_pin_set = None log_opt_values /usr/lib/python3/dist-packages/oslo_config/cfg.py:2602
2026-02-19 00:38:55.979 147542 DEBUG oslo_service.service [req-64c06f38-d3c9-4cfd-b988-76561ebe1dcd - - - - -] vif_plugging_is_fatal = True log_opt_values /usr/lib/python3/dist-packages/oslo_config/cfg.py:2602
2026-02-19 00:38:55.980 147542 DEBUG oslo_service.service [req-64c06f38-d3c9-4cfd-b988-76561ebe1dcd - - - - -] vif_plugging_timeout = 300 log_opt_values /usr/lib/python3/dist-packages/oslo_config/cfg.py:2602
2026-02-19 00:38:55.980 147542 DEBUG oslo_service.service [req-64c06f38-d3c9-4cfd-b988-76561ebe1dcd - - - - -] virt_mkfs = [] log_opt_values /usr/lib/python3/dist-packages/oslo_config/cfg.py:2602
2026-02-19 00:38:55.980 147542 DEBUG oslo_service.service [req-64c06f38-d3c9-4cfd-b988-76561ebe1dcd - - - - -] volume_usage_poll_interval = 0 log_opt_values /usr/lib/python3/dist-packages/oslo_config/cfg.py:2602
2026-02-19 00:38:55.980 147542 DEBUG oslo_service.service [req-64c06f38-d3c9-4cfd-b988-76561ebe1dcd - - - - -] watch_log_file = False log_opt_values /usr/lib/python3/dist-packages/oslo_config/cfg.py:2602
2026-02-19 00:38:55.980 147542 DEBUG oslo_service.service [req-64c06f38-d3c9-4cfd-b988-76561ebe1dcd - - - - -] web = /usr/share/spice-html5 log_opt_values /usr/lib/python3/dist-packages/oslo_config/cfg.py:2602
2026-02-19 00:38:55.981 147542 DEBUG oslo_service.service [req-64c06f38-d3c9-4cfd-b988-76561ebe1dcd - - - - -] oslo_concurrency.disable_process_locking = False log_opt_values /usr/lib/python3/dist-packages/oslo_config/cfg.py:2609
2026-02-19 00:38:55.981 147542 DEBUG oslo_service.service [req-64c06f38-d3c9-4cfd-b988-76561ebe1dcd - - - - -] oslo_concurrency.lock_path = /var/lock/nova log_opt_values /usr/lib/python3/dist-packages/oslo_config/cfg.py:2609
2026-02-19 00:38:55.981 147542 WARNING oslo_config.cfg [req-64c06f38-d3c9-4cfd-b988-76561ebe1dcd - - - - -] Deprecated: Option "auth_strategy" from group "api" is deprecated for removal ( The only non-default choice, ``noauth2``, is for internal development and testing purposes only and should not be used in deployments. This option and its middleware, NoAuthMiddleware[V2_18], will be removed in a future release. ). Its value may be silently ignored in the future.
2026-02-19 00:38:55.981 147542 DEBUG oslo_service.service [req-64c06f38-d3c9-4cfd-b988-76561ebe1dcd - - - - -] api.auth_strategy = keystone log_opt_values /usr/lib/python3/dist-packages/oslo_config/cfg.py:2609
2026-02-19 00:38:55.982 147542 DEBUG oslo_service.service [req-64c06f38-d3c9-4cfd-b988-76561ebe1dcd - - - - -] api.compute_link_prefix = None log_opt_values /usr/lib/python3/dist-packages/oslo_config/cfg.py:2609
2026-02-19 00:38:55.982 147542 DEBUG oslo_service.service [req-64c06f38-d3c9-4cfd-b988-76561ebe1dcd - - - - -] api.config_drive_skip_versions = 1.0 2007-01-19 2007-03-01 2007-08-29 2007-10-10 2007-12-15 2008-02-01 2008-09-01 log_opt_values /usr/lib/python3/dist-packages/oslo_config/cfg.py:2609
2026-02-19 00:38:55.982 147542 DEBUG oslo_service.service [req-64c06f38-d3c9-4cfd-b988-76561ebe1dcd - - - - -] api.dhcp_domain = novalocal log_opt_values /usr/lib/python3/dist-packages/oslo_config/cfg.py:2609
2026-02-19 00:38:55.982 147542 DEBUG oslo_service.service [req-64c06f38-d3c9-4cfd-b988-76561ebe1dcd - - - - -] api.enable_instance_password = True log_opt_values /usr/lib/python3/dist-packages/oslo_config/cfg.py:2609
2026-02-19 00:38:55.983 147542 DEBUG oslo_service.service [req-64c06f38-d3c9-4cfd-b988-76561ebe1dcd - - - - -] api.glance_link_prefix = None log_opt_values /usr/lib/python3/dist-packages/oslo_config/cfg.py:2609
2026-02-19 00:38:55.983 147542 DEBUG oslo_service.service [req-64c06f38-d3c9-4cfd-b988-76561ebe1dcd - - - - -] api.instance_list_cells_batch_fixed_size = 100 log_opt_values /usr/lib/python3/dist-packages/oslo_config/cfg.py:2609
2026-02-19 00:38:55.983 147542 DEBUG oslo_service.service [req-64c06f38-d3c9-4cfd-b988-76561ebe1dcd - - - - -] api.instance_list_cells_batch_strategy = distributed log_opt_values /usr/lib/python3/dist-packages/oslo_config/cfg.py:2609
2026-02-19 00:38:55.983 147542 DEBUG oslo_service.service [req-64c06f38-d3c9-4cfd-b988-76561ebe1dcd - - - - -] api.instance_list_per_project_cells = False log_opt_values /usr/lib/python3/dist-packages/oslo_config/cfg.py:2609
2026-02-19 00:38:55.983 147542 DEBUG oslo_service.service [req-64c06f38-d3c9-4cfd-b988-76561ebe1dcd - - - - -] api.list_records_by_skipping_down_cells = True log_opt_values /usr/lib/python3/dist-packages/oslo_config/cfg.py:2609
2026-02-19 00:38:55.984 147542 DEBUG oslo_service.service [req-64c06f38-d3c9-4cfd-b988-76561ebe1dcd - - - - -] api.local_metadata_per_cell = False log_opt_values /usr/lib/python3/dist-packages/oslo_config/cfg.py:2609
2026-02-19 00:38:55.984 147542 DEBUG oslo_service.service [req-64c06f38-d3c9-4cfd-b988-76561ebe1dcd - - - - -] api.max_limit = 1000 log_opt_values /usr/lib/python3/dist-packages/oslo_config/cfg.py:2609
2026-02-19 00:38:55.984 147542 DEBUG oslo_service.service [req-64c06f38-d3c9-4cfd-b988-76561ebe1dcd - - - - -] api.metadata_cache_expiration = 15 log_opt_values /usr/lib/python3/dist-packages/oslo_config/cfg.py:2609
2026-02-19 00:38:55.984 147542 DEBUG oslo_service.service [req-64c06f38-d3c9-4cfd-b988-76561ebe1dcd - - - - -] api.neutron_default_tenant_id = default log_opt_values /usr/lib/python3/dist-packages/oslo_config/cfg.py:2609
2026-02-19 00:38:55.984 147542 DEBUG oslo_service.service [req-64c06f38-d3c9-4cfd-b988-76561ebe1dcd - - - - -] api.use_forwarded_for = False log_opt_values /usr/lib/python3/dist-packages/oslo_config/cfg.py:2609
2026-02-19 00:38:55.985 147542 DEBUG oslo_service.service [req-64c06f38-d3c9-4cfd-b988-76561ebe1dcd - - - - -] api.use_neutron_default_nets = False log_opt_values /usr/lib/python3/dist-packages/oslo_config/cfg.py:2609
2026-02-19 00:38:55.985 147542 DEBUG oslo_service.service [req-64c06f38-d3c9-4cfd-b988-76561ebe1dcd - - - - -] api.vendordata_dynamic_connect_timeout = 5 log_opt_values /usr/lib/python3/dist-packages/oslo_config/cfg.py:2609
2026-02-19 00:38:55.985 147542 DEBUG oslo_service.service [req-64c06f38-d3c9-4cfd-b988-76561ebe1dcd - - - - -] api.vendordata_dynamic_failure_fatal = False log_opt_values /usr/lib/python3/dist-packages/oslo_config/cfg.py:2609
2026-02-19 00:38:55.985 147542 DEBUG oslo_service.service [req-64c06f38-d3c9-4cfd-b988-76561ebe1dcd - - - - -] api.vendordata_dynamic_read_timeout = 5 log_opt_values /usr/lib/python3/dist-packages/oslo_config/cfg.py:2609
2026-02-19 00:38:55.985 147542 DEBUG oslo_service.service [req-64c06f38-d3c9-4cfd-b988-76561ebe1dcd - - - - -] api.vendordata_dynamic_ssl_certfile = log_opt_values /usr/lib/python3/dist-packages/oslo_config/cfg.py:2609
2026-02-19 00:38:55.985 147542 DEBUG oslo_service.service [req-64c06f38-d3c9-4cfd-b988-76561ebe1dcd - - - - -] api.vendordata_dynamic_targets = [] log_opt_values /usr/lib/python3/dist-packages/oslo_config/cfg.py:2609
2026-02-19 00:38:55.986 147542 DEBUG oslo_service.service [req-64c06f38-d3c9-4cfd-b988-76561ebe1dcd - - - - -] api.vendordata_jsonfile_path = None log_opt_values /usr/lib/python3/dist-packages/oslo_config/cfg.py:2609
2026-02-19 00:38:55.986 147542 DEBUG oslo_service.service [req-64c06f38-d3c9-4cfd-b988-76561ebe1dcd - - - - -] api.vendordata_providers = ['StaticJSON'] log_opt_values /usr/lib/python3/dist-packages/oslo_config/cfg.py:2609
2026-02-19 00:38:55.986 147542 DEBUG oslo_service.service [req-64c06f38-d3c9-4cfd-b988-76561ebe1dcd - - - - -] cache.backend = dogpile.cache.null log_opt_values /usr/lib/python3/dist-packages/oslo_config/cfg.py:2609
2026-02-19 00:38:55.986 147542 DEBUG oslo_service.service [req-64c06f38-d3c9-4cfd-b988-76561ebe1dcd - - - - -] cache.backend_argument = **** log_opt_values /usr/lib/python3/dist-packages/oslo_config/cfg.py:2609
2026-02-19 00:38:55.986 147542 DEBUG oslo_service.service [req-64c06f38-d3c9-4cfd-b988-76561ebe1dcd - - - - -] cache.config_prefix = cache.oslo log_opt_values /usr/lib/python3/dist-packages/oslo_config/cfg.py:2609
2026-02-19 00:38:55.987 147542 DEBUG oslo_service.service [req-64c06f38-d3c9-4cfd-b988-76561ebe1dcd - - - - -] cache.debug_cache_backend = False log_opt_values /usr/lib/python3/dist-packages/oslo_config/cfg.py:2609
2026-02-19 00:38:55.987 147542 DEBUG oslo_service.service [req-64c06f38-d3c9-4cfd-b988-76561ebe1dcd - - - - -] cache.enabled = False log_opt_values /usr/lib/python3/dist-packages/oslo_config/cfg.py:2609
2026-02-19 00:38:55.987 147542 DEBUG oslo_service.service [req-64c06f38-d3c9-4cfd-b988-76561ebe1dcd - - - - -] cache.expiration_time = 600 log_opt_values /usr/lib/python3/dist-packages/oslo_config/cfg.py:2609
2026-02-19 00:38:55.987 147542 DEBUG oslo_service.service [req-64c06f38-d3c9-4cfd-b988-76561ebe1dcd - - - - -] cache.memcache_dead_retry = 300 log_opt_values /usr/lib/python3/dist-packages/oslo_config/cfg.py:2609
2026-02-19 00:38:55.987 147542 DEBUG oslo_service.service [req-64c06f38-d3c9-4cfd-b988-76561ebe1dcd - - - - -] cache.memcache_pool_connection_get_timeout = 10 log_opt_values /usr/lib/python3/dist-packages/oslo_config/cfg.py:2609
2026-02-19 00:38:55.987 147542 DEBUG oslo_service.service [req-64c06f38-d3c9-4cfd-b988-76561ebe1dcd - - - - -] cache.memcache_pool_flush_on_reconnect = False log_opt_values /usr/lib/python3/dist-packages/oslo_config/cfg.py:2609
2026-02-19 00:38:55.988 147542 DEBUG oslo_service.service [req-64c06f38-d3c9-4cfd-b988-76561ebe1dcd - - - - -] cache.memcache_pool_maxsize = 10 log_opt_values /usr/lib/python3/dist-packages/oslo_config/cfg.py:2609
2026-02-19 00:38:55.988 147542 DEBUG oslo_service.service [req-64c06f38-d3c9-4cfd-b988-76561ebe1dcd - - - - -] cache.memcache_pool_unused_timeout = 60 log_opt_values /usr/lib/python3/dist-packages/oslo_config/cfg.py:2609
2026-02-19 00:38:55.988 147542 DEBUG oslo_service.service [req-64c06f38-d3c9-4cfd-b988-76561ebe1dcd - - - - -] cache.memcache_servers = ['localhost:11211'] log_opt_values /usr/lib/python3/dist-packages/oslo_config/cfg.py:2609
2026-02-19 00:38:55.988 147542 DEBUG oslo_service.service [req-64c06f38-d3c9-4cfd-b988-76561ebe1dcd - - - - -] cache.memcache_socket_timeout = 1.0 log_opt_values /usr/lib/python3/dist-packages/oslo_config/cfg.py:2609
2026-02-19 00:38:55.988 147542 DEBUG oslo_service.service [req-64c06f38-d3c9-4cfd-b988-76561ebe1dcd - - - - -] cache.proxies = [] log_opt_values /usr/lib/python3/dist-packages/oslo_config/cfg.py:2609
2026-02-19 00:38:55.989 147542 DEBUG oslo_service.service [req-64c06f38-d3c9-4cfd-b988-76561ebe1dcd - - - - -] cache.tls_allowed_ciphers = None log_opt_values /usr/lib/python3/dist-packages/oslo_config/cfg.py:2609
2026-02-19 00:38:55.989 147542 DEBUG oslo_service.service [req-64c06f38-d3c9-4cfd-b988-76561ebe1dcd - - - - -] cache.tls_cafile = None log_opt_values /usr/lib/python3/dist-packages/oslo_config/cfg.py:2609
2026-02-19 00:38:55.989 147542 DEBUG oslo_service.service [req-64c06f38-d3c9-4cfd-b988-76561ebe1dcd - - - - -] cache.tls_certfile = None log_opt_values /usr/lib/python3/dist-packages/oslo_config/cfg.py:2609
2026-02-19 00:38:55.989 147542 DEBUG oslo_service.service [req-64c06f38-d3c9-4cfd-b988-76561ebe1dcd - - - - -] cache.tls_enabled = False log_opt_values /usr/lib/python3/dist-packages/oslo_config/cfg.py:2609
2026-02-19 00:38:55.989 147542 DEBUG oslo_service.service [req-64c06f38-d3c9-4cfd-b988-76561ebe1dcd - - - - -] cache.tls_keyfile = None log_opt_values /usr/lib/python3/dist-packages/oslo_config/cfg.py:2609
2026-02-19 00:38:55.989 147542 DEBUG oslo_service.service [req-64c06f38-d3c9-4cfd-b988-76561ebe1dcd - - - - -] cinder.auth_section = None log_opt_values /usr/lib/python3/dist-packages/oslo_config/cfg.py:2609
2026-02-19 00:38:55.990 147542 DEBUG oslo_service.service [req-64c06f38-d3c9-4cfd-b988-76561ebe1dcd - - - - -] cinder.auth_type = None log_opt_values /usr/lib/python3/dist-packages/oslo_config/cfg.py:2609
2026-02-19 00:38:55.990 147542 DEBUG oslo_service.service [req-64c06f38-d3c9-4cfd-b988-76561ebe1dcd - - - - -] cinder.cafile = None log_opt_values /usr/lib/python3/dist-packages/oslo_config/cfg.py:2609
2026-02-19 00:38:55.990 147542 DEBUG oslo_service.service [req-64c06f38-d3c9-4cfd-b988-76561ebe1dcd - - - - -] cinder.catalog_info = volumev3::publicURL log_opt_values /usr/lib/python3/dist-packages/oslo_config/cfg.py:2609
2026-02-19 00:38:55.990 147542 DEBUG oslo_service.service [req-64c06f38-d3c9-4cfd-b988-76561ebe1dcd - - - - -] cinder.certfile = None log_opt_values /usr/lib/python3/dist-packages/oslo_config/cfg.py:2609
2026-02-19 00:38:55.990 147542 DEBUG oslo_service.service [req-64c06f38-d3c9-4cfd-b988-76561ebe1dcd - - - - -] cinder.collect_timing = False log_opt_values /usr/lib/python3/dist-packages/oslo_config/cfg.py:2609
2026-02-19 00:38:55.990 147542 DEBUG oslo_service.service [req-64c06f38-d3c9-4cfd-b988-76561ebe1dcd - - - - -] cinder.cross_az_attach = True log_opt_values /usr/lib/python3/dist-packages/oslo_config/cfg.py:2609
2026-02-19 00:38:55.991 147542 DEBUG oslo_service.service [req-64c06f38-d3c9-4cfd-b988-76561ebe1dcd - - - - -] cinder.debug = False log_opt_values /usr/lib/python3/dist-packages/oslo_config/cfg.py:2609
2026-02-19 00:38:55.991 147542 DEBUG oslo_service.service [req-64c06f38-d3c9-4cfd-b988-76561ebe1dcd - - - - -] cinder.endpoint_template = None log_opt_values /usr/lib/python3/dist-packages/oslo_config/cfg.py:2609
2026-02-19 00:38:55.991 147542 DEBUG oslo_service.service [req-64c06f38-d3c9-4cfd-b988-76561ebe1dcd - - - - -] cinder.http_retries = 3 log_opt_values /usr/lib/python3/dist-packages/oslo_config/cfg.py:2609
2026-02-19 00:38:55.991 147542 DEBUG oslo_service.service [req-64c06f38-d3c9-4cfd-b988-76561ebe1dcd - - - - -] cinder.insecure = False log_opt_values /usr/lib/python3/dist-packages/oslo_config/cfg.py:2609
2026-02-19 00:38:55.991 147542 DEBUG oslo_service.service [req-64c06f38-d3c9-4cfd-b988-76561ebe1dcd - - - - -] cinder.keyfile = None log_opt_values /usr/lib/python3/dist-packages/oslo_config/cfg.py:2609
2026-02-19 00:38:55.992 147542 DEBUG oslo_service.service [req-64c06f38-d3c9-4cfd-b988-76561ebe1dcd - - - - -] cinder.os_region_name = None log_opt_values /usr/lib/python3/dist-packages/oslo_config/cfg.py:2609
2026-02-19 00:38:55.992 147542 DEBUG oslo_service.service [req-64c06f38-d3c9-4cfd-b988-76561ebe1dcd - - - - -] cinder.split_loggers = False log_opt_values /usr/lib/python3/dist-packages/oslo_config/cfg.py:2609
2026-02-19 00:38:55.992 147542 DEBUG oslo_service.service [req-64c06f38-d3c9-4cfd-b988-76561ebe1dcd - - - - -] cinder.timeout = None log_opt_values /usr/lib/python3/dist-packages/oslo_config/cfg.py:2609
2026-02-19 00:38:55.992 147542 DEBUG oslo_service.service [req-64c06f38-d3c9-4cfd-b988-76561ebe1dcd - - - - -] compute.consecutive_build_service_disable_threshold = 10 log_opt_values /usr/lib/python3/dist-packages/oslo_config/cfg.py:2609
2026-02-19 00:38:55.992 147542 DEBUG oslo_service.service [req-64c06f38-d3c9-4cfd-b988-76561ebe1dcd - - - - -] compute.cpu_dedicated_set = None log_opt_values /usr/lib/python3/dist-packages/oslo_config/cfg.py:2609
2026-02-19 00:38:55.992 147542 DEBUG oslo_service.service [req-64c06f38-d3c9-4cfd-b988-76561ebe1dcd - - - - -] compute.cpu_shared_set = None log_opt_values /usr/lib/python3/dist-packages/oslo_config/cfg.py:2609
2026-02-19 00:38:55.993 147542 DEBUG oslo_service.service [req-64c06f38-d3c9-4cfd-b988-76561ebe1dcd - - - - -] compute.image_type_exclude_list = [] log_opt_values /usr/lib/python3/dist-packages/oslo_config/cfg.py:2609
2026-02-19 00:38:55.993 147542 DEBUG oslo_service.service [req-64c06f38-d3c9-4cfd-b988-76561ebe1dcd - - - - -] compute.live_migration_wait_for_vif_plug = True log_opt_values /usr/lib/python3/dist-packages/oslo_config/cfg.py:2609
2026-02-19 00:38:55.993 147542 DEBUG oslo_service.service [req-64c06f38-d3c9-4cfd-b988-76561ebe1dcd - - - - -] compute.max_concurrent_disk_ops = 0 log_opt_values /usr/lib/python3/dist-packages/oslo_config/cfg.py:2609
2026-02-19 00:38:55.993 147542 DEBUG oslo_service.service [req-64c06f38-d3c9-4cfd-b988-76561ebe1dcd - - - - -] compute.max_disk_devices_to_attach = -1 log_opt_values /usr/lib/python3/dist-packages/oslo_config/cfg.py:2609
2026-02-19 00:38:55.993 147542 DEBUG oslo_service.service [req-64c06f38-d3c9-4cfd-b988-76561ebe1dcd - - - - -] compute.packing_host_numa_cells_allocation_strategy = True log_opt_values /usr/lib/python3/dist-packages/oslo_config/cfg.py:2609
2026-02-19 00:38:55.993 147542 DEBUG oslo_service.service [req-64c06f38-d3c9-4cfd-b988-76561ebe1dcd - - - - -] compute.provider_config_location = /etc/nova/provider_config/ log_opt_values /usr/lib/python3/dist-packages/oslo_config/cfg.py:2609
2026-02-19 00:38:55.994 147542 DEBUG oslo_service.service [req-64c06f38-d3c9-4cfd-b988-76561ebe1dcd - - - - -] compute.resource_provider_association_refresh = 300 log_opt_values /usr/lib/python3/dist-packages/oslo_config/cfg.py:2609
2026-02-19 00:38:55.994 147542 DEBUG oslo_service.service [req-64c06f38-d3c9-4cfd-b988-76561ebe1dcd - - - - -] compute.shutdown_retry_interval = 10 log_opt_values /usr/lib/python3/dist-packages/oslo_config/cfg.py:2609
2026-02-19 00:38:55.994 147542 DEBUG oslo_service.service [req-64c06f38-d3c9-4cfd-b988-76561ebe1dcd - - - - -] compute.vmdk_allowed_types = ['streamOptimized', 'monolithicSparse'] log_opt_values /usr/lib/python3/dist-packages/oslo_config/cfg.py:2609
2026-02-19 00:38:55.994 147542 DEBUG oslo_service.service [req-64c06f38-d3c9-4cfd-b988-76561ebe1dcd - - - - -] conductor.workers = 4 log_opt_values /usr/lib/python3/dist-packages/oslo_config/cfg.py:2609
2026-02-19 00:38:55.994 147542 DEBUG oslo_service.service [req-64c06f38-d3c9-4cfd-b988-76561ebe1dcd - - - - -] console.allowed_origins = [] log_opt_values /usr/lib/python3/dist-packages/oslo_config/cfg.py:2609
2026-02-19 00:38:55.995 147542 DEBUG oslo_service.service [req-64c06f38-d3c9-4cfd-b988-76561ebe1dcd - - - - -] console.ssl_ciphers = None log_opt_values /usr/lib/python3/dist-packages/oslo_config/cfg.py:2609
2026-02-19 00:38:55.995 147542 DEBUG oslo_service.service [req-64c06f38-d3c9-4cfd-b988-76561ebe1dcd - - - - -] console.ssl_minimum_version = default log_opt_values /usr/lib/python3/dist-packages/oslo_config/cfg.py:2609
2026-02-19 00:38:55.995 147542 DEBUG oslo_service.service [req-64c06f38-d3c9-4cfd-b988-76561ebe1dcd - - - - -] consoleauth.token_ttl = 600 log_opt_values /usr/lib/python3/dist-packages/oslo_config/cfg.py:2609
2026-02-19 00:38:55.995 147542 DEBUG oslo_service.service [req-64c06f38-d3c9-4cfd-b988-76561ebe1dcd - - - - -] cyborg.cafile = None log_opt_values /usr/lib/python3/dist-packages/oslo_config/cfg.py:2609
2026-02-19 00:38:55.996 147542 DEBUG oslo_service.service [req-64c06f38-d3c9-4cfd-b988-76561ebe1dcd - - - - -] cyborg.certfile = None log_opt_values /usr/lib/python3/dist-packages/oslo_config/cfg.py:2609
2026-02-19 00:38:55.996 147542 DEBUG oslo_service.service [req-64c06f38-d3c9-4cfd-b988-76561ebe1dcd - - - - -] cyborg.collect_timing = False log_opt_values /usr/lib/python3/dist-packages/oslo_config/cfg.py:2609
2026-02-19 00:38:55.996 147542 DEBUG oslo_service.service [req-64c06f38-d3c9-4cfd-b988-76561ebe1dcd - - - - -] cyborg.connect_retries = None log_opt_values /usr/lib/python3/dist-packages/oslo_config/cfg.py:2609
2026-02-19 00:38:55.996 147542 DEBUG oslo_service.service [req-64c06f38-d3c9-4cfd-b988-76561ebe1dcd - - - - -] cyborg.connect_retry_delay = None log_opt_values /usr/lib/python3/dist-packages/oslo_config/cfg.py:2609
2026-02-19 00:38:55.997 147542 DEBUG oslo_service.service [req-64c06f38-d3c9-4cfd-b988-76561ebe1dcd - - - - -] cyborg.endpoint_override = None log_opt_values /usr/lib/python3/dist-packages/oslo_config/cfg.py:2609
2026-02-19 00:38:55.998 147542 DEBUG oslo_service.service [req-64c06f38-d3c9-4cfd-b988-76561ebe1dcd - - - - -] cyborg.insecure = False log_opt_values /usr/lib/python3/dist-packages/oslo_config/cfg.py:2609
2026-02-19 00:38:56.004 148788 DEBUG oslo_messaging._drivers.amqpdriver [-] Listener is running poll /usr/lib/python3/dist-packages/oslo_messaging/_drivers/amqpdriver.py:343
2026-02-19 00:38:56.007 148788 DEBUG oslo_messaging._drivers.amqpdriver [-] AMQPListener connection consume poll /usr/lib/python3/dist-packages/oslo_messaging/_drivers/amqpdriver.py:357
2026-02-19 00:38:56.009 148786 DEBUG oslo_messaging._drivers.amqpdriver [-] Listener is running poll /usr/lib/python3/dist-packages/oslo_messaging/_drivers/amqpdriver.py:343
2026-02-19 00:38:56.009 148786 DEBUG oslo_messaging._drivers.amqpdriver [-] AMQPListener connection consume poll /usr/lib/python3/dist-packages/oslo_messaging/_drivers/amqpdriver.py:357
2026-02-19 00:38:56.009 148788 DEBUG nova.service [req-6033feef-2279-486f-b833-8e4dc9a36bc0 - - - - -] Join ServiceGroup membership for this service scheduler start /usr/lib/python3/dist-packages/nova/service.py:199
2026-02-19 00:38:56.010 148786 DEBUG nova.service [req-2429d373-e805-4b15-bbb4-f38ca0b2b651 - - - - -] Join ServiceGroup membership for this service scheduler start /usr/lib/python3/dist-packages/nova/service.py:199
2026-02-19 00:38:56.010 148788 DEBUG nova.servicegroup.drivers.db [req-6033feef-2279-486f-b833-8e4dc9a36bc0 - - - - -] DB_Driver: join new ServiceGroup member juju-5f8ab8-0-lxd-7 to the scheduler group, service = join /usr/lib/python3/dist-packages/nova/servicegroup/drivers/db.py:44
2026-02-19 00:38:56.010 148786 DEBUG nova.servicegroup.drivers.db [req-2429d373-e805-4b15-bbb4-f38ca0b2b651 - - - - -] DB_Driver: join new ServiceGroup member juju-5f8ab8-0-lxd-7 to the scheduler group, service = join /usr/lib/python3/dist-packages/nova/servicegroup/drivers/db.py:44
2026-02-19 00:38:56.010 148787 DEBUG oslo_messaging._drivers.amqpdriver [-] Listener is running poll /usr/lib/python3/dist-packages/oslo_messaging/_drivers/amqpdriver.py:343
2026-02-19 00:38:56.011 148787 DEBUG oslo_messaging._drivers.amqpdriver [-] AMQPListener connection consume poll /usr/lib/python3/dist-packages/oslo_messaging/_drivers/amqpdriver.py:357
2026-02-19 00:38:55.998 147542 DEBUG oslo_service.service [req-64c06f38-d3c9-4cfd-b988-76561ebe1dcd - - - - -] cyborg.keyfile = None log_opt_values /usr/lib/python3/dist-packages/oslo_config/cfg.py:2609
2026-02-19 00:38:56.012 147542 DEBUG oslo_service.service [req-64c06f38-d3c9-4cfd-b988-76561ebe1dcd - - - - -] cyborg.max_version = None log_opt_values /usr/lib/python3/dist-packages/oslo_config/cfg.py:2609
2026-02-19 00:38:56.013 147542 DEBUG oslo_service.service [req-64c06f38-d3c9-4cfd-b988-76561ebe1dcd - - - - -] cyborg.min_version = None log_opt_values /usr/lib/python3/dist-packages/oslo_config/cfg.py:2609
2026-02-19 00:38:56.013 147542 DEBUG oslo_service.service [req-64c06f38-d3c9-4cfd-b988-76561ebe1dcd - - - - -] cyborg.region_name = None log_opt_values /usr/lib/python3/dist-packages/oslo_config/cfg.py:2609
2026-02-19 00:38:56.013 148787 DEBUG nova.service [req-35b22fbb-8e05-4c52-8d1d-6bd327ed0c59 - - - - -] Join ServiceGroup membership for this service scheduler start /usr/lib/python3/dist-packages/nova/service.py:199
2026-02-19 00:38:56.013 148786 DEBUG oslo_messaging._drivers.amqpdriver [-] AMQPListener connection timeout poll /usr/lib/python3/dist-packages/oslo_messaging/_drivers/amqpdriver.py:360
2026-02-19 00:38:56.013 147542 DEBUG oslo_service.service [req-64c06f38-d3c9-4cfd-b988-76561ebe1dcd - - - - -] cyborg.service_name = None log_opt_values /usr/lib/python3/dist-packages/oslo_config/cfg.py:2609
2026-02-19 00:38:56.013 147542 DEBUG oslo_service.service [req-64c06f38-d3c9-4cfd-b988-76561ebe1dcd - - - - -] cyborg.service_type = accelerator log_opt_values /usr/lib/python3/dist-packages/oslo_config/cfg.py:2609
2026-02-19 00:38:56.013 148786 DEBUG oslo_messaging._drivers.amqpdriver [-] Listener is running poll /usr/lib/python3/dist-packages/oslo_messaging/_drivers/amqpdriver.py:343
2026-02-19 00:38:56.013 148787 DEBUG nova.servicegroup.drivers.db [req-35b22fbb-8e05-4c52-8d1d-6bd327ed0c59 - - - - -] DB_Driver: join new ServiceGroup member juju-5f8ab8-0-lxd-7 to the scheduler group, service = join /usr/lib/python3/dist-packages/nova/servicegroup/drivers/db.py:44
2026-02-19 00:38:56.013 147542 DEBUG oslo_service.service [req-64c06f38-d3c9-4cfd-b988-76561ebe1dcd - - - - -] cyborg.split_loggers = False log_opt_values /usr/lib/python3/dist-packages/oslo_config/cfg.py:2609
2026-02-19 00:38:56.013 148786 DEBUG oslo_messaging._drivers.amqpdriver [-] AMQPListener connection consume poll /usr/lib/python3/dist-packages/oslo_messaging/_drivers/amqpdriver.py:357
2026-02-19 00:38:56.013 147542 DEBUG oslo_service.service [req-64c06f38-d3c9-4cfd-b988-76561ebe1dcd - - - - -] cyborg.status_code_retries = None log_opt_values /usr/lib/python3/dist-packages/oslo_config/cfg.py:2609
2026-02-19 00:38:56.014 147542 DEBUG oslo_service.service [req-64c06f38-d3c9-4cfd-b988-76561ebe1dcd - - - - -] cyborg.status_code_retry_delay = None log_opt_values /usr/lib/python3/dist-packages/oslo_config/cfg.py:2609
2026-02-19 00:38:56.014 147542 DEBUG oslo_service.service [req-64c06f38-d3c9-4cfd-b988-76561ebe1dcd - - - - -] cyborg.timeout = None log_opt_values /usr/lib/python3/dist-packages/oslo_config/cfg.py:2609
2026-02-19 00:38:56.014 148788 DEBUG oslo_messaging._drivers.amqpdriver [-] AMQPListener connection timeout poll /usr/lib/python3/dist-packages/oslo_messaging/_drivers/amqpdriver.py:360
2026-02-19 00:38:56.015 148780 DEBUG oslo_messaging._drivers.amqpdriver [-] Listener is running poll /usr/lib/python3/dist-packages/oslo_messaging/_drivers/amqpdriver.py:343
2026-02-19 00:38:56.014 147542 DEBUG oslo_service.service [req-64c06f38-d3c9-4cfd-b988-76561ebe1dcd - - - - -] cyborg.valid_interfaces = ['internal', 'public'] log_opt_values /usr/lib/python3/dist-packages/oslo_config/cfg.py:2609
2026-02-19 00:38:56.015 148780 DEBUG oslo_messaging._drivers.amqpdriver [-] AMQPListener connection consume poll /usr/lib/python3/dist-packages/oslo_messaging/_drivers/amqpdriver.py:357
2026-02-19 00:38:56.015 147542 DEBUG oslo_service.service [req-64c06f38-d3c9-4cfd-b988-76561ebe1dcd - - - - -] cyborg.version = None log_opt_values /usr/lib/python3/dist-packages/oslo_config/cfg.py:2609
2026-02-19 00:38:56.015 148788 DEBUG oslo_messaging._drivers.amqpdriver [-] Listener is running poll /usr/lib/python3/dist-packages/oslo_messaging/_drivers/amqpdriver.py:343
2026-02-19 00:38:56.016 148787 DEBUG oslo_messaging._drivers.amqpdriver [-] AMQPListener connection timeout poll /usr/lib/python3/dist-packages/oslo_messaging/_drivers/amqpdriver.py:360
2026-02-19 00:38:56.016 148788 DEBUG oslo_messaging._drivers.amqpdriver [-] AMQPListener connection consume poll /usr/lib/python3/dist-packages/oslo_messaging/_drivers/amqpdriver.py:357
2026-02-19 00:38:56.016 148787 DEBUG oslo_messaging._drivers.amqpdriver [-] Listener is running poll /usr/lib/python3/dist-packages/oslo_messaging/_drivers/amqpdriver.py:343
2026-02-19 00:38:56.016 147542 DEBUG oslo_service.service [req-64c06f38-d3c9-4cfd-b988-76561ebe1dcd - - - - -] database.backend = sqlalchemy log_opt_values /usr/lib/python3/dist-packages/oslo_config/cfg.py:2609
2026-02-19 00:38:56.017 148787 DEBUG oslo_messaging._drivers.amqpdriver [-] AMQPListener connection consume poll /usr/lib/python3/dist-packages/oslo_messaging/_drivers/amqpdriver.py:357
2026-02-19 00:38:56.017 147542 DEBUG oslo_service.service [req-64c06f38-d3c9-4cfd-b988-76561ebe1dcd - - - - -] database.connection = **** log_opt_values /usr/lib/python3/dist-packages/oslo_config/cfg.py:2609
2026-02-19 00:38:56.016 148780 DEBUG nova.service [req-85421071-cfb4-448c-bebf-7b3bfda5aa56 - - - - -] Join ServiceGroup membership for this service scheduler start /usr/lib/python3/dist-packages/nova/service.py:199
2026-02-19 00:38:56.017 147542 DEBUG oslo_service.service [req-64c06f38-d3c9-4cfd-b988-76561ebe1dcd - - - - -] database.connection_debug = 0 log_opt_values /usr/lib/python3/dist-packages/oslo_config/cfg.py:2609
2026-02-19 00:38:56.017 148780 DEBUG nova.servicegroup.drivers.db [req-85421071-cfb4-448c-bebf-7b3bfda5aa56 - - - - -] DB_Driver: join new ServiceGroup member juju-5f8ab8-0-lxd-7 to the scheduler group, service = join /usr/lib/python3/dist-packages/nova/servicegroup/drivers/db.py:44
2026-02-19 00:38:56.017 147542 DEBUG oslo_service.service [req-64c06f38-d3c9-4cfd-b988-76561ebe1dcd - - - - -] database.connection_parameters = log_opt_values /usr/lib/python3/dist-packages/oslo_config/cfg.py:2609
2026-02-19 00:38:56.017 147542 DEBUG oslo_service.service [req-64c06f38-d3c9-4cfd-b988-76561ebe1dcd - - - - -] database.connection_recycle_time = 3600 log_opt_values /usr/lib/python3/dist-packages/oslo_config/cfg.py:2609
2026-02-19 00:38:56.018 147542 DEBUG oslo_service.service [req-64c06f38-d3c9-4cfd-b988-76561ebe1dcd - - - - -] database.connection_trace = False log_opt_values /usr/lib/python3/dist-packages/oslo_config/cfg.py:2609
2026-02-19 00:38:56.018 147542 DEBUG oslo_service.service [req-64c06f38-d3c9-4cfd-b988-76561ebe1dcd - - - - -] database.db_inc_retry_interval = True log_opt_values /usr/lib/python3/dist-packages/oslo_config/cfg.py:2609
2026-02-19 00:38:56.019 147542 DEBUG oslo_service.service [req-64c06f38-d3c9-4cfd-b988-76561ebe1dcd - - - - -] database.db_max_retries = 20 log_opt_values /usr/lib/python3/dist-packages/oslo_config/cfg.py:2609
2026-02-19 00:38:56.019 147542 DEBUG oslo_service.service [req-64c06f38-d3c9-4cfd-b988-76561ebe1dcd - - - - -] database.db_max_retry_interval = 10 log_opt_values /usr/lib/python3/dist-packages/oslo_config/cfg.py:2609
2026-02-19 00:38:56.019 147542 DEBUG oslo_service.service [req-64c06f38-d3c9-4cfd-b988-76561ebe1dcd - - - - -] database.db_retry_interval = 1 log_opt_values /usr/lib/python3/dist-packages/oslo_config/cfg.py:2609
2026-02-19 00:38:56.019 147542 DEBUG oslo_service.service [req-64c06f38-d3c9-4cfd-b988-76561ebe1dcd - - - - -] database.max_overflow = 50 log_opt_values /usr/lib/python3/dist-packages/oslo_config/cfg.py:2609
2026-02-19 00:38:56.020 148780 DEBUG oslo_messaging._drivers.amqpdriver [-] AMQPListener connection timeout poll /usr/lib/python3/dist-packages/oslo_messaging/_drivers/amqpdriver.py:360
2026-02-19 00:38:56.020 147542 DEBUG oslo_service.service [req-64c06f38-d3c9-4cfd-b988-76561ebe1dcd - - - - -] database.max_pool_size = 4 log_opt_values /usr/lib/python3/dist-packages/oslo_config/cfg.py:2609
2026-02-19 00:38:56.020 148780 DEBUG oslo_messaging._drivers.amqpdriver [-] Listener is running poll /usr/lib/python3/dist-packages/oslo_messaging/_drivers/amqpdriver.py:343
2026-02-19 00:38:56.020 148780 DEBUG oslo_messaging._drivers.amqpdriver [-] AMQPListener connection consume poll /usr/lib/python3/dist-packages/oslo_messaging/_drivers/amqpdriver.py:357
2026-02-19 00:38:56.020 147542 DEBUG oslo_service.service [req-64c06f38-d3c9-4cfd-b988-76561ebe1dcd - - - - -] database.max_retries = 10 log_opt_values /usr/lib/python3/dist-packages/oslo_config/cfg.py:2609
2026-02-19 00:38:56.021 147542 DEBUG oslo_service.service [req-64c06f38-d3c9-4cfd-b988-76561ebe1dcd - - - - -] database.mysql_enable_ndb = False log_opt_values /usr/lib/python3/dist-packages/oslo_config/cfg.py:2609
2026-02-19 00:38:56.022 147542 DEBUG oslo_service.service [req-64c06f38-d3c9-4cfd-b988-76561ebe1dcd - - - - -] database.mysql_sql_mode = TRADITIONAL log_opt_values /usr/lib/python3/dist-packages/oslo_config/cfg.py:2609
2026-02-19 00:38:56.022 147542 DEBUG oslo_service.service [req-64c06f38-d3c9-4cfd-b988-76561ebe1dcd - - - - -] database.pool_timeout = None log_opt_values /usr/lib/python3/dist-packages/oslo_config/cfg.py:2609
2026-02-19 00:38:56.023 147542 DEBUG oslo_service.service [req-64c06f38-d3c9-4cfd-b988-76561ebe1dcd - - - - -] database.retry_interval = 10 log_opt_values /usr/lib/python3/dist-packages/oslo_config/cfg.py:2609
2026-02-19 00:38:56.024 147542 DEBUG oslo_service.service [req-64c06f38-d3c9-4cfd-b988-76561ebe1dcd - - - - -] database.slave_connection = **** log_opt_values /usr/lib/python3/dist-packages/oslo_config/cfg.py:2609
2026-02-19 00:38:56.024 147542 DEBUG oslo_service.service [req-64c06f38-d3c9-4cfd-b988-76561ebe1dcd - - - - -] database.sqlite_synchronous = True log_opt_values /usr/lib/python3/dist-packages/oslo_config/cfg.py:2609
2026-02-19 00:38:56.024 147542 DEBUG oslo_service.service [req-64c06f38-d3c9-4cfd-b988-76561ebe1dcd - - - - -] database.use_db_reconnect = False log_opt_values /usr/lib/python3/dist-packages/oslo_config/cfg.py:2609
2026-02-19 00:38:56.025 147542 DEBUG oslo_service.service [req-64c06f38-d3c9-4cfd-b988-76561ebe1dcd - - - - -] api_database.backend = sqlalchemy log_opt_values /usr/lib/python3/dist-packages/oslo_config/cfg.py:2609
2026-02-19 00:38:56.025 147542 DEBUG oslo_service.service [req-64c06f38-d3c9-4cfd-b988-76561ebe1dcd - - - - -] api_database.connection = **** log_opt_values /usr/lib/python3/dist-packages/oslo_config/cfg.py:2609
2026-02-19 00:38:56.025 147542 DEBUG oslo_service.service [req-64c06f38-d3c9-4cfd-b988-76561ebe1dcd - - - - -] api_database.connection_debug = 0 log_opt_values /usr/lib/python3/dist-packages/oslo_config/cfg.py:2609
2026-02-19 00:38:56.025 147542 DEBUG oslo_service.service [req-64c06f38-d3c9-4cfd-b988-76561ebe1dcd - - - - -] api_database.connection_parameters = log_opt_values /usr/lib/python3/dist-packages/oslo_config/cfg.py:2609
2026-02-19 00:38:56.026 147542 DEBUG oslo_service.service [req-64c06f38-d3c9-4cfd-b988-76561ebe1dcd - - - - -] api_database.connection_recycle_time = 3600 log_opt_values /usr/lib/python3/dist-packages/oslo_config/cfg.py:2609
2026-02-19 00:38:56.026 147542 DEBUG oslo_service.service [req-64c06f38-d3c9-4cfd-b988-76561ebe1dcd - - - - -] api_database.connection_trace = False log_opt_values /usr/lib/python3/dist-packages/oslo_config/cfg.py:2609
2026-02-19 00:38:56.026 147542 DEBUG oslo_service.service [req-64c06f38-d3c9-4cfd-b988-76561ebe1dcd - - - - -] api_database.db_inc_retry_interval = True log_opt_values /usr/lib/python3/dist-packages/oslo_config/cfg.py:2609
2026-02-19 00:38:56.026 147542 DEBUG oslo_service.service [req-64c06f38-d3c9-4cfd-b988-76561ebe1dcd - - - - -] api_database.db_max_retries = 20 log_opt_values /usr/lib/python3/dist-packages/oslo_config/cfg.py:2609
2026-02-19 00:38:56.026 147542 DEBUG oslo_service.service [req-64c06f38-d3c9-4cfd-b988-76561ebe1dcd - - - - -] api_database.db_max_retry_interval = 10 log_opt_values /usr/lib/python3/dist-packages/oslo_config/cfg.py:2609
2026-02-19 00:38:56.027 147542 DEBUG oslo_service.service [req-64c06f38-d3c9-4cfd-b988-76561ebe1dcd - - - - -] api_database.db_retry_interval = 1 log_opt_values /usr/lib/python3/dist-packages/oslo_config/cfg.py:2609
2026-02-19 00:38:56.027 147542 DEBUG oslo_service.service [req-64c06f38-d3c9-4cfd-b988-76561ebe1dcd - - - - -] api_database.max_overflow = 50 log_opt_values /usr/lib/python3/dist-packages/oslo_config/cfg.py:2609
2026-02-19 00:38:56.027 147542 DEBUG oslo_service.service [req-64c06f38-d3c9-4cfd-b988-76561ebe1dcd - - - - -] api_database.max_pool_size = 4 log_opt_values /usr/lib/python3/dist-packages/oslo_config/cfg.py:2609
2026-02-19 00:38:56.027 147542 DEBUG oslo_service.service [req-64c06f38-d3c9-4cfd-b988-76561ebe1dcd - - - - -] api_database.max_retries = 10 log_opt_values /usr/lib/python3/dist-packages/oslo_config/cfg.py:2609
2026-02-19 00:38:56.028 147542 DEBUG oslo_service.service [req-64c06f38-d3c9-4cfd-b988-76561ebe1dcd - - - - -] api_database.mysql_enable_ndb = False log_opt_values /usr/lib/python3/dist-packages/oslo_config/cfg.py:2609
2026-02-19 00:38:56.029 147542 DEBUG oslo_service.service [req-64c06f38-d3c9-4cfd-b988-76561ebe1dcd - - - - -] api_database.mysql_sql_mode = TRADITIONAL log_opt_values /usr/lib/python3/dist-packages/oslo_config/cfg.py:2609
2026-02-19 00:38:56.029 147542 DEBUG oslo_service.service [req-64c06f38-d3c9-4cfd-b988-76561ebe1dcd - - - - -] api_database.pool_timeout = None log_opt_values /usr/lib/python3/dist-packages/oslo_config/cfg.py:2609
2026-02-19 00:38:56.029 147542 DEBUG oslo_service.service [req-64c06f38-d3c9-4cfd-b988-76561ebe1dcd - - - - -] api_database.retry_interval = 10 log_opt_values /usr/lib/python3/dist-packages/oslo_config/cfg.py:2609
2026-02-19 00:38:56.029 147542 DEBUG oslo_service.service [req-64c06f38-d3c9-4cfd-b988-76561ebe1dcd - - - - -] api_database.slave_connection = **** log_opt_values /usr/lib/python3/dist-packages/oslo_config/cfg.py:2609
2026-02-19 00:38:56.029 147542 DEBUG oslo_service.service [req-64c06f38-d3c9-4cfd-b988-76561ebe1dcd - - - - -] api_database.sqlite_synchronous = True log_opt_values /usr/lib/python3/dist-packages/oslo_config/cfg.py:2609
2026-02-19 00:38:56.030 147542 DEBUG oslo_service.service [req-64c06f38-d3c9-4cfd-b988-76561ebe1dcd - - - - -] devices.enabled_mdev_types = [] log_opt_values /usr/lib/python3/dist-packages/oslo_config/cfg.py:2609
2026-02-19 00:38:56.030 147542 DEBUG oslo_service.service [req-64c06f38-d3c9-4cfd-b988-76561ebe1dcd - - - - -] ephemeral_storage_encryption.cipher = aes-xts-plain64 log_opt_values /usr/lib/python3/dist-packages/oslo_config/cfg.py:2609
2026-02-19 00:38:56.030 147542 DEBUG oslo_service.service [req-64c06f38-d3c9-4cfd-b988-76561ebe1dcd - - - - -] ephemeral_storage_encryption.enabled = False log_opt_values /usr/lib/python3/dist-packages/oslo_config/cfg.py:2609
2026-02-19 00:38:56.030 147542 DEBUG oslo_service.service [req-64c06f38-d3c9-4cfd-b988-76561ebe1dcd - - - - -] ephemeral_storage_encryption.key_size = 512 log_opt_values /usr/lib/python3/dist-packages/oslo_config/cfg.py:2609
2026-02-19 00:38:56.031 147542 WARNING oslo_config.cfg [req-64c06f38-d3c9-4cfd-b988-76561ebe1dcd - - - - -] Deprecated: Option "api_servers" from group "glance" is deprecated for removal ( Support for image service configuration via standard keystoneauth1 Adapter options was added in the 17.0.0 Queens release. The api_servers option was retained temporarily to allow consumers time to cut over to a real load balancing solution. ). Its value may be silently ignored in the future.
2026-02-19 00:38:56.031 147542 DEBUG oslo_service.service [req-64c06f38-d3c9-4cfd-b988-76561ebe1dcd - - - - -] glance.api_servers = ['http://252.41.216.48:9292'] log_opt_values /usr/lib/python3/dist-packages/oslo_config/cfg.py:2609
2026-02-19 00:38:56.031 147542 DEBUG oslo_service.service [req-64c06f38-d3c9-4cfd-b988-76561ebe1dcd - - - - -] glance.cafile = None log_opt_values /usr/lib/python3/dist-packages/oslo_config/cfg.py:2609
2026-02-19 00:38:56.031 147542 DEBUG oslo_service.service [req-64c06f38-d3c9-4cfd-b988-76561ebe1dcd - - - - -] glance.certfile = None log_opt_values /usr/lib/python3/dist-packages/oslo_config/cfg.py:2609
2026-02-19 00:38:56.031 147542 DEBUG oslo_service.service [req-64c06f38-d3c9-4cfd-b988-76561ebe1dcd - - - - -] glance.collect_timing = False log_opt_values /usr/lib/python3/dist-packages/oslo_config/cfg.py:2609
2026-02-19 00:38:56.032 147542 DEBUG oslo_service.service [req-64c06f38-d3c9-4cfd-b988-76561ebe1dcd - - - - -] glance.connect_retries = None log_opt_values /usr/lib/python3/dist-packages/oslo_config/cfg.py:2609
2026-02-19 00:38:56.032 147542 DEBUG oslo_service.service [req-64c06f38-d3c9-4cfd-b988-76561ebe1dcd - - - - -] glance.connect_retry_delay = None log_opt_values /usr/lib/python3/dist-packages/oslo_config/cfg.py:2609
2026-02-19 00:38:56.033 147542 DEBUG oslo_service.service [req-64c06f38-d3c9-4cfd-b988-76561ebe1dcd - - - - -] glance.debug = False log_opt_values /usr/lib/python3/dist-packages/oslo_config/cfg.py:2609
2026-02-19 00:38:56.033 147542 DEBUG oslo_service.service [req-64c06f38-d3c9-4cfd-b988-76561ebe1dcd - - - - -] glance.default_trusted_certificate_ids = [] log_opt_values /usr/lib/python3/dist-packages/oslo_config/cfg.py:2609
2026-02-19 00:38:56.033 147542 DEBUG oslo_service.service [req-64c06f38-d3c9-4cfd-b988-76561ebe1dcd - - - - -] glance.enable_certificate_validation = False log_opt_values /usr/lib/python3/dist-packages/oslo_config/cfg.py:2609
2026-02-19 00:38:56.033 147542 DEBUG oslo_service.service [req-64c06f38-d3c9-4cfd-b988-76561ebe1dcd - - - - -] glance.enable_rbd_download = False log_opt_values /usr/lib/python3/dist-packages/oslo_config/cfg.py:2609
2026-02-19 00:38:56.033 147542 DEBUG oslo_service.service [req-64c06f38-d3c9-4cfd-b988-76561ebe1dcd - - - - -] glance.endpoint_override = None log_opt_values /usr/lib/python3/dist-packages/oslo_config/cfg.py:2609
2026-02-19 00:38:56.033 147542 DEBUG oslo_service.service [req-64c06f38-d3c9-4cfd-b988-76561ebe1dcd - - - - -] glance.insecure = False log_opt_values /usr/lib/python3/dist-packages/oslo_config/cfg.py:2609
2026-02-19 00:38:56.034 147542 DEBUG oslo_service.service [req-64c06f38-d3c9-4cfd-b988-76561ebe1dcd - - - - -] glance.keyfile = None log_opt_values /usr/lib/python3/dist-packages/oslo_config/cfg.py:2609
2026-02-19 00:38:56.034 147542 DEBUG oslo_service.service [req-64c06f38-d3c9-4cfd-b988-76561ebe1dcd - - - - -] glance.max_version = None log_opt_values /usr/lib/python3/dist-packages/oslo_config/cfg.py:2609
2026-02-19 00:38:56.034 147542 DEBUG oslo_service.service [req-64c06f38-d3c9-4cfd-b988-76561ebe1dcd - - - - -] glance.min_version = None log_opt_values /usr/lib/python3/dist-packages/oslo_config/cfg.py:2609
2026-02-19 00:38:56.034 147542 DEBUG oslo_service.service [req-64c06f38-d3c9-4cfd-b988-76561ebe1dcd - - - - -] glance.num_retries = 3 log_opt_values /usr/lib/python3/dist-packages/oslo_config/cfg.py:2609
2026-02-19 00:38:56.034 147542 DEBUG oslo_service.service [req-64c06f38-d3c9-4cfd-b988-76561ebe1dcd - - - - -] glance.rbd_ceph_conf = log_opt_values /usr/lib/python3/dist-packages/oslo_config/cfg.py:2609
2026-02-19 00:38:56.034 147542 DEBUG oslo_service.service [req-64c06f38-d3c9-4cfd-b988-76561ebe1dcd - - - - -] glance.rbd_connect_timeout = 5 log_opt_values /usr/lib/python3/dist-packages/oslo_config/cfg.py:2609
2026-02-19 00:38:56.035 147542 DEBUG oslo_service.service [req-64c06f38-d3c9-4cfd-b988-76561ebe1dcd - - - - -] glance.rbd_pool = log_opt_values /usr/lib/python3/dist-packages/oslo_config/cfg.py:2609
2026-02-19 00:38:56.035 147542 DEBUG oslo_service.service [req-64c06f38-d3c9-4cfd-b988-76561ebe1dcd - - - - -] glance.rbd_user = log_opt_values /usr/lib/python3/dist-packages/oslo_config/cfg.py:2609
2026-02-19 00:38:56.035 147542 DEBUG oslo_service.service [req-64c06f38-d3c9-4cfd-b988-76561ebe1dcd - - - - -] glance.region_name = None log_opt_values /usr/lib/python3/dist-packages/oslo_config/cfg.py:2609
