2026-02-19 00:37:58.465 131333 DEBUG nova.service [req-7fc93fc9-5cea-4059-886d-cb4ad8ad90b5 - - - - -] Creating RPC server for service conductor start /usr/lib/python3/dist-packages/nova/service.py:182
2026-02-19 00:37:58.466 131021 DEBUG oslo_service.service [req-5fd24b64-28a3-4cfe-99c8-86ea9e6b00f3 - - - - -] scheduler_instance_sync_interval = 120 log_opt_values /usr/lib/python3/dist-packages/oslo_config/cfg.py:2602
2026-02-19 00:37:58.467 131334 DEBUG nova.service [req-1ca640bc-4dd2-434e-87d2-b8f318c7d2f9 - - - - -] Creating RPC server for service conductor start /usr/lib/python3/dist-packages/nova/service.py:182
2026-02-19 00:37:58.467 131021 DEBUG oslo_service.service [req-5fd24b64-28a3-4cfe-99c8-86ea9e6b00f3 - - - - -] service_down_time = 60 log_opt_values /usr/lib/python3/dist-packages/oslo_config/cfg.py:2602
2026-02-19 00:37:58.468 131021 DEBUG oslo_service.service [req-5fd24b64-28a3-4cfe-99c8-86ea9e6b00f3 - - - - -] servicegroup_driver = db log_opt_values /usr/lib/python3/dist-packages/oslo_config/cfg.py:2602
2026-02-19 00:37:58.469 131021 DEBUG oslo_service.service [req-5fd24b64-28a3-4cfe-99c8-86ea9e6b00f3 - - - - -] shelved_offload_time = 0 log_opt_values /usr/lib/python3/dist-packages/oslo_config/cfg.py:2602
2026-02-19 00:37:58.469 131021 DEBUG oslo_service.service [req-5fd24b64-28a3-4cfe-99c8-86ea9e6b00f3 - - - - -] shelved_poll_interval = 3600 log_opt_values /usr/lib/python3/dist-packages/oslo_config/cfg.py:2602
2026-02-19 00:37:58.469 131021 DEBUG oslo_service.service [req-5fd24b64-28a3-4cfe-99c8-86ea9e6b00f3 - - - - -] shutdown_timeout = 60 log_opt_values /usr/lib/python3/dist-packages/oslo_config/cfg.py:2602
2026-02-19 00:37:58.469 131021 DEBUG oslo_service.service [req-5fd24b64-28a3-4cfe-99c8-86ea9e6b00f3 - - - - -] source_is_ipv6 = False log_opt_values /usr/lib/python3/dist-packages/oslo_config/cfg.py:2602
2026-02-19 00:37:58.470 131021 DEBUG oslo_service.service [req-5fd24b64-28a3-4cfe-99c8-86ea9e6b00f3 - - - - -] ssl_only = False log_opt_values /usr/lib/python3/dist-packages/oslo_config/cfg.py:2602
2026-02-19 00:37:58.470 131021 DEBUG oslo_service.service [req-5fd24b64-28a3-4cfe-99c8-86ea9e6b00f3 - - - - -] state_path = /var/lib/nova log_opt_values /usr/lib/python3/dist-packages/oslo_config/cfg.py:2602
2026-02-19 00:37:58.470 131021 DEBUG oslo_service.service [req-5fd24b64-28a3-4cfe-99c8-86ea9e6b00f3 - - - - -] sync_power_state_interval = 600 log_opt_values /usr/lib/python3/dist-packages/oslo_config/cfg.py:2602
2026-02-19 00:37:58.470 131021 DEBUG oslo_service.service [req-5fd24b64-28a3-4cfe-99c8-86ea9e6b00f3 - - - - -] sync_power_state_pool_size = 1000 log_opt_values /usr/lib/python3/dist-packages/oslo_config/cfg.py:2602
2026-02-19 00:37:58.470 131021 DEBUG oslo_service.service [req-5fd24b64-28a3-4cfe-99c8-86ea9e6b00f3 - - - - -] syslog_log_facility = LOG_USER log_opt_values /usr/lib/python3/dist-packages/oslo_config/cfg.py:2602
2026-02-19 00:37:58.470 131021 DEBUG oslo_service.service [req-5fd24b64-28a3-4cfe-99c8-86ea9e6b00f3 - - - - -] tempdir = None log_opt_values /usr/lib/python3/dist-packages/oslo_config/cfg.py:2602
2026-02-19 00:37:58.471 131021 DEBUG oslo_service.service [req-5fd24b64-28a3-4cfe-99c8-86ea9e6b00f3 - - - - -] timeout_nbd = 10 log_opt_values /usr/lib/python3/dist-packages/oslo_config/cfg.py:2602
2026-02-19 00:37:58.471 131021 DEBUG oslo_service.service [req-5fd24b64-28a3-4cfe-99c8-86ea9e6b00f3 - - - - -] transport_url = **** log_opt_values /usr/lib/python3/dist-packages/oslo_config/cfg.py:2602
2026-02-19 00:37:58.471 131021 DEBUG oslo_service.service [req-5fd24b64-28a3-4cfe-99c8-86ea9e6b00f3 - - - - -] update_resources_interval = 0 log_opt_values /usr/lib/python3/dist-packages/oslo_config/cfg.py:2602
2026-02-19 00:37:58.471 131021 DEBUG oslo_service.service [req-5fd24b64-28a3-4cfe-99c8-86ea9e6b00f3 - - - - -] use_cow_images = True log_opt_values /usr/lib/python3/dist-packages/oslo_config/cfg.py:2602
2026-02-19 00:37:58.471 131021 DEBUG oslo_service.service [req-5fd24b64-28a3-4cfe-99c8-86ea9e6b00f3 - - - - -] use_eventlog = False log_opt_values /usr/lib/python3/dist-packages/oslo_config/cfg.py:2602
2026-02-19 00:37:58.472 131021 DEBUG oslo_service.service [req-5fd24b64-28a3-4cfe-99c8-86ea9e6b00f3 - - - - -] use_journal = False log_opt_values /usr/lib/python3/dist-packages/oslo_config/cfg.py:2602
2026-02-19 00:37:58.472 131021 DEBUG oslo_service.service [req-5fd24b64-28a3-4cfe-99c8-86ea9e6b00f3 - - - - -] use_json = False log_opt_values /usr/lib/python3/dist-packages/oslo_config/cfg.py:2602
2026-02-19 00:37:58.472 131021 DEBUG oslo_service.service [req-5fd24b64-28a3-4cfe-99c8-86ea9e6b00f3 - - - - -] use_rootwrap_daemon = False log_opt_values /usr/lib/python3/dist-packages/oslo_config/cfg.py:2602
2026-02-19 00:37:58.472 131021 DEBUG oslo_service.service [req-5fd24b64-28a3-4cfe-99c8-86ea9e6b00f3 - - - - -] use_stderr = False log_opt_values /usr/lib/python3/dist-packages/oslo_config/cfg.py:2602
2026-02-19 00:37:58.472 131021 DEBUG oslo_service.service [req-5fd24b64-28a3-4cfe-99c8-86ea9e6b00f3 - - - - -] use_syslog = False log_opt_values /usr/lib/python3/dist-packages/oslo_config/cfg.py:2602
2026-02-19 00:37:58.473 131021 DEBUG oslo_service.service [req-5fd24b64-28a3-4cfe-99c8-86ea9e6b00f3 - - - - -] vcpu_pin_set = None log_opt_values /usr/lib/python3/dist-packages/oslo_config/cfg.py:2602
2026-02-19 00:37:58.473 131021 DEBUG oslo_service.service [req-5fd24b64-28a3-4cfe-99c8-86ea9e6b00f3 - - - - -] vif_plugging_is_fatal = True log_opt_values /usr/lib/python3/dist-packages/oslo_config/cfg.py:2602
2026-02-19 00:37:58.473 131021 DEBUG oslo_service.service [req-5fd24b64-28a3-4cfe-99c8-86ea9e6b00f3 - - - - -] vif_plugging_timeout = 300 log_opt_values /usr/lib/python3/dist-packages/oslo_config/cfg.py:2602
2026-02-19 00:37:58.473 131021 DEBUG oslo_service.service [req-5fd24b64-28a3-4cfe-99c8-86ea9e6b00f3 - - - - -] virt_mkfs = [] log_opt_values /usr/lib/python3/dist-packages/oslo_config/cfg.py:2602
2026-02-19 00:37:58.473 131021 DEBUG oslo_service.service [req-5fd24b64-28a3-4cfe-99c8-86ea9e6b00f3 - - - - -] volume_usage_poll_interval = 0 log_opt_values /usr/lib/python3/dist-packages/oslo_config/cfg.py:2602
2026-02-19 00:37:58.473 131021 DEBUG oslo_service.service [req-5fd24b64-28a3-4cfe-99c8-86ea9e6b00f3 - - - - -] watch_log_file = False log_opt_values /usr/lib/python3/dist-packages/oslo_config/cfg.py:2602
2026-02-19 00:37:58.474 131021 DEBUG oslo_service.service [req-5fd24b64-28a3-4cfe-99c8-86ea9e6b00f3 - - - - -] web = /usr/share/spice-html5 log_opt_values /usr/lib/python3/dist-packages/oslo_config/cfg.py:2602
2026-02-19 00:37:58.474 131021 DEBUG oslo_service.service [req-5fd24b64-28a3-4cfe-99c8-86ea9e6b00f3 - - - - -] oslo_concurrency.disable_process_locking = False log_opt_values /usr/lib/python3/dist-packages/oslo_config/cfg.py:2609
2026-02-19 00:37:58.474 131021 DEBUG oslo_service.service [req-5fd24b64-28a3-4cfe-99c8-86ea9e6b00f3 - - - - -] oslo_concurrency.lock_path = /var/lock/nova log_opt_values /usr/lib/python3/dist-packages/oslo_config/cfg.py:2609
2026-02-19 00:37:58.474 131021 DEBUG oslo_service.service [req-5fd24b64-28a3-4cfe-99c8-86ea9e6b00f3 - - - - -] oslo_messaging_metrics.metrics_buffer_size = 1000 log_opt_values /usr/lib/python3/dist-packages/oslo_config/cfg.py:2609
2026-02-19 00:37:58.474 131021 DEBUG oslo_service.service [req-5fd24b64-28a3-4cfe-99c8-86ea9e6b00f3 - - - - -] oslo_messaging_metrics.metrics_enabled = False log_opt_values /usr/lib/python3/dist-packages/oslo_config/cfg.py:2609
2026-02-19 00:37:58.476 131021 DEBUG oslo_service.service [req-5fd24b64-28a3-4cfe-99c8-86ea9e6b00f3 - - - - -] oslo_messaging_metrics.metrics_process_name = log_opt_values /usr/lib/python3/dist-packages/oslo_config/cfg.py:2609
2026-02-19 00:37:58.476 131021 DEBUG oslo_service.service [req-5fd24b64-28a3-4cfe-99c8-86ea9e6b00f3 - - - - -] oslo_messaging_metrics.metrics_socket_file = /var/tmp/metrics_collector.sock log_opt_values /usr/lib/python3/dist-packages/oslo_config/cfg.py:2609
2026-02-19 00:37:58.477 131021 DEBUG oslo_service.service [req-5fd24b64-28a3-4cfe-99c8-86ea9e6b00f3 - - - - -] oslo_messaging_metrics.metrics_thread_stop_timeout = 10 log_opt_values /usr/lib/python3/dist-packages/oslo_config/cfg.py:2609
2026-02-19 00:37:58.477 131021 WARNING oslo_config.cfg [req-5fd24b64-28a3-4cfe-99c8-86ea9e6b00f3 - - - - -] Deprecated: Option "auth_strategy" from group "api" is deprecated for removal ( The only non-default choice, ``noauth2``, is for internal development and testing purposes only and should not be used in deployments. This option and its middleware, NoAuthMiddleware[V2_18], will be removed in a future release. ). Its value may be silently ignored in the future.
2026-02-19 00:37:58.477 131021 DEBUG oslo_service.service [req-5fd24b64-28a3-4cfe-99c8-86ea9e6b00f3 - - - - -] api.auth_strategy = keystone log_opt_values /usr/lib/python3/dist-packages/oslo_config/cfg.py:2609
2026-02-19 00:37:58.477 131021 DEBUG oslo_service.service [req-5fd24b64-28a3-4cfe-99c8-86ea9e6b00f3 - - - - -] api.compute_link_prefix = None log_opt_values /usr/lib/python3/dist-packages/oslo_config/cfg.py:2609
2026-02-19 00:37:58.478 131021 DEBUG oslo_service.service [req-5fd24b64-28a3-4cfe-99c8-86ea9e6b00f3 - - - - -] api.config_drive_skip_versions = 1.0 2007-01-19 2007-03-01 2007-08-29 2007-10-10 2007-12-15 2008-02-01 2008-09-01 log_opt_values /usr/lib/python3/dist-packages/oslo_config/cfg.py:2609
2026-02-19 00:37:58.478 131021 DEBUG oslo_service.service [req-5fd24b64-28a3-4cfe-99c8-86ea9e6b00f3 - - - - -] api.dhcp_domain = novalocal log_opt_values /usr/lib/python3/dist-packages/oslo_config/cfg.py:2609
2026-02-19 00:37:58.478 131021 DEBUG oslo_service.service [req-5fd24b64-28a3-4cfe-99c8-86ea9e6b00f3 - - - - -] api.enable_instance_password = True log_opt_values /usr/lib/python3/dist-packages/oslo_config/cfg.py:2609
2026-02-19 00:37:58.478 131021 DEBUG oslo_service.service [req-5fd24b64-28a3-4cfe-99c8-86ea9e6b00f3 - - - - -] api.glance_link_prefix = None log_opt_values /usr/lib/python3/dist-packages/oslo_config/cfg.py:2609
2026-02-19 00:37:58.478 131021 DEBUG oslo_service.service [req-5fd24b64-28a3-4cfe-99c8-86ea9e6b00f3 - - - - -] api.instance_list_cells_batch_fixed_size = 100 log_opt_values /usr/lib/python3/dist-packages/oslo_config/cfg.py:2609
2026-02-19 00:37:58.479 131021 DEBUG oslo_service.service [req-5fd24b64-28a3-4cfe-99c8-86ea9e6b00f3 - - - - -] api.instance_list_cells_batch_strategy = distributed log_opt_values /usr/lib/python3/dist-packages/oslo_config/cfg.py:2609
2026-02-19 00:37:58.479 131021 DEBUG oslo_service.service [req-5fd24b64-28a3-4cfe-99c8-86ea9e6b00f3 - - - - -] api.instance_list_per_project_cells = False log_opt_values /usr/lib/python3/dist-packages/oslo_config/cfg.py:2609
2026-02-19 00:37:58.479 131021 DEBUG oslo_service.service [req-5fd24b64-28a3-4cfe-99c8-86ea9e6b00f3 - - - - -] api.list_records_by_skipping_down_cells = True log_opt_values /usr/lib/python3/dist-packages/oslo_config/cfg.py:2609
2026-02-19 00:37:58.479 131021 DEBUG oslo_service.service [req-5fd24b64-28a3-4cfe-99c8-86ea9e6b00f3 - - - - -] api.local_metadata_per_cell = False log_opt_values /usr/lib/python3/dist-packages/oslo_config/cfg.py:2609
2026-02-19 00:37:58.479 131021 DEBUG oslo_service.service [req-5fd24b64-28a3-4cfe-99c8-86ea9e6b00f3 - - - - -] api.max_limit = 1000 log_opt_values /usr/lib/python3/dist-packages/oslo_config/cfg.py:2609
2026-02-19 00:37:58.479 131021 DEBUG oslo_service.service [req-5fd24b64-28a3-4cfe-99c8-86ea9e6b00f3 - - - - -] api.metadata_cache_expiration = 15 log_opt_values /usr/lib/python3/dist-packages/oslo_config/cfg.py:2609
2026-02-19 00:37:58.480 131021 DEBUG oslo_service.service [req-5fd24b64-28a3-4cfe-99c8-86ea9e6b00f3 - - - - -] api.neutron_default_tenant_id = default log_opt_values /usr/lib/python3/dist-packages/oslo_config/cfg.py:2609
2026-02-19 00:37:58.480 131021 DEBUG oslo_service.service [req-5fd24b64-28a3-4cfe-99c8-86ea9e6b00f3 - - - - -] api.use_forwarded_for = False log_opt_values /usr/lib/python3/dist-packages/oslo_config/cfg.py:2609
2026-02-19 00:37:58.480 131021 DEBUG oslo_service.service [req-5fd24b64-28a3-4cfe-99c8-86ea9e6b00f3 - - - - -] api.use_neutron_default_nets = False log_opt_values /usr/lib/python3/dist-packages/oslo_config/cfg.py:2609
2026-02-19 00:37:58.480 131021 DEBUG oslo_service.service [req-5fd24b64-28a3-4cfe-99c8-86ea9e6b00f3 - - - - -] api.vendordata_dynamic_connect_timeout = 5 log_opt_values /usr/lib/python3/dist-packages/oslo_config/cfg.py:2609
2026-02-19 00:37:58.480 131021 DEBUG oslo_service.service [req-5fd24b64-28a3-4cfe-99c8-86ea9e6b00f3 - - - - -] api.vendordata_dynamic_failure_fatal = False log_opt_values /usr/lib/python3/dist-packages/oslo_config/cfg.py:2609
2026-02-19 00:37:58.481 131021 DEBUG oslo_service.service [req-5fd24b64-28a3-4cfe-99c8-86ea9e6b00f3 - - - - -] api.vendordata_dynamic_read_timeout = 5 log_opt_values /usr/lib/python3/dist-packages/oslo_config/cfg.py:2609
2026-02-19 00:37:58.481 131021 DEBUG oslo_service.service [req-5fd24b64-28a3-4cfe-99c8-86ea9e6b00f3 - - - - -] api.vendordata_dynamic_ssl_certfile = log_opt_values /usr/lib/python3/dist-packages/oslo_config/cfg.py:2609
2026-02-19 00:37:58.481 131021 DEBUG oslo_service.service [req-5fd24b64-28a3-4cfe-99c8-86ea9e6b00f3 - - - - -] api.vendordata_dynamic_targets = [] log_opt_values /usr/lib/python3/dist-packages/oslo_config/cfg.py:2609
2026-02-19 00:37:58.481 131021 DEBUG oslo_service.service [req-5fd24b64-28a3-4cfe-99c8-86ea9e6b00f3 - - - - -] api.vendordata_jsonfile_path = None log_opt_values /usr/lib/python3/dist-packages/oslo_config/cfg.py:2609
2026-02-19 00:37:58.481 131021 DEBUG oslo_service.service [req-5fd24b64-28a3-4cfe-99c8-86ea9e6b00f3 - - - - -] api.vendordata_providers = ['StaticJSON'] log_opt_values /usr/lib/python3/dist-packages/oslo_config/cfg.py:2609
2026-02-19 00:37:58.482 131021 DEBUG oslo_service.service [req-5fd24b64-28a3-4cfe-99c8-86ea9e6b00f3 - - - - -] cache.backend = dogpile.cache.null log_opt_values /usr/lib/python3/dist-packages/oslo_config/cfg.py:2609
2026-02-19 00:37:58.482 131021 DEBUG oslo_service.service [req-5fd24b64-28a3-4cfe-99c8-86ea9e6b00f3 - - - - -] cache.backend_argument = **** log_opt_values /usr/lib/python3/dist-packages/oslo_config/cfg.py:2609
2026-02-19 00:37:58.482 131021 DEBUG oslo_service.service [req-5fd24b64-28a3-4cfe-99c8-86ea9e6b00f3 - - - - -] cache.config_prefix = cache.oslo log_opt_values /usr/lib/python3/dist-packages/oslo_config/cfg.py:2609
2026-02-19 00:37:58.482 131021 DEBUG oslo_service.service [req-5fd24b64-28a3-4cfe-99c8-86ea9e6b00f3 - - - - -] cache.debug_cache_backend = False log_opt_values /usr/lib/python3/dist-packages/oslo_config/cfg.py:2609
2026-02-19 00:37:58.483 131021 DEBUG oslo_service.service [req-5fd24b64-28a3-4cfe-99c8-86ea9e6b00f3 - - - - -] cache.enabled = False log_opt_values /usr/lib/python3/dist-packages/oslo_config/cfg.py:2609
2026-02-19 00:37:58.483 131021 DEBUG oslo_service.service [req-5fd24b64-28a3-4cfe-99c8-86ea9e6b00f3 - - - - -] cache.expiration_time = 600 log_opt_values /usr/lib/python3/dist-packages/oslo_config/cfg.py:2609
2026-02-19 00:37:58.483 131021 DEBUG oslo_service.service [req-5fd24b64-28a3-4cfe-99c8-86ea9e6b00f3 - - - - -] cache.memcache_dead_retry = 300 log_opt_values /usr/lib/python3/dist-packages/oslo_config/cfg.py:2609
2026-02-19 00:37:58.483 131021 DEBUG oslo_service.service [req-5fd24b64-28a3-4cfe-99c8-86ea9e6b00f3 - - - - -] cache.memcache_pool_connection_get_timeout = 10 log_opt_values /usr/lib/python3/dist-packages/oslo_config/cfg.py:2609
2026-02-19 00:37:58.483 131021 DEBUG oslo_service.service [req-5fd24b64-28a3-4cfe-99c8-86ea9e6b00f3 - - - - -] cache.memcache_pool_flush_on_reconnect = False log_opt_values /usr/lib/python3/dist-packages/oslo_config/cfg.py:2609
2026-02-19 00:37:58.483 131021 DEBUG oslo_service.service [req-5fd24b64-28a3-4cfe-99c8-86ea9e6b00f3 - - - - -] cache.memcache_pool_maxsize = 10 log_opt_values /usr/lib/python3/dist-packages/oslo_config/cfg.py:2609
2026-02-19 00:37:58.484 131021 DEBUG oslo_service.service [req-5fd24b64-28a3-4cfe-99c8-86ea9e6b00f3 - - - - -] cache.memcache_pool_unused_timeout = 60 log_opt_values /usr/lib/python3/dist-packages/oslo_config/cfg.py:2609
2026-02-19 00:37:58.484 131021 DEBUG oslo_service.service [req-5fd24b64-28a3-4cfe-99c8-86ea9e6b00f3 - - - - -] cache.memcache_servers = ['localhost:11211'] log_opt_values /usr/lib/python3/dist-packages/oslo_config/cfg.py:2609
2026-02-19 00:37:58.484 131021 DEBUG oslo_service.service [req-5fd24b64-28a3-4cfe-99c8-86ea9e6b00f3 - - - - -] cache.memcache_socket_timeout = 1.0 log_opt_values /usr/lib/python3/dist-packages/oslo_config/cfg.py:2609
2026-02-19 00:37:58.484 131021 DEBUG oslo_service.service [req-5fd24b64-28a3-4cfe-99c8-86ea9e6b00f3 - - - - -] cache.proxies = [] log_opt_values /usr/lib/python3/dist-packages/oslo_config/cfg.py:2609
2026-02-19 00:37:58.485 131021 DEBUG oslo_service.service [req-5fd24b64-28a3-4cfe-99c8-86ea9e6b00f3 - - - - -] cache.tls_allowed_ciphers = None log_opt_values /usr/lib/python3/dist-packages/oslo_config/cfg.py:2609
2026-02-19 00:37:58.485 131332 DEBUG oslo_messaging._drivers.amqpdriver [-] Listener is running poll /usr/lib/python3/dist-packages/oslo_messaging/_drivers/amqpdriver.py:343
2026-02-19 00:37:58.485 131021 DEBUG oslo_service.service [req-5fd24b64-28a3-4cfe-99c8-86ea9e6b00f3 - - - - -] cache.tls_cafile = None log_opt_values /usr/lib/python3/dist-packages/oslo_config/cfg.py:2609
2026-02-19 00:37:58.485 131332 DEBUG oslo_messaging._drivers.amqpdriver [-] AMQPListener connection consume poll /usr/lib/python3/dist-packages/oslo_messaging/_drivers/amqpdriver.py:357
2026-02-19 00:37:58.485 131021 DEBUG oslo_service.service [req-5fd24b64-28a3-4cfe-99c8-86ea9e6b00f3 - - - - -] cache.tls_certfile = None log_opt_values /usr/lib/python3/dist-packages/oslo_config/cfg.py:2609
2026-02-19 00:37:58.485 131021 DEBUG oslo_service.service [req-5fd24b64-28a3-4cfe-99c8-86ea9e6b00f3 - - - - -] cache.tls_enabled = False log_opt_values /usr/lib/python3/dist-packages/oslo_config/cfg.py:2609
2026-02-19 00:37:58.485 131021 DEBUG oslo_service.service [req-5fd24b64-28a3-4cfe-99c8-86ea9e6b00f3 - - - - -] cache.tls_keyfile = None log_opt_values /usr/lib/python3/dist-packages/oslo_config/cfg.py:2609
2026-02-19 00:37:58.485 131021 DEBUG oslo_service.service [req-5fd24b64-28a3-4cfe-99c8-86ea9e6b00f3 - - - - -] cinder.auth_section = None log_opt_values /usr/lib/python3/dist-packages/oslo_config/cfg.py:2609
2026-02-19 00:37:58.486 131021 DEBUG oslo_service.service [req-5fd24b64-28a3-4cfe-99c8-86ea9e6b00f3 - - - - -] cinder.auth_type = None log_opt_values /usr/lib/python3/dist-packages/oslo_config/cfg.py:2609
2026-02-19 00:37:58.486 131021 DEBUG oslo_service.service [req-5fd24b64-28a3-4cfe-99c8-86ea9e6b00f3 - - - - -] cinder.cafile = None log_opt_values /usr/lib/python3/dist-packages/oslo_config/cfg.py:2609
2026-02-19 00:37:58.486 131021 DEBUG oslo_service.service [req-5fd24b64-28a3-4cfe-99c8-86ea9e6b00f3 - - - - -] cinder.catalog_info = volumev3::publicURL log_opt_values /usr/lib/python3/dist-packages/oslo_config/cfg.py:2609
2026-02-19 00:37:58.486 131021 DEBUG oslo_service.service [req-5fd24b64-28a3-4cfe-99c8-86ea9e6b00f3 - - - - -] cinder.certfile = None log_opt_values /usr/lib/python3/dist-packages/oslo_config/cfg.py:2609
2026-02-19 00:37:58.486 131021 DEBUG oslo_service.service [req-5fd24b64-28a3-4cfe-99c8-86ea9e6b00f3 - - - - -] cinder.collect_timing = False log_opt_values /usr/lib/python3/dist-packages/oslo_config/cfg.py:2609
2026-02-19 00:37:58.487 131021 DEBUG oslo_service.service [req-5fd24b64-28a3-4cfe-99c8-86ea9e6b00f3 - - - - -] cinder.cross_az_attach = True log_opt_values /usr/lib/python3/dist-packages/oslo_config/cfg.py:2609
2026-02-19 00:37:58.487 131021 DEBUG oslo_service.service [req-5fd24b64-28a3-4cfe-99c8-86ea9e6b00f3 - - - - -] cinder.debug = False log_opt_values /usr/lib/python3/dist-packages/oslo_config/cfg.py:2609
2026-02-19 00:37:58.487 131021 DEBUG oslo_service.service [req-5fd24b64-28a3-4cfe-99c8-86ea9e6b00f3 - - - - -] cinder.endpoint_template = None log_opt_values /usr/lib/python3/dist-packages/oslo_config/cfg.py:2609
2026-02-19 00:37:58.487 131021 DEBUG oslo_service.service [req-5fd24b64-28a3-4cfe-99c8-86ea9e6b00f3 - - - - -] cinder.http_retries = 3 log_opt_values /usr/lib/python3/dist-packages/oslo_config/cfg.py:2609
2026-02-19 00:37:58.487 131021 DEBUG oslo_service.service [req-5fd24b64-28a3-4cfe-99c8-86ea9e6b00f3 - - - - -] cinder.insecure = False log_opt_values /usr/lib/python3/dist-packages/oslo_config/cfg.py:2609
2026-02-19 00:37:58.487 131021 DEBUG oslo_service.service [req-5fd24b64-28a3-4cfe-99c8-86ea9e6b00f3 - - - - -] cinder.keyfile = None log_opt_values /usr/lib/python3/dist-packages/oslo_config/cfg.py:2609
2026-02-19 00:37:58.488 131021 DEBUG oslo_service.service [req-5fd24b64-28a3-4cfe-99c8-86ea9e6b00f3 - - - - -] cinder.os_region_name = None log_opt_values /usr/lib/python3/dist-packages/oslo_config/cfg.py:2609
2026-02-19 00:37:58.488 131021 DEBUG oslo_service.service [req-5fd24b64-28a3-4cfe-99c8-86ea9e6b00f3 - - - - -] cinder.split_loggers = False log_opt_values /usr/lib/python3/dist-packages/oslo_config/cfg.py:2609
2026-02-19 00:37:58.488 131021 DEBUG oslo_service.service [req-5fd24b64-28a3-4cfe-99c8-86ea9e6b00f3 - - - - -] cinder.timeout = None log_opt_values /usr/lib/python3/dist-packages/oslo_config/cfg.py:2609
2026-02-19 00:37:58.488 131021 DEBUG oslo_service.service [req-5fd24b64-28a3-4cfe-99c8-86ea9e6b00f3 - - - - -] compute.consecutive_build_service_disable_threshold = 10 log_opt_values /usr/lib/python3/dist-packages/oslo_config/cfg.py:2609
2026-02-19 00:37:58.488 131021 DEBUG oslo_service.service [req-5fd24b64-28a3-4cfe-99c8-86ea9e6b00f3 - - - - -] compute.cpu_dedicated_set = None log_opt_values /usr/lib/python3/dist-packages/oslo_config/cfg.py:2609
2026-02-19 00:37:58.488 131021 DEBUG oslo_service.service [req-5fd24b64-28a3-4cfe-99c8-86ea9e6b00f3 - - - - -] compute.cpu_shared_set = None log_opt_values /usr/lib/python3/dist-packages/oslo_config/cfg.py:2609
2026-02-19 00:37:58.489 131021 DEBUG oslo_service.service [req-5fd24b64-28a3-4cfe-99c8-86ea9e6b00f3 - - - - -] compute.image_type_exclude_list = [] log_opt_values /usr/lib/python3/dist-packages/oslo_config/cfg.py:2609
2026-02-19 00:37:58.489 131021 DEBUG oslo_service.service [req-5fd24b64-28a3-4cfe-99c8-86ea9e6b00f3 - - - - -] compute.live_migration_wait_for_vif_plug = True log_opt_values /usr/lib/python3/dist-packages/oslo_config/cfg.py:2609
2026-02-19 00:37:58.489 131021 DEBUG oslo_service.service [req-5fd24b64-28a3-4cfe-99c8-86ea9e6b00f3 - - - - -] compute.max_concurrent_disk_ops = 0 log_opt_values /usr/lib/python3/dist-packages/oslo_config/cfg.py:2609
2026-02-19 00:37:58.489 131021 DEBUG oslo_service.service [req-5fd24b64-28a3-4cfe-99c8-86ea9e6b00f3 - - - - -] compute.max_disk_devices_to_attach = -1 log_opt_values /usr/lib/python3/dist-packages/oslo_config/cfg.py:2609
2026-02-19 00:37:58.489 131021 DEBUG oslo_service.service [req-5fd24b64-28a3-4cfe-99c8-86ea9e6b00f3 - - - - -] compute.packing_host_numa_cells_allocation_strategy = True log_opt_values /usr/lib/python3/dist-packages/oslo_config/cfg.py:2609
2026-02-19 00:37:58.489 131021 DEBUG oslo_service.service [req-5fd24b64-28a3-4cfe-99c8-86ea9e6b00f3 - - - - -] compute.provider_config_location = /etc/nova/provider_config/ log_opt_values /usr/lib/python3/dist-packages/oslo_config/cfg.py:2609
2026-02-19 00:37:58.490 131021 DEBUG oslo_service.service [req-5fd24b64-28a3-4cfe-99c8-86ea9e6b00f3 - - - - -] compute.resource_provider_association_refresh = 300 log_opt_values /usr/lib/python3/dist-packages/oslo_config/cfg.py:2609
2026-02-19 00:37:58.490 131021 DEBUG oslo_service.service [req-5fd24b64-28a3-4cfe-99c8-86ea9e6b00f3 - - - - -] compute.shutdown_retry_interval = 10 log_opt_values /usr/lib/python3/dist-packages/oslo_config/cfg.py:2609
2026-02-19 00:37:58.490 131021 DEBUG oslo_service.service [req-5fd24b64-28a3-4cfe-99c8-86ea9e6b00f3 - - - - -] compute.vmdk_allowed_types = ['streamOptimized', 'monolithicSparse'] log_opt_values /usr/lib/python3/dist-packages/oslo_config/cfg.py:2609
2026-02-19 00:37:58.490 131021 DEBUG oslo_service.service [req-5fd24b64-28a3-4cfe-99c8-86ea9e6b00f3 - - - - -] conductor.workers = 4 log_opt_values /usr/lib/python3/dist-packages/oslo_config/cfg.py:2609
2026-02-19 00:37:58.490 131332 DEBUG oslo_messaging._drivers.amqpdriver [-] received message msg_id: 7b57375e6efb4501ba5904e333fe1d4d reply to reply_c2b8edd5f83345d4b876a3fd295ada06 __call__ /usr/lib/python3/dist-packages/oslo_messaging/_drivers/amqpdriver.py:320
2026-02-19 00:37:58.490 131021 DEBUG oslo_service.service [req-5fd24b64-28a3-4cfe-99c8-86ea9e6b00f3 - - - - -] console.allowed_origins = [] log_opt_values /usr/lib/python3/dist-packages/oslo_config/cfg.py:2609
2026-02-19 00:37:58.491 131021 DEBUG oslo_service.service [req-5fd24b64-28a3-4cfe-99c8-86ea9e6b00f3 - - - - -] console.ssl_ciphers = None log_opt_values /usr/lib/python3/dist-packages/oslo_config/cfg.py:2609
2026-02-19 00:37:58.491 131021 DEBUG oslo_service.service [req-5fd24b64-28a3-4cfe-99c8-86ea9e6b00f3 - - - - -] console.ssl_minimum_version = default log_opt_values /usr/lib/python3/dist-packages/oslo_config/cfg.py:2609
2026-02-19 00:37:58.491 131333 DEBUG oslo_messaging._drivers.amqpdriver [-] Listener is running poll /usr/lib/python3/dist-packages/oslo_messaging/_drivers/amqpdriver.py:343
2026-02-19 00:37:58.491 131333 DEBUG oslo_messaging._drivers.amqpdriver [-] AMQPListener connection consume poll /usr/lib/python3/dist-packages/oslo_messaging/_drivers/amqpdriver.py:357
2026-02-19 00:37:58.491 131021 DEBUG oslo_service.service [req-5fd24b64-28a3-4cfe-99c8-86ea9e6b00f3 - - - - -] consoleauth.token_ttl = 600 log_opt_values /usr/lib/python3/dist-packages/oslo_config/cfg.py:2609
2026-02-19 00:37:58.491 131021 DEBUG oslo_service.service [req-5fd24b64-28a3-4cfe-99c8-86ea9e6b00f3 - - - - -] cyborg.cafile = None log_opt_values /usr/lib/python3/dist-packages/oslo_config/cfg.py:2609
2026-02-19 00:37:58.491 131021 DEBUG oslo_service.service [req-5fd24b64-28a3-4cfe-99c8-86ea9e6b00f3 - - - - -] cyborg.certfile = None log_opt_values /usr/lib/python3/dist-packages/oslo_config/cfg.py:2609
2026-02-19 00:37:58.491 131021 DEBUG oslo_service.service [req-5fd24b64-28a3-4cfe-99c8-86ea9e6b00f3 - - - - -] cyborg.collect_timing = False log_opt_values /usr/lib/python3/dist-packages/oslo_config/cfg.py:2609
2026-02-19 00:37:58.492 131021 DEBUG oslo_service.service [req-5fd24b64-28a3-4cfe-99c8-86ea9e6b00f3 - - - - -] cyborg.connect_retries = None log_opt_values /usr/lib/python3/dist-packages/oslo_config/cfg.py:2609
2026-02-19 00:37:58.491 131333 DEBUG nova.service [req-7fc93fc9-5cea-4059-886d-cb4ad8ad90b5 - - - - -] Join ServiceGroup membership for this service conductor start /usr/lib/python3/dist-packages/nova/service.py:199
2026-02-19 00:37:58.492 131021 DEBUG oslo_service.service [req-5fd24b64-28a3-4cfe-99c8-86ea9e6b00f3 - - - - -] cyborg.connect_retry_delay = None log_opt_values /usr/lib/python3/dist-packages/oslo_config/cfg.py:2609
2026-02-19 00:37:58.492 131021 DEBUG oslo_service.service [req-5fd24b64-28a3-4cfe-99c8-86ea9e6b00f3 - - - - -] cyborg.endpoint_override = None log_opt_values /usr/lib/python3/dist-packages/oslo_config/cfg.py:2609
2026-02-19 00:37:58.492 131333 DEBUG nova.servicegroup.drivers.db [req-7fc93fc9-5cea-4059-886d-cb4ad8ad90b5 - - - - -] DB_Driver: join new ServiceGroup member juju-5f8ab8-0-lxd-7 to the conductor group, service = join /usr/lib/python3/dist-packages/nova/servicegroup/drivers/db.py:44
2026-02-19 00:37:58.492 131021 DEBUG oslo_service.service [req-5fd24b64-28a3-4cfe-99c8-86ea9e6b00f3 - - - - -] cyborg.insecure = False log_opt_values /usr/lib/python3/dist-packages/oslo_config/cfg.py:2609
2026-02-19 00:37:58.492 131021 DEBUG oslo_service.service [req-5fd24b64-28a3-4cfe-99c8-86ea9e6b00f3 - - - - -] cyborg.keyfile = None log_opt_values /usr/lib/python3/dist-packages/oslo_config/cfg.py:2609
2026-02-19 00:37:58.493 131021 DEBUG oslo_service.service [req-5fd24b64-28a3-4cfe-99c8-86ea9e6b00f3 - - - - -] cyborg.max_version = None log_opt_values /usr/lib/python3/dist-packages/oslo_config/cfg.py:2609
2026-02-19 00:37:58.493 131021 DEBUG oslo_service.service [req-5fd24b64-28a3-4cfe-99c8-86ea9e6b00f3 - - - - -] cyborg.min_version = None log_opt_values /usr/lib/python3/dist-packages/oslo_config/cfg.py:2609
2026-02-19 00:37:58.493 131021 DEBUG oslo_service.service [req-5fd24b64-28a3-4cfe-99c8-86ea9e6b00f3 - - - - -] cyborg.region_name = None log_opt_values /usr/lib/python3/dist-packages/oslo_config/cfg.py:2609
2026-02-19 00:37:58.493 131021 DEBUG oslo_service.service [req-5fd24b64-28a3-4cfe-99c8-86ea9e6b00f3 - - - - -] cyborg.service_name = None log_opt_values /usr/lib/python3/dist-packages/oslo_config/cfg.py:2609
2026-02-19 00:37:58.493 131021 DEBUG oslo_service.service [req-5fd24b64-28a3-4cfe-99c8-86ea9e6b00f3 - - - - -] cyborg.service_type = accelerator log_opt_values /usr/lib/python3/dist-packages/oslo_config/cfg.py:2609
2026-02-19 00:37:58.493 131021 DEBUG oslo_service.service [req-5fd24b64-28a3-4cfe-99c8-86ea9e6b00f3 - - - - -] cyborg.split_loggers = False log_opt_values /usr/lib/python3/dist-packages/oslo_config/cfg.py:2609
2026-02-19 00:37:58.493 131021 DEBUG oslo_service.service [req-5fd24b64-28a3-4cfe-99c8-86ea9e6b00f3 - - - - -] cyborg.status_code_retries = None log_opt_values /usr/lib/python3/dist-packages/oslo_config/cfg.py:2609
2026-02-19 00:37:58.494 131021 DEBUG oslo_service.service [req-5fd24b64-28a3-4cfe-99c8-86ea9e6b00f3 - - - - -] cyborg.status_code_retry_delay = None log_opt_values /usr/lib/python3/dist-packages/oslo_config/cfg.py:2609
2026-02-19 00:37:58.494 131021 DEBUG oslo_service.service [req-5fd24b64-28a3-4cfe-99c8-86ea9e6b00f3 - - - - -] cyborg.timeout = None log_opt_values /usr/lib/python3/dist-packages/oslo_config/cfg.py:2609
2026-02-19 00:37:58.494 131021 DEBUG oslo_service.service [req-5fd24b64-28a3-4cfe-99c8-86ea9e6b00f3 - - - - -] cyborg.valid_interfaces = ['internal', 'public'] log_opt_values /usr/lib/python3/dist-packages/oslo_config/cfg.py:2609
2026-02-19 00:37:58.494 131021 DEBUG oslo_service.service [req-5fd24b64-28a3-4cfe-99c8-86ea9e6b00f3 - - - - -] cyborg.version = None log_opt_values /usr/lib/python3/dist-packages/oslo_config/cfg.py:2609
2026-02-19 00:37:58.494 131332 DEBUG nova.service [req-cd000e07-3cc5-47ab-82f6-de2c2b68f5e7 - - - - -] Join ServiceGroup membership for this service conductor start /usr/lib/python3/dist-packages/nova/service.py:199
2026-02-19 00:37:58.494 131021 DEBUG oslo_service.service [req-5fd24b64-28a3-4cfe-99c8-86ea9e6b00f3 - - - - -] database.backend = sqlalchemy log_opt_values /usr/lib/python3/dist-packages/oslo_config/cfg.py:2609
2026-02-19 00:37:58.495 131021 DEBUG oslo_service.service [req-5fd24b64-28a3-4cfe-99c8-86ea9e6b00f3 - - - - -] database.connection = **** log_opt_values /usr/lib/python3/dist-packages/oslo_config/cfg.py:2609
2026-02-19 00:37:58.495 131333 DEBUG oslo_messaging._drivers.amqpdriver [-] AMQPListener connection timeout poll /usr/lib/python3/dist-packages/oslo_messaging/_drivers/amqpdriver.py:360
2026-02-19 00:37:58.495 131021 DEBUG oslo_service.service [req-5fd24b64-28a3-4cfe-99c8-86ea9e6b00f3 - - - - -] database.connection_debug = 0 log_opt_values /usr/lib/python3/dist-packages/oslo_config/cfg.py:2609
2026-02-19 00:37:58.495 131333 DEBUG oslo_messaging._drivers.amqpdriver [-] Listener is running poll /usr/lib/python3/dist-packages/oslo_messaging/_drivers/amqpdriver.py:343
2026-02-19 00:37:58.495 131021 DEBUG oslo_service.service [req-5fd24b64-28a3-4cfe-99c8-86ea9e6b00f3 - - - - -] database.connection_parameters = log_opt_values /usr/lib/python3/dist-packages/oslo_config/cfg.py:2609
2026-02-19 00:37:58.495 131333 DEBUG oslo_messaging._drivers.amqpdriver [-] AMQPListener connection consume poll /usr/lib/python3/dist-packages/oslo_messaging/_drivers/amqpdriver.py:357
2026-02-19 00:37:58.495 131021 DEBUG oslo_service.service [req-5fd24b64-28a3-4cfe-99c8-86ea9e6b00f3 - - - - -] database.connection_recycle_time = 3600 log_opt_values /usr/lib/python3/dist-packages/oslo_config/cfg.py:2609
2026-02-19 00:37:58.495 131021 DEBUG oslo_service.service [req-5fd24b64-28a3-4cfe-99c8-86ea9e6b00f3 - - - - -] database.connection_trace = False log_opt_values /usr/lib/python3/dist-packages/oslo_config/cfg.py:2609
2026-02-19 00:37:58.495 131021 DEBUG oslo_service.service [req-5fd24b64-28a3-4cfe-99c8-86ea9e6b00f3 - - - - -] database.db_inc_retry_interval = True log_opt_values /usr/lib/python3/dist-packages/oslo_config/cfg.py:2609
2026-02-19 00:37:58.496 131021 DEBUG oslo_service.service [req-5fd24b64-28a3-4cfe-99c8-86ea9e6b00f3 - - - - -] database.db_max_retries = 20 log_opt_values /usr/lib/python3/dist-packages/oslo_config/cfg.py:2609
2026-02-19 00:37:58.496 131021 DEBUG oslo_service.service [req-5fd24b64-28a3-4cfe-99c8-86ea9e6b00f3 - - - - -] database.db_max_retry_interval = 10 log_opt_values /usr/lib/python3/dist-packages/oslo_config/cfg.py:2609
2026-02-19 00:37:58.496 131021 DEBUG oslo_service.service [req-5fd24b64-28a3-4cfe-99c8-86ea9e6b00f3 - - - - -] database.db_retry_interval = 1 log_opt_values /usr/lib/python3/dist-packages/oslo_config/cfg.py:2609
2026-02-19 00:37:58.496 131021 DEBUG oslo_service.service [req-5fd24b64-28a3-4cfe-99c8-86ea9e6b00f3 - - - - -] database.max_overflow = 50 log_opt_values /usr/lib/python3/dist-packages/oslo_config/cfg.py:2609
2026-02-19 00:37:58.496 131021 DEBUG oslo_service.service [req-5fd24b64-28a3-4cfe-99c8-86ea9e6b00f3 - - - - -] database.max_pool_size = 4 log_opt_values /usr/lib/python3/dist-packages/oslo_config/cfg.py:2609
2026-02-19 00:37:58.496 131021 DEBUG oslo_service.service [req-5fd24b64-28a3-4cfe-99c8-86ea9e6b00f3 - - - - -] database.max_retries = 10 log_opt_values /usr/lib/python3/dist-packages/oslo_config/cfg.py:2609
2026-02-19 00:37:58.496 131021 DEBUG oslo_service.service [req-5fd24b64-28a3-4cfe-99c8-86ea9e6b00f3 - - - - -] database.mysql_enable_ndb = False log_opt_values /usr/lib/python3/dist-packages/oslo_config/cfg.py:2609
2026-02-19 00:37:58.497 131021 DEBUG oslo_service.service [req-5fd24b64-28a3-4cfe-99c8-86ea9e6b00f3 - - - - -] database.mysql_sql_mode = TRADITIONAL log_opt_values /usr/lib/python3/dist-packages/oslo_config/cfg.py:2609
2026-02-19 00:37:58.497 131021 DEBUG oslo_service.service [req-5fd24b64-28a3-4cfe-99c8-86ea9e6b00f3 - - - - -] database.pool_timeout = None log_opt_values /usr/lib/python3/dist-packages/oslo_config/cfg.py:2609
2026-02-19 00:37:58.497 131021 DEBUG oslo_service.service [req-5fd24b64-28a3-4cfe-99c8-86ea9e6b00f3 - - - - -] database.retry_interval = 10 log_opt_values /usr/lib/python3/dist-packages/oslo_config/cfg.py:2609
2026-02-19 00:37:58.496 131332 DEBUG nova.servicegroup.drivers.db [req-cd000e07-3cc5-47ab-82f6-de2c2b68f5e7 - - - - -] DB_Driver: join new ServiceGroup member juju-5f8ab8-0-lxd-7 to the conductor group, service = join /usr/lib/python3/dist-packages/nova/servicegroup/drivers/db.py:44
2026-02-19 00:37:58.497 131021 DEBUG oslo_service.service [req-5fd24b64-28a3-4cfe-99c8-86ea9e6b00f3 - - - - -] database.slave_connection = **** log_opt_values /usr/lib/python3/dist-packages/oslo_config/cfg.py:2609
2026-02-19 00:37:58.497 131021 DEBUG oslo_service.service [req-5fd24b64-28a3-4cfe-99c8-86ea9e6b00f3 - - - - -] database.sqlite_synchronous = True log_opt_values /usr/lib/python3/dist-packages/oslo_config/cfg.py:2609
2026-02-19 00:37:58.497 131021 DEBUG oslo_service.service [req-5fd24b64-28a3-4cfe-99c8-86ea9e6b00f3 - - - - -] database.use_db_reconnect = False log_opt_values /usr/lib/python3/dist-packages/oslo_config/cfg.py:2609
2026-02-19 00:37:58.498 131021 DEBUG oslo_service.service [req-5fd24b64-28a3-4cfe-99c8-86ea9e6b00f3 - - - - -] api_database.backend = sqlalchemy log_opt_values /usr/lib/python3/dist-packages/oslo_config/cfg.py:2609
2026-02-19 00:37:58.498 131021 DEBUG oslo_service.service [req-5fd24b64-28a3-4cfe-99c8-86ea9e6b00f3 - - - - -] api_database.connection = **** log_opt_values /usr/lib/python3/dist-packages/oslo_config/cfg.py:2609
2026-02-19 00:37:58.498 131021 DEBUG oslo_service.service [req-5fd24b64-28a3-4cfe-99c8-86ea9e6b00f3 - - - - -] api_database.connection_debug = 0 log_opt_values /usr/lib/python3/dist-packages/oslo_config/cfg.py:2609
2026-02-19 00:37:58.498 131021 DEBUG oslo_service.service [req-5fd24b64-28a3-4cfe-99c8-86ea9e6b00f3 - - - - -] api_database.connection_parameters = log_opt_values /usr/lib/python3/dist-packages/oslo_config/cfg.py:2609
2026-02-19 00:37:58.498 131334 DEBUG oslo_messaging._drivers.amqpdriver [-] Listener is running poll /usr/lib/python3/dist-packages/oslo_messaging/_drivers/amqpdriver.py:343
2026-02-19 00:37:58.499 131334 DEBUG oslo_messaging._drivers.amqpdriver [-] AMQPListener connection consume poll /usr/lib/python3/dist-packages/oslo_messaging/_drivers/amqpdriver.py:357
2026-02-19 00:37:58.498 131021 DEBUG oslo_service.service [req-5fd24b64-28a3-4cfe-99c8-86ea9e6b00f3 - - - - -] api_database.connection_recycle_time = 3600 log_opt_values /usr/lib/python3/dist-packages/oslo_config/cfg.py:2609
2026-02-19 00:37:58.499 131021 DEBUG oslo_service.service [req-5fd24b64-28a3-4cfe-99c8-86ea9e6b00f3 - - - - -] api_database.connection_trace = False log_opt_values /usr/lib/python3/dist-packages/oslo_config/cfg.py:2609
2026-02-19 00:37:58.499 131021 DEBUG oslo_service.service [req-5fd24b64-28a3-4cfe-99c8-86ea9e6b00f3 - - - - -] api_database.db_inc_retry_interval = True log_opt_values /usr/lib/python3/dist-packages/oslo_config/cfg.py:2609
2026-02-19 00:37:58.499 131332 DEBUG oslo_messaging._drivers.amqpdriver [-] AMQPListener connection timeout poll /usr/lib/python3/dist-packages/oslo_messaging/_drivers/amqpdriver.py:360
2026-02-19 00:37:58.500 131021 DEBUG oslo_service.service [req-5fd24b64-28a3-4cfe-99c8-86ea9e6b00f3 - - - - -] api_database.db_max_retries = 20 log_opt_values /usr/lib/python3/dist-packages/oslo_config/cfg.py:2609
2026-02-19 00:37:58.500 131332 DEBUG oslo_messaging._drivers.amqpdriver [-] Listener is running poll /usr/lib/python3/dist-packages/oslo_messaging/_drivers/amqpdriver.py:343
2026-02-19 00:37:58.500 131021 DEBUG oslo_service.service [req-5fd24b64-28a3-4cfe-99c8-86ea9e6b00f3 - - - - -] api_database.db_max_retry_interval = 10 log_opt_values /usr/lib/python3/dist-packages/oslo_config/cfg.py:2609
2026-02-19 00:37:58.500 131332 DEBUG oslo_messaging._drivers.amqpdriver [-] Poll the incoming message with unique_id: a682748347714283bd20b2e5191059cb poll /usr/lib/python3/dist-packages/oslo_messaging/_drivers/amqpdriver.py:346
2026-02-19 00:37:58.500 131021 DEBUG oslo_service.service [req-5fd24b64-28a3-4cfe-99c8-86ea9e6b00f3 - - - - -] api_database.db_retry_interval = 1 log_opt_values /usr/lib/python3/dist-packages/oslo_config/cfg.py:2609
2026-02-19 00:37:58.500 131332 DEBUG oslo_messaging._drivers.amqpdriver [-] Listener is running poll /usr/lib/python3/dist-packages/oslo_messaging/_drivers/amqpdriver.py:343
2026-02-19 00:37:58.500 131021 DEBUG oslo_service.service [req-5fd24b64-28a3-4cfe-99c8-86ea9e6b00f3 - - - - -] api_database.max_overflow = 50 log_opt_values /usr/lib/python3/dist-packages/oslo_config/cfg.py:2609
2026-02-19 00:37:58.500 131332 DEBUG oslo_messaging._drivers.amqpdriver [-] AMQPListener connection consume poll /usr/lib/python3/dist-packages/oslo_messaging/_drivers/amqpdriver.py:357
2026-02-19 00:37:58.501 131021 DEBUG oslo_service.service [req-5fd24b64-28a3-4cfe-99c8-86ea9e6b00f3 - - - - -] api_database.max_pool_size = 4 log_opt_values /usr/lib/python3/dist-packages/oslo_config/cfg.py:2609
2026-02-19 00:37:58.501 131021 DEBUG oslo_service.service [req-5fd24b64-28a3-4cfe-99c8-86ea9e6b00f3 - - - - -] api_database.max_retries = 10 log_opt_values /usr/lib/python3/dist-packages/oslo_config/cfg.py:2609
2026-02-19 00:37:58.501 131021 DEBUG oslo_service.service [req-5fd24b64-28a3-4cfe-99c8-86ea9e6b00f3 - - - - -] api_database.mysql_enable_ndb = False log_opt_values /usr/lib/python3/dist-packages/oslo_config/cfg.py:2609
2026-02-19 00:37:58.501 131021 DEBUG oslo_service.service [req-5fd24b64-28a3-4cfe-99c8-86ea9e6b00f3 - - - - -] api_database.mysql_sql_mode = TRADITIONAL log_opt_values /usr/lib/python3/dist-packages/oslo_config/cfg.py:2609
2026-02-19 00:37:58.500 131334 DEBUG nova.service [req-1ca640bc-4dd2-434e-87d2-b8f318c7d2f9 - - - - -] Join ServiceGroup membership for this service conductor start /usr/lib/python3/dist-packages/nova/service.py:199
2026-02-19 00:37:58.501 131021 DEBUG oslo_service.service [req-5fd24b64-28a3-4cfe-99c8-86ea9e6b00f3 - - - - -] api_database.pool_timeout = None log_opt_values /usr/lib/python3/dist-packages/oslo_config/cfg.py:2609
2026-02-19 00:37:58.501 131021 DEBUG oslo_service.service [req-5fd24b64-28a3-4cfe-99c8-86ea9e6b00f3 - - - - -] api_database.retry_interval = 10 log_opt_values /usr/lib/python3/dist-packages/oslo_config/cfg.py:2609
2026-02-19 00:37:58.502 131334 DEBUG nova.servicegroup.drivers.db [req-1ca640bc-4dd2-434e-87d2-b8f318c7d2f9 - - - - -] DB_Driver: join new ServiceGroup member juju-5f8ab8-0-lxd-7 to the conductor group, service = join /usr/lib/python3/dist-packages/nova/servicegroup/drivers/db.py:44
2026-02-19 00:37:58.502 131021 DEBUG oslo_service.service [req-5fd24b64-28a3-4cfe-99c8-86ea9e6b00f3 - - - - -] api_database.slave_connection = **** log_opt_values /usr/lib/python3/dist-packages/oslo_config/cfg.py:2609
2026-02-19 00:37:58.502 131021 DEBUG oslo_service.service [req-5fd24b64-28a3-4cfe-99c8-86ea9e6b00f3 - - - - -] api_database.sqlite_synchronous = True log_opt_values /usr/lib/python3/dist-packages/oslo_config/cfg.py:2609
2026-02-19 00:37:58.502 131021 DEBUG oslo_service.service [req-5fd24b64-28a3-4cfe-99c8-86ea9e6b00f3 - - - - -] devices.enabled_mdev_types = [] log_opt_values /usr/lib/python3/dist-packages/oslo_config/cfg.py:2609
2026-02-19 00:37:58.502 131021 DEBUG oslo_service.service [req-5fd24b64-28a3-4cfe-99c8-86ea9e6b00f3 - - - - -] ephemeral_storage_encryption.cipher = aes-xts-plain64 log_opt_values /usr/lib/python3/dist-packages/oslo_config/cfg.py:2609
2026-02-19 00:37:58.502 131021 DEBUG oslo_service.service [req-5fd24b64-28a3-4cfe-99c8-86ea9e6b00f3 - - - - -] ephemeral_storage_encryption.enabled = False log_opt_values /usr/lib/python3/dist-packages/oslo_config/cfg.py:2609
2026-02-19 00:37:58.502 131021 DEBUG oslo_service.service [req-5fd24b64-28a3-4cfe-99c8-86ea9e6b00f3 - - - - -] ephemeral_storage_encryption.key_size = 512 log_opt_values /usr/lib/python3/dist-packages/oslo_config/cfg.py:2609
2026-02-19 00:37:58.503 131021 WARNING oslo_config.cfg [req-5fd24b64-28a3-4cfe-99c8-86ea9e6b00f3 - - - - -] Deprecated: Option "api_servers" from group "glance" is deprecated for removal ( Support for image service configuration via standard keystoneauth1 Adapter options was added in the 17.0.0 Queens release. The api_servers option was retained temporarily to allow consumers time to cut over to a real load balancing solution. ). Its value may be silently ignored in the future.
2026-02-19 00:37:58.503 131335 DEBUG oslo_messaging._drivers.amqpdriver [-] Listener is running poll /usr/lib/python3/dist-packages/oslo_messaging/_drivers/amqpdriver.py:343
2026-02-19 00:37:58.503 131021 DEBUG oslo_service.service [req-5fd24b64-28a3-4cfe-99c8-86ea9e6b00f3 - - - - -] glance.api_servers = ['http://252.41.216.48:9292'] log_opt_values /usr/lib/python3/dist-packages/oslo_config/cfg.py:2609
2026-02-19 00:37:58.503 131021 DEBUG oslo_service.service [req-5fd24b64-28a3-4cfe-99c8-86ea9e6b00f3 - - - - -] glance.cafile = None log_opt_values /usr/lib/python3/dist-packages/oslo_config/cfg.py:2609
2026-02-19 00:37:58.503 131335 DEBUG oslo_messaging._drivers.amqpdriver [-] AMQPListener connection consume poll /usr/lib/python3/dist-packages/oslo_messaging/_drivers/amqpdriver.py:357
2026-02-19 00:37:58.503 131021 DEBUG oslo_service.service [req-5fd24b64-28a3-4cfe-99c8-86ea9e6b00f3 - - - - -] glance.certfile = None log_opt_values /usr/lib/python3/dist-packages/oslo_config/cfg.py:2609
2026-02-19 00:37:58.503 131021 DEBUG oslo_service.service [req-5fd24b64-28a3-4cfe-99c8-86ea9e6b00f3 - - - - -] glance.collect_timing = False log_opt_values /usr/lib/python3/dist-packages/oslo_config/cfg.py:2609
2026-02-19 00:37:58.504 131021 DEBUG oslo_service.service [req-5fd24b64-28a3-4cfe-99c8-86ea9e6b00f3 - - - - -] glance.connect_retries = None log_opt_values /usr/lib/python3/dist-packages/oslo_config/cfg.py:2609
2026-02-19 00:37:58.504 131021 DEBUG oslo_service.service [req-5fd24b64-28a3-4cfe-99c8-86ea9e6b00f3 - - - - -] glance.connect_retry_delay = None log_opt_values /usr/lib/python3/dist-packages/oslo_config/cfg.py:2609
2026-02-19 00:37:58.504 131335 DEBUG nova.service [req-49522cbb-db78-4e5d-b550-a2685e71443e - - - - -] Join ServiceGroup membership for this service conductor start /usr/lib/python3/dist-packages/nova/service.py:199
2026-02-19 00:37:58.504 131021 DEBUG oslo_service.service [req-5fd24b64-28a3-4cfe-99c8-86ea9e6b00f3 - - - - -] glance.debug = False log_opt_values /usr/lib/python3/dist-packages/oslo_config/cfg.py:2609
2026-02-19 00:37:58.504 131021 DEBUG oslo_service.service [req-5fd24b64-28a3-4cfe-99c8-86ea9e6b00f3 - - - - -] glance.default_trusted_certificate_ids = [] log_opt_values /usr/lib/python3/dist-packages/oslo_config/cfg.py:2609
2026-02-19 00:37:58.504 131335 DEBUG nova.servicegroup.drivers.db [req-49522cbb-db78-4e5d-b550-a2685e71443e - - - - -] DB_Driver: join new ServiceGroup member juju-5f8ab8-0-lxd-7 to the conductor group, service = join /usr/lib/python3/dist-packages/nova/servicegroup/drivers/db.py:44
2026-02-19 00:37:58.504 131021 DEBUG oslo_service.service [req-5fd24b64-28a3-4cfe-99c8-86ea9e6b00f3 - - - - -] glance.enable_certificate_validation = False log_opt_values /usr/lib/python3/dist-packages/oslo_config/cfg.py:2609
2026-02-19 00:37:58.504 131021 DEBUG oslo_service.service [req-5fd24b64-28a3-4cfe-99c8-86ea9e6b00f3 - - - - -] glance.enable_rbd_download = False log_opt_values /usr/lib/python3/dist-packages/oslo_config/cfg.py:2609
2026-02-19 00:37:58.505 131021 DEBUG oslo_service.service [req-5fd24b64-28a3-4cfe-99c8-86ea9e6b00f3 - - - - -] glance.endpoint_override = None log_opt_values /usr/lib/python3/dist-packages/oslo_config/cfg.py:2609
2026-02-19 00:37:58.505 131334 DEBUG oslo_messaging._drivers.amqpdriver [-] AMQPListener connection timeout poll /usr/lib/python3/dist-packages/oslo_messaging/_drivers/amqpdriver.py:360
2026-02-19 00:37:58.505 131021 DEBUG oslo_service.service [req-5fd24b64-28a3-4cfe-99c8-86ea9e6b00f3 - - - - -] glance.insecure = False log_opt_values /usr/lib/python3/dist-packages/oslo_config/cfg.py:2609
2026-02-19 00:37:58.505 131021 DEBUG oslo_service.service [req-5fd24b64-28a3-4cfe-99c8-86ea9e6b00f3 - - - - -] glance.keyfile = None log_opt_values /usr/lib/python3/dist-packages/oslo_config/cfg.py:2609
2026-02-19 00:37:58.505 131334 DEBUG oslo_messaging._drivers.amqpdriver [-] Listener is running poll /usr/lib/python3/dist-packages/oslo_messaging/_drivers/amqpdriver.py:343
2026-02-19 00:37:58.505 131021 DEBUG oslo_service.service [req-5fd24b64-28a3-4cfe-99c8-86ea9e6b00f3 - - - - -] glance.max_version = None log_opt_values /usr/lib/python3/dist-packages/oslo_config/cfg.py:2609
2026-02-19 00:37:58.505 131021 DEBUG oslo_service.service [req-5fd24b64-28a3-4cfe-99c8-86ea9e6b00f3 - - - - -] glance.min_version = None log_opt_values /usr/lib/python3/dist-packages/oslo_config/cfg.py:2609
2026-02-19 00:37:58.505 131021 DEBUG oslo_service.service [req-5fd24b64-28a3-4cfe-99c8-86ea9e6b00f3 - - - - -] glance.num_retries = 3 log_opt_values /usr/lib/python3/dist-packages/oslo_config/cfg.py:2609
2026-02-19 00:37:58.505 131334 DEBUG oslo_messaging._drivers.amqpdriver [-] AMQPListener connection consume poll /usr/lib/python3/dist-packages/oslo_messaging/_drivers/amqpdriver.py:357
2026-02-19 00:37:58.506 131021 DEBUG oslo_service.service [req-5fd24b64-28a3-4cfe-99c8-86ea9e6b00f3 - - - - -] glance.rbd_ceph_conf = log_opt_values /usr/lib/python3/dist-packages/oslo_config/cfg.py:2609
2026-02-19 00:37:58.506 131021 DEBUG oslo_service.service [req-5fd24b64-28a3-4cfe-99c8-86ea9e6b00f3 - - - - -] glance.rbd_connect_timeout = 5 log_opt_values /usr/lib/python3/dist-packages/oslo_config/cfg.py:2609
2026-02-19 00:37:58.506 131021 DEBUG oslo_service.service [req-5fd24b64-28a3-4cfe-99c8-86ea9e6b00f3 - - - - -] glance.rbd_pool = log_opt_values /usr/lib/python3/dist-packages/oslo_config/cfg.py:2609
2026-02-19 00:37:58.506 131021 DEBUG oslo_service.service [req-5fd24b64-28a3-4cfe-99c8-86ea9e6b00f3 - - - - -] glance.rbd_user = log_opt_values /usr/lib/python3/dist-packages/oslo_config/cfg.py:2609
2026-02-19 00:37:58.506 131021 DEBUG oslo_service.service [req-5fd24b64-28a3-4cfe-99c8-86ea9e6b00f3 - - - - -] glance.region_name = None log_opt_values /usr/lib/python3/dist-packages/oslo_config/cfg.py:2609
2026-02-19 00:37:58.506 131021 DEBUG oslo_service.service [req-5fd24b64-28a3-4cfe-99c8-86ea9e6b00f3 - - - - -] glance.service_name = None log_opt_values /usr/lib/python3/dist-packages/oslo_config/cfg.py:2609
2026-02-19 00:37:58.507 131021 DEBUG oslo_service.service [req-5fd24b64-28a3-4cfe-99c8-86ea9e6b00f3 - - - - -] glance.service_type = image log_opt_values /usr/lib/python3/dist-packages/oslo_config/cfg.py:2609
2026-02-19 00:37:58.507 131021 DEBUG oslo_service.service [req-5fd24b64-28a3-4cfe-99c8-86ea9e6b00f3 - - - - -] glance.split_loggers = False log_opt_values /usr/lib/python3/dist-packages/oslo_config/cfg.py:2609
2026-02-19 00:37:58.507 131335 DEBUG oslo_messaging._drivers.amqpdriver [-] AMQPListener connection timeout poll /usr/lib/python3/dist-packages/oslo_messaging/_drivers/amqpdriver.py:360
2026-02-19 00:37:58.507 131335 DEBUG oslo_messaging._drivers.amqpdriver [-] Listener is running poll /usr/lib/python3/dist-packages/oslo_messaging/_drivers/amqpdriver.py:343
2026-02-19 00:37:58.507 131021 DEBUG oslo_service.service [req-5fd24b64-28a3-4cfe-99c8-86ea9e6b00f3 - - - - -] glance.status_code_retries = None log_opt_values /usr/lib/python3/dist-packages/oslo_config/cfg.py:2609
