2026-02-19 00:40:50.728 168542 DEBUG oslo_service.service [req-8e8cf550-ba4a-4f5d-b133-4c76ae42c854 - - - - -] max_concurrent_builds = 10 log_opt_values /usr/lib/python3/dist-packages/oslo_config/cfg.py:2602
2026-02-19 00:40:50.728 168542 DEBUG oslo_service.service [req-8e8cf550-ba4a-4f5d-b133-4c76ae42c854 - - - - -] max_concurrent_live_migrations = 1 log_opt_values /usr/lib/python3/dist-packages/oslo_config/cfg.py:2602
2026-02-19 00:40:50.728 168542 DEBUG oslo_service.service [req-8e8cf550-ba4a-4f5d-b133-4c76ae42c854 - - - - -] max_concurrent_snapshots = 5 log_opt_values /usr/lib/python3/dist-packages/oslo_config/cfg.py:2602
2026-02-19 00:40:50.728 168542 DEBUG oslo_service.service [req-8e8cf550-ba4a-4f5d-b133-4c76ae42c854 - - - - -] max_local_block_devices = 3 log_opt_values /usr/lib/python3/dist-packages/oslo_config/cfg.py:2602
2026-02-19 00:40:50.729 168542 DEBUG oslo_service.service [req-8e8cf550-ba4a-4f5d-b133-4c76ae42c854 - - - - -] max_logfile_count = 30 log_opt_values /usr/lib/python3/dist-packages/oslo_config/cfg.py:2602
2026-02-19 00:40:50.729 168542 DEBUG oslo_service.service [req-8e8cf550-ba4a-4f5d-b133-4c76ae42c854 - - - - -] max_logfile_size_mb = 200 log_opt_values /usr/lib/python3/dist-packages/oslo_config/cfg.py:2602
2026-02-19 00:40:50.729 168542 DEBUG oslo_service.service [req-8e8cf550-ba4a-4f5d-b133-4c76ae42c854 - - - - -] maximum_instance_delete_attempts = 5 log_opt_values /usr/lib/python3/dist-packages/oslo_config/cfg.py:2602
2026-02-19 00:40:50.730 168542 DEBUG oslo_service.service [req-8e8cf550-ba4a-4f5d-b133-4c76ae42c854 - - - - -] metadata_listen = 0.0.0.0 log_opt_values /usr/lib/python3/dist-packages/oslo_config/cfg.py:2602
2026-02-19 00:40:50.730 168542 DEBUG oslo_service.service [req-8e8cf550-ba4a-4f5d-b133-4c76ae42c854 - - - - -] metadata_listen_port = 8765 log_opt_values /usr/lib/python3/dist-packages/oslo_config/cfg.py:2602
2026-02-19 00:40:50.730 168542 DEBUG oslo_service.service [req-8e8cf550-ba4a-4f5d-b133-4c76ae42c854 - - - - -] metadata_workers = None log_opt_values /usr/lib/python3/dist-packages/oslo_config/cfg.py:2602
2026-02-19 00:40:50.730 168542 DEBUG oslo_service.service [req-8e8cf550-ba4a-4f5d-b133-4c76ae42c854 - - - - -] migrate_max_retries = -1 log_opt_values /usr/lib/python3/dist-packages/oslo_config/cfg.py:2602
2026-02-19 00:40:50.731 168542 DEBUG oslo_service.service [req-8e8cf550-ba4a-4f5d-b133-4c76ae42c854 - - - - -] mkisofs_cmd = genisoimage log_opt_values /usr/lib/python3/dist-packages/oslo_config/cfg.py:2602
2026-02-19 00:40:50.731 168542 DEBUG oslo_service.service [req-8e8cf550-ba4a-4f5d-b133-4c76ae42c854 - - - - -] my_block_storage_ip = 252.41.215.122 log_opt_values /usr/lib/python3/dist-packages/oslo_config/cfg.py:2602
2026-02-19 00:40:50.731 168542 DEBUG oslo_service.service [req-8e8cf550-ba4a-4f5d-b133-4c76ae42c854 - - - - -] my_ip = 252.41.215.122 log_opt_values /usr/lib/python3/dist-packages/oslo_config/cfg.py:2602
2026-02-19 00:40:50.731 168542 DEBUG oslo_service.service [req-8e8cf550-ba4a-4f5d-b133-4c76ae42c854 - - - - -] network_allocate_retries = 0 log_opt_values /usr/lib/python3/dist-packages/oslo_config/cfg.py:2602
2026-02-19 00:40:50.732 168542 DEBUG oslo_service.service [req-8e8cf550-ba4a-4f5d-b133-4c76ae42c854 - - - - -] non_inheritable_image_properties = ['cache_in_nova', 'bittorrent'] log_opt_values /usr/lib/python3/dist-packages/oslo_config/cfg.py:2602
2026-02-19 00:40:50.732 168542 DEBUG oslo_service.service [req-8e8cf550-ba4a-4f5d-b133-4c76ae42c854 - - - - -] osapi_compute_listen = 0.0.0.0 log_opt_values /usr/lib/python3/dist-packages/oslo_config/cfg.py:2602
2026-02-19 00:40:50.732 168542 DEBUG oslo_service.service [req-8e8cf550-ba4a-4f5d-b133-4c76ae42c854 - - - - -] osapi_compute_listen_port = 8764 log_opt_values /usr/lib/python3/dist-packages/oslo_config/cfg.py:2602
2026-02-19 00:40:50.732 168542 DEBUG oslo_service.service [req-8e8cf550-ba4a-4f5d-b133-4c76ae42c854 - - - - -] osapi_compute_unique_server_name_scope = log_opt_values /usr/lib/python3/dist-packages/oslo_config/cfg.py:2602
2026-02-19 00:40:50.733 168542 DEBUG oslo_service.service [req-8e8cf550-ba4a-4f5d-b133-4c76ae42c854 - - - - -] osapi_compute_workers = 4 log_opt_values /usr/lib/python3/dist-packages/oslo_config/cfg.py:2602
2026-02-19 00:40:50.733 168542 DEBUG oslo_service.service [req-8e8cf550-ba4a-4f5d-b133-4c76ae42c854 - - - - -] password_length = 12 log_opt_values /usr/lib/python3/dist-packages/oslo_config/cfg.py:2602
2026-02-19 00:40:50.733 168542 DEBUG oslo_service.service [req-8e8cf550-ba4a-4f5d-b133-4c76ae42c854 - - - - -] periodic_enable = True log_opt_values /usr/lib/python3/dist-packages/oslo_config/cfg.py:2602
2026-02-19 00:40:50.734 168542 DEBUG oslo_service.service [req-8e8cf550-ba4a-4f5d-b133-4c76ae42c854 - - - - -] periodic_fuzzy_delay = 60 log_opt_values /usr/lib/python3/dist-packages/oslo_config/cfg.py:2602
2026-02-19 00:40:50.734 168542 DEBUG oslo_service.service [req-8e8cf550-ba4a-4f5d-b133-4c76ae42c854 - - - - -] pointer_model = usbtablet log_opt_values /usr/lib/python3/dist-packages/oslo_config/cfg.py:2602
2026-02-19 00:40:50.734 168542 DEBUG oslo_service.service [req-8e8cf550-ba4a-4f5d-b133-4c76ae42c854 - - - - -] preallocate_images = none log_opt_values /usr/lib/python3/dist-packages/oslo_config/cfg.py:2602
2026-02-19 00:40:50.734 168542 DEBUG oslo_service.service [req-8e8cf550-ba4a-4f5d-b133-4c76ae42c854 - - - - -] publish_errors = False log_opt_values /usr/lib/python3/dist-packages/oslo_config/cfg.py:2602
2026-02-19 00:40:50.734 168542 DEBUG oslo_service.service [req-8e8cf550-ba4a-4f5d-b133-4c76ae42c854 - - - - -] pybasedir = /usr/lib/python3/dist-packages log_opt_values /usr/lib/python3/dist-packages/oslo_config/cfg.py:2602
2026-02-19 00:40:50.735 168542 DEBUG oslo_service.service [req-8e8cf550-ba4a-4f5d-b133-4c76ae42c854 - - - - -] ram_allocation_ratio = 0.98 log_opt_values /usr/lib/python3/dist-packages/oslo_config/cfg.py:2602
2026-02-19 00:40:50.735 168542 DEBUG oslo_service.service [req-8e8cf550-ba4a-4f5d-b133-4c76ae42c854 - - - - -] rate_limit_burst = 0 log_opt_values /usr/lib/python3/dist-packages/oslo_config/cfg.py:2602
2026-02-19 00:40:50.735 168542 DEBUG oslo_service.service [req-8e8cf550-ba4a-4f5d-b133-4c76ae42c854 - - - - -] rate_limit_except_level = CRITICAL log_opt_values /usr/lib/python3/dist-packages/oslo_config/cfg.py:2602
2026-02-19 00:40:50.735 168542 DEBUG oslo_service.service [req-8e8cf550-ba4a-4f5d-b133-4c76ae42c854 - - - - -] rate_limit_interval = 0 log_opt_values /usr/lib/python3/dist-packages/oslo_config/cfg.py:2602
2026-02-19 00:40:50.736 168542 DEBUG oslo_service.service [req-8e8cf550-ba4a-4f5d-b133-4c76ae42c854 - - - - -] reboot_timeout = 0 log_opt_values /usr/lib/python3/dist-packages/oslo_config/cfg.py:2602
2026-02-19 00:40:50.736 168542 DEBUG oslo_service.service [req-8e8cf550-ba4a-4f5d-b133-4c76ae42c854 - - - - -] reclaim_instance_interval = 0 log_opt_values /usr/lib/python3/dist-packages/oslo_config/cfg.py:2602
2026-02-19 00:40:50.736 168542 DEBUG oslo_service.service [req-8e8cf550-ba4a-4f5d-b133-4c76ae42c854 - - - - -] record = None log_opt_values /usr/lib/python3/dist-packages/oslo_config/cfg.py:2602
2026-02-19 00:40:50.736 168542 DEBUG oslo_service.service [req-8e8cf550-ba4a-4f5d-b133-4c76ae42c854 - - - - -] report_interval = 10 log_opt_values /usr/lib/python3/dist-packages/oslo_config/cfg.py:2602
2026-02-19 00:40:50.737 168542 DEBUG oslo_service.service [req-8e8cf550-ba4a-4f5d-b133-4c76ae42c854 - - - - -] rescue_timeout = 0 log_opt_values /usr/lib/python3/dist-packages/oslo_config/cfg.py:2602
2026-02-19 00:40:50.737 168542 DEBUG oslo_service.service [req-8e8cf550-ba4a-4f5d-b133-4c76ae42c854 - - - - -] reserved_host_cpus = 0 log_opt_values /usr/lib/python3/dist-packages/oslo_config/cfg.py:2602
2026-02-19 00:40:50.737 168542 DEBUG oslo_service.service [req-8e8cf550-ba4a-4f5d-b133-4c76ae42c854 - - - - -] reserved_host_disk_mb = 0 log_opt_values /usr/lib/python3/dist-packages/oslo_config/cfg.py:2602
2026-02-19 00:40:50.737 168542 DEBUG oslo_service.service [req-8e8cf550-ba4a-4f5d-b133-4c76ae42c854 - - - - -] reserved_host_memory_mb = 512 log_opt_values /usr/lib/python3/dist-packages/oslo_config/cfg.py:2602
2026-02-19 00:40:50.738 168542 DEBUG oslo_service.service [req-8e8cf550-ba4a-4f5d-b133-4c76ae42c854 - - - - -] reserved_huge_pages = None log_opt_values /usr/lib/python3/dist-packages/oslo_config/cfg.py:2602
2026-02-19 00:40:50.738 168542 DEBUG oslo_service.service [req-8e8cf550-ba4a-4f5d-b133-4c76ae42c854 - - - - -] resize_confirm_window = 0 log_opt_values /usr/lib/python3/dist-packages/oslo_config/cfg.py:2602
2026-02-19 00:40:50.738 168542 DEBUG oslo_service.service [req-8e8cf550-ba4a-4f5d-b133-4c76ae42c854 - - - - -] resize_fs_using_block_device = False log_opt_values /usr/lib/python3/dist-packages/oslo_config/cfg.py:2602
2026-02-19 00:40:50.738 168542 DEBUG oslo_service.service [req-8e8cf550-ba4a-4f5d-b133-4c76ae42c854 - - - - -] resume_guests_state_on_host_boot = False log_opt_values /usr/lib/python3/dist-packages/oslo_config/cfg.py:2602
2026-02-19 00:40:50.739 168542 DEBUG oslo_service.service [req-8e8cf550-ba4a-4f5d-b133-4c76ae42c854 - - - - -] rootwrap_config = /etc/nova/rootwrap.conf log_opt_values /usr/lib/python3/dist-packages/oslo_config/cfg.py:2602
2026-02-19 00:40:50.739 168542 DEBUG oslo_service.service [req-8e8cf550-ba4a-4f5d-b133-4c76ae42c854 - - - - -] rpc_response_timeout = 60 log_opt_values /usr/lib/python3/dist-packages/oslo_config/cfg.py:2602
2026-02-19 00:40:50.739 168542 DEBUG oslo_service.service [req-8e8cf550-ba4a-4f5d-b133-4c76ae42c854 - - - - -] run_external_periodic_tasks = True log_opt_values /usr/lib/python3/dist-packages/oslo_config/cfg.py:2602
2026-02-19 00:40:50.739 168542 DEBUG oslo_service.service [req-8e8cf550-ba4a-4f5d-b133-4c76ae42c854 - - - - -] running_deleted_instance_action = reap log_opt_values /usr/lib/python3/dist-packages/oslo_config/cfg.py:2602
2026-02-19 00:40:50.740 168542 DEBUG oslo_service.service [req-8e8cf550-ba4a-4f5d-b133-4c76ae42c854 - - - - -] running_deleted_instance_poll_interval = 1800 log_opt_values /usr/lib/python3/dist-packages/oslo_config/cfg.py:2602
2026-02-19 00:40:50.740 168542 DEBUG oslo_service.service [req-8e8cf550-ba4a-4f5d-b133-4c76ae42c854 - - - - -] running_deleted_instance_timeout = 0 log_opt_values /usr/lib/python3/dist-packages/oslo_config/cfg.py:2602
2026-02-19 00:40:50.740 168542 DEBUG oslo_service.service [req-8e8cf550-ba4a-4f5d-b133-4c76ae42c854 - - - - -] scheduler_instance_sync_interval = 120 log_opt_values /usr/lib/python3/dist-packages/oslo_config/cfg.py:2602
2026-02-19 00:40:50.740 168542 DEBUG oslo_service.service [req-8e8cf550-ba4a-4f5d-b133-4c76ae42c854 - - - - -] service_down_time = 60 log_opt_values /usr/lib/python3/dist-packages/oslo_config/cfg.py:2602
2026-02-19 00:40:50.740 168542 DEBUG oslo_service.service [req-8e8cf550-ba4a-4f5d-b133-4c76ae42c854 - - - - -] servicegroup_driver = db log_opt_values /usr/lib/python3/dist-packages/oslo_config/cfg.py:2602
2026-02-19 00:40:50.741 168542 DEBUG oslo_service.service [req-8e8cf550-ba4a-4f5d-b133-4c76ae42c854 - - - - -] shelved_offload_time = 0 log_opt_values /usr/lib/python3/dist-packages/oslo_config/cfg.py:2602
2026-02-19 00:40:50.741 168542 DEBUG oslo_service.service [req-8e8cf550-ba4a-4f5d-b133-4c76ae42c854 - - - - -] shelved_poll_interval = 3600 log_opt_values /usr/lib/python3/dist-packages/oslo_config/cfg.py:2602
2026-02-19 00:40:50.741 168542 DEBUG oslo_service.service [req-8e8cf550-ba4a-4f5d-b133-4c76ae42c854 - - - - -] shutdown_timeout = 60 log_opt_values /usr/lib/python3/dist-packages/oslo_config/cfg.py:2602
2026-02-19 00:40:50.742 168542 DEBUG oslo_service.service [req-8e8cf550-ba4a-4f5d-b133-4c76ae42c854 - - - - -] source_is_ipv6 = False log_opt_values /usr/lib/python3/dist-packages/oslo_config/cfg.py:2602
2026-02-19 00:40:50.742 168542 DEBUG oslo_service.service [req-8e8cf550-ba4a-4f5d-b133-4c76ae42c854 - - - - -] ssl_only = False log_opt_values /usr/lib/python3/dist-packages/oslo_config/cfg.py:2602
2026-02-19 00:40:50.742 168542 DEBUG oslo_service.service [req-8e8cf550-ba4a-4f5d-b133-4c76ae42c854 - - - - -] state_path = /var/lib/nova log_opt_values /usr/lib/python3/dist-packages/oslo_config/cfg.py:2602
2026-02-19 00:40:50.742 168542 DEBUG oslo_service.service [req-8e8cf550-ba4a-4f5d-b133-4c76ae42c854 - - - - -] sync_power_state_interval = 600 log_opt_values /usr/lib/python3/dist-packages/oslo_config/cfg.py:2602
2026-02-19 00:40:50.743 168542 DEBUG oslo_service.service [req-8e8cf550-ba4a-4f5d-b133-4c76ae42c854 - - - - -] sync_power_state_pool_size = 1000 log_opt_values /usr/lib/python3/dist-packages/oslo_config/cfg.py:2602
2026-02-19 00:40:50.743 168542 DEBUG oslo_service.service [req-8e8cf550-ba4a-4f5d-b133-4c76ae42c854 - - - - -] syslog_log_facility = LOG_USER log_opt_values /usr/lib/python3/dist-packages/oslo_config/cfg.py:2602
2026-02-19 00:40:50.743 168542 DEBUG oslo_service.service [req-8e8cf550-ba4a-4f5d-b133-4c76ae42c854 - - - - -] tempdir = None log_opt_values /usr/lib/python3/dist-packages/oslo_config/cfg.py:2602
2026-02-19 00:40:50.743 168542 DEBUG oslo_service.service [req-8e8cf550-ba4a-4f5d-b133-4c76ae42c854 - - - - -] timeout_nbd = 10 log_opt_values /usr/lib/python3/dist-packages/oslo_config/cfg.py:2602
2026-02-19 00:40:50.744 168542 DEBUG oslo_service.service [req-8e8cf550-ba4a-4f5d-b133-4c76ae42c854 - - - - -] transport_url = **** log_opt_values /usr/lib/python3/dist-packages/oslo_config/cfg.py:2602
2026-02-19 00:40:50.744 168542 DEBUG oslo_service.service [req-8e8cf550-ba4a-4f5d-b133-4c76ae42c854 - - - - -] update_resources_interval = 0 log_opt_values /usr/lib/python3/dist-packages/oslo_config/cfg.py:2602
2026-02-19 00:40:50.744 168934 DEBUG oslo_db.sqlalchemy.engines [req-a670c200-0332-421f-a66b-fb8c38dfe8ce - - - - -] MySQL server mode set to STRICT_TRANS_TABLES,STRICT_ALL_TABLES,NO_ZERO_IN_DATE,NO_ZERO_DATE,ERROR_FOR_DIVISION_BY_ZERO,TRADITIONAL,NO_ENGINE_SUBSTITUTION _check_effective_sql_mode /usr/lib/python3/dist-packages/oslo_db/sqlalchemy/engines.py:314
2026-02-19 00:40:50.744 168542 DEBUG oslo_service.service [req-8e8cf550-ba4a-4f5d-b133-4c76ae42c854 - - - - -] use_cow_images = True log_opt_values /usr/lib/python3/dist-packages/oslo_config/cfg.py:2602
2026-02-19 00:40:50.744 168542 DEBUG oslo_service.service [req-8e8cf550-ba4a-4f5d-b133-4c76ae42c854 - - - - -] use_eventlog = False log_opt_values /usr/lib/python3/dist-packages/oslo_config/cfg.py:2602
2026-02-19 00:40:50.745 168542 DEBUG oslo_service.service [req-8e8cf550-ba4a-4f5d-b133-4c76ae42c854 - - - - -] use_journal = False log_opt_values /usr/lib/python3/dist-packages/oslo_config/cfg.py:2602
2026-02-19 00:40:50.745 168542 DEBUG oslo_service.service [req-8e8cf550-ba4a-4f5d-b133-4c76ae42c854 - - - - -] use_json = False log_opt_values /usr/lib/python3/dist-packages/oslo_config/cfg.py:2602
2026-02-19 00:40:50.745 168542 DEBUG oslo_service.service [req-8e8cf550-ba4a-4f5d-b133-4c76ae42c854 - - - - -] use_rootwrap_daemon = False log_opt_values /usr/lib/python3/dist-packages/oslo_config/cfg.py:2602
2026-02-19 00:40:50.746 168542 DEBUG oslo_service.service [req-8e8cf550-ba4a-4f5d-b133-4c76ae42c854 - - - - -] use_stderr = False log_opt_values /usr/lib/python3/dist-packages/oslo_config/cfg.py:2602
2026-02-19 00:40:50.746 168542 DEBUG oslo_service.service [req-8e8cf550-ba4a-4f5d-b133-4c76ae42c854 - - - - -] use_syslog = False log_opt_values /usr/lib/python3/dist-packages/oslo_config/cfg.py:2602
2026-02-19 00:40:50.746 168935 DEBUG nova.service [req-fd17e670-b8f8-4f28-884c-c617d2697445 - - - - -] Creating RPC server for service conductor start /usr/lib/python3/dist-packages/nova/service.py:182
2026-02-19 00:40:50.746 168542 DEBUG oslo_service.service [req-8e8cf550-ba4a-4f5d-b133-4c76ae42c854 - - - - -] vcpu_pin_set = None log_opt_values /usr/lib/python3/dist-packages/oslo_config/cfg.py:2602
2026-02-19 00:40:50.746 168542 DEBUG oslo_service.service [req-8e8cf550-ba4a-4f5d-b133-4c76ae42c854 - - - - -] vif_plugging_is_fatal = True log_opt_values /usr/lib/python3/dist-packages/oslo_config/cfg.py:2602
2026-02-19 00:40:50.747 168542 DEBUG oslo_service.service [req-8e8cf550-ba4a-4f5d-b133-4c76ae42c854 - - - - -] vif_plugging_timeout = 300 log_opt_values /usr/lib/python3/dist-packages/oslo_config/cfg.py:2602
2026-02-19 00:40:50.747 168542 DEBUG oslo_service.service [req-8e8cf550-ba4a-4f5d-b133-4c76ae42c854 - - - - -] virt_mkfs = [] log_opt_values /usr/lib/python3/dist-packages/oslo_config/cfg.py:2602
2026-02-19 00:40:50.747 168542 DEBUG oslo_service.service [req-8e8cf550-ba4a-4f5d-b133-4c76ae42c854 - - - - -] volume_usage_poll_interval = 0 log_opt_values /usr/lib/python3/dist-packages/oslo_config/cfg.py:2602
2026-02-19 00:40:50.747 168542 DEBUG oslo_service.service [req-8e8cf550-ba4a-4f5d-b133-4c76ae42c854 - - - - -] watch_log_file = False log_opt_values /usr/lib/python3/dist-packages/oslo_config/cfg.py:2602
2026-02-19 00:40:50.748 168542 DEBUG oslo_service.service [req-8e8cf550-ba4a-4f5d-b133-4c76ae42c854 - - - - -] web = /usr/share/spice-html5 log_opt_values /usr/lib/python3/dist-packages/oslo_config/cfg.py:2602
2026-02-19 00:40:50.748 168542 DEBUG oslo_service.service [req-8e8cf550-ba4a-4f5d-b133-4c76ae42c854 - - - - -] oslo_concurrency.disable_process_locking = False log_opt_values /usr/lib/python3/dist-packages/oslo_config/cfg.py:2609
2026-02-19 00:40:50.748 168542 DEBUG oslo_service.service [req-8e8cf550-ba4a-4f5d-b133-4c76ae42c854 - - - - -] oslo_concurrency.lock_path = /var/lock/nova log_opt_values /usr/lib/python3/dist-packages/oslo_config/cfg.py:2609
2026-02-19 00:40:50.749 168542 DEBUG oslo_service.service [req-8e8cf550-ba4a-4f5d-b133-4c76ae42c854 - - - - -] oslo_messaging_metrics.metrics_buffer_size = 1000 log_opt_values /usr/lib/python3/dist-packages/oslo_config/cfg.py:2609
2026-02-19 00:40:50.749 168542 DEBUG oslo_service.service [req-8e8cf550-ba4a-4f5d-b133-4c76ae42c854 - - - - -] oslo_messaging_metrics.metrics_enabled = False log_opt_values /usr/lib/python3/dist-packages/oslo_config/cfg.py:2609
2026-02-19 00:40:50.749 168542 DEBUG oslo_service.service [req-8e8cf550-ba4a-4f5d-b133-4c76ae42c854 - - - - -] oslo_messaging_metrics.metrics_process_name = log_opt_values /usr/lib/python3/dist-packages/oslo_config/cfg.py:2609
2026-02-19 00:40:50.750 168542 DEBUG oslo_service.service [req-8e8cf550-ba4a-4f5d-b133-4c76ae42c854 - - - - -] oslo_messaging_metrics.metrics_socket_file = /var/tmp/metrics_collector.sock log_opt_values /usr/lib/python3/dist-packages/oslo_config/cfg.py:2609
2026-02-19 00:40:50.750 168542 DEBUG oslo_service.service [req-8e8cf550-ba4a-4f5d-b133-4c76ae42c854 - - - - -] oslo_messaging_metrics.metrics_thread_stop_timeout = 10 log_opt_values /usr/lib/python3/dist-packages/oslo_config/cfg.py:2609
2026-02-19 00:40:50.750 168542 WARNING oslo_config.cfg [req-8e8cf550-ba4a-4f5d-b133-4c76ae42c854 - - - - -] Deprecated: Option "auth_strategy" from group "api" is deprecated for removal ( The only non-default choice, ``noauth2``, is for internal development and testing purposes only and should not be used in deployments. This option and its middleware, NoAuthMiddleware[V2_18], will be removed in a future release. ). Its value may be silently ignored in the future.
2026-02-19 00:40:50.751 168542 DEBUG oslo_service.service [req-8e8cf550-ba4a-4f5d-b133-4c76ae42c854 - - - - -] api.auth_strategy = keystone log_opt_values /usr/lib/python3/dist-packages/oslo_config/cfg.py:2609
2026-02-19 00:40:50.751 168542 DEBUG oslo_service.service [req-8e8cf550-ba4a-4f5d-b133-4c76ae42c854 - - - - -] api.compute_link_prefix = None log_opt_values /usr/lib/python3/dist-packages/oslo_config/cfg.py:2609
2026-02-19 00:40:50.751 168542 DEBUG oslo_service.service [req-8e8cf550-ba4a-4f5d-b133-4c76ae42c854 - - - - -] api.config_drive_skip_versions = 1.0 2007-01-19 2007-03-01 2007-08-29 2007-10-10 2007-12-15 2008-02-01 2008-09-01 log_opt_values /usr/lib/python3/dist-packages/oslo_config/cfg.py:2609
2026-02-19 00:40:50.752 168542 DEBUG oslo_service.service [req-8e8cf550-ba4a-4f5d-b133-4c76ae42c854 - - - - -] api.dhcp_domain = novalocal log_opt_values /usr/lib/python3/dist-packages/oslo_config/cfg.py:2609
2026-02-19 00:40:50.752 168542 DEBUG oslo_service.service [req-8e8cf550-ba4a-4f5d-b133-4c76ae42c854 - - - - -] api.enable_instance_password = True log_opt_values /usr/lib/python3/dist-packages/oslo_config/cfg.py:2609
2026-02-19 00:40:50.752 168542 DEBUG oslo_service.service [req-8e8cf550-ba4a-4f5d-b133-4c76ae42c854 - - - - -] api.glance_link_prefix = None log_opt_values /usr/lib/python3/dist-packages/oslo_config/cfg.py:2609
2026-02-19 00:40:50.752 168542 DEBUG oslo_service.service [req-8e8cf550-ba4a-4f5d-b133-4c76ae42c854 - - - - -] api.instance_list_cells_batch_fixed_size = 100 log_opt_values /usr/lib/python3/dist-packages/oslo_config/cfg.py:2609
2026-02-19 00:40:50.753 168542 DEBUG oslo_service.service [req-8e8cf550-ba4a-4f5d-b133-4c76ae42c854 - - - - -] api.instance_list_cells_batch_strategy = distributed log_opt_values /usr/lib/python3/dist-packages/oslo_config/cfg.py:2609
2026-02-19 00:40:50.753 168542 DEBUG oslo_service.service [req-8e8cf550-ba4a-4f5d-b133-4c76ae42c854 - - - - -] api.instance_list_per_project_cells = False log_opt_values /usr/lib/python3/dist-packages/oslo_config/cfg.py:2609
2026-02-19 00:40:50.753 168542 DEBUG oslo_service.service [req-8e8cf550-ba4a-4f5d-b133-4c76ae42c854 - - - - -] api.list_records_by_skipping_down_cells = True log_opt_values /usr/lib/python3/dist-packages/oslo_config/cfg.py:2609
2026-02-19 00:40:50.753 168542 DEBUG oslo_service.service [req-8e8cf550-ba4a-4f5d-b133-4c76ae42c854 - - - - -] api.local_metadata_per_cell = False log_opt_values /usr/lib/python3/dist-packages/oslo_config/cfg.py:2609
2026-02-19 00:40:50.754 168542 DEBUG oslo_service.service [req-8e8cf550-ba4a-4f5d-b133-4c76ae42c854 - - - - -] api.max_limit = 1000 log_opt_values /usr/lib/python3/dist-packages/oslo_config/cfg.py:2609
2026-02-19 00:40:50.754 168542 DEBUG oslo_service.service [req-8e8cf550-ba4a-4f5d-b133-4c76ae42c854 - - - - -] api.metadata_cache_expiration = 15 log_opt_values /usr/lib/python3/dist-packages/oslo_config/cfg.py:2609
2026-02-19 00:40:50.754 168542 DEBUG oslo_service.service [req-8e8cf550-ba4a-4f5d-b133-4c76ae42c854 - - - - -] api.neutron_default_tenant_id = default log_opt_values /usr/lib/python3/dist-packages/oslo_config/cfg.py:2609
2026-02-19 00:40:50.754 168542 DEBUG oslo_service.service [req-8e8cf550-ba4a-4f5d-b133-4c76ae42c854 - - - - -] api.use_forwarded_for = False log_opt_values /usr/lib/python3/dist-packages/oslo_config/cfg.py:2609
2026-02-19 00:40:50.755 168542 DEBUG oslo_service.service [req-8e8cf550-ba4a-4f5d-b133-4c76ae42c854 - - - - -] api.use_neutron_default_nets = False log_opt_values /usr/lib/python3/dist-packages/oslo_config/cfg.py:2609
2026-02-19 00:40:50.755 168542 DEBUG oslo_service.service [req-8e8cf550-ba4a-4f5d-b133-4c76ae42c854 - - - - -] api.vendordata_dynamic_connect_timeout = 5 log_opt_values /usr/lib/python3/dist-packages/oslo_config/cfg.py:2609
2026-02-19 00:40:50.755 168542 DEBUG oslo_service.service [req-8e8cf550-ba4a-4f5d-b133-4c76ae42c854 - - - - -] api.vendordata_dynamic_failure_fatal = False log_opt_values /usr/lib/python3/dist-packages/oslo_config/cfg.py:2609
2026-02-19 00:40:50.755 168542 DEBUG oslo_service.service [req-8e8cf550-ba4a-4f5d-b133-4c76ae42c854 - - - - -] api.vendordata_dynamic_read_timeout = 5 log_opt_values /usr/lib/python3/dist-packages/oslo_config/cfg.py:2609
2026-02-19 00:40:50.755 168542 DEBUG oslo_service.service [req-8e8cf550-ba4a-4f5d-b133-4c76ae42c854 - - - - -] api.vendordata_dynamic_ssl_certfile = log_opt_values /usr/lib/python3/dist-packages/oslo_config/cfg.py:2609
2026-02-19 00:40:50.756 168542 DEBUG oslo_service.service [req-8e8cf550-ba4a-4f5d-b133-4c76ae42c854 - - - - -] api.vendordata_dynamic_targets = [] log_opt_values /usr/lib/python3/dist-packages/oslo_config/cfg.py:2609
2026-02-19 00:40:50.756 168542 DEBUG oslo_service.service [req-8e8cf550-ba4a-4f5d-b133-4c76ae42c854 - - - - -] api.vendordata_jsonfile_path = None log_opt_values /usr/lib/python3/dist-packages/oslo_config/cfg.py:2609
2026-02-19 00:40:50.756 168542 DEBUG oslo_service.service [req-8e8cf550-ba4a-4f5d-b133-4c76ae42c854 - - - - -] api.vendordata_providers = ['StaticJSON'] log_opt_values /usr/lib/python3/dist-packages/oslo_config/cfg.py:2609
2026-02-19 00:40:50.756 168542 DEBUG oslo_service.service [req-8e8cf550-ba4a-4f5d-b133-4c76ae42c854 - - - - -] cache.backend = dogpile.cache.null log_opt_values /usr/lib/python3/dist-packages/oslo_config/cfg.py:2609
2026-02-19 00:40:50.757 168542 DEBUG oslo_service.service [req-8e8cf550-ba4a-4f5d-b133-4c76ae42c854 - - - - -] cache.backend_argument = **** log_opt_values /usr/lib/python3/dist-packages/oslo_config/cfg.py:2609
2026-02-19 00:40:50.757 168542 DEBUG oslo_service.service [req-8e8cf550-ba4a-4f5d-b133-4c76ae42c854 - - - - -] cache.config_prefix = cache.oslo log_opt_values /usr/lib/python3/dist-packages/oslo_config/cfg.py:2609
2026-02-19 00:40:50.757 168542 DEBUG oslo_service.service [req-8e8cf550-ba4a-4f5d-b133-4c76ae42c854 - - - - -] cache.debug_cache_backend = False log_opt_values /usr/lib/python3/dist-packages/oslo_config/cfg.py:2609
2026-02-19 00:40:50.757 168542 DEBUG oslo_service.service [req-8e8cf550-ba4a-4f5d-b133-4c76ae42c854 - - - - -] cache.enabled = False log_opt_values /usr/lib/python3/dist-packages/oslo_config/cfg.py:2609
2026-02-19 00:40:50.758 168542 DEBUG oslo_service.service [req-8e8cf550-ba4a-4f5d-b133-4c76ae42c854 - - - - -] cache.expiration_time = 600 log_opt_values /usr/lib/python3/dist-packages/oslo_config/cfg.py:2609
2026-02-19 00:40:50.758 168542 DEBUG oslo_service.service [req-8e8cf550-ba4a-4f5d-b133-4c76ae42c854 - - - - -] cache.memcache_dead_retry = 300 log_opt_values /usr/lib/python3/dist-packages/oslo_config/cfg.py:2609
2026-02-19 00:40:50.758 168542 DEBUG oslo_service.service [req-8e8cf550-ba4a-4f5d-b133-4c76ae42c854 - - - - -] cache.memcache_pool_connection_get_timeout = 10 log_opt_values /usr/lib/python3/dist-packages/oslo_config/cfg.py:2609
2026-02-19 00:40:50.759 168542 DEBUG oslo_service.service [req-8e8cf550-ba4a-4f5d-b133-4c76ae42c854 - - - - -] cache.memcache_pool_flush_on_reconnect = False log_opt_values /usr/lib/python3/dist-packages/oslo_config/cfg.py:2609
2026-02-19 00:40:50.759 168542 DEBUG oslo_service.service [req-8e8cf550-ba4a-4f5d-b133-4c76ae42c854 - - - - -] cache.memcache_pool_maxsize = 10 log_opt_values /usr/lib/python3/dist-packages/oslo_config/cfg.py:2609
2026-02-19 00:40:50.759 168542 DEBUG oslo_service.service [req-8e8cf550-ba4a-4f5d-b133-4c76ae42c854 - - - - -] cache.memcache_pool_unused_timeout = 60 log_opt_values /usr/lib/python3/dist-packages/oslo_config/cfg.py:2609
2026-02-19 00:40:50.759 168542 DEBUG oslo_service.service [req-8e8cf550-ba4a-4f5d-b133-4c76ae42c854 - - - - -] cache.memcache_servers = ['localhost:11211'] log_opt_values /usr/lib/python3/dist-packages/oslo_config/cfg.py:2609
2026-02-19 00:40:50.760 168542 DEBUG oslo_service.service [req-8e8cf550-ba4a-4f5d-b133-4c76ae42c854 - - - - -] cache.memcache_socket_timeout = 1.0 log_opt_values /usr/lib/python3/dist-packages/oslo_config/cfg.py:2609
2026-02-19 00:40:50.760 168542 DEBUG oslo_service.service [req-8e8cf550-ba4a-4f5d-b133-4c76ae42c854 - - - - -] cache.proxies = [] log_opt_values /usr/lib/python3/dist-packages/oslo_config/cfg.py:2609
2026-02-19 00:40:50.760 168542 DEBUG oslo_service.service [req-8e8cf550-ba4a-4f5d-b133-4c76ae42c854 - - - - -] cache.tls_allowed_ciphers = None log_opt_values /usr/lib/python3/dist-packages/oslo_config/cfg.py:2609
2026-02-19 00:40:50.760 168542 DEBUG oslo_service.service [req-8e8cf550-ba4a-4f5d-b133-4c76ae42c854 - - - - -] cache.tls_cafile = None log_opt_values /usr/lib/python3/dist-packages/oslo_config/cfg.py:2609
2026-02-19 00:40:50.761 168542 DEBUG oslo_service.service [req-8e8cf550-ba4a-4f5d-b133-4c76ae42c854 - - - - -] cache.tls_certfile = None log_opt_values /usr/lib/python3/dist-packages/oslo_config/cfg.py:2609
2026-02-19 00:40:50.762 168542 DEBUG oslo_service.service [req-8e8cf550-ba4a-4f5d-b133-4c76ae42c854 - - - - -] cache.tls_enabled = False log_opt_values /usr/lib/python3/dist-packages/oslo_config/cfg.py:2609
2026-02-19 00:40:50.763 168542 DEBUG oslo_service.service [req-8e8cf550-ba4a-4f5d-b133-4c76ae42c854 - - - - -] cache.tls_keyfile = None log_opt_values /usr/lib/python3/dist-packages/oslo_config/cfg.py:2609
2026-02-19 00:40:50.763 168542 DEBUG oslo_service.service [req-8e8cf550-ba4a-4f5d-b133-4c76ae42c854 - - - - -] cinder.auth_section = None log_opt_values /usr/lib/python3/dist-packages/oslo_config/cfg.py:2609
2026-02-19 00:40:50.763 168542 DEBUG oslo_service.service [req-8e8cf550-ba4a-4f5d-b133-4c76ae42c854 - - - - -] cinder.auth_type = None log_opt_values /usr/lib/python3/dist-packages/oslo_config/cfg.py:2609
2026-02-19 00:40:50.764 168934 DEBUG nova.service [req-a670c200-0332-421f-a66b-fb8c38dfe8ce - - - - -] Creating RPC server for service conductor start /usr/lib/python3/dist-packages/nova/service.py:182
2026-02-19 00:40:50.764 168542 DEBUG oslo_service.service [req-8e8cf550-ba4a-4f5d-b133-4c76ae42c854 - - - - -] cinder.cafile = None log_opt_values /usr/lib/python3/dist-packages/oslo_config/cfg.py:2609
2026-02-19 00:40:50.765 168542 DEBUG oslo_service.service [req-8e8cf550-ba4a-4f5d-b133-4c76ae42c854 - - - - -] cinder.catalog_info = volumev3::publicURL log_opt_values /usr/lib/python3/dist-packages/oslo_config/cfg.py:2609
2026-02-19 00:40:50.765 168542 DEBUG oslo_service.service [req-8e8cf550-ba4a-4f5d-b133-4c76ae42c854 - - - - -] cinder.certfile = None log_opt_values /usr/lib/python3/dist-packages/oslo_config/cfg.py:2609
2026-02-19 00:40:50.766 168542 DEBUG oslo_service.service [req-8e8cf550-ba4a-4f5d-b133-4c76ae42c854 - - - - -] cinder.collect_timing = False log_opt_values /usr/lib/python3/dist-packages/oslo_config/cfg.py:2609
2026-02-19 00:40:50.767 168542 DEBUG oslo_service.service [req-8e8cf550-ba4a-4f5d-b133-4c76ae42c854 - - - - -] cinder.cross_az_attach = True log_opt_values /usr/lib/python3/dist-packages/oslo_config/cfg.py:2609
2026-02-19 00:40:50.768 168542 DEBUG oslo_service.service [req-8e8cf550-ba4a-4f5d-b133-4c76ae42c854 - - - - -] cinder.debug = False log_opt_values /usr/lib/python3/dist-packages/oslo_config/cfg.py:2609
2026-02-19 00:40:50.768 168542 DEBUG oslo_service.service [req-8e8cf550-ba4a-4f5d-b133-4c76ae42c854 - - - - -] cinder.endpoint_template = None log_opt_values /usr/lib/python3/dist-packages/oslo_config/cfg.py:2609
2026-02-19 00:40:50.768 168542 DEBUG oslo_service.service [req-8e8cf550-ba4a-4f5d-b133-4c76ae42c854 - - - - -] cinder.http_retries = 3 log_opt_values /usr/lib/python3/dist-packages/oslo_config/cfg.py:2609
2026-02-19 00:40:50.768 168542 DEBUG oslo_service.service [req-8e8cf550-ba4a-4f5d-b133-4c76ae42c854 - - - - -] cinder.insecure = False log_opt_values /usr/lib/python3/dist-packages/oslo_config/cfg.py:2609
2026-02-19 00:40:50.769 168542 DEBUG oslo_service.service [req-8e8cf550-ba4a-4f5d-b133-4c76ae42c854 - - - - -] cinder.keyfile = None log_opt_values /usr/lib/python3/dist-packages/oslo_config/cfg.py:2609
2026-02-19 00:40:50.769 168542 DEBUG oslo_service.service [req-8e8cf550-ba4a-4f5d-b133-4c76ae42c854 - - - - -] cinder.os_region_name = None log_opt_values /usr/lib/python3/dist-packages/oslo_config/cfg.py:2609
2026-02-19 00:40:50.769 168542 DEBUG oslo_service.service [req-8e8cf550-ba4a-4f5d-b133-4c76ae42c854 - - - - -] cinder.split_loggers = False log_opt_values /usr/lib/python3/dist-packages/oslo_config/cfg.py:2609
2026-02-19 00:40:50.769 168542 DEBUG oslo_service.service [req-8e8cf550-ba4a-4f5d-b133-4c76ae42c854 - - - - -] cinder.timeout = None log_opt_values /usr/lib/python3/dist-packages/oslo_config/cfg.py:2609
2026-02-19 00:40:50.770 168542 DEBUG oslo_service.service [req-8e8cf550-ba4a-4f5d-b133-4c76ae42c854 - - - - -] compute.consecutive_build_service_disable_threshold = 10 log_opt_values /usr/lib/python3/dist-packages/oslo_config/cfg.py:2609
2026-02-19 00:40:50.770 168542 DEBUG oslo_service.service [req-8e8cf550-ba4a-4f5d-b133-4c76ae42c854 - - - - -] compute.cpu_dedicated_set = None log_opt_values /usr/lib/python3/dist-packages/oslo_config/cfg.py:2609
2026-02-19 00:40:50.770 168542 DEBUG oslo_service.service [req-8e8cf550-ba4a-4f5d-b133-4c76ae42c854 - - - - -] compute.cpu_shared_set = None log_opt_values /usr/lib/python3/dist-packages/oslo_config/cfg.py:2609
2026-02-19 00:40:50.771 168542 DEBUG oslo_service.service [req-8e8cf550-ba4a-4f5d-b133-4c76ae42c854 - - - - -] compute.image_type_exclude_list = [] log_opt_values /usr/lib/python3/dist-packages/oslo_config/cfg.py:2609
2026-02-19 00:40:50.771 168542 DEBUG oslo_service.service [req-8e8cf550-ba4a-4f5d-b133-4c76ae42c854 - - - - -] compute.live_migration_wait_for_vif_plug = True log_opt_values /usr/lib/python3/dist-packages/oslo_config/cfg.py:2609
2026-02-19 00:40:50.771 168542 DEBUG oslo_service.service [req-8e8cf550-ba4a-4f5d-b133-4c76ae42c854 - - - - -] compute.max_concurrent_disk_ops = 0 log_opt_values /usr/lib/python3/dist-packages/oslo_config/cfg.py:2609
2026-02-19 00:40:50.772 168542 DEBUG oslo_service.service [req-8e8cf550-ba4a-4f5d-b133-4c76ae42c854 - - - - -] compute.max_disk_devices_to_attach = -1 log_opt_values /usr/lib/python3/dist-packages/oslo_config/cfg.py:2609
2026-02-19 00:40:50.772 168542 DEBUG oslo_service.service [req-8e8cf550-ba4a-4f5d-b133-4c76ae42c854 - - - - -] compute.packing_host_numa_cells_allocation_strategy = True log_opt_values /usr/lib/python3/dist-packages/oslo_config/cfg.py:2609
2026-02-19 00:40:50.773 168542 DEBUG oslo_service.service [req-8e8cf550-ba4a-4f5d-b133-4c76ae42c854 - - - - -] compute.provider_config_location = /etc/nova/provider_config/ log_opt_values /usr/lib/python3/dist-packages/oslo_config/cfg.py:2609
2026-02-19 00:40:50.773 168542 DEBUG oslo_service.service [req-8e8cf550-ba4a-4f5d-b133-4c76ae42c854 - - - - -] compute.resource_provider_association_refresh = 300 log_opt_values /usr/lib/python3/dist-packages/oslo_config/cfg.py:2609
2026-02-19 00:40:50.774 168542 DEBUG oslo_service.service [req-8e8cf550-ba4a-4f5d-b133-4c76ae42c854 - - - - -] compute.shutdown_retry_interval = 10 log_opt_values /usr/lib/python3/dist-packages/oslo_config/cfg.py:2609
2026-02-19 00:40:50.774 168542 DEBUG oslo_service.service [req-8e8cf550-ba4a-4f5d-b133-4c76ae42c854 - - - - -] compute.vmdk_allowed_types = ['streamOptimized', 'monolithicSparse'] log_opt_values /usr/lib/python3/dist-packages/oslo_config/cfg.py:2609
2026-02-19 00:40:50.775 168542 DEBUG oslo_service.service [req-8e8cf550-ba4a-4f5d-b133-4c76ae42c854 - - - - -] conductor.workers = 4 log_opt_values /usr/lib/python3/dist-packages/oslo_config/cfg.py:2609
2026-02-19 00:40:50.775 168932 DEBUG oslo_messaging._drivers.amqpdriver [-] Listener is running poll /usr/lib/python3/dist-packages/oslo_messaging/_drivers/amqpdriver.py:343
2026-02-19 00:40:50.776 168542 DEBUG oslo_service.service [req-8e8cf550-ba4a-4f5d-b133-4c76ae42c854 - - - - -] console.allowed_origins = [] log_opt_values /usr/lib/python3/dist-packages/oslo_config/cfg.py:2609
2026-02-19 00:40:50.776 168932 DEBUG oslo_messaging._drivers.amqpdriver [-] AMQPListener connection consume poll /usr/lib/python3/dist-packages/oslo_messaging/_drivers/amqpdriver.py:357
2026-02-19 00:40:50.776 168542 DEBUG oslo_service.service [req-8e8cf550-ba4a-4f5d-b133-4c76ae42c854 - - - - -] console.ssl_ciphers = None log_opt_values /usr/lib/python3/dist-packages/oslo_config/cfg.py:2609
2026-02-19 00:40:50.776 168542 DEBUG oslo_service.service [req-8e8cf550-ba4a-4f5d-b133-4c76ae42c854 - - - - -] console.ssl_minimum_version = default log_opt_values /usr/lib/python3/dist-packages/oslo_config/cfg.py:2609
2026-02-19 00:40:50.777 168935 DEBUG oslo_messaging._drivers.amqpdriver [-] Listener is running poll /usr/lib/python3/dist-packages/oslo_messaging/_drivers/amqpdriver.py:343
2026-02-19 00:40:50.777 168542 DEBUG oslo_service.service [req-8e8cf550-ba4a-4f5d-b133-4c76ae42c854 - - - - -] consoleauth.token_ttl = 600 log_opt_values /usr/lib/python3/dist-packages/oslo_config/cfg.py:2609
2026-02-19 00:40:50.777 168935 DEBUG oslo_messaging._drivers.amqpdriver [-] AMQPListener connection consume poll /usr/lib/python3/dist-packages/oslo_messaging/_drivers/amqpdriver.py:357
2026-02-19 00:40:50.777 168542 DEBUG oslo_service.service [req-8e8cf550-ba4a-4f5d-b133-4c76ae42c854 - - - - -] cyborg.cafile = None log_opt_values /usr/lib/python3/dist-packages/oslo_config/cfg.py:2609
2026-02-19 00:40:50.778 168542 DEBUG oslo_service.service [req-8e8cf550-ba4a-4f5d-b133-4c76ae42c854 - - - - -] cyborg.certfile = None log_opt_values /usr/lib/python3/dist-packages/oslo_config/cfg.py:2609
2026-02-19 00:40:50.778 168935 DEBUG nova.service [req-fd17e670-b8f8-4f28-884c-c617d2697445 - - - - -] Join ServiceGroup membership for this service conductor start /usr/lib/python3/dist-packages/nova/service.py:199
2026-02-19 00:40:50.778 168542 DEBUG oslo_service.service [req-8e8cf550-ba4a-4f5d-b133-4c76ae42c854 - - - - -] cyborg.collect_timing = False log_opt_values /usr/lib/python3/dist-packages/oslo_config/cfg.py:2609
2026-02-19 00:40:50.779 168932 DEBUG nova.service [req-596cf309-16a5-41e2-a6f5-d10bae173bb0 - - - - -] Join ServiceGroup membership for this service conductor start /usr/lib/python3/dist-packages/nova/service.py:199
2026-02-19 00:40:50.779 168542 DEBUG oslo_service.service [req-8e8cf550-ba4a-4f5d-b133-4c76ae42c854 - - - - -] cyborg.connect_retries = None log_opt_values /usr/lib/python3/dist-packages/oslo_config/cfg.py:2609
2026-02-19 00:40:50.779 168932 DEBUG nova.servicegroup.drivers.db [req-596cf309-16a5-41e2-a6f5-d10bae173bb0 - - - - -] DB_Driver: join new ServiceGroup member juju-5f8ab8-0-lxd-7 to the conductor group, service = join /usr/lib/python3/dist-packages/nova/servicegroup/drivers/db.py:44
2026-02-19 00:40:50.779 168542 DEBUG oslo_service.service [req-8e8cf550-ba4a-4f5d-b133-4c76ae42c854 - - - - -] cyborg.connect_retry_delay = None log_opt_values /usr/lib/python3/dist-packages/oslo_config/cfg.py:2609
2026-02-19 00:40:50.778 168935 DEBUG nova.servicegroup.drivers.db [req-fd17e670-b8f8-4f28-884c-c617d2697445 - - - - -] DB_Driver: join new ServiceGroup member juju-5f8ab8-0-lxd-7 to the conductor group, service = join /usr/lib/python3/dist-packages/nova/servicegroup/drivers/db.py:44
2026-02-19 00:40:50.780 168542 DEBUG oslo_service.service [req-8e8cf550-ba4a-4f5d-b133-4c76ae42c854 - - - - -] cyborg.endpoint_override = None log_opt_values /usr/lib/python3/dist-packages/oslo_config/cfg.py:2609
2026-02-19 00:40:50.784 168542 DEBUG oslo_service.service [req-8e8cf550-ba4a-4f5d-b133-4c76ae42c854 - - - - -] cyborg.insecure = False log_opt_values /usr/lib/python3/dist-packages/oslo_config/cfg.py:2609
2026-02-19 00:40:50.782 168932 DEBUG oslo_messaging._drivers.amqpdriver [-] AMQPListener connection timeout poll /usr/lib/python3/dist-packages/oslo_messaging/_drivers/amqpdriver.py:360
2026-02-19 00:40:50.784 168542 DEBUG oslo_service.service [req-8e8cf550-ba4a-4f5d-b133-4c76ae42c854 - - - - -] cyborg.keyfile = None log_opt_values /usr/lib/python3/dist-packages/oslo_config/cfg.py:2609
2026-02-19 00:40:50.785 168542 DEBUG oslo_service.service [req-8e8cf550-ba4a-4f5d-b133-4c76ae42c854 - - - - -] cyborg.max_version = None log_opt_values /usr/lib/python3/dist-packages/oslo_config/cfg.py:2609
2026-02-19 00:40:50.786 168542 DEBUG oslo_service.service [req-8e8cf550-ba4a-4f5d-b133-4c76ae42c854 - - - - -] cyborg.min_version = None log_opt_values /usr/lib/python3/dist-packages/oslo_config/cfg.py:2609
2026-02-19 00:40:50.786 168542 DEBUG oslo_service.service [req-8e8cf550-ba4a-4f5d-b133-4c76ae42c854 - - - - -] cyborg.region_name = None log_opt_values /usr/lib/python3/dist-packages/oslo_config/cfg.py:2609
2026-02-19 00:40:50.786 168935 DEBUG oslo_messaging._drivers.amqpdriver [-] AMQPListener connection timeout poll /usr/lib/python3/dist-packages/oslo_messaging/_drivers/amqpdriver.py:360
2026-02-19 00:40:50.785 168932 DEBUG oslo_messaging._drivers.amqpdriver [-] Listener is running poll /usr/lib/python3/dist-packages/oslo_messaging/_drivers/amqpdriver.py:343
2026-02-19 00:40:50.786 168935 DEBUG oslo_messaging._drivers.amqpdriver [-] Listener is running poll /usr/lib/python3/dist-packages/oslo_messaging/_drivers/amqpdriver.py:343
2026-02-19 00:40:50.786 168932 DEBUG oslo_messaging._drivers.amqpdriver [-] AMQPListener connection consume poll /usr/lib/python3/dist-packages/oslo_messaging/_drivers/amqpdriver.py:357
2026-02-19 00:40:50.787 168935 DEBUG oslo_messaging._drivers.amqpdriver [-] AMQPListener connection consume poll /usr/lib/python3/dist-packages/oslo_messaging/_drivers/amqpdriver.py:357
2026-02-19 00:40:50.787 168542 DEBUG oslo_service.service [req-8e8cf550-ba4a-4f5d-b133-4c76ae42c854 - - - - -] cyborg.service_name = None log_opt_values /usr/lib/python3/dist-packages/oslo_config/cfg.py:2609
2026-02-19 00:40:50.787 168542 DEBUG oslo_service.service [req-8e8cf550-ba4a-4f5d-b133-4c76ae42c854 - - - - -] cyborg.service_type = accelerator log_opt_values /usr/lib/python3/dist-packages/oslo_config/cfg.py:2609
2026-02-19 00:40:50.788 168542 DEBUG oslo_service.service [req-8e8cf550-ba4a-4f5d-b133-4c76ae42c854 - - - - -] cyborg.split_loggers = False log_opt_values /usr/lib/python3/dist-packages/oslo_config/cfg.py:2609
2026-02-19 00:40:50.788 168542 DEBUG oslo_service.service [req-8e8cf550-ba4a-4f5d-b133-4c76ae42c854 - - - - -] cyborg.status_code_retries = None log_opt_values /usr/lib/python3/dist-packages/oslo_config/cfg.py:2609
2026-02-19 00:40:50.788 168542 DEBUG oslo_service.service [req-8e8cf550-ba4a-4f5d-b133-4c76ae42c854 - - - - -] cyborg.status_code_retry_delay = None log_opt_values /usr/lib/python3/dist-packages/oslo_config/cfg.py:2609
2026-02-19 00:40:50.789 168542 DEBUG oslo_service.service [req-8e8cf550-ba4a-4f5d-b133-4c76ae42c854 - - - - -] cyborg.timeout = None log_opt_values /usr/lib/python3/dist-packages/oslo_config/cfg.py:2609
2026-02-19 00:40:50.789 168542 DEBUG oslo_service.service [req-8e8cf550-ba4a-4f5d-b133-4c76ae42c854 - - - - -] cyborg.valid_interfaces = ['internal', 'public'] log_opt_values /usr/lib/python3/dist-packages/oslo_config/cfg.py:2609
2026-02-19 00:40:50.789 168542 DEBUG oslo_service.service [req-8e8cf550-ba4a-4f5d-b133-4c76ae42c854 - - - - -] cyborg.version = None log_opt_values /usr/lib/python3/dist-packages/oslo_config/cfg.py:2609
2026-02-19 00:40:50.790 168542 DEBUG oslo_service.service [req-8e8cf550-ba4a-4f5d-b133-4c76ae42c854 - - - - -] database.backend = sqlalchemy log_opt_values /usr/lib/python3/dist-packages/oslo_config/cfg.py:2609
2026-02-19 00:40:50.790 168542 DEBUG oslo_service.service [req-8e8cf550-ba4a-4f5d-b133-4c76ae42c854 - - - - -] database.connection = **** log_opt_values /usr/lib/python3/dist-packages/oslo_config/cfg.py:2609
2026-02-19 00:40:50.790 168542 DEBUG oslo_service.service [req-8e8cf550-ba4a-4f5d-b133-4c76ae42c854 - - - - -] database.connection_debug = 0 log_opt_values /usr/lib/python3/dist-packages/oslo_config/cfg.py:2609
2026-02-19 00:40:50.791 168542 DEBUG oslo_service.service [req-8e8cf550-ba4a-4f5d-b133-4c76ae42c854 - - - - -] database.connection_parameters = log_opt_values /usr/lib/python3/dist-packages/oslo_config/cfg.py:2609
2026-02-19 00:40:50.791 168542 DEBUG oslo_service.service [req-8e8cf550-ba4a-4f5d-b133-4c76ae42c854 - - - - -] database.connection_recycle_time = 3600 log_opt_values /usr/lib/python3/dist-packages/oslo_config/cfg.py:2609
2026-02-19 00:40:50.791 168542 DEBUG oslo_service.service [req-8e8cf550-ba4a-4f5d-b133-4c76ae42c854 - - - - -] database.connection_trace = False log_opt_values /usr/lib/python3/dist-packages/oslo_config/cfg.py:2609
2026-02-19 00:40:50.791 168542 DEBUG oslo_service.service [req-8e8cf550-ba4a-4f5d-b133-4c76ae42c854 - - - - -] database.db_inc_retry_interval = True log_opt_values /usr/lib/python3/dist-packages/oslo_config/cfg.py:2609
2026-02-19 00:40:50.789 168934 DEBUG oslo_messaging._drivers.amqpdriver [-] Listener is running poll /usr/lib/python3/dist-packages/oslo_messaging/_drivers/amqpdriver.py:343
2026-02-19 00:40:50.792 168542 DEBUG oslo_service.service [req-8e8cf550-ba4a-4f5d-b133-4c76ae42c854 - - - - -] database.db_max_retries = 20 log_opt_values /usr/lib/python3/dist-packages/oslo_config/cfg.py:2609
2026-02-19 00:40:50.792 168934 DEBUG oslo_messaging._drivers.amqpdriver [-] AMQPListener connection consume poll /usr/lib/python3/dist-packages/oslo_messaging/_drivers/amqpdriver.py:357
2026-02-19 00:40:50.792 168542 DEBUG oslo_service.service [req-8e8cf550-ba4a-4f5d-b133-4c76ae42c854 - - - - -] database.db_max_retry_interval = 10 log_opt_values /usr/lib/python3/dist-packages/oslo_config/cfg.py:2609
2026-02-19 00:40:50.792 168542 DEBUG oslo_service.service [req-8e8cf550-ba4a-4f5d-b133-4c76ae42c854 - - - - -] database.db_retry_interval = 1 log_opt_values /usr/lib/python3/dist-packages/oslo_config/cfg.py:2609
2026-02-19 00:40:50.793 168542 DEBUG oslo_service.service [req-8e8cf550-ba4a-4f5d-b133-4c76ae42c854 - - - - -] database.max_overflow = 50 log_opt_values /usr/lib/python3/dist-packages/oslo_config/cfg.py:2609
2026-02-19 00:40:50.793 168934 DEBUG nova.service [req-a670c200-0332-421f-a66b-fb8c38dfe8ce - - - - -] Join ServiceGroup membership for this service conductor start /usr/lib/python3/dist-packages/nova/service.py:199
2026-02-19 00:40:50.793 168542 DEBUG oslo_service.service [req-8e8cf550-ba4a-4f5d-b133-4c76ae42c854 - - - - -] database.max_pool_size = 4 log_opt_values /usr/lib/python3/dist-packages/oslo_config/cfg.py:2609
2026-02-19 00:40:50.793 168934 DEBUG nova.servicegroup.drivers.db [req-a670c200-0332-421f-a66b-fb8c38dfe8ce - - - - -] DB_Driver: join new ServiceGroup member juju-5f8ab8-0-lxd-7 to the conductor group, service = join /usr/lib/python3/dist-packages/nova/servicegroup/drivers/db.py:44
2026-02-19 00:40:50.793 168542 DEBUG oslo_service.service [req-8e8cf550-ba4a-4f5d-b133-4c76ae42c854 - - - - -] database.max_retries = 10 log_opt_values /usr/lib/python3/dist-packages/oslo_config/cfg.py:2609
2026-02-19 00:40:50.794 168542 DEBUG oslo_service.service [req-8e8cf550-ba4a-4f5d-b133-4c76ae42c854 - - - - -] database.mysql_enable_ndb = False log_opt_values /usr/lib/python3/dist-packages/oslo_config/cfg.py:2609
2026-02-19 00:40:50.794 168542 DEBUG oslo_service.service [req-8e8cf550-ba4a-4f5d-b133-4c76ae42c854 - - - - -] database.mysql_sql_mode = TRADITIONAL log_opt_values /usr/lib/python3/dist-packages/oslo_config/cfg.py:2609
2026-02-19 00:40:50.794 168542 DEBUG oslo_service.service [req-8e8cf550-ba4a-4f5d-b133-4c76ae42c854 - - - - -] database.pool_timeout = None log_opt_values /usr/lib/python3/dist-packages/oslo_config/cfg.py:2609
2026-02-19 00:40:50.795 168542 DEBUG oslo_service.service [req-8e8cf550-ba4a-4f5d-b133-4c76ae42c854 - - - - -] database.retry_interval = 10 log_opt_values /usr/lib/python3/dist-packages/oslo_config/cfg.py:2609
2026-02-19 00:40:50.795 168542 DEBUG oslo_service.service [req-8e8cf550-ba4a-4f5d-b133-4c76ae42c854 - - - - -] database.slave_connection = **** log_opt_values /usr/lib/python3/dist-packages/oslo_config/cfg.py:2609
2026-02-19 00:40:50.795 168542 DEBUG oslo_service.service [req-8e8cf550-ba4a-4f5d-b133-4c76ae42c854 - - - - -] database.sqlite_synchronous = True log_opt_values /usr/lib/python3/dist-packages/oslo_config/cfg.py:2609
2026-02-19 00:40:50.795 168542 DEBUG oslo_service.service [req-8e8cf550-ba4a-4f5d-b133-4c76ae42c854 - - - - -] database.use_db_reconnect = False log_opt_values /usr/lib/python3/dist-packages/oslo_config/cfg.py:2609
2026-02-19 00:40:50.796 168934 DEBUG oslo_messaging._drivers.amqpdriver [-] AMQPListener connection timeout poll /usr/lib/python3/dist-packages/oslo_messaging/_drivers/amqpdriver.py:360
2026-02-19 00:40:50.796 168542 DEBUG oslo_service.service [req-8e8cf550-ba4a-4f5d-b133-4c76ae42c854 - - - - -] api_database.backend = sqlalchemy log_opt_values /usr/lib/python3/dist-packages/oslo_config/cfg.py:2609
2026-02-19 00:40:50.796 168934 DEBUG oslo_messaging._drivers.amqpdriver [-] Listener is running poll /usr/lib/python3/dist-packages/oslo_messaging/_drivers/amqpdriver.py:343
2026-02-19 00:40:50.796 168934 DEBUG oslo_messaging._drivers.amqpdriver [-] AMQPListener connection consume poll /usr/lib/python3/dist-packages/oslo_messaging/_drivers/amqpdriver.py:357
2026-02-19 00:40:50.796 168542 DEBUG oslo_service.service [req-8e8cf550-ba4a-4f5d-b133-4c76ae42c854 - - - - -] api_database.connection = **** log_opt_values /usr/lib/python3/dist-packages/oslo_config/cfg.py:2609
2026-02-19 00:40:50.796 168542 DEBUG oslo_service.service [req-8e8cf550-ba4a-4f5d-b133-4c76ae42c854 - - - - -] api_database.connection_debug = 0 log_opt_values /usr/lib/python3/dist-packages/oslo_config/cfg.py:2609
2026-02-19 00:40:50.797 168542 DEBUG oslo_service.service [req-8e8cf550-ba4a-4f5d-b133-4c76ae42c854 - - - - -] api_database.connection_parameters = log_opt_values /usr/lib/python3/dist-packages/oslo_config/cfg.py:2609
2026-02-19 00:40:50.798 168542 DEBUG oslo_service.service [req-8e8cf550-ba4a-4f5d-b133-4c76ae42c854 - - - - -] api_database.connection_recycle_time = 3600 log_opt_values /usr/lib/python3/dist-packages/oslo_config/cfg.py:2609
2026-02-19 00:40:50.798 168542 DEBUG oslo_service.service [req-8e8cf550-ba4a-4f5d-b133-4c76ae42c854 - - - - -] api_database.connection_trace = False log_opt_values /usr/lib/python3/dist-packages/oslo_config/cfg.py:2609
2026-02-19 00:40:50.798 168542 DEBUG oslo_service.service [req-8e8cf550-ba4a-4f5d-b133-4c76ae42c854 - - - - -] api_database.db_inc_retry_interval = True log_opt_values /usr/lib/python3/dist-packages/oslo_config/cfg.py:2609
2026-02-19 00:40:50.799 168542 DEBUG oslo_service.service [req-8e8cf550-ba4a-4f5d-b133-4c76ae42c854 - - - - -] api_database.db_max_retries = 20 log_opt_values /usr/lib/python3/dist-packages/oslo_config/cfg.py:2609
2026-02-19 00:40:50.799 168542 DEBUG oslo_service.service [req-8e8cf550-ba4a-4f5d-b133-4c76ae42c854 - - - - -] api_database.db_max_retry_interval = 10 log_opt_values /usr/lib/python3/dist-packages/oslo_config/cfg.py:2609
