2026-02-19 00:37:23.876 38526 DEBUG oslo_service.service [-] clients_vitrage.endpoint_type = None log_opt_values /usr/lib/python3/dist-packages/oslo_config/cfg.py:2609
2026-02-19 00:37:23.876 38526 DEBUG oslo_service.service [-] clients_vitrage.insecure = None log_opt_values /usr/lib/python3/dist-packages/oslo_config/cfg.py:2609
2026-02-19 00:37:23.876 38526 DEBUG oslo_service.service [-] clients_vitrage.key_file = None log_opt_values /usr/lib/python3/dist-packages/oslo_config/cfg.py:2609
2026-02-19 00:37:23.876 38526 DEBUG oslo_service.service [-] clients_zaqar.ca_file = None log_opt_values /usr/lib/python3/dist-packages/oslo_config/cfg.py:2609
2026-02-19 00:37:23.877 38526 DEBUG oslo_service.service [-] clients_zaqar.cert_file = None log_opt_values /usr/lib/python3/dist-packages/oslo_config/cfg.py:2609
2026-02-19 00:37:23.877 38526 DEBUG oslo_service.service [-] clients_zaqar.endpoint_type = None log_opt_values /usr/lib/python3/dist-packages/oslo_config/cfg.py:2609
2026-02-19 00:37:23.877 38526 DEBUG oslo_service.service [-] clients_zaqar.insecure = None log_opt_values /usr/lib/python3/dist-packages/oslo_config/cfg.py:2609
2026-02-19 00:37:23.877 38526 DEBUG oslo_service.service [-] clients_zaqar.key_file = None log_opt_values /usr/lib/python3/dist-packages/oslo_config/cfg.py:2609
2026-02-19 00:37:23.877 38526 DEBUG oslo_service.service [-] database.backend = sqlalchemy log_opt_values /usr/lib/python3/dist-packages/oslo_config/cfg.py:2609
2026-02-19 00:37:23.877 38526 DEBUG oslo_service.service [-] database.connection = **** log_opt_values /usr/lib/python3/dist-packages/oslo_config/cfg.py:2609
2026-02-19 00:37:23.877 38526 DEBUG oslo_service.service [-] database.connection_debug = 0 log_opt_values /usr/lib/python3/dist-packages/oslo_config/cfg.py:2609
2026-02-19 00:37:23.877 38526 DEBUG oslo_service.service [-] database.connection_parameters = log_opt_values /usr/lib/python3/dist-packages/oslo_config/cfg.py:2609
2026-02-19 00:37:23.877 38526 DEBUG oslo_service.service [-] database.connection_recycle_time = 3600 log_opt_values /usr/lib/python3/dist-packages/oslo_config/cfg.py:2609
2026-02-19 00:37:23.878 38526 DEBUG oslo_service.service [-] database.connection_trace = False log_opt_values /usr/lib/python3/dist-packages/oslo_config/cfg.py:2609
2026-02-19 00:37:23.878 38526 DEBUG oslo_service.service [-] database.db_inc_retry_interval = True log_opt_values /usr/lib/python3/dist-packages/oslo_config/cfg.py:2609
2026-02-19 00:37:23.878 38526 DEBUG oslo_service.service [-] database.db_max_retries = 20 log_opt_values /usr/lib/python3/dist-packages/oslo_config/cfg.py:2609
2026-02-19 00:37:23.878 38526 DEBUG oslo_service.service [-] database.db_max_retry_interval = 10 log_opt_values /usr/lib/python3/dist-packages/oslo_config/cfg.py:2609
2026-02-19 00:37:23.879 38526 DEBUG oslo_service.service [-] database.db_retry_interval = 1 log_opt_values /usr/lib/python3/dist-packages/oslo_config/cfg.py:2609
2026-02-19 00:37:23.879 38526 DEBUG oslo_service.service [-] database.max_overflow = 50 log_opt_values /usr/lib/python3/dist-packages/oslo_config/cfg.py:2609
2026-02-19 00:37:23.879 38526 DEBUG oslo_service.service [-] database.max_pool_size = 5 log_opt_values /usr/lib/python3/dist-packages/oslo_config/cfg.py:2609
2026-02-19 00:37:23.879 38526 DEBUG oslo_service.service [-] database.max_retries = 10 log_opt_values /usr/lib/python3/dist-packages/oslo_config/cfg.py:2609
2026-02-19 00:37:23.880 38526 DEBUG oslo_service.service [-] database.mysql_enable_ndb = False log_opt_values /usr/lib/python3/dist-packages/oslo_config/cfg.py:2609
2026-02-19 00:37:23.880 38526 DEBUG oslo_service.service [-] database.mysql_sql_mode = TRADITIONAL log_opt_values /usr/lib/python3/dist-packages/oslo_config/cfg.py:2609
2026-02-19 00:37:23.880 38526 DEBUG oslo_service.service [-] database.pool_timeout = None log_opt_values /usr/lib/python3/dist-packages/oslo_config/cfg.py:2609
2026-02-19 00:37:23.880 38526 DEBUG oslo_service.service [-] database.retry_interval = 10 log_opt_values /usr/lib/python3/dist-packages/oslo_config/cfg.py:2609
2026-02-19 00:37:23.881 38526 DEBUG oslo_service.service [-] database.slave_connection = **** log_opt_values /usr/lib/python3/dist-packages/oslo_config/cfg.py:2609
2026-02-19 00:37:23.881 38526 DEBUG oslo_service.service [-] database.sqlite_synchronous = True log_opt_values /usr/lib/python3/dist-packages/oslo_config/cfg.py:2609
2026-02-19 00:37:23.881 38526 DEBUG oslo_service.service [-] database.use_db_reconnect = False log_opt_values /usr/lib/python3/dist-packages/oslo_config/cfg.py:2609
2026-02-19 00:37:23.881 38526 DEBUG oslo_service.service [-] oslo_messaging_metrics.metrics_buffer_size = 1000 log_opt_values /usr/lib/python3/dist-packages/oslo_config/cfg.py:2609
2026-02-19 00:37:23.881 38526 DEBUG oslo_service.service [-] oslo_messaging_metrics.metrics_enabled = False log_opt_values /usr/lib/python3/dist-packages/oslo_config/cfg.py:2609
2026-02-19 00:37:23.881 38526 DEBUG oslo_service.service [-] oslo_messaging_metrics.metrics_process_name = log_opt_values /usr/lib/python3/dist-packages/oslo_config/cfg.py:2609
2026-02-19 00:37:23.881 38526 DEBUG oslo_service.service [-] oslo_messaging_metrics.metrics_socket_file = /var/tmp/metrics_collector.sock log_opt_values /usr/lib/python3/dist-packages/oslo_config/cfg.py:2609
2026-02-19 00:37:23.881 38526 DEBUG oslo_service.service [-] oslo_messaging_metrics.metrics_thread_stop_timeout = 10 log_opt_values /usr/lib/python3/dist-packages/oslo_config/cfg.py:2609
2026-02-19 00:37:23.882 38526 DEBUG oslo_service.service [-] oslo_policy.enforce_new_defaults = False log_opt_values /usr/lib/python3/dist-packages/oslo_config/cfg.py:2609
2026-02-19 00:37:23.882 38526 DEBUG oslo_service.service [-] oslo_policy.enforce_scope = False log_opt_values /usr/lib/python3/dist-packages/oslo_config/cfg.py:2609
2026-02-19 00:37:23.882 38526 DEBUG oslo_service.service [-] oslo_policy.policy_default_rule = default log_opt_values /usr/lib/python3/dist-packages/oslo_config/cfg.py:2609
2026-02-19 00:37:23.882 38526 DEBUG oslo_service.service [-] oslo_policy.policy_dirs = ['policy.d'] log_opt_values /usr/lib/python3/dist-packages/oslo_config/cfg.py:2609
2026-02-19 00:37:23.882 38526 DEBUG oslo_service.service [-] oslo_policy.policy_file = policy.yaml log_opt_values /usr/lib/python3/dist-packages/oslo_config/cfg.py:2609
2026-02-19 00:37:23.882 38526 DEBUG oslo_service.service [-] oslo_policy.remote_content_type = application/x-www-form-urlencoded log_opt_values /usr/lib/python3/dist-packages/oslo_config/cfg.py:2609
2026-02-19 00:37:23.882 38526 DEBUG oslo_service.service [-] oslo_policy.remote_ssl_ca_crt_file = None log_opt_values /usr/lib/python3/dist-packages/oslo_config/cfg.py:2609
2026-02-19 00:37:23.882 38526 DEBUG oslo_service.service [-] oslo_policy.remote_ssl_client_crt_file = None log_opt_values /usr/lib/python3/dist-packages/oslo_config/cfg.py:2609
2026-02-19 00:37:23.883 38526 DEBUG oslo_service.service [-] oslo_policy.remote_ssl_client_key_file = None log_opt_values /usr/lib/python3/dist-packages/oslo_config/cfg.py:2609
2026-02-19 00:37:23.883 38526 DEBUG oslo_service.service [-] oslo_policy.remote_ssl_verify_server_crt = False log_opt_values /usr/lib/python3/dist-packages/oslo_config/cfg.py:2609
2026-02-19 00:37:23.883 38526 DEBUG oslo_service.service [-] trustee.auth_section = None log_opt_values /usr/lib/python3/dist-packages/oslo_config/cfg.py:2609
2026-02-19 00:37:23.883 38526 WARNING oslo_config.cfg [-] Deprecated: Option "auth_plugin" from group "trustee" is deprecated. Use option "auth_type" from group "trustee".
2026-02-19 00:37:23.883 38526 DEBUG oslo_service.service [-] trustee.auth_type = password log_opt_values /usr/lib/python3/dist-packages/oslo_config/cfg.py:2609
2026-02-19 00:37:23.883 38526 DEBUG oslo_service.service [-] oslo_versionedobjects.fatal_exception_format_errors = False log_opt_values /usr/lib/python3/dist-packages/oslo_config/cfg.py:2609
2026-02-19 00:37:23.884 38526 DEBUG oslo_service.service [-] oslo_messaging_rabbit.amqp_auto_delete = False log_opt_values /usr/lib/python3/dist-packages/oslo_config/cfg.py:2609
2026-02-19 00:37:23.884 38526 DEBUG oslo_service.service [-] oslo_messaging_rabbit.amqp_durable_queues = False log_opt_values /usr/lib/python3/dist-packages/oslo_config/cfg.py:2609
2026-02-19 00:37:23.884 38526 DEBUG oslo_service.service [-] oslo_messaging_rabbit.conn_pool_min_size = 2 log_opt_values /usr/lib/python3/dist-packages/oslo_config/cfg.py:2609
2026-02-19 00:37:23.884 38526 DEBUG oslo_service.service [-] oslo_messaging_rabbit.conn_pool_ttl = 1200 log_opt_values /usr/lib/python3/dist-packages/oslo_config/cfg.py:2609
2026-02-19 00:37:23.884 38526 DEBUG oslo_service.service [-] oslo_messaging_rabbit.direct_mandatory_flag = True log_opt_values /usr/lib/python3/dist-packages/oslo_config/cfg.py:2609
2026-02-19 00:37:23.884 38526 DEBUG oslo_service.service [-] oslo_messaging_rabbit.enable_cancel_on_failover = False log_opt_values /usr/lib/python3/dist-packages/oslo_config/cfg.py:2609
2026-02-19 00:37:23.885 38526 DEBUG oslo_service.service [-] oslo_messaging_rabbit.heartbeat_in_pthread = False log_opt_values /usr/lib/python3/dist-packages/oslo_config/cfg.py:2609
2026-02-19 00:37:23.885 38526 DEBUG oslo_service.service [-] oslo_messaging_rabbit.heartbeat_rate = 2 log_opt_values /usr/lib/python3/dist-packages/oslo_config/cfg.py:2609
2026-02-19 00:37:23.885 38526 DEBUG oslo_service.service [-] oslo_messaging_rabbit.heartbeat_timeout_threshold = 60 log_opt_values /usr/lib/python3/dist-packages/oslo_config/cfg.py:2609
2026-02-19 00:37:23.885 38526 DEBUG oslo_service.service [-] oslo_messaging_rabbit.kombu_compression = None log_opt_values /usr/lib/python3/dist-packages/oslo_config/cfg.py:2609
2026-02-19 00:37:23.886 38526 DEBUG oslo_service.service [-] oslo_messaging_rabbit.kombu_failover_strategy = round-robin log_opt_values /usr/lib/python3/dist-packages/oslo_config/cfg.py:2609
2026-02-19 00:37:23.886 38526 DEBUG oslo_service.service [-] oslo_messaging_rabbit.kombu_missing_consumer_retry_timeout = 60 log_opt_values /usr/lib/python3/dist-packages/oslo_config/cfg.py:2609
2026-02-19 00:37:23.886 38526 DEBUG oslo_service.service [-] oslo_messaging_rabbit.kombu_reconnect_delay = 1.0 log_opt_values /usr/lib/python3/dist-packages/oslo_config/cfg.py:2609
2026-02-19 00:37:23.886 38526 DEBUG oslo_service.service [-] oslo_messaging_rabbit.rabbit_ha_queues = False log_opt_values /usr/lib/python3/dist-packages/oslo_config/cfg.py:2609
2026-02-19 00:37:23.886 38526 DEBUG oslo_service.service [-] oslo_messaging_rabbit.rabbit_interval_max = 30 log_opt_values /usr/lib/python3/dist-packages/oslo_config/cfg.py:2609
2026-02-19 00:37:23.887 38526 DEBUG oslo_service.service [-] oslo_messaging_rabbit.rabbit_login_method = AMQPLAIN log_opt_values /usr/lib/python3/dist-packages/oslo_config/cfg.py:2609
2026-02-19 00:37:23.887 38526 DEBUG oslo_service.service [-] oslo_messaging_rabbit.rabbit_qos_prefetch_count = 0 log_opt_values /usr/lib/python3/dist-packages/oslo_config/cfg.py:2609
2026-02-19 00:37:23.887 38526 DEBUG oslo_service.service [-] oslo_messaging_rabbit.rabbit_quorum_queue = False log_opt_values /usr/lib/python3/dist-packages/oslo_config/cfg.py:2609
2026-02-19 00:37:23.887 38526 DEBUG oslo_service.service [-] oslo_messaging_rabbit.rabbit_retry_backoff = 2 log_opt_values /usr/lib/python3/dist-packages/oslo_config/cfg.py:2609
2026-02-19 00:37:23.887 38526 DEBUG oslo_service.service [-] oslo_messaging_rabbit.rabbit_retry_interval = 1 log_opt_values /usr/lib/python3/dist-packages/oslo_config/cfg.py:2609
2026-02-19 00:37:23.887 38526 DEBUG oslo_service.service [-] oslo_messaging_rabbit.rabbit_transient_queues_ttl = 1800 log_opt_values /usr/lib/python3/dist-packages/oslo_config/cfg.py:2609
2026-02-19 00:37:23.887 38526 DEBUG oslo_service.service [-] oslo_messaging_rabbit.rpc_conn_pool_size = 30 log_opt_values /usr/lib/python3/dist-packages/oslo_config/cfg.py:2609
2026-02-19 00:37:23.887 38526 DEBUG oslo_service.service [-] oslo_messaging_rabbit.ssl = False log_opt_values /usr/lib/python3/dist-packages/oslo_config/cfg.py:2609
2026-02-19 00:37:23.887 38526 DEBUG oslo_service.service [-] oslo_messaging_rabbit.ssl_ca_file = log_opt_values /usr/lib/python3/dist-packages/oslo_config/cfg.py:2609
2026-02-19 00:37:23.888 38526 DEBUG oslo_service.service [-] oslo_messaging_rabbit.ssl_cert_file = log_opt_values /usr/lib/python3/dist-packages/oslo_config/cfg.py:2609
2026-02-19 00:37:23.888 38526 DEBUG oslo_service.service [-] oslo_messaging_rabbit.ssl_key_file = log_opt_values /usr/lib/python3/dist-packages/oslo_config/cfg.py:2609
2026-02-19 00:37:23.888 38526 DEBUG oslo_service.service [-] oslo_messaging_rabbit.ssl_version = log_opt_values /usr/lib/python3/dist-packages/oslo_config/cfg.py:2609
2026-02-19 00:37:23.888 38526 DEBUG oslo_service.service [-] oslo_messaging_notifications.driver = [] log_opt_values /usr/lib/python3/dist-packages/oslo_config/cfg.py:2609
2026-02-19 00:37:23.888 38526 DEBUG oslo_service.service [-] oslo_messaging_notifications.retry = -1 log_opt_values /usr/lib/python3/dist-packages/oslo_config/cfg.py:2609
2026-02-19 00:37:23.888 38526 DEBUG oslo_service.service [-] oslo_messaging_notifications.topics = ['notifications'] log_opt_values /usr/lib/python3/dist-packages/oslo_config/cfg.py:2609
2026-02-19 00:37:23.888 38526 DEBUG oslo_service.service [-] oslo_messaging_notifications.transport_url = **** log_opt_values /usr/lib/python3/dist-packages/oslo_config/cfg.py:2609
2026-02-19 00:37:23.889 38526 DEBUG oslo_service.service [-] cache.backend = dogpile.cache.null log_opt_values /usr/lib/python3/dist-packages/oslo_config/cfg.py:2609
2026-02-19 00:37:23.889 38526 DEBUG oslo_service.service [-] cache.backend_argument = **** log_opt_values /usr/lib/python3/dist-packages/oslo_config/cfg.py:2609
2026-02-19 00:37:23.889 38526 DEBUG oslo_service.service [-] cache.config_prefix = cache.oslo log_opt_values /usr/lib/python3/dist-packages/oslo_config/cfg.py:2609
2026-02-19 00:37:23.889 38526 DEBUG oslo_service.service [-] cache.debug_cache_backend = False log_opt_values /usr/lib/python3/dist-packages/oslo_config/cfg.py:2609
2026-02-19 00:37:23.890 38526 DEBUG oslo_service.service [-] cache.enabled = False log_opt_values /usr/lib/python3/dist-packages/oslo_config/cfg.py:2609
2026-02-19 00:37:23.890 38526 DEBUG oslo_service.service [-] cache.expiration_time = 600 log_opt_values /usr/lib/python3/dist-packages/oslo_config/cfg.py:2609
2026-02-19 00:37:23.891 38526 DEBUG oslo_service.service [-] cache.memcache_dead_retry = 300 log_opt_values /usr/lib/python3/dist-packages/oslo_config/cfg.py:2609
2026-02-19 00:37:23.891 38526 DEBUG oslo_service.service [-] cache.memcache_pool_connection_get_timeout = 10 log_opt_values /usr/lib/python3/dist-packages/oslo_config/cfg.py:2609
2026-02-19 00:37:23.891 38526 DEBUG oslo_service.service [-] cache.memcache_pool_flush_on_reconnect = False log_opt_values /usr/lib/python3/dist-packages/oslo_config/cfg.py:2609
2026-02-19 00:37:23.891 38526 DEBUG oslo_service.service [-] cache.memcache_pool_maxsize = 10 log_opt_values /usr/lib/python3/dist-packages/oslo_config/cfg.py:2609
2026-02-19 00:37:23.891 38526 DEBUG oslo_service.service [-] cache.memcache_pool_unused_timeout = 60 log_opt_values /usr/lib/python3/dist-packages/oslo_config/cfg.py:2609
2026-02-19 00:37:23.891 38526 DEBUG oslo_service.service [-] cache.memcache_servers = ['localhost:11211'] log_opt_values /usr/lib/python3/dist-packages/oslo_config/cfg.py:2609
2026-02-19 00:37:23.891 38526 DEBUG oslo_service.service [-] cache.memcache_socket_timeout = 1.0 log_opt_values /usr/lib/python3/dist-packages/oslo_config/cfg.py:2609
2026-02-19 00:37:23.891 38526 DEBUG oslo_service.service [-] cache.proxies = [] log_opt_values /usr/lib/python3/dist-packages/oslo_config/cfg.py:2609
2026-02-19 00:37:23.891 38526 DEBUG oslo_service.service [-] cache.tls_allowed_ciphers = None log_opt_values /usr/lib/python3/dist-packages/oslo_config/cfg.py:2609
2026-02-19 00:37:23.892 38526 DEBUG oslo_service.service [-] cache.tls_cafile = None log_opt_values /usr/lib/python3/dist-packages/oslo_config/cfg.py:2609
2026-02-19 00:37:23.892 38526 DEBUG oslo_service.service [-] cache.tls_certfile = None log_opt_values /usr/lib/python3/dist-packages/oslo_config/cfg.py:2609
2026-02-19 00:37:23.892 38526 DEBUG oslo_service.service [-] cache.tls_enabled = False log_opt_values /usr/lib/python3/dist-packages/oslo_config/cfg.py:2609
2026-02-19 00:37:23.892 38526 DEBUG oslo_service.service [-] cache.tls_keyfile = None log_opt_values /usr/lib/python3/dist-packages/oslo_config/cfg.py:2609
2026-02-19 00:37:23.892 38526 DEBUG oslo_service.service [-] constraint_validation_cache.caching = True log_opt_values /usr/lib/python3/dist-packages/oslo_config/cfg.py:2609
2026-02-19 00:37:23.892 38526 DEBUG oslo_service.service [-] constraint_validation_cache.expiration_time = 60 log_opt_values /usr/lib/python3/dist-packages/oslo_config/cfg.py:2609
2026-02-19 00:37:23.892 38526 DEBUG oslo_service.service [-] service_extension_cache.caching = True log_opt_values /usr/lib/python3/dist-packages/oslo_config/cfg.py:2609
2026-02-19 00:37:23.893 38526 DEBUG oslo_service.service [-] service_extension_cache.expiration_time = 3600 log_opt_values /usr/lib/python3/dist-packages/oslo_config/cfg.py:2609
2026-02-19 00:37:23.893 38526 DEBUG oslo_service.service [-] resource_finder_cache.caching = True log_opt_values /usr/lib/python3/dist-packages/oslo_config/cfg.py:2609
2026-02-19 00:37:23.893 38526 DEBUG oslo_service.service [-] resource_finder_cache.expiration_time = 3600 log_opt_values /usr/lib/python3/dist-packages/oslo_config/cfg.py:2609
2026-02-19 00:37:23.893 38526 DEBUG oslo_service.service [-] yaql.limit_iterators = 200 log_opt_values /usr/lib/python3/dist-packages/oslo_config/cfg.py:2609
2026-02-19 00:37:23.893 38526 DEBUG oslo_service.service [-] yaql.memory_quota = 10000 log_opt_values /usr/lib/python3/dist-packages/oslo_config/cfg.py:2609
2026-02-19 00:37:23.893 38526 DEBUG oslo_service.service [-] ******************************************************************************** log_opt_values /usr/lib/python3/dist-packages/oslo_config/cfg.py:2613
2026-02-19 00:37:23.923 38743 INFO heat.engine.worker [-] Starting engine_worker (1.4) in engine 5a6e55fa-2cf0-4b1a-a263-e673179b24db.
2026-02-19 00:37:23.956 38742 DEBUG oslo_db.sqlalchemy.engines [req-effa7f22-bed6-4d0a-8536-0baefc9541e3 - - - - -] MySQL server mode set to STRICT_TRANS_TABLES,STRICT_ALL_TABLES,NO_ZERO_IN_DATE,NO_ZERO_DATE,ERROR_FOR_DIVISION_BY_ZERO,TRADITIONAL,NO_ENGINE_SUBSTITUTION _check_effective_sql_mode /usr/lib/python3/dist-packages/oslo_db/sqlalchemy/engines.py:314
2026-02-19 00:37:23.958 38740 DEBUG oslo_db.sqlalchemy.engines [req-e3c88fcd-6431-4bf3-bfc1-8059d6fc93b2 - - - - -] MySQL server mode set to STRICT_TRANS_TABLES,STRICT_ALL_TABLES,NO_ZERO_IN_DATE,NO_ZERO_DATE,ERROR_FOR_DIVISION_BY_ZERO,TRADITIONAL,NO_ENGINE_SUBSTITUTION _check_effective_sql_mode /usr/lib/python3/dist-packages/oslo_db/sqlalchemy/engines.py:314
2026-02-19 00:37:23.979 38741 DEBUG oslo_db.sqlalchemy.engines [req-3df473ff-a9d0-483b-ab43-4ce4970df634 - - - - -] MySQL server mode set to STRICT_TRANS_TABLES,STRICT_ALL_TABLES,NO_ZERO_IN_DATE,NO_ZERO_DATE,ERROR_FOR_DIVISION_BY_ZERO,TRADITIONAL,NO_ENGINE_SUBSTITUTION _check_effective_sql_mode /usr/lib/python3/dist-packages/oslo_db/sqlalchemy/engines.py:314
2026-02-19 00:37:24.023 38743 DEBUG oslo_db.sqlalchemy.engines [req-4b07289c-a3cf-437a-9a53-f117f23b2a7d - - - - -] MySQL server mode set to STRICT_TRANS_TABLES,STRICT_ALL_TABLES,NO_ZERO_IN_DATE,NO_ZERO_DATE,ERROR_FOR_DIVISION_BY_ZERO,TRADITIONAL,NO_ENGINE_SUBSTITUTION _check_effective_sql_mode /usr/lib/python3/dist-packages/oslo_db/sqlalchemy/engines.py:314
2026-02-19 00:37:24.053 38741 DEBUG heat.engine.service [req-92b48dcb-5e17-458d-8786-fa588d7ce41d - - - - -] Service d40db853-9800-46fd-95e0-a086a6f3a9d4 is started service_manage_report /usr/lib/python3/dist-packages/heat/engine/service.py:2363
2026-02-19 00:37:24.086 38741 DEBUG heat.engine.service [req-92b48dcb-5e17-458d-8786-fa588d7ce41d - - - - -] Service d40db853-9800-46fd-95e0-a086a6f3a9d4 is updated service_manage_report /usr/lib/python3/dist-packages/heat/engine/service.py:2370
2026-02-19 00:37:24.089 38740 DEBUG heat.engine.service [req-44616522-66ad-4292-9560-6c63907f290e - - - - -] Service 96b62ffc-9362-4335-af81-3d334351c2fa is started service_manage_report /usr/lib/python3/dist-packages/heat/engine/service.py:2363
2026-02-19 00:37:24.093 38742 DEBUG heat.engine.service [req-735fc6e6-f963-45bc-94cf-d93bebeefdff - - - - -] Service b7d461f1-8dc7-439c-bf9f-dfdd3d0c2356 is started service_manage_report /usr/lib/python3/dist-packages/heat/engine/service.py:2363
2026-02-19 00:37:24.104 38743 DEBUG heat.engine.service [req-559a7d4c-8784-4539-b285-04e00d9438a7 - - - - -] Service d932cf50-3f61-4479-82c3-6f3c042ef6c8 is started service_manage_report /usr/lib/python3/dist-packages/heat/engine/service.py:2363
2026-02-19 00:37:24.115 38740 DEBUG heat.engine.service [req-44616522-66ad-4292-9560-6c63907f290e - - - - -] Service 96b62ffc-9362-4335-af81-3d334351c2fa is updated service_manage_report /usr/lib/python3/dist-packages/heat/engine/service.py:2370
2026-02-19 00:37:24.117 38742 DEBUG heat.engine.service [req-735fc6e6-f963-45bc-94cf-d93bebeefdff - - - - -] Service b7d461f1-8dc7-439c-bf9f-dfdd3d0c2356 is updated service_manage_report /usr/lib/python3/dist-packages/heat/engine/service.py:2370
2026-02-19 00:37:24.120 38743 DEBUG heat.engine.service [req-559a7d4c-8784-4539-b285-04e00d9438a7 - - - - -] Service d932cf50-3f61-4479-82c3-6f3c042ef6c8 is updated service_manage_report /usr/lib/python3/dist-packages/heat/engine/service.py:2370
2026-02-19 00:38:24.054 38741 DEBUG heat.engine.service [req-9ceb13fe-0da4-4338-8cb1-9e3b2ee7b436 - - - - -] Service d40db853-9800-46fd-95e0-a086a6f3a9d4 is updated service_manage_report /usr/lib/python3/dist-packages/heat/engine/service.py:2370
2026-02-19 00:38:24.060 38740 DEBUG heat.engine.service [req-d2787e14-4437-4a32-9444-a9011ad41a96 - - - - -] Service 96b62ffc-9362-4335-af81-3d334351c2fa is updated service_manage_report /usr/lib/python3/dist-packages/heat/engine/service.py:2370
2026-02-19 00:38:24.061 38742 DEBUG heat.engine.service [req-8e5c9f7c-33e3-4f8e-88db-cff039117819 - - - - -] Service b7d461f1-8dc7-439c-bf9f-dfdd3d0c2356 is updated service_manage_report /usr/lib/python3/dist-packages/heat/engine/service.py:2370
2026-02-19 00:38:24.098 38743 DEBUG heat.engine.service [req-51fc1cd3-6b33-4e19-88e8-489f64007fe9 - - - - -] Service d932cf50-3f61-4479-82c3-6f3c042ef6c8 is updated service_manage_report /usr/lib/python3/dist-packages/heat/engine/service.py:2370
2026-02-19 00:39:24.046 38741 DEBUG heat.engine.service [req-7dfbe083-d798-4352-a428-695f26fd1432 - - - - -] Service d40db853-9800-46fd-95e0-a086a6f3a9d4 is updated service_manage_report /usr/lib/python3/dist-packages/heat/engine/service.py:2370
2026-02-19 00:39:24.063 38742 DEBUG heat.engine.service [req-cacf9764-04b2-461d-8d0f-26d9a05f44a5 - - - - -] Service b7d461f1-8dc7-439c-bf9f-dfdd3d0c2356 is updated service_manage_report /usr/lib/python3/dist-packages/heat/engine/service.py:2370
2026-02-19 00:39:24.065 38740 DEBUG heat.engine.service [req-436c66ef-b42e-4586-be69-dd26ca728a0b - - - - -] Service 96b62ffc-9362-4335-af81-3d334351c2fa is updated service_manage_report /usr/lib/python3/dist-packages/heat/engine/service.py:2370
2026-02-19 00:39:24.091 38743 DEBUG heat.engine.service [req-36eee03b-2b70-4d22-bfdc-5679effef386 - - - - -] Service d932cf50-3f61-4479-82c3-6f3c042ef6c8 is updated service_manage_report /usr/lib/python3/dist-packages/heat/engine/service.py:2370
2026-02-19 00:40:24.050 38741 DEBUG heat.engine.service [req-844a750e-ebc2-4dcb-bd10-43fb7d0c856a - - - - -] Service d40db853-9800-46fd-95e0-a086a6f3a9d4 is updated service_manage_report /usr/lib/python3/dist-packages/heat/engine/service.py:2370
2026-02-19 00:40:24.060 38740 DEBUG heat.engine.service [req-1d037057-a97e-4f60-89e6-a7c79fdc139b - - - - -] Service 96b62ffc-9362-4335-af81-3d334351c2fa is updated service_manage_report /usr/lib/python3/dist-packages/heat/engine/service.py:2370
2026-02-19 00:40:24.068 38742 DEBUG heat.engine.service [req-db3c0010-65ee-4143-84d5-730ade2fd08d - - - - -] Service b7d461f1-8dc7-439c-bf9f-dfdd3d0c2356 is updated service_manage_report /usr/lib/python3/dist-packages/heat/engine/service.py:2370
2026-02-19 00:40:24.093 38743 DEBUG heat.engine.service [req-a494041e-0082-4582-a05f-1860d406a571 - - - - -] Service d932cf50-3f61-4479-82c3-6f3c042ef6c8 is updated service_manage_report /usr/lib/python3/dist-packages/heat/engine/service.py:2370
2026-02-19 00:41:24.054 38741 DEBUG heat.engine.service [req-52791e2d-1ced-44dd-93d7-e4e05b2e71e4 - - - - -] Service d40db853-9800-46fd-95e0-a086a6f3a9d4 is updated service_manage_report /usr/lib/python3/dist-packages/heat/engine/service.py:2370
2026-02-19 00:41:24.065 38740 DEBUG heat.engine.service [req-709f1a1a-23c1-4ea2-ba9e-0037eaf584da - - - - -] Service 96b62ffc-9362-4335-af81-3d334351c2fa is updated service_manage_report /usr/lib/python3/dist-packages/heat/engine/service.py:2370
2026-02-19 00:41:24.073 38742 DEBUG heat.engine.service [req-bb951131-1fd1-4ab2-826b-9cec4f097e51 - - - - -] Service b7d461f1-8dc7-439c-bf9f-dfdd3d0c2356 is updated service_manage_report /usr/lib/python3/dist-packages/heat/engine/service.py:2370
2026-02-19 00:41:24.096 38743 DEBUG heat.engine.service [req-4464ea69-f4ed-4d69-a035-8e0813cc68ba - - - - -] Service d932cf50-3f61-4479-82c3-6f3c042ef6c8 is updated service_manage_report /usr/lib/python3/dist-packages/heat/engine/service.py:2370
2026-02-19 00:42:24.060 38741 DEBUG heat.engine.service [req-e4273e9d-7fab-490c-90c0-3bf7ac88e923 - - - - -] Service d40db853-9800-46fd-95e0-a086a6f3a9d4 is updated service_manage_report /usr/lib/python3/dist-packages/heat/engine/service.py:2370
2026-02-19 00:42:24.070 38740 DEBUG heat.engine.service [req-ce6f9374-13dc-4738-9058-c04f69e743c3 - - - - -] Service 96b62ffc-9362-4335-af81-3d334351c2fa is updated service_manage_report /usr/lib/python3/dist-packages/heat/engine/service.py:2370
2026-02-19 00:42:24.075 38742 DEBUG heat.engine.service [req-e686feba-36a4-4129-9162-6466be696572 - - - - -] Service b7d461f1-8dc7-439c-bf9f-dfdd3d0c2356 is updated service_manage_report /usr/lib/python3/dist-packages/heat/engine/service.py:2370
2026-02-19 00:42:24.101 38743 DEBUG heat.engine.service [req-40ab362a-e406-46fd-88a0-52552ba04527 - - - - -] Service d932cf50-3f61-4479-82c3-6f3c042ef6c8 is updated service_manage_report /usr/lib/python3/dist-packages/heat/engine/service.py:2370
2026-02-19 00:43:24.054 38741 DEBUG heat.engine.service [req-01c0f38c-f47d-433b-9509-8d02eb6746b5 - - - - -] Service d40db853-9800-46fd-95e0-a086a6f3a9d4 is updated service_manage_report /usr/lib/python3/dist-packages/heat/engine/service.py:2370
2026-02-19 00:43:24.073 38740 DEBUG heat.engine.service [req-0b495954-30a9-408c-81e8-0b9f5b723618 - - - - -] Service 96b62ffc-9362-4335-af81-3d334351c2fa is updated service_manage_report /usr/lib/python3/dist-packages/heat/engine/service.py:2370
2026-02-19 00:43:24.079 38742 DEBUG heat.engine.service [req-fa2f6aa1-5f50-4374-aeca-6df0a7aeb323 - - - - -] Service b7d461f1-8dc7-439c-bf9f-dfdd3d0c2356 is updated service_manage_report /usr/lib/python3/dist-packages/heat/engine/service.py:2370
2026-02-19 00:43:24.107 38743 DEBUG heat.engine.service [req-03d88a82-d0fa-4c31-804e-5e7f4754ca92 - - - - -] Service d932cf50-3f61-4479-82c3-6f3c042ef6c8 is updated service_manage_report /usr/lib/python3/dist-packages/heat/engine/service.py:2370
2026-02-19 00:44:24.059 38741 DEBUG heat.engine.service [req-cf5e7855-49e2-49c8-8cb6-ddc7a61c8486 - - - - -] Service d40db853-9800-46fd-95e0-a086a6f3a9d4 is updated service_manage_report /usr/lib/python3/dist-packages/heat/engine/service.py:2370
2026-02-19 00:44:24.078 38740 DEBUG heat.engine.service [req-9f668d02-6d11-4bad-8943-f9c0801923af - - - - -] Service 96b62ffc-9362-4335-af81-3d334351c2fa is updated service_manage_report /usr/lib/python3/dist-packages/heat/engine/service.py:2370
2026-02-19 00:44:24.083 38742 DEBUG heat.engine.service [req-62ad7789-754f-4221-a0e5-cd7b7a952bcc - - - - -] Service b7d461f1-8dc7-439c-bf9f-dfdd3d0c2356 is updated service_manage_report /usr/lib/python3/dist-packages/heat/engine/service.py:2370
2026-02-19 00:44:24.101 38743 DEBUG heat.engine.service [req-916964cc-52f4-4602-b395-9a7ddb5be315 - - - - -] Service d932cf50-3f61-4479-82c3-6f3c042ef6c8 is updated service_manage_report /usr/lib/python3/dist-packages/heat/engine/service.py:2370
2026-02-19 00:45:24.063 38741 DEBUG heat.engine.service [req-86499fcd-32f6-4aa5-8067-056ce7740ffc - - - - -] Service d40db853-9800-46fd-95e0-a086a6f3a9d4 is updated service_manage_report /usr/lib/python3/dist-packages/heat/engine/service.py:2370
2026-02-19 00:45:24.083 38740 DEBUG heat.engine.service [req-2a0abd33-6007-4bb5-b067-9c5760c9d53e - - - - -] Service 96b62ffc-9362-4335-af81-3d334351c2fa is updated service_manage_report /usr/lib/python3/dist-packages/heat/engine/service.py:2370
2026-02-19 00:45:24.090 38742 DEBUG heat.engine.service [req-96e9e836-67b9-42d6-a684-0e89f0ff71e3 - - - - -] Service b7d461f1-8dc7-439c-bf9f-dfdd3d0c2356 is updated service_manage_report /usr/lib/python3/dist-packages/heat/engine/service.py:2370
2026-02-19 00:45:24.109 38743 DEBUG heat.engine.service [req-f78494e6-8eae-4215-ac57-a28e2e3a4c84 - - - - -] Service d932cf50-3f61-4479-82c3-6f3c042ef6c8 is updated service_manage_report /usr/lib/python3/dist-packages/heat/engine/service.py:2370
2026-02-19 00:46:24.067 38741 DEBUG heat.engine.service [req-35e0eea7-ba2c-4802-add2-c46cfda6b114 - - - - -] Service d40db853-9800-46fd-95e0-a086a6f3a9d4 is updated service_manage_report /usr/lib/python3/dist-packages/heat/engine/service.py:2370
2026-02-19 00:46:24.085 38742 DEBUG heat.engine.service [req-46aae121-cc6f-4fdd-ad0b-131392811bb9 - - - - -] Service b7d461f1-8dc7-439c-bf9f-dfdd3d0c2356 is updated service_manage_report /usr/lib/python3/dist-packages/heat/engine/service.py:2370
2026-02-19 00:46:24.087 38740 DEBUG heat.engine.service [req-5eec1e25-65a5-416a-9e1f-a182921081af - - - - -] Service 96b62ffc-9362-4335-af81-3d334351c2fa is updated service_manage_report /usr/lib/python3/dist-packages/heat/engine/service.py:2370
2026-02-19 00:46:24.102 38743 DEBUG heat.engine.service [req-399922bd-887b-4871-83e8-c130df78042a - - - - -] Service d932cf50-3f61-4479-82c3-6f3c042ef6c8 is updated service_manage_report /usr/lib/python3/dist-packages/heat/engine/service.py:2370
2026-02-19 00:47:24.074 38741 DEBUG heat.engine.service [req-af36e224-e6c8-4477-8e87-cdedb68cee2f - - - - -] Service d40db853-9800-46fd-95e0-a086a6f3a9d4 is updated service_manage_report /usr/lib/python3/dist-packages/heat/engine/service.py:2370
2026-02-19 00:47:24.089 38742 DEBUG heat.engine.service [req-4106b0a5-b5e6-441a-ab29-b3939ef80ba7 - - - - -] Service b7d461f1-8dc7-439c-bf9f-dfdd3d0c2356 is updated service_manage_report /usr/lib/python3/dist-packages/heat/engine/service.py:2370
2026-02-19 00:47:24.095 38740 DEBUG heat.engine.service [req-5be3a80d-424c-4b1f-a38f-19efa14a81b1 - - - - -] Service 96b62ffc-9362-4335-af81-3d334351c2fa is updated service_manage_report /usr/lib/python3/dist-packages/heat/engine/service.py:2370
2026-02-19 00:47:24.104 38743 DEBUG heat.engine.service [req-866a867c-6b02-46aa-999b-b96878f6786e - - - - -] Service d932cf50-3f61-4479-82c3-6f3c042ef6c8 is updated service_manage_report /usr/lib/python3/dist-packages/heat/engine/service.py:2370
2026-02-19 00:48:24.067 38741 DEBUG heat.engine.service [req-8ea7c49d-fbe5-4882-b24e-b9a210a50a3f - - - - -] Service d40db853-9800-46fd-95e0-a086a6f3a9d4 is updated service_manage_report /usr/lib/python3/dist-packages/heat/engine/service.py:2370
2026-02-19 00:48:24.090 38740 DEBUG heat.engine.service [req-dd45a3b7-5fda-4e65-b26c-feecca29ff1b - - - - -] Service 96b62ffc-9362-4335-af81-3d334351c2fa is updated service_manage_report /usr/lib/python3/dist-packages/heat/engine/service.py:2370
2026-02-19 00:48:24.093 38742 DEBUG heat.engine.service [req-38d04cb6-702b-4009-aae1-36561e01ed1e - - - - -] Service b7d461f1-8dc7-439c-bf9f-dfdd3d0c2356 is updated service_manage_report /usr/lib/python3/dist-packages/heat/engine/service.py:2370
2026-02-19 00:48:24.106 38743 DEBUG heat.engine.service [req-6b8255f7-4ea4-4c80-aad3-339cb1ea6f69 - - - - -] Service d932cf50-3f61-4479-82c3-6f3c042ef6c8 is updated service_manage_report /usr/lib/python3/dist-packages/heat/engine/service.py:2370
2026-02-19 00:49:24.071 38741 DEBUG heat.engine.service [req-6979043b-8b2b-4cee-8c2a-bcab8e26fda3 - - - - -] Service d40db853-9800-46fd-95e0-a086a6f3a9d4 is updated service_manage_report /usr/lib/python3/dist-packages/heat/engine/service.py:2370
2026-02-19 00:49:24.095 38740 DEBUG heat.engine.service [req-5fc8c92f-b124-4846-bd18-ca20d9a8b8d3 - - - - -] Service 96b62ffc-9362-4335-af81-3d334351c2fa is updated service_manage_report /usr/lib/python3/dist-packages/heat/engine/service.py:2370
2026-02-19 00:49:24.097 38742 DEBUG heat.engine.service [req-851787b8-e388-4b4a-b2f4-129db20c27ff - - - - -] Service b7d461f1-8dc7-439c-bf9f-dfdd3d0c2356 is updated service_manage_report /usr/lib/python3/dist-packages/heat/engine/service.py:2370
2026-02-19 00:49:24.112 38743 DEBUG heat.engine.service [req-c3610e57-8b36-434b-9b7e-27739463d792 - - - - -] Service d932cf50-3f61-4479-82c3-6f3c042ef6c8 is updated service_manage_report /usr/lib/python3/dist-packages/heat/engine/service.py:2370
2026-02-19 00:50:24.076 38741 DEBUG heat.engine.service [req-4e62d36b-ed81-4e12-881d-6578c25a279f - - - - -] Service d40db853-9800-46fd-95e0-a086a6f3a9d4 is updated service_manage_report /usr/lib/python3/dist-packages/heat/engine/service.py:2370
2026-02-19 00:50:24.099 38740 DEBUG heat.engine.service [req-98b22b56-c4ea-4cf2-94d6-647873f5239b - - - - -] Service 96b62ffc-9362-4335-af81-3d334351c2fa is updated service_manage_report /usr/lib/python3/dist-packages/heat/engine/service.py:2370
2026-02-19 00:50:24.100 38742 DEBUG heat.engine.service [req-235f5dc0-ebaa-42cc-b503-aba567e513c0 - - - - -] Service b7d461f1-8dc7-439c-bf9f-dfdd3d0c2356 is updated service_manage_report /usr/lib/python3/dist-packages/heat/engine/service.py:2370
2026-02-19 00:50:24.113 38743 DEBUG heat.engine.service [req-a1b9371a-7b2a-4dc1-83b1-3c483a8bb1dc - - - - -] Service d932cf50-3f61-4479-82c3-6f3c042ef6c8 is updated service_manage_report /usr/lib/python3/dist-packages/heat/engine/service.py:2370
2026-02-19 00:51:24.082 38741 DEBUG heat.engine.service [req-2cebfa15-466f-40c0-8194-bbb1b3248160 - - - - -] Service d40db853-9800-46fd-95e0-a086a6f3a9d4 is updated service_manage_report /usr/lib/python3/dist-packages/heat/engine/service.py:2370
2026-02-19 00:51:24.102 38740 DEBUG heat.engine.service [req-e0a4c491-31f1-4f84-a79d-e03f752d8a2d - - - - -] Service 96b62ffc-9362-4335-af81-3d334351c2fa is updated service_manage_report /usr/lib/python3/dist-packages/heat/engine/service.py:2370
2026-02-19 00:51:24.104 38742 DEBUG heat.engine.service [req-fddc0d0b-9703-4e30-ab79-0f9fe231f4bc - - - - -] Service b7d461f1-8dc7-439c-bf9f-dfdd3d0c2356 is updated service_manage_report /usr/lib/python3/dist-packages/heat/engine/service.py:2370
2026-02-19 00:51:24.115 38743 DEBUG heat.engine.service [req-5ac55844-839b-4ca4-a52b-f6b984688c95 - - - - -] Service d932cf50-3f61-4479-82c3-6f3c042ef6c8 is updated service_manage_report /usr/lib/python3/dist-packages/heat/engine/service.py:2370
2026-02-19 00:52:24.089 38741 DEBUG heat.engine.service [req-cea0e77c-b35a-4517-a988-87d96845be4e - - - - -] Service d40db853-9800-46fd-95e0-a086a6f3a9d4 is updated service_manage_report /usr/lib/python3/dist-packages/heat/engine/service.py:2370
2026-02-19 00:52:24.106 38740 DEBUG heat.engine.service [req-8918fd1e-f643-4a90-8274-67775743ce96 - - - - -] Service 96b62ffc-9362-4335-af81-3d334351c2fa is updated service_manage_report /usr/lib/python3/dist-packages/heat/engine/service.py:2370
2026-02-19 00:52:24.109 38742 DEBUG heat.engine.service [req-02a837e7-7512-4290-ac8a-1cd0c13837e1 - - - - -] Service b7d461f1-8dc7-439c-bf9f-dfdd3d0c2356 is updated service_manage_report /usr/lib/python3/dist-packages/heat/engine/service.py:2370
2026-02-19 00:52:24.118 38743 DEBUG heat.engine.service [req-f6ec6218-3b74-4b1e-8138-c72be395bc52 - - - - -] Service d932cf50-3f61-4479-82c3-6f3c042ef6c8 is updated service_manage_report /usr/lib/python3/dist-packages/heat/engine/service.py:2370
2026-02-19 00:53:24.081 38741 DEBUG heat.engine.service [req-0c3de86d-7c1f-4de1-b22a-66902b45f75f - - - - -] Service d40db853-9800-46fd-95e0-a086a6f3a9d4 is updated service_manage_report /usr/lib/python3/dist-packages/heat/engine/service.py:2370
2026-02-19 00:53:24.111 38740 DEBUG heat.engine.service [req-d1cf1fa9-d93d-49e3-aab9-44f9d60c8479 - - - - -] Service 96b62ffc-9362-4335-af81-3d334351c2fa is updated service_manage_report /usr/lib/python3/dist-packages/heat/engine/service.py:2370
2026-02-19 00:53:24.114 38742 DEBUG heat.engine.service [req-32cd513e-64ec-45bf-be1b-46414a92845c - - - - -] Service b7d461f1-8dc7-439c-bf9f-dfdd3d0c2356 is updated service_manage_report /usr/lib/python3/dist-packages/heat/engine/service.py:2370
2026-02-19 00:53:24.125 38743 DEBUG heat.engine.service [req-50bf0777-4455-4f4a-841a-c2e5f54a3492 - - - - -] Service d932cf50-3f61-4479-82c3-6f3c042ef6c8 is updated service_manage_report /usr/lib/python3/dist-packages/heat/engine/service.py:2370
2026-02-19 00:54:24.085 38741 DEBUG heat.engine.service [req-f2cfd365-9bd5-4401-8448-5218e2ff86d7 - - - - -] Service d40db853-9800-46fd-95e0-a086a6f3a9d4 is updated service_manage_report /usr/lib/python3/dist-packages/heat/engine/service.py:2370
2026-02-19 00:54:24.117 38740 DEBUG heat.engine.service [req-0ba2c072-9d01-495a-b2bd-fb2388d55794 - - - - -] Service 96b62ffc-9362-4335-af81-3d334351c2fa is updated service_manage_report /usr/lib/python3/dist-packages/heat/engine/service.py:2370
2026-02-19 00:54:24.120 38742 DEBUG heat.engine.service [req-c4d73b66-b2f1-4523-b827-1b768fadc493 - - - - -] Service b7d461f1-8dc7-439c-bf9f-dfdd3d0c2356 is updated service_manage_report /usr/lib/python3/dist-packages/heat/engine/service.py:2370
2026-02-19 00:54:24.120 38743 DEBUG heat.engine.service [req-0c9c748e-d211-4795-9ef3-30402ccc0b9d - - - - -] Service d932cf50-3f61-4479-82c3-6f3c042ef6c8 is updated service_manage_report /usr/lib/python3/dist-packages/heat/engine/service.py:2370
2026-02-19 00:55:24.090 38741 DEBUG heat.engine.service [req-831e3258-7481-4816-b753-ac5c5981a291 - - - - -] Service d40db853-9800-46fd-95e0-a086a6f3a9d4 is updated service_manage_report /usr/lib/python3/dist-packages/heat/engine/service.py:2370
2026-02-19 00:55:24.115 38742 DEBUG heat.engine.service [req-8d809052-91f7-4b3f-b3ed-183e7f791101 - - - - -] Service b7d461f1-8dc7-439c-bf9f-dfdd3d0c2356 is updated service_manage_report /usr/lib/python3/dist-packages/heat/engine/service.py:2370
2026-02-19 00:55:24.117 38743 DEBUG heat.engine.service [req-4a743189-5f77-40ac-8ada-ba52874557db - - - - -] Service d932cf50-3f61-4479-82c3-6f3c042ef6c8 is updated service_manage_report /usr/lib/python3/dist-packages/heat/engine/service.py:2370
2026-02-19 00:55:24.119 38740 DEBUG heat.engine.service [req-a003c500-7f70-49a3-b105-7ee398c261cb - - - - -] Service 96b62ffc-9362-4335-af81-3d334351c2fa is updated service_manage_report /usr/lib/python3/dist-packages/heat/engine/service.py:2370
2026-02-19 00:56:24.092 38741 DEBUG heat.engine.service [req-8cbb56ff-9031-4ae2-b572-df9e934bf4a2 - - - - -] Service d40db853-9800-46fd-95e0-a086a6f3a9d4 is updated service_manage_report /usr/lib/python3/dist-packages/heat/engine/service.py:2370
2026-02-19 00:56:24.111 38743 DEBUG heat.engine.service [req-df3655e8-8933-4ee7-a6a8-3211198fe6aa - - - - -] Service d932cf50-3f61-4479-82c3-6f3c042ef6c8 is updated service_manage_report /usr/lib/python3/dist-packages/heat/engine/service.py:2370
2026-02-19 00:56:24.120 38742 DEBUG heat.engine.service [req-6df402c3-ba4e-41a1-8558-2f99691120f9 - - - - -] Service b7d461f1-8dc7-439c-bf9f-dfdd3d0c2356 is updated service_manage_report /usr/lib/python3/dist-packages/heat/engine/service.py:2370
2026-02-19 00:56:24.124 38740 DEBUG heat.engine.service [req-ec7ccd62-cb8f-4651-8acc-ae041a1e650d - - - - -] Service 96b62ffc-9362-4335-af81-3d334351c2fa is updated service_manage_report /usr/lib/python3/dist-packages/heat/engine/service.py:2370
2026-02-19 00:57:24.097 38741 DEBUG heat.engine.service [req-6e8887bf-09b6-40c0-8bd9-ba0c66c17488 - - - - -] Service d40db853-9800-46fd-95e0-a086a6f3a9d4 is updated service_manage_report /usr/lib/python3/dist-packages/heat/engine/service.py:2370
2026-02-19 00:57:24.115 38743 DEBUG heat.engine.service [req-551ceead-f759-4279-8679-cc5235726be2 - - - - -] Service d932cf50-3f61-4479-82c3-6f3c042ef6c8 is updated service_manage_report /usr/lib/python3/dist-packages/heat/engine/service.py:2370
2026-02-19 00:57:24.123 38742 DEBUG heat.engine.service [req-e7443f77-014a-4e5b-b268-b80c327701a2 - - - - -] Service b7d461f1-8dc7-439c-bf9f-dfdd3d0c2356 is updated service_manage_report /usr/lib/python3/dist-packages/heat/engine/service.py:2370
2026-02-19 00:57:24.127 38740 DEBUG heat.engine.service [req-5accfd92-92e3-4bf4-b71e-d6c94c1a2edb - - - - -] Service 96b62ffc-9362-4335-af81-3d334351c2fa is updated service_manage_report /usr/lib/python3/dist-packages/heat/engine/service.py:2370
2026-02-19 00:58:24.100 38741 DEBUG heat.engine.service [req-a64fcc54-0a19-4077-8849-e6d9423369a7 - - - - -] Service d40db853-9800-46fd-95e0-a086a6f3a9d4 is updated service_manage_report /usr/lib/python3/dist-packages/heat/engine/service.py:2370
2026-02-19 00:58:24.117 38743 DEBUG heat.engine.service [req-2fa2b17b-ee2a-4cca-af06-2955dafaf144 - - - - -] Service d932cf50-3f61-4479-82c3-6f3c042ef6c8 is updated service_manage_report /usr/lib/python3/dist-packages/heat/engine/service.py:2370
2026-02-19 00:58:24.124 38742 DEBUG heat.engine.service [req-09b5c49c-e7f3-4a8e-9623-d1aff6d115a4 - - - - -] Service b7d461f1-8dc7-439c-bf9f-dfdd3d0c2356 is updated service_manage_report /usr/lib/python3/dist-packages/heat/engine/service.py:2370
2026-02-19 00:58:24.132 38740 DEBUG heat.engine.service [req-8e973e62-5be2-4d34-afa1-b626a63d1d8b - - - - -] Service 96b62ffc-9362-4335-af81-3d334351c2fa is updated service_manage_report /usr/lib/python3/dist-packages/heat/engine/service.py:2370
2026-02-19 00:59:24.104 38741 DEBUG heat.engine.service [req-f2b5d07f-0dc6-4bb7-b9ca-ace9ba6dc5aa - - - - -] Service d40db853-9800-46fd-95e0-a086a6f3a9d4 is updated service_manage_report /usr/lib/python3/dist-packages/heat/engine/service.py:2370
2026-02-19 00:59:24.121 38743 DEBUG heat.engine.service [req-a9cc077d-28d8-4828-9fb0-44e8f867e29e - - - - -] Service d932cf50-3f61-4479-82c3-6f3c042ef6c8 is updated service_manage_report /usr/lib/python3/dist-packages/heat/engine/service.py:2370
2026-02-19 00:59:24.131 38742 DEBUG heat.engine.service [req-a83467c9-c1b7-43a2-bca4-98dfd953a5e6 - - - - -] Service b7d461f1-8dc7-439c-bf9f-dfdd3d0c2356 is updated service_manage_report /usr/lib/python3/dist-packages/heat/engine/service.py:2370
2026-02-19 00:59:24.136 38740 DEBUG heat.engine.service [req-afad9ff8-57b4-4936-927d-69d2fc9d8060 - - - - -] Service 96b62ffc-9362-4335-af81-3d334351c2fa is updated service_manage_report /usr/lib/python3/dist-packages/heat/engine/service.py:2370
2026-02-19 01:00:24.111 38741 DEBUG heat.engine.service [req-aa3d0d30-7f46-422f-8d89-fc68727c7430 - - - - -] Service d40db853-9800-46fd-95e0-a086a6f3a9d4 is updated service_manage_report /usr/lib/python3/dist-packages/heat/engine/service.py:2370
2026-02-19 01:00:24.127 38742 DEBUG heat.engine.service [req-055ed503-fc06-455c-8dff-8114af66276f - - - - -] Service b7d461f1-8dc7-439c-bf9f-dfdd3d0c2356 is updated service_manage_report /usr/lib/python3/dist-packages/heat/engine/service.py:2370
2026-02-19 01:00:24.132 38743 DEBUG heat.engine.service [req-ac8f74bb-4f8d-4ed1-bdc8-b05472b0232d - - - - -] Service d932cf50-3f61-4479-82c3-6f3c042ef6c8 is updated service_manage_report /usr/lib/python3/dist-packages/heat/engine/service.py:2370
2026-02-19 01:00:24.140 38740 DEBUG heat.engine.service [req-94b2b535-d28d-42ce-acd7-dcd5a4df47b2 - - - - -] Service 96b62ffc-9362-4335-af81-3d334351c2fa is updated service_manage_report /usr/lib/python3/dist-packages/heat/engine/service.py:2370
2026-02-19 01:01:24.106 38741 DEBUG heat.engine.service [req-f0acb1b4-2d65-434f-b9c8-96fffe4d37a9 - - - - -] Service d40db853-9800-46fd-95e0-a086a6f3a9d4 is updated service_manage_report /usr/lib/python3/dist-packages/heat/engine/service.py:2370
2026-02-19 01:01:24.124 38742 DEBUG heat.engine.service [req-6a93ade3-a16a-463a-9c0e-d65a6f3b20f9 - - - - -] Service b7d461f1-8dc7-439c-bf9f-dfdd3d0c2356 is updated service_manage_report /usr/lib/python3/dist-packages/heat/engine/service.py:2370
2026-02-19 01:01:24.129 38743 DEBUG heat.engine.service [req-50c381c2-b3f2-429a-9a9c-a1cc546259ad - - - - -] Service d932cf50-3f61-4479-82c3-6f3c042ef6c8 is updated service_manage_report /usr/lib/python3/dist-packages/heat/engine/service.py:2370
2026-02-19 01:01:24.142 38740 DEBUG heat.engine.service [req-e6ee5c10-4b3a-4068-844a-2594503ad301 - - - - -] Service 96b62ffc-9362-4335-af81-3d334351c2fa is updated service_manage_report /usr/lib/python3/dist-packages/heat/engine/service.py:2370
2026-02-19 01:02:24.115 38741 DEBUG heat.engine.service [req-7a142583-3d54-42cc-b188-a24770516ed8 - - - - -] Service d40db853-9800-46fd-95e0-a086a6f3a9d4 is updated service_manage_report /usr/lib/python3/dist-packages/heat/engine/service.py:2370
2026-02-19 01:02:24.125 38742 DEBUG heat.engine.service [req-20b10661-2349-476f-83b8-c9540a907b90 - - - - -] Service b7d461f1-8dc7-439c-bf9f-dfdd3d0c2356 is updated service_manage_report /usr/lib/python3/dist-packages/heat/engine/service.py:2370
2026-02-19 01:02:24.127 38743 DEBUG heat.engine.service [req-0571c2d7-fe33-4a68-8748-ac039f4e170b - - - - -] Service d932cf50-3f61-4479-82c3-6f3c042ef6c8 is updated service_manage_report /usr/lib/python3/dist-packages/heat/engine/service.py:2370
2026-02-19 01:02:24.146 38740 DEBUG heat.engine.service [req-078f1400-a35a-4e42-b525-e5890681b702 - - - - -] Service 96b62ffc-9362-4335-af81-3d334351c2fa is updated service_manage_report /usr/lib/python3/dist-packages/heat/engine/service.py:2370
2026-02-19 01:03:24.111 38741 DEBUG heat.engine.service [req-c49dfdd0-1624-400e-bc91-30c687d63b05 - - - - -] Service d40db853-9800-46fd-95e0-a086a6f3a9d4 is updated service_manage_report /usr/lib/python3/dist-packages/heat/engine/service.py:2370
2026-02-19 01:03:24.119 38742 DEBUG heat.engine.service [req-8774afc5-e9bc-43fb-af70-2003a560de93 - - - - -] Service b7d461f1-8dc7-439c-bf9f-dfdd3d0c2356 is updated service_manage_report /usr/lib/python3/dist-packages/heat/engine/service.py:2370
2026-02-19 01:03:24.120 38743 DEBUG heat.engine.service [req-ea9c18bf-6eb0-447a-b00a-afe500a07ad3 - - - - -] Service d932cf50-3f61-4479-82c3-6f3c042ef6c8 is updated service_manage_report /usr/lib/python3/dist-packages/heat/engine/service.py:2370
2026-02-19 01:03:24.149 38740 DEBUG heat.engine.service [req-4e64ec0b-1a9c-4b81-a91d-bf5f493571d0 - - - - -] Service 96b62ffc-9362-4335-af81-3d334351c2fa is updated service_manage_report /usr/lib/python3/dist-packages/heat/engine/service.py:2370
2026-02-19 01:04:24.107 38741 DEBUG heat.engine.service [req-2a073064-8cfd-4bad-9835-950aa6b4039b - - - - -] Service d40db853-9800-46fd-95e0-a086a6f3a9d4 is updated service_manage_report /usr/lib/python3/dist-packages/heat/engine/service.py:2370
2026-02-19 01:04:24.123 38742 DEBUG heat.engine.service [req-428ce8b0-dc1b-4d52-a882-7c938207bb4f - - - - -] Service b7d461f1-8dc7-439c-bf9f-dfdd3d0c2356 is updated service_manage_report /usr/lib/python3/dist-packages/heat/engine/service.py:2370
2026-02-19 01:04:24.125 38743 DEBUG heat.engine.service [req-78386bd1-0033-49cf-8f9e-322709ecf428 - - - - -] Service d932cf50-3f61-4479-82c3-6f3c042ef6c8 is updated service_manage_report /usr/lib/python3/dist-packages/heat/engine/service.py:2370
2026-02-19 01:04:24.151 38740 DEBUG heat.engine.service [req-058f7ef3-7ccb-4293-91a6-e6467554d6c3 - - - - -] Service 96b62ffc-9362-4335-af81-3d334351c2fa is updated service_manage_report /usr/lib/python3/dist-packages/heat/engine/service.py:2370
2026-02-19 01:05:24.116 38741 DEBUG heat.engine.service [req-839ecdc1-0b50-4207-9c70-7e5f0bedc719 - - - - -] Service d40db853-9800-46fd-95e0-a086a6f3a9d4 is updated service_manage_report /usr/lib/python3/dist-packages/heat/engine/service.py:2370
2026-02-19 01:05:24.129 38742 DEBUG heat.engine.service [req-84b0dffb-0278-4a90-8d13-c1420a8f873c - - - - -] Service b7d461f1-8dc7-439c-bf9f-dfdd3d0c2356 is updated service_manage_report /usr/lib/python3/dist-packages/heat/engine/service.py:2370
2026-02-19 01:05:24.130 38743 DEBUG heat.engine.service [req-aedbf549-6f51-4709-b71e-03c47745ae40 - - - - -] Service d932cf50-3f61-4479-82c3-6f3c042ef6c8 is updated service_manage_report /usr/lib/python3/dist-packages/heat/engine/service.py:2370
2026-02-19 01:05:24.155 38740 DEBUG heat.engine.service [req-73fb657a-d0ce-44a7-b77b-9baec5397f9b - - - - -] Service 96b62ffc-9362-4335-af81-3d334351c2fa is updated service_manage_report /usr/lib/python3/dist-packages/heat/engine/service.py:2370
2026-02-19 01:06:24.111 38741 DEBUG heat.engine.service [req-67780e10-d18d-48ee-8e4b-bb38308e5da7 - - - - -] Service d40db853-9800-46fd-95e0-a086a6f3a9d4 is updated service_manage_report /usr/lib/python3/dist-packages/heat/engine/service.py:2370
2026-02-19 01:06:24.133 38742 DEBUG heat.engine.service [req-0f6ab4c5-1d1a-4a34-8d15-ef3d58f54e42 - - - - -] Service b7d461f1-8dc7-439c-bf9f-dfdd3d0c2356 is updated service_manage_report /usr/lib/python3/dist-packages/heat/engine/service.py:2370
2026-02-19 01:06:24.134 38743 DEBUG heat.engine.service [req-b99e1737-9390-4d73-babc-18558bce1cd9 - - - - -] Service d932cf50-3f61-4479-82c3-6f3c042ef6c8 is updated service_manage_report /usr/lib/python3/dist-packages/heat/engine/service.py:2370
