2026-02-19 01:06:24.157 38740 DEBUG heat.engine.service [req-b7587f22-5271-489d-8cd5-21b417b49a3a - - - - -] Service 96b62ffc-9362-4335-af81-3d334351c2fa is updated service_manage_report /usr/lib/python3/dist-packages/heat/engine/service.py:2370
2026-02-19 01:07:24.113 38741 DEBUG heat.engine.service [req-871123cb-80a6-404e-94f2-cd545531a08b - - - - -] Service d40db853-9800-46fd-95e0-a086a6f3a9d4 is updated service_manage_report /usr/lib/python3/dist-packages/heat/engine/service.py:2370
2026-02-19 01:07:24.139 38742 DEBUG heat.engine.service [req-daf2865d-4c75-4c5e-8406-edb2040095c5 - - - - -] Service b7d461f1-8dc7-439c-bf9f-dfdd3d0c2356 is updated service_manage_report /usr/lib/python3/dist-packages/heat/engine/service.py:2370
2026-02-19 01:07:24.139 38743 DEBUG heat.engine.service [req-c40b4cb6-11a3-43f7-9737-fcdf9fb4d84d - - - - -] Service d932cf50-3f61-4479-82c3-6f3c042ef6c8 is updated service_manage_report /usr/lib/python3/dist-packages/heat/engine/service.py:2370
2026-02-19 01:07:24.159 38740 DEBUG heat.engine.service [req-6ff8c204-bffd-4bb9-b0a2-9b99088eb100 - - - - -] Service 96b62ffc-9362-4335-af81-3d334351c2fa is updated service_manage_report /usr/lib/python3/dist-packages/heat/engine/service.py:2370
2026-02-19 01:08:24.118 38741 DEBUG heat.engine.service [req-103e03d6-c471-4127-894c-90358b03bff9 - - - - -] Service d40db853-9800-46fd-95e0-a086a6f3a9d4 is updated service_manage_report /usr/lib/python3/dist-packages/heat/engine/service.py:2370
2026-02-19 01:08:24.134 38742 DEBUG heat.engine.service [req-dadd0b50-b7b7-4bb4-92d8-cc9704073bed - - - - -] Service b7d461f1-8dc7-439c-bf9f-dfdd3d0c2356 is updated service_manage_report /usr/lib/python3/dist-packages/heat/engine/service.py:2370
2026-02-19 01:08:24.145 38743 DEBUG heat.engine.service [req-557fb91a-dea3-436e-8f83-af533e70c944 - - - - -] Service d932cf50-3f61-4479-82c3-6f3c042ef6c8 is updated service_manage_report /usr/lib/python3/dist-packages/heat/engine/service.py:2370
2026-02-19 01:08:24.162 38740 DEBUG heat.engine.service [req-ad12644d-ccb1-4a07-9f9e-7b7e2ce062fb - - - - -] Service 96b62ffc-9362-4335-af81-3d334351c2fa is updated service_manage_report /usr/lib/python3/dist-packages/heat/engine/service.py:2370
2026-02-19 01:09:24.126 38741 DEBUG heat.engine.service [req-138b878a-913f-4ef0-b947-68ceff2df2c0 - - - - -] Service d40db853-9800-46fd-95e0-a086a6f3a9d4 is updated service_manage_report /usr/lib/python3/dist-packages/heat/engine/service.py:2370
2026-02-19 01:09:24.150 38743 DEBUG heat.engine.service [req-5dbb0459-111b-4c61-a6bd-3a01cbdfc0d4 - - - - -] Service d932cf50-3f61-4479-82c3-6f3c042ef6c8 is updated service_manage_report /usr/lib/python3/dist-packages/heat/engine/service.py:2370
2026-02-19 01:09:24.150 38742 DEBUG heat.engine.service [req-310ad18c-0f18-4855-aa46-075bab3ea281 - - - - -] Service b7d461f1-8dc7-439c-bf9f-dfdd3d0c2356 is updated service_manage_report /usr/lib/python3/dist-packages/heat/engine/service.py:2370
2026-02-19 01:09:24.167 38740 DEBUG heat.engine.service [req-2f18073f-8a70-4645-a924-a7d47c54e2f0 - - - - -] Service 96b62ffc-9362-4335-af81-3d334351c2fa is updated service_manage_report /usr/lib/python3/dist-packages/heat/engine/service.py:2370
2026-02-19 01:10:24.121 38741 DEBUG heat.engine.service [req-1093cd4e-a220-46ed-a583-7d1f5ec97bd2 - - - - -] Service d40db853-9800-46fd-95e0-a086a6f3a9d4 is updated service_manage_report /usr/lib/python3/dist-packages/heat/engine/service.py:2370
2026-02-19 01:10:24.132 38742 DEBUG heat.engine.service [req-1696f50b-e020-4758-b885-10b7d81b2645 - - - - -] Service b7d461f1-8dc7-439c-bf9f-dfdd3d0c2356 is updated service_manage_report /usr/lib/python3/dist-packages/heat/engine/service.py:2370
2026-02-19 01:10:24.155 38743 DEBUG heat.engine.service [req-45cdaa4f-365d-4ba0-83b6-d0c9b56545fd - - - - -] Service d932cf50-3f61-4479-82c3-6f3c042ef6c8 is updated service_manage_report /usr/lib/python3/dist-packages/heat/engine/service.py:2370
2026-02-19 01:10:24.171 38740 DEBUG heat.engine.service [req-652770d7-dc7b-43cb-acb9-976c237e887d - - - - -] Service 96b62ffc-9362-4335-af81-3d334351c2fa is updated service_manage_report /usr/lib/python3/dist-packages/heat/engine/service.py:2370
2026-02-19 01:11:24.130 38741 DEBUG heat.engine.service [req-aab892ff-b28e-4493-b116-ea34886fbc98 - - - - -] Service d40db853-9800-46fd-95e0-a086a6f3a9d4 is updated service_manage_report /usr/lib/python3/dist-packages/heat/engine/service.py:2370
2026-02-19 01:11:24.140 38742 DEBUG heat.engine.service [req-f212816c-9787-4fd9-849a-50a0cac6cf40 - - - - -] Service b7d461f1-8dc7-439c-bf9f-dfdd3d0c2356 is updated service_manage_report /usr/lib/python3/dist-packages/heat/engine/service.py:2370
2026-02-19 01:11:24.151 38743 DEBUG heat.engine.service [req-e5526ea5-b63d-4432-ae6f-da8c7d2dd876 - - - - -] Service d932cf50-3f61-4479-82c3-6f3c042ef6c8 is updated service_manage_report /usr/lib/python3/dist-packages/heat/engine/service.py:2370
2026-02-19 01:11:24.177 38740 DEBUG heat.engine.service [req-c9e4a20c-dcba-472c-8ae0-21a3042a933f - - - - -] Service 96b62ffc-9362-4335-af81-3d334351c2fa is updated service_manage_report /usr/lib/python3/dist-packages/heat/engine/service.py:2370
2026-02-19 01:12:24.123 38741 DEBUG heat.engine.service [req-4884e015-cc9b-4d7a-add8-d07943fd8c76 - - - - -] Service d40db853-9800-46fd-95e0-a086a6f3a9d4 is updated service_manage_report /usr/lib/python3/dist-packages/heat/engine/service.py:2370
2026-02-19 01:12:24.130 38742 DEBUG heat.engine.service [req-84f40e63-d876-4d7d-9a72-bbbd2ced712f - - - - -] Service b7d461f1-8dc7-439c-bf9f-dfdd3d0c2356 is updated service_manage_report /usr/lib/python3/dist-packages/heat/engine/service.py:2370
2026-02-19 01:12:24.158 38743 DEBUG heat.engine.service [req-adc3ea86-e222-432e-8edf-fa6266de8440 - - - - -] Service d932cf50-3f61-4479-82c3-6f3c042ef6c8 is updated service_manage_report /usr/lib/python3/dist-packages/heat/engine/service.py:2370
2026-02-19 01:12:24.171 38740 DEBUG heat.engine.service [req-e4ed0169-ea00-4531-a867-c20dec52adcb - - - - -] Service 96b62ffc-9362-4335-af81-3d334351c2fa is updated service_manage_report /usr/lib/python3/dist-packages/heat/engine/service.py:2370
2026-02-19 01:13:24.130 38741 DEBUG heat.engine.service [req-f61da93e-92ed-40b2-8eef-31c062b093a1 - - - - -] Service d40db853-9800-46fd-95e0-a086a6f3a9d4 is updated service_manage_report /usr/lib/python3/dist-packages/heat/engine/service.py:2370
2026-02-19 01:13:24.138 38742 DEBUG heat.engine.service [req-355d63a1-3415-4ae7-a21c-d7f325e9276f - - - - -] Service b7d461f1-8dc7-439c-bf9f-dfdd3d0c2356 is updated service_manage_report /usr/lib/python3/dist-packages/heat/engine/service.py:2370
2026-02-19 01:13:24.152 38743 DEBUG heat.engine.service [req-b1301b7f-c986-4943-96c5-100edfeb6161 - - - - -] Service d932cf50-3f61-4479-82c3-6f3c042ef6c8 is updated service_manage_report /usr/lib/python3/dist-packages/heat/engine/service.py:2370
2026-02-19 01:13:24.175 38740 DEBUG heat.engine.service [req-8bec4157-450c-4f69-97a3-69eb5c20e738 - - - - -] Service 96b62ffc-9362-4335-af81-3d334351c2fa is updated service_manage_report /usr/lib/python3/dist-packages/heat/engine/service.py:2370
2026-02-19 01:14:24.124 38741 DEBUG heat.engine.service [req-8ab6f651-67f7-4699-8390-3c52bf94868c - - - - -] Service d40db853-9800-46fd-95e0-a086a6f3a9d4 is updated service_manage_report /usr/lib/python3/dist-packages/heat/engine/service.py:2370
2026-02-19 01:14:24.133 38742 DEBUG heat.engine.service [req-c1b5b864-4592-42c6-80ed-5da27e8f9472 - - - - -] Service b7d461f1-8dc7-439c-bf9f-dfdd3d0c2356 is updated service_manage_report /usr/lib/python3/dist-packages/heat/engine/service.py:2370
2026-02-19 01:14:24.157 38743 DEBUG heat.engine.service [req-fab817db-3e16-4b0a-a457-588f33d646c9 - - - - -] Service d932cf50-3f61-4479-82c3-6f3c042ef6c8 is updated service_manage_report /usr/lib/python3/dist-packages/heat/engine/service.py:2370
2026-02-19 01:14:24.178 38740 DEBUG heat.engine.service [req-e43a5436-c6f7-4817-9352-906b971575b8 - - - - -] Service 96b62ffc-9362-4335-af81-3d334351c2fa is updated service_manage_report /usr/lib/python3/dist-packages/heat/engine/service.py:2370
2026-02-19 01:15:24.130 38741 DEBUG heat.engine.service [req-b1bb9a87-0c7e-4ca5-8bf4-b6c183d5ba7a - - - - -] Service d40db853-9800-46fd-95e0-a086a6f3a9d4 is updated service_manage_report /usr/lib/python3/dist-packages/heat/engine/service.py:2370
2026-02-19 01:15:24.138 38742 DEBUG heat.engine.service [req-2302ad67-55c3-4467-baa6-f3520646887b - - - - -] Service b7d461f1-8dc7-439c-bf9f-dfdd3d0c2356 is updated service_manage_report /usr/lib/python3/dist-packages/heat/engine/service.py:2370
2026-02-19 01:15:24.161 38743 DEBUG heat.engine.service [req-7a5b2fb2-95c8-46b0-b6a5-27eb5393dbce - - - - -] Service d932cf50-3f61-4479-82c3-6f3c042ef6c8 is updated service_manage_report /usr/lib/python3/dist-packages/heat/engine/service.py:2370
2026-02-19 01:15:24.182 38740 DEBUG heat.engine.service [req-615952df-4546-4831-a3ac-3e4aed6f424b - - - - -] Service 96b62ffc-9362-4335-af81-3d334351c2fa is updated service_manage_report /usr/lib/python3/dist-packages/heat/engine/service.py:2370
2026-02-19 01:16:24.123 38741 DEBUG heat.engine.service [req-420c7298-f85c-4a1f-ac19-a6443179a048 - - - - -] Service d40db853-9800-46fd-95e0-a086a6f3a9d4 is updated service_manage_report /usr/lib/python3/dist-packages/heat/engine/service.py:2370
2026-02-19 01:16:24.143 38742 DEBUG heat.engine.service [req-5e19c5e6-4dc4-4b5c-8c1a-d23a68eeaaec - - - - -] Service b7d461f1-8dc7-439c-bf9f-dfdd3d0c2356 is updated service_manage_report /usr/lib/python3/dist-packages/heat/engine/service.py:2370
2026-02-19 01:16:24.164 38743 DEBUG heat.engine.service [req-ddd735a0-8f99-4a9d-8ed4-3ce5259aefb5 - - - - -] Service d932cf50-3f61-4479-82c3-6f3c042ef6c8 is updated service_manage_report /usr/lib/python3/dist-packages/heat/engine/service.py:2370
2026-02-19 01:16:24.186 38740 DEBUG heat.engine.service [req-7aaca530-57df-40fd-94de-76fb29609a3e - - - - -] Service 96b62ffc-9362-4335-af81-3d334351c2fa is updated service_manage_report /usr/lib/python3/dist-packages/heat/engine/service.py:2370
2026-02-19 01:17:24.126 38741 DEBUG heat.engine.service [req-62aa8be5-52ab-4f43-9440-bd4cdc6152e1 - - - - -] Service d40db853-9800-46fd-95e0-a086a6f3a9d4 is updated service_manage_report /usr/lib/python3/dist-packages/heat/engine/service.py:2370
2026-02-19 01:17:24.146 38742 DEBUG heat.engine.service [req-964f492f-33c2-40fc-87ae-85ca928f62a4 - - - - -] Service b7d461f1-8dc7-439c-bf9f-dfdd3d0c2356 is updated service_manage_report /usr/lib/python3/dist-packages/heat/engine/service.py:2370
2026-02-19 01:17:24.167 38743 DEBUG heat.engine.service [req-a1ab808b-cd8f-45e0-beb4-8e86e6c43dd2 - - - - -] Service d932cf50-3f61-4479-82c3-6f3c042ef6c8 is updated service_manage_report /usr/lib/python3/dist-packages/heat/engine/service.py:2370
2026-02-19 01:17:24.192 38740 DEBUG heat.engine.service [req-eac1a8bf-db82-4082-ae01-0973ee7d337b - - - - -] Service 96b62ffc-9362-4335-af81-3d334351c2fa is updated service_manage_report /usr/lib/python3/dist-packages/heat/engine/service.py:2370
2026-02-19 01:18:24.130 38741 DEBUG heat.engine.service [req-7d45c623-c23e-4436-9b79-a1492d225394 - - - - -] Service d40db853-9800-46fd-95e0-a086a6f3a9d4 is updated service_manage_report /usr/lib/python3/dist-packages/heat/engine/service.py:2370
2026-02-19 01:18:24.148 38742 DEBUG heat.engine.service [req-6241089a-c1f9-417a-b796-51d3b734d6c9 - - - - -] Service b7d461f1-8dc7-439c-bf9f-dfdd3d0c2356 is updated service_manage_report /usr/lib/python3/dist-packages/heat/engine/service.py:2370
2026-02-19 01:18:24.171 38743 DEBUG heat.engine.service [req-11ce1a35-a16a-4d8e-8c97-56c93ae71b92 - - - - -] Service d932cf50-3f61-4479-82c3-6f3c042ef6c8 is updated service_manage_report /usr/lib/python3/dist-packages/heat/engine/service.py:2370
2026-02-19 01:18:24.194 38740 DEBUG heat.engine.service [req-dc44532e-58e9-43a5-aed4-f3345b324fe9 - - - - -] Service 96b62ffc-9362-4335-af81-3d334351c2fa is updated service_manage_report /usr/lib/python3/dist-packages/heat/engine/service.py:2370
2026-02-19 01:19:24.135 38741 DEBUG heat.engine.service [req-94600a47-7229-499b-b050-09ff04dc8813 - - - - -] Service d40db853-9800-46fd-95e0-a086a6f3a9d4 is updated service_manage_report /usr/lib/python3/dist-packages/heat/engine/service.py:2370
2026-02-19 01:19:24.153 38742 DEBUG heat.engine.service [req-a2de831b-9cdb-44e7-b9ae-ffd8c08ae34c - - - - -] Service b7d461f1-8dc7-439c-bf9f-dfdd3d0c2356 is updated service_manage_report /usr/lib/python3/dist-packages/heat/engine/service.py:2370
2026-02-19 01:19:24.176 38743 DEBUG heat.engine.service [req-068c2add-155c-4aa0-9f07-c05c1fe6fbb4 - - - - -] Service d932cf50-3f61-4479-82c3-6f3c042ef6c8 is updated service_manage_report /usr/lib/python3/dist-packages/heat/engine/service.py:2370
2026-02-19 01:19:24.201 38740 DEBUG heat.engine.service [req-cebaad90-e1f4-41a3-a97a-783405dc9add - - - - -] Service 96b62ffc-9362-4335-af81-3d334351c2fa is updated service_manage_report /usr/lib/python3/dist-packages/heat/engine/service.py:2370
2026-02-19 01:20:24.140 38741 DEBUG heat.engine.service [req-5e77d226-5d2e-4106-96c3-c0ba2d463aa8 - - - - -] Service d40db853-9800-46fd-95e0-a086a6f3a9d4 is updated service_manage_report /usr/lib/python3/dist-packages/heat/engine/service.py:2370
2026-02-19 01:20:24.156 38742 DEBUG heat.engine.service [req-3ef4c8d4-fe22-4ddb-85a0-7ed1540b3175 - - - - -] Service b7d461f1-8dc7-439c-bf9f-dfdd3d0c2356 is updated service_manage_report /usr/lib/python3/dist-packages/heat/engine/service.py:2370
2026-02-19 01:20:24.178 38743 DEBUG heat.engine.service [req-621b616c-c693-42cf-8a65-048457f63f74 - - - - -] Service d932cf50-3f61-4479-82c3-6f3c042ef6c8 is updated service_manage_report /usr/lib/python3/dist-packages/heat/engine/service.py:2370
2026-02-19 01:20:24.192 38740 DEBUG heat.engine.service [req-9ca14d2c-3bff-420b-9e68-cb40ca2e8fde - - - - -] Service 96b62ffc-9362-4335-af81-3d334351c2fa is updated service_manage_report /usr/lib/python3/dist-packages/heat/engine/service.py:2370
2026-02-19 01:21:24.143 38741 DEBUG heat.engine.service [req-0be6e76c-0056-4cbb-ab9b-8cf0e305387a - - - - -] Service d40db853-9800-46fd-95e0-a086a6f3a9d4 is updated service_manage_report /usr/lib/python3/dist-packages/heat/engine/service.py:2370
2026-02-19 01:21:24.158 38742 DEBUG heat.engine.service [req-6048e27e-9398-45da-934c-eb60703acfc6 - - - - -] Service b7d461f1-8dc7-439c-bf9f-dfdd3d0c2356 is updated service_manage_report /usr/lib/python3/dist-packages/heat/engine/service.py:2370
2026-02-19 01:21:24.181 38743 DEBUG heat.engine.service [req-d3adbcc5-fb8a-4626-a9dc-34dd9ced0cb0 - - - - -] Service d932cf50-3f61-4479-82c3-6f3c042ef6c8 is updated service_manage_report /usr/lib/python3/dist-packages/heat/engine/service.py:2370
2026-02-19 01:21:24.195 38740 DEBUG heat.engine.service [req-3d0dd3c7-3638-4c2c-9737-7e880c912047 - - - - -] Service 96b62ffc-9362-4335-af81-3d334351c2fa is updated service_manage_report /usr/lib/python3/dist-packages/heat/engine/service.py:2370
2026-02-19 01:22:24.149 38741 DEBUG heat.engine.service [req-df496898-5d0c-4964-b449-108025a3a2bf - - - - -] Service d40db853-9800-46fd-95e0-a086a6f3a9d4 is updated service_manage_report /usr/lib/python3/dist-packages/heat/engine/service.py:2370
2026-02-19 01:22:24.162 38742 DEBUG heat.engine.service [req-53fad12a-21b9-4c8a-af92-4924f82bc51d - - - - -] Service b7d461f1-8dc7-439c-bf9f-dfdd3d0c2356 is updated service_manage_report /usr/lib/python3/dist-packages/heat/engine/service.py:2370
2026-02-19 01:22:24.184 38743 DEBUG heat.engine.service [req-35c32219-5865-4ad9-b6f1-143e8f5d2127 - - - - -] Service d932cf50-3f61-4479-82c3-6f3c042ef6c8 is updated service_manage_report /usr/lib/python3/dist-packages/heat/engine/service.py:2370
2026-02-19 01:22:24.197 38740 DEBUG heat.engine.service [req-b2e2a249-56c3-4d17-ae35-86f2abca9a35 - - - - -] Service 96b62ffc-9362-4335-af81-3d334351c2fa is updated service_manage_report /usr/lib/python3/dist-packages/heat/engine/service.py:2370
2026-02-19 01:23:24.151 38741 DEBUG heat.engine.service [req-33228e1b-5d49-499a-9943-adca58acc66b - - - - -] Service d40db853-9800-46fd-95e0-a086a6f3a9d4 is updated service_manage_report /usr/lib/python3/dist-packages/heat/engine/service.py:2370
2026-02-19 01:23:24.164 38742 DEBUG heat.engine.service [req-13409396-c559-423f-a9e1-d264a210d84f - - - - -] Service b7d461f1-8dc7-439c-bf9f-dfdd3d0c2356 is updated service_manage_report /usr/lib/python3/dist-packages/heat/engine/service.py:2370
2026-02-19 01:23:24.187 38743 DEBUG heat.engine.service [req-34a8d06e-3e46-4661-9c74-03a148c5b368 - - - - -] Service d932cf50-3f61-4479-82c3-6f3c042ef6c8 is updated service_manage_report /usr/lib/python3/dist-packages/heat/engine/service.py:2370
2026-02-19 01:23:24.199 38740 DEBUG heat.engine.service [req-ab3eb120-1d1c-4606-a805-8f9af150d9b0 - - - - -] Service 96b62ffc-9362-4335-af81-3d334351c2fa is updated service_manage_report /usr/lib/python3/dist-packages/heat/engine/service.py:2370
2026-02-19 01:24:24.154 38741 DEBUG heat.engine.service [req-36e7dad3-41ac-49d6-97a6-ed6ba681b1ba - - - - -] Service d40db853-9800-46fd-95e0-a086a6f3a9d4 is updated service_manage_report /usr/lib/python3/dist-packages/heat/engine/service.py:2370
2026-02-19 01:24:24.167 38742 DEBUG heat.engine.service [req-c6d5d730-0066-45aa-8db8-13afd852aa2c - - - - -] Service b7d461f1-8dc7-439c-bf9f-dfdd3d0c2356 is updated service_manage_report /usr/lib/python3/dist-packages/heat/engine/service.py:2370
2026-02-19 01:24:24.190 38743 DEBUG heat.engine.service [req-4dc51be3-ce32-4415-a58b-003e82470a72 - - - - -] Service d932cf50-3f61-4479-82c3-6f3c042ef6c8 is updated service_manage_report /usr/lib/python3/dist-packages/heat/engine/service.py:2370
2026-02-19 01:24:24.204 38740 DEBUG heat.engine.service [req-7094f00b-190b-4f90-b112-15c39402a3ad - - - - -] Service 96b62ffc-9362-4335-af81-3d334351c2fa is updated service_manage_report /usr/lib/python3/dist-packages/heat/engine/service.py:2370
2026-02-19 01:25:24.160 38741 DEBUG heat.engine.service [req-0ccbc883-03d8-4f24-8a4a-a0b43f1d63f0 - - - - -] Service d40db853-9800-46fd-95e0-a086a6f3a9d4 is updated service_manage_report /usr/lib/python3/dist-packages/heat/engine/service.py:2370
2026-02-19 01:25:24.172 38742 DEBUG heat.engine.service [req-fec1b340-11e8-4654-9429-5a8ab689c8d6 - - - - -] Service b7d461f1-8dc7-439c-bf9f-dfdd3d0c2356 is updated service_manage_report /usr/lib/python3/dist-packages/heat/engine/service.py:2370
2026-02-19 01:25:24.194 38743 DEBUG heat.engine.service [req-358b6f82-0cc6-4589-802c-571d5d0be403 - - - - -] Service d932cf50-3f61-4479-82c3-6f3c042ef6c8 is updated service_manage_report /usr/lib/python3/dist-packages/heat/engine/service.py:2370
2026-02-19 01:25:24.209 38740 DEBUG heat.engine.service [req-2da2ae4e-a465-4f85-8350-9b686cb37305 - - - - -] Service 96b62ffc-9362-4335-af81-3d334351c2fa is updated service_manage_report /usr/lib/python3/dist-packages/heat/engine/service.py:2370
2026-02-19 01:26:24.163 38741 DEBUG heat.engine.service [req-4bf4fe74-8acc-499a-bfd9-cb6e6d4fa6fb - - - - -] Service d40db853-9800-46fd-95e0-a086a6f3a9d4 is updated service_manage_report /usr/lib/python3/dist-packages/heat/engine/service.py:2370
2026-02-19 01:26:24.173 38742 DEBUG heat.engine.service [req-976f5d03-06f6-4ba4-8b35-4ea925d99735 - - - - -] Service b7d461f1-8dc7-439c-bf9f-dfdd3d0c2356 is updated service_manage_report /usr/lib/python3/dist-packages/heat/engine/service.py:2370
2026-02-19 01:26:24.201 38743 DEBUG heat.engine.service [req-2f04c410-de46-421b-97db-88b177e1faf2 - - - - -] Service d932cf50-3f61-4479-82c3-6f3c042ef6c8 is updated service_manage_report /usr/lib/python3/dist-packages/heat/engine/service.py:2370
2026-02-19 01:26:24.212 38740 DEBUG heat.engine.service [req-c0ab292a-c2ed-40c0-bab6-7ced60e33f9c - - - - -] Service 96b62ffc-9362-4335-af81-3d334351c2fa is updated service_manage_report /usr/lib/python3/dist-packages/heat/engine/service.py:2370
2026-02-19 01:27:24.167 38741 DEBUG heat.engine.service [req-fde33398-5224-4df6-a0c2-a8aabae162b9 - - - - -] Service d40db853-9800-46fd-95e0-a086a6f3a9d4 is updated service_manage_report /usr/lib/python3/dist-packages/heat/engine/service.py:2370
2026-02-19 01:27:24.176 38742 DEBUG heat.engine.service [req-f23df12a-0ebd-432d-b0e0-e20293db46ed - - - - -] Service b7d461f1-8dc7-439c-bf9f-dfdd3d0c2356 is updated service_manage_report /usr/lib/python3/dist-packages/heat/engine/service.py:2370
2026-02-19 01:27:24.194 38743 DEBUG heat.engine.service [req-bedb358a-5b8b-416e-a169-5e3b224a8d8a - - - - -] Service d932cf50-3f61-4479-82c3-6f3c042ef6c8 is updated service_manage_report /usr/lib/python3/dist-packages/heat/engine/service.py:2370
2026-02-19 01:27:24.215 38740 DEBUG heat.engine.service [req-3fc55650-aa6a-4301-b006-2668376b5453 - - - - -] Service 96b62ffc-9362-4335-af81-3d334351c2fa is updated service_manage_report /usr/lib/python3/dist-packages/heat/engine/service.py:2370
2026-02-19 01:28:24.171 38741 DEBUG heat.engine.service [req-d22ceb80-fec6-4aed-a624-d8d11304e1f5 - - - - -] Service d40db853-9800-46fd-95e0-a086a6f3a9d4 is updated service_manage_report /usr/lib/python3/dist-packages/heat/engine/service.py:2370
2026-02-19 01:28:24.178 38742 DEBUG heat.engine.service [req-581d8d93-b2b7-4fab-ba24-6381bc1d3562 - - - - -] Service b7d461f1-8dc7-439c-bf9f-dfdd3d0c2356 is updated service_manage_report /usr/lib/python3/dist-packages/heat/engine/service.py:2370
2026-02-19 01:28:24.199 38743 DEBUG heat.engine.service [req-232c1d5b-e261-42ef-ab6a-76d477ba9b50 - - - - -] Service d932cf50-3f61-4479-82c3-6f3c042ef6c8 is updated service_manage_report /usr/lib/python3/dist-packages/heat/engine/service.py:2370
2026-02-19 01:28:24.219 38740 DEBUG heat.engine.service [req-8a136fbe-a5e3-4811-8bce-2fd132f903df - - - - -] Service 96b62ffc-9362-4335-af81-3d334351c2fa is updated service_manage_report /usr/lib/python3/dist-packages/heat/engine/service.py:2370
2026-02-19 01:29:24.175 38741 DEBUG heat.engine.service [req-4b5df656-2b6b-4f5a-a959-5d991777c313 - - - - -] Service d40db853-9800-46fd-95e0-a086a6f3a9d4 is updated service_manage_report /usr/lib/python3/dist-packages/heat/engine/service.py:2370
2026-02-19 01:29:24.179 38742 DEBUG heat.engine.service [req-ec8cb420-2931-42b2-bcee-af70ed16f56e - - - - -] Service b7d461f1-8dc7-439c-bf9f-dfdd3d0c2356 is updated service_manage_report /usr/lib/python3/dist-packages/heat/engine/service.py:2370
2026-02-19 01:29:24.202 38743 DEBUG heat.engine.service [req-be9d5cd8-a1dd-4cd5-a649-cd92291bcbc6 - - - - -] Service d932cf50-3f61-4479-82c3-6f3c042ef6c8 is updated service_manage_report /usr/lib/python3/dist-packages/heat/engine/service.py:2370
2026-02-19 01:29:24.222 38740 DEBUG heat.engine.service [req-b3bacd33-9291-44bb-9680-4621be9f54bd - - - - -] Service 96b62ffc-9362-4335-af81-3d334351c2fa is updated service_manage_report /usr/lib/python3/dist-packages/heat/engine/service.py:2370
2026-02-19 01:30:24.181 38741 DEBUG heat.engine.service [req-db521500-7f6f-492f-8a40-edd8ab7754ef - - - - -] Service d40db853-9800-46fd-95e0-a086a6f3a9d4 is updated service_manage_report /usr/lib/python3/dist-packages/heat/engine/service.py:2370
2026-02-19 01:30:24.186 38742 DEBUG heat.engine.service [req-417e9995-1621-439c-93ce-98b230a5e462 - - - - -] Service b7d461f1-8dc7-439c-bf9f-dfdd3d0c2356 is updated service_manage_report /usr/lib/python3/dist-packages/heat/engine/service.py:2370
2026-02-19 01:30:24.204 38743 DEBUG heat.engine.service [req-b52f1548-dde0-4e18-81e1-c6c045bb0279 - - - - -] Service d932cf50-3f61-4479-82c3-6f3c042ef6c8 is updated service_manage_report /usr/lib/python3/dist-packages/heat/engine/service.py:2370
2026-02-19 01:30:24.225 38740 DEBUG heat.engine.service [req-3083081c-247d-458d-b945-22cecf4d392b - - - - -] Service 96b62ffc-9362-4335-af81-3d334351c2fa is updated service_manage_report /usr/lib/python3/dist-packages/heat/engine/service.py:2370
2026-02-19 01:31:24.176 38741 DEBUG heat.engine.service [req-1a5a3e40-c6df-4d48-b9de-6e62ca8ca707 - - - - -] Service d40db853-9800-46fd-95e0-a086a6f3a9d4 is updated service_manage_report /usr/lib/python3/dist-packages/heat/engine/service.py:2370
2026-02-19 01:31:24.183 38742 DEBUG heat.engine.service [req-cb9966ed-6829-4d07-9b02-22dd328b1ddf - - - - -] Service b7d461f1-8dc7-439c-bf9f-dfdd3d0c2356 is updated service_manage_report /usr/lib/python3/dist-packages/heat/engine/service.py:2370
2026-02-19 01:31:24.208 38743 DEBUG heat.engine.service [req-ae9078ed-e051-4837-9ef1-f4afc8eef70a - - - - -] Service d932cf50-3f61-4479-82c3-6f3c042ef6c8 is updated service_manage_report /usr/lib/python3/dist-packages/heat/engine/service.py:2370
2026-02-19 01:31:24.229 38740 DEBUG heat.engine.service [req-a1aba9cf-c786-40d0-af76-5fd04bfa7596 - - - - -] Service 96b62ffc-9362-4335-af81-3d334351c2fa is updated service_manage_report /usr/lib/python3/dist-packages/heat/engine/service.py:2370
2026-02-19 01:32:24.179 38742 DEBUG heat.engine.service [req-c90627fd-ba5e-489c-95b3-dd7261ce4088 - - - - -] Service b7d461f1-8dc7-439c-bf9f-dfdd3d0c2356 is updated service_manage_report /usr/lib/python3/dist-packages/heat/engine/service.py:2370
2026-02-19 01:32:24.181 38741 DEBUG heat.engine.service [req-ea2d095c-e703-47e9-80b7-8f3035a37f1d - - - - -] Service d40db853-9800-46fd-95e0-a086a6f3a9d4 is updated service_manage_report /usr/lib/python3/dist-packages/heat/engine/service.py:2370
2026-02-19 01:32:24.215 38743 DEBUG heat.engine.service [req-63afe9d4-3769-4894-b8b9-b59c9a1874ac - - - - -] Service d932cf50-3f61-4479-82c3-6f3c042ef6c8 is updated service_manage_report /usr/lib/python3/dist-packages/heat/engine/service.py:2370
2026-02-19 01:32:24.233 38740 DEBUG heat.engine.service [req-2f334989-3bfd-4763-8484-76b285655787 - - - - -] Service 96b62ffc-9362-4335-af81-3d334351c2fa is updated service_manage_report /usr/lib/python3/dist-packages/heat/engine/service.py:2370
2026-02-19 01:33:24.172 38742 DEBUG heat.engine.service [req-bcd933c0-8e64-4c84-bbbe-fe40c6b641aa - - - - -] Service b7d461f1-8dc7-439c-bf9f-dfdd3d0c2356 is updated service_manage_report /usr/lib/python3/dist-packages/heat/engine/service.py:2370
2026-02-19 01:33:24.184 38741 DEBUG heat.engine.service [req-efef39c7-7151-4e01-994f-df0bfc4b7b30 - - - - -] Service d40db853-9800-46fd-95e0-a086a6f3a9d4 is updated service_manage_report /usr/lib/python3/dist-packages/heat/engine/service.py:2370
2026-02-19 01:33:24.209 38743 DEBUG heat.engine.service [req-ef1c25c7-8e4e-4737-9677-38a4caf51504 - - - - -] Service d932cf50-3f61-4479-82c3-6f3c042ef6c8 is updated service_manage_report /usr/lib/python3/dist-packages/heat/engine/service.py:2370
2026-02-19 01:33:24.236 38740 DEBUG heat.engine.service [req-ab9887cd-80fb-498f-93cf-5e123bd815eb - - - - -] Service 96b62ffc-9362-4335-af81-3d334351c2fa is updated service_manage_report /usr/lib/python3/dist-packages/heat/engine/service.py:2370
2026-02-19 01:34:24.260 38741 DEBUG heat.engine.service [req-dc204566-5d8c-4579-8277-1283ba77c5e4 - - - - -] Service d40db853-9800-46fd-95e0-a086a6f3a9d4 is updated service_manage_report /usr/lib/python3/dist-packages/heat/engine/service.py:2370
2026-02-19 01:34:24.260 38742 DEBUG heat.engine.service [req-13b4151a-dd69-4f6d-ae26-8ef3eb09bb95 - - - - -] Service b7d461f1-8dc7-439c-bf9f-dfdd3d0c2356 is updated service_manage_report /usr/lib/python3/dist-packages/heat/engine/service.py:2370
2026-02-19 01:34:24.264 38743 DEBUG heat.engine.service [req-0b35de70-6e4f-4e12-b803-816dc506e8e7 - - - - -] Service d932cf50-3f61-4479-82c3-6f3c042ef6c8 is updated service_manage_report /usr/lib/python3/dist-packages/heat/engine/service.py:2370
2026-02-19 01:34:24.270 38740 DEBUG heat.engine.service [req-b30ef4c5-5e06-4630-b154-0e066ac81231 - - - - -] Service 96b62ffc-9362-4335-af81-3d334351c2fa is updated service_manage_report /usr/lib/python3/dist-packages/heat/engine/service.py:2370
2026-02-19 01:35:24.495 38743 DEBUG heat.engine.service [req-f1af5530-cbcd-4f25-9e61-f107d9e60c03 - - - - -] Service d932cf50-3f61-4479-82c3-6f3c042ef6c8 is updated service_manage_report /usr/lib/python3/dist-packages/heat/engine/service.py:2370
2026-02-19 01:35:24.495 38741 DEBUG heat.engine.service [req-a7077646-2f38-41be-9581-8b90d1cb2628 - - - - -] Service d40db853-9800-46fd-95e0-a086a6f3a9d4 is updated service_manage_report /usr/lib/python3/dist-packages/heat/engine/service.py:2370
2026-02-19 01:35:24.495 38742 DEBUG heat.engine.service [req-f1b2e975-6543-4325-acb6-1f5d5a597c30 - - - - -] Service b7d461f1-8dc7-439c-bf9f-dfdd3d0c2356 is updated service_manage_report /usr/lib/python3/dist-packages/heat/engine/service.py:2370
2026-02-19 01:35:24.549 38740 DEBUG heat.engine.service [req-ffa8387e-d2ed-4acf-bf79-e734f293fb63 - - - - -] Service 96b62ffc-9362-4335-af81-3d334351c2fa is updated service_manage_report /usr/lib/python3/dist-packages/heat/engine/service.py:2370
2026-02-19 01:35:29.440 38743 DEBUG heat.engine.service [-] Attempting to stop engine service... _stop_rpc_server /usr/lib/python3/dist-packages/heat/engine/service.py:437
2026-02-19 01:35:29.440 38741 DEBUG heat.engine.service [-] Attempting to stop engine service... _stop_rpc_server /usr/lib/python3/dist-packages/heat/engine/service.py:437
2026-02-19 01:35:29.440 38742 DEBUG heat.engine.service [-] Attempting to stop engine service... _stop_rpc_server /usr/lib/python3/dist-packages/heat/engine/service.py:437
2026-02-19 01:35:29.440 38740 DEBUG heat.engine.service [-] Attempting to stop engine service... _stop_rpc_server /usr/lib/python3/dist-packages/heat/engine/service.py:437
2026-02-19 01:35:29.445 38526 INFO oslo_service.service [-] Caught SIGTERM, stopping children
2026-02-19 01:35:29.446 38526 DEBUG oslo_concurrency.lockutils [-] Acquired lock "singleton_lock" lock /usr/lib/python3/dist-packages/oslo_concurrency/lockutils.py:294
2026-02-19 01:35:29.446 38526 DEBUG oslo_concurrency.lockutils [-] Releasing lock "singleton_lock" lock /usr/lib/python3/dist-packages/oslo_concurrency/lockutils.py:312
2026-02-19 01:35:29.446 38526 DEBUG oslo_service.service [-] Stop services. stop /usr/lib/python3/dist-packages/oslo_service/service.py:695
2026-02-19 01:35:29.446 38526 INFO heat.engine.service [-] All threads were gone, terminating engine
2026-02-19 01:35:29.447 38526 DEBUG oslo_service.service [-] Killing children. stop /usr/lib/python3/dist-packages/oslo_service/service.py:700
2026-02-19 01:35:29.462 38526 INFO oslo_service.service [-] Waiting on 4 children to exit
2026-02-19 01:35:29.464 38526 INFO oslo_service.service [-] Child 38740 killed by signal 15
2026-02-19 01:35:29.464 38526 INFO oslo_service.service [-] Child 38741 killed by signal 15
2026-02-19 01:35:29.465 38526 INFO oslo_service.service [-] Child 38742 killed by signal 15
2026-02-19 01:35:29.465 38526 INFO oslo_service.service [-] Child 38743 killed by signal 15
2026-02-19 01:35:31.385 60524 DEBUG oslo_concurrency.lockutils [-] Lock "context-manager" acquired by "neutron_lib.db.api._create_context_manager" :: waited 0.000s inner /usr/lib/python3/dist-packages/oslo_concurrency/lockutils.py:386
2026-02-19 01:35:31.385 60524 DEBUG oslo_concurrency.lockutils [-] Lock "context-manager" "released" by "neutron_lib.db.api._create_context_manager" :: held 0.000s inner /usr/lib/python3/dist-packages/oslo_concurrency/lockutils.py:400
2026-02-19 01:35:31.635 60524 WARNING heat.engine.environment [-] OS::Aodh::Alarm is DEPRECATED. Theshold alarm relies on ceilometer-api and has been deprecated in aodh since Ocata. Use OS::Aodh::GnocchiAggregationByResourcesAlarm instead.
2026-02-19 01:35:31.635 60524 WARNING heat.engine.environment [-] OS::Aodh::CombinationAlarm is HIDDEN. OS::Aodh::CombinationAlarm is deprecated and has been removed from Aodh, use OS::Aodh::CompositeAlarm instead.
2026-02-19 01:35:31.635 60524 WARNING heat.engine.environment [-] OS::Designate::Domain is HIDDEN. This resource has been removed, use OS::Designate::Zone instead.
2026-02-19 01:35:31.636 60524 WARNING heat.engine.environment [-] OS::Designate::Record is HIDDEN. This resource has been removed, use OS::Designate::RecordSet instead.
2026-02-19 01:35:31.636 60524 WARNING heat.engine.environment [-] OS::Glance::Image is DEPRECATED. Creating a Glance Image based on an existing URL location requires the Glance v1 API, which is deprecated.
2026-02-19 01:35:31.636 60524 WARNING heat.engine.environment [-] OS::Heat::HARestarter is HIDDEN. The HARestarter resource type has been removed. Existing stacks containing HARestarter resources can still be used, but the HARestarter resource will be a placeholder that does nothing.
2026-02-19 01:35:31.637 60524 WARNING heat.engine.environment [-] OS::Heat::SoftwareDeployments is HIDDEN. Please use OS::Heat::SoftwareDeploymentGroup instead.
2026-02-19 01:35:31.637 60524 WARNING heat.engine.environment [-] OS::Heat::StructuredDeployments is HIDDEN. Please use OS::Heat::StructuredDeploymentGroup instead.
2026-02-19 01:35:31.637 60524 WARNING heat.engine.environment [-] OS::Magnum::Bay is HIDDEN. Please use OS::Magnum::Cluster instead.
2026-02-19 01:35:31.637 60524 WARNING heat.engine.environment [-] OS::Magnum::BayModel is HIDDEN. Please use OS::Magnum::ClusterTemplate instead.
2026-02-19 01:35:31.638 60524 WARNING heat.engine.environment [-] OS::Neutron::ExtraRoute is UNSUPPORTED. Use this resource at your own risk.
2026-02-19 01:35:31.638 60524 WARNING heat.engine.environment [-] OS::Neutron::HealthMonitor is HIDDEN. Use LBaaS V2 instead.
2026-02-19 01:35:31.638 60524 WARNING heat.engine.environment [-] OS::Neutron::Pool is HIDDEN. Use LBaaS V2 instead.
2026-02-19 01:35:31.638 60524 WARNING heat.engine.environment [-] OS::Neutron::PoolMember is HIDDEN. Use LBaaS V2 instead.
2026-02-19 01:35:31.638 60524 WARNING heat.engine.environment [-] OS::Neutron::LoadBalancer is HIDDEN. Use LBaaS V2 instead.
2026-02-19 01:35:31.638 60524 WARNING heat.engine.environment [-] OS::Neutron::RouterGateway is HIDDEN. Use the `external_gateway_info` property in the router resource to set up the gateway.
2026-02-19 01:35:31.639 60524 WARNING heat.engine.environment [-] OS::Nova::FloatingIP is HIDDEN. Please use OS::Neutron::FloatingIP instead.
2026-02-19 01:35:31.639 60524 WARNING heat.engine.environment [-] OS::Nova::FloatingIPAssociation is HIDDEN. Please use OS::Neutron::FloatingIPAssociation instead.
2026-02-19 01:35:31.640 60524 INFO heat.engine.environment [-] Loading /etc/heat/environment.d/default.yaml
2026-02-19 01:35:31.641 60524 INFO heat.engine.environment [-] Registered: [Plugin](User:False) AWS::AutoScaling::AutoScalingGroup ->
2026-02-19 01:35:31.641 60524 INFO heat.engine.environment [-] Registered: [Plugin](User:False) AWS::AutoScaling::LaunchConfiguration ->
2026-02-19 01:35:31.641 60524 INFO heat.engine.environment [-] Registered: [Plugin](User:False) AWS::AutoScaling::ScalingPolicy ->
2026-02-19 01:35:31.641 60524 INFO heat.engine.environment [-] Registered: [Plugin](User:False) AWS::CloudFormation::Stack ->
2026-02-19 01:35:31.641 60524 INFO heat.engine.environment [-] Registered: [Plugin](User:False) AWS::CloudFormation::WaitCondition ->
2026-02-19 01:35:31.641 60524 INFO heat.engine.environment [-] Registered: [Plugin](User:False) AWS::CloudFormation::WaitConditionHandle ->
2026-02-19 01:35:31.641 60524 INFO heat.engine.environment [-] Registered: [Plugin](User:False) AWS::EC2::EIP ->
2026-02-19 01:35:31.641 60524 INFO heat.engine.environment [-] Registered: [Plugin](User:False) AWS::EC2::EIPAssociation ->
2026-02-19 01:35:31.641 60524 INFO heat.engine.environment [-] Registered: [Plugin](User:False) AWS::EC2::Instance ->
2026-02-19 01:35:31.641 60524 INFO heat.engine.environment [-] Registered: [Plugin](User:False) AWS::EC2::InternetGateway ->
2026-02-19 01:35:31.642 60524 INFO heat.engine.environment [-] Registered: [Plugin](User:False) AWS::EC2::VPCGatewayAttachment ->
2026-02-19 01:35:31.642 60524 INFO heat.engine.environment [-] Registered: [Plugin](User:False) AWS::EC2::NetworkInterface ->
2026-02-19 01:35:31.642 60524 INFO heat.engine.environment [-] Registered: [Plugin](User:False) AWS::EC2::RouteTable ->
2026-02-19 01:35:31.642 60524 INFO heat.engine.environment [-] Registered: [Plugin](User:False) AWS::EC2::SubnetRouteTableAssociation ->
2026-02-19 01:35:31.642 60524 INFO heat.engine.environment [-] Registered: [Plugin](User:False) AWS::EC2::SecurityGroup ->
2026-02-19 01:35:31.642 60524 INFO heat.engine.environment [-] Registered: [Plugin](User:False) AWS::EC2::Subnet ->
2026-02-19 01:35:31.642 60524 INFO heat.engine.environment [-] Registered: [Plugin](User:False) AWS::EC2::Volume ->
2026-02-19 01:35:31.642 60524 INFO heat.engine.environment [-] Registered: [Plugin](User:False) AWS::EC2::VolumeAttachment ->
2026-02-19 01:35:31.642 60524 INFO heat.engine.environment [-] Registered: [Plugin](User:False) AWS::EC2::VPC ->
2026-02-19 01:35:31.642 60524 INFO heat.engine.environment [-] Registered: [Plugin](User:False) AWS::IAM::User ->
2026-02-19 01:35:31.642 60524 INFO heat.engine.environment [-] Registered: [Plugin](User:False) AWS::IAM::AccessKey ->
2026-02-19 01:35:31.642 60524 INFO heat.engine.environment [-] Registered: [Plugin](User:False) AWS::ElasticLoadBalancing::LoadBalancer ->
2026-02-19 01:35:31.643 60524 INFO heat.engine.environment [-] Registered: [Plugin](User:False) AWS::S3::Bucket ->
2026-02-19 01:35:31.643 60524 INFO heat.engine.environment [-] Registered: [Plugin](User:False) OS::Aodh::Alarm ->
2026-02-19 01:35:31.643 60524 INFO heat.engine.environment [-] Registered: [Plugin](User:False) OS::Aodh::CombinationAlarm ->
2026-02-19 01:35:31.643 60524 INFO heat.engine.environment [-] Registered: [Plugin](User:False) OS::Aodh::EventAlarm ->
2026-02-19 01:35:31.643 60524 INFO heat.engine.environment [-] Registered: [Plugin](User:False) OS::Aodh::LBMemberHealthAlarm ->
2026-02-19 01:35:31.643 60524 INFO heat.engine.environment [-] Registered: [Plugin](User:False) OS::Aodh::CompositeAlarm ->
2026-02-19 01:35:31.643 60524 INFO heat.engine.environment [-] Registered: [Plugin](User:False) OS::Aodh::GnocchiResourcesAlarm ->
2026-02-19 01:35:31.643 60524 INFO heat.engine.environment [-] Registered: [Plugin](User:False) OS::Aodh::GnocchiAggregationByMetricsAlarm ->
2026-02-19 01:35:31.643 60524 INFO heat.engine.environment [-] Registered: [Plugin](User:False) OS::Aodh::GnocchiAggregationByResourcesAlarm ->
2026-02-19 01:35:31.643 60524 INFO heat.engine.environment [-] Registered: [Plugin](User:False) OS::Barbican::GenericContainer ->
2026-02-19 01:35:31.643 60524 INFO heat.engine.environment [-] Registered: [Plugin](User:False) OS::Barbican::CertificateContainer ->
2026-02-19 01:35:31.643 60524 INFO heat.engine.environment [-] Registered: [Plugin](User:False) OS::Barbican::RSAContainer ->
2026-02-19 01:35:31.644 60524 INFO heat.engine.environment [-] Registered: [Plugin](User:False) OS::Barbican::Order ->
2026-02-19 01:35:31.644 60524 INFO heat.engine.environment [-] Registered: [Plugin](User:False) OS::Barbican::Secret ->
2026-02-19 01:35:31.644 60524 INFO heat.engine.environment [-] Registered: [Plugin](User:False) OS::Blazar::Host ->
2026-02-19 01:35:31.644 60524 INFO heat.engine.environment [-] Registered: [Plugin](User:False) OS::Blazar::Lease ->
2026-02-19 01:35:31.644 60524 INFO heat.engine.environment [-] Registered: [Plugin](User:False) OS::Cinder::EncryptedVolumeType ->
2026-02-19 01:35:31.644 60524 INFO heat.engine.environment [-] Registered: [Plugin](User:False) OS::Cinder::QoSSpecs ->
2026-02-19 01:35:31.644 60524 INFO heat.engine.environment [-] Registered: [Plugin](User:False) OS::Cinder::QoSAssociation ->
2026-02-19 01:35:31.644 60524 INFO heat.engine.environment [-] Registered: [Plugin](User:False) OS::Cinder::Quota ->
2026-02-19 01:35:31.644 60524 INFO heat.engine.environment [-] Registered: [Plugin](User:False) OS::Cinder::Volume ->
2026-02-19 01:35:31.644 60524 INFO heat.engine.environment [-] Registered: [Plugin](User:False) OS::Cinder::VolumeAttachment ->
2026-02-19 01:35:31.644 60524 INFO heat.engine.environment [-] Registered: [Plugin](User:False) OS::Cinder::VolumeType ->
2026-02-19 01:35:31.645 60524 INFO heat.engine.environment [-] Registered: [Plugin](User:False) OS::Designate::Domain ->
2026-02-19 01:35:31.645 60524 INFO heat.engine.environment [-] Registered: [Plugin](User:False) OS::Designate::Record ->
2026-02-19 01:35:31.645 60524 INFO heat.engine.environment [-] Registered: [Plugin](User:False) OS::Designate::RecordSet ->
2026-02-19 01:35:31.645 60524 INFO heat.engine.environment [-] Registered: [Plugin](User:False) OS::Designate::Zone ->
2026-02-19 01:35:31.645 60524 INFO heat.engine.environment [-] Registered: [Plugin](User:False) OS::Glance::Image ->
2026-02-19 01:35:31.645 60524 INFO heat.engine.environment [-] Registered: [Plugin](User:False) OS::Glance::WebImage ->
2026-02-19 01:35:31.645 60524 INFO heat.engine.environment [-] Registered: [Plugin](User:False) OS::Heat::AccessPolicy ->
2026-02-19 01:35:31.645 60524 INFO heat.engine.environment [-] Registered: [Plugin](User:False) OS::Heat::AutoScalingGroup ->
2026-02-19 01:35:31.645 60524 INFO heat.engine.environment [-] Registered: [Plugin](User:False) OS::Heat::CloudConfig ->
2026-02-19 01:35:31.645 60524 INFO heat.engine.environment [-] Registered: [Plugin](User:False) OS::Heat::Delay ->
2026-02-19 01:35:31.645 60524 INFO heat.engine.environment [-] Registered: [Plugin](User:False) OS::Heat::DeployedServer ->
2026-02-19 01:35:31.645 60524 INFO heat.engine.environment [-] Registered: [Plugin](User:False) OS::Heat::HARestarter ->
2026-02-19 01:35:31.646 60524 INFO heat.engine.environment [-] Registered: [Plugin](User:False) OS::Heat::InstanceGroup ->
2026-02-19 01:35:31.646 60524 INFO heat.engine.environment [-] Registered: [Plugin](User:False) OS::Heat::MultipartMime ->
2026-02-19 01:35:31.646 60524 INFO heat.engine.environment [-] Registered: [Plugin](User:False) OS::Heat::None ->
2026-02-19 01:35:31.646 60524 INFO heat.engine.environment [-] Registered: [Plugin](User:False) OS::Heat::RandomString ->
2026-02-19 01:35:31.646 60524 INFO heat.engine.environment [-] Registered: [Plugin](User:False) OS::Heat::Stack ->
2026-02-19 01:35:31.646 60524 INFO heat.engine.environment [-] Registered: [Plugin](User:False) OS::Heat::ResourceChain ->
2026-02-19 01:35:31.646 60524 INFO heat.engine.environment [-] Registered: [Plugin](User:False) OS::Heat::ResourceGroup ->
2026-02-19 01:35:31.646 60524 INFO heat.engine.environment [-] Registered: [Plugin](User:False) OS::Heat::ScalingPolicy ->
2026-02-19 01:35:31.646 60524 INFO heat.engine.environment [-] Registered: [Plugin](User:False) OS::Heat::SoftwareComponent ->
2026-02-19 01:35:31.647 60524 INFO heat.engine.environment [-] Registered: [Plugin](User:False) OS::Heat::SoftwareConfig ->
2026-02-19 01:35:31.686 60524 INFO heat.engine.environment [-] Registered: [Plugin](User:False) OS::Heat::SoftwareDeployment ->
2026-02-19 01:35:31.687 60524 INFO heat.engine.environment [-] Registered: [Plugin](User:False) OS::Heat::SoftwareDeploymentGroup ->
2026-02-19 01:35:31.687 60524 INFO heat.engine.environment [-] Registered: [Plugin](User:False) OS::Heat::SoftwareDeployments ->
2026-02-19 01:35:31.687 60524 INFO heat.engine.environment [-] Registered: [Plugin](User:False) OS::Heat::StructuredConfig ->
2026-02-19 01:35:31.687 60524 INFO heat.engine.environment [-] Registered: [Plugin](User:False) OS::Heat::StructuredDeployment ->
2026-02-19 01:35:31.687 60524 INFO heat.engine.environment [-] Registered: [Plugin](User:False) OS::Heat::StructuredDeploymentGroup ->
2026-02-19 01:35:31.687 60524 INFO heat.engine.environment [-] Registered: [Plugin](User:False) OS::Heat::StructuredDeployments ->
2026-02-19 01:35:31.689 60524 INFO heat.engine.environment [-] Registered: [Plugin](User:False) OS::Heat::SwiftSignal ->
2026-02-19 01:35:31.689 60524 INFO heat.engine.environment [-] Registered: [Plugin](User:False) OS::Heat::SwiftSignalHandle ->
2026-02-19 01:35:31.689 60524 INFO heat.engine.environment [-] Registered: [Plugin](User:False) OS::Heat::TestResource ->
2026-02-19 01:35:31.690 60524 INFO heat.engine.environment [-] Registered: [Plugin](User:False) OS::Heat::Value ->
2026-02-19 01:35:31.690 60524 INFO heat.engine.environment [-] Registered: [Plugin](User:False) OS::Heat::WaitCondition ->
2026-02-19 01:35:31.690 60524 INFO heat.engine.environment [-] Registered: [Plugin](User:False) OS::Heat::WaitConditionHandle ->
2026-02-19 01:35:31.690 60524 INFO heat.engine.environment [-] Registered: [Plugin](User:False) OS::Heat::UpdateWaitConditionHandle ->
2026-02-19 01:35:31.690 60524 INFO heat.engine.environment [-] Registered: [Plugin](User:False) OS::Ironic::Port ->
2026-02-19 01:35:31.690 60524 INFO heat.engine.environment [-] Registered: [Plugin](User:False) OS::Keystone::Domain ->
2026-02-19 01:35:31.690 60524 INFO heat.engine.environment [-] Registered: [Plugin](User:False) OS::Keystone::Endpoint ->
2026-02-19 01:35:31.690 60524 INFO heat.engine.environment [-] Registered: [Plugin](User:False) OS::Keystone::Group ->
2026-02-19 01:35:31.690 60524 INFO heat.engine.environment [-] Registered: [Plugin](User:False) OS::Keystone::Project ->
2026-02-19 01:35:31.690 60524 INFO heat.engine.environment [-] Registered: [Plugin](User:False) OS::Keystone::Region ->
2026-02-19 01:35:31.690 60524 INFO heat.engine.environment [-] Registered: [Plugin](User:False) OS::Keystone::Role ->
2026-02-19 01:35:31.691 60524 INFO heat.engine.environment [-] Registered: [Plugin](User:False) OS::Keystone::UserRoleAssignment ->
2026-02-19 01:35:31.691 60524 INFO heat.engine.environment [-] Registered: [Plugin](User:False) OS::Keystone::GroupRoleAssignment ->
2026-02-19 01:35:31.691 60524 INFO heat.engine.environment [-] Registered: [Plugin](User:False) OS::Keystone::Service ->
2026-02-19 01:35:31.691 60524 INFO heat.engine.environment [-] Registered: [Plugin](User:False) OS::Keystone::User ->
2026-02-19 01:35:31.691 60524 INFO heat.engine.environment [-] Registered: [Plugin](User:False) OS::Magnum::Bay ->
2026-02-19 01:35:31.691 60524 INFO heat.engine.environment [-] Registered: [Plugin](User:False) OS::Magnum::BayModel ->
2026-02-19 01:35:31.691 60524 INFO heat.engine.environment [-] Registered: [Plugin](User:False) OS::Magnum::Cluster ->
2026-02-19 01:35:31.691 60524 INFO heat.engine.environment [-] Registered: [Plugin](User:False) OS::Magnum::ClusterTemplate ->
2026-02-19 01:35:31.691 60524 INFO heat.engine.environment [-] Registered: [Plugin](User:False) OS::Manila::SecurityService ->
2026-02-19 01:35:31.691 60524 INFO heat.engine.environment [-] Registered: [Plugin](User:False) OS::Manila::Share ->
2026-02-19 01:35:31.691 60524 INFO heat.engine.environment [-] Registered: [Plugin](User:False) OS::Manila::ShareNetwork ->
2026-02-19 01:35:31.691 60524 INFO heat.engine.environment [-] Registered: [Plugin](User:False) OS::Manila::ShareType ->
2026-02-19 01:35:31.692 60524 INFO heat.engine.environment [-] Registered: [Plugin](User:False) OS::Mistral::CronTrigger ->
2026-02-19 01:35:31.692 60524 INFO heat.engine.environment [-] Registered: [Plugin](User:False) OS::Mistral::ExternalResource ->
2026-02-19 01:35:31.692 60524 INFO heat.engine.environment [-] Registered: [Plugin](User:False) OS::Mistral::Workflow ->
2026-02-19 01:35:31.692 60524 INFO heat.engine.environment [-] Registered: [Plugin](User:False) OS::Monasca::AlarmDefinition ->
2026-02-19 01:35:31.692 60524 INFO heat.engine.environment [-] Registered: [Plugin](User:False) OS::Monasca::Notification ->
2026-02-19 01:35:31.692 60524 INFO heat.engine.environment [-] Registered: [Plugin](User:False) OS::Neutron::AddressScope ->
2026-02-19 01:35:31.692 60524 INFO heat.engine.environment [-] Registered: [Plugin](User:False) OS::Neutron::ExtraRoute ->
2026-02-19 01:35:31.692 60524 INFO heat.engine.environment [-] Registered: [Plugin](User:False) OS::Neutron::ExtraRouteSet ->
2026-02-19 01:35:31.692 60524 INFO heat.engine.environment [-] Registered: [Plugin](User:False) OS::Neutron::Firewall ->
2026-02-19 01:35:31.692 60524 INFO heat.engine.environment [-] Registered: [Plugin](User:False) OS::Neutron::FirewallPolicy ->
2026-02-19 01:35:31.692 60524 INFO heat.engine.environment [-] Registered: [Plugin](User:False) OS::Neutron::FirewallRule ->
2026-02-19 01:35:31.693 60524 INFO heat.engine.environment [-] Registered: [Plugin](User:False) OS::Neutron::FloatingIP ->
2026-02-19 01:35:31.693 60524 INFO heat.engine.environment [-] Registered: [Plugin](User:False) OS::Neutron::FloatingIPAssociation ->
2026-02-19 01:35:31.693 60524 INFO heat.engine.environment [-] Registered: [Plugin](User:False) OS::Neutron::L2Gateway ->
2026-02-19 01:35:31.693 60524 INFO heat.engine.environment [-] Registered: [Plugin](User:False) OS::Neutron::L2GatewayConnection ->
2026-02-19 01:35:31.693 60524 INFO heat.engine.environment [-] Registered: [Plugin](User:False) OS::Neutron::LBaaS::HealthMonitor ->
2026-02-19 01:35:31.693 60524 INFO heat.engine.environment [-] Registered: [Plugin](User:False) OS::Neutron::LBaaS::L7Policy ->
2026-02-19 01:35:31.693 60524 INFO heat.engine.environment [-] Registered: [Plugin](User:False) OS::Neutron::LBaaS::L7Rule ->
2026-02-19 01:35:31.693 60524 INFO heat.engine.environment [-] Registered: [Plugin](User:False) OS::Neutron::LBaaS::Listener ->
2026-02-19 01:35:31.693 60524 INFO heat.engine.environment [-] Registered: [Plugin](User:False) OS::Neutron::LBaaS::LoadBalancer ->
2026-02-19 01:35:31.693 60524 INFO heat.engine.environment [-] Registered: [Plugin](User:False) OS::Neutron::LBaaS::Pool ->
2026-02-19 01:35:31.693 60524 INFO heat.engine.environment [-] Registered: [Plugin](User:False) OS::Neutron::LBaaS::PoolMember ->
2026-02-19 01:35:31.693 60524 INFO heat.engine.environment [-] Registered: [Plugin](User:False) OS::Neutron::HealthMonitor ->
2026-02-19 01:35:31.694 60524 INFO heat.engine.environment [-] Registered: [Plugin](User:False) OS::Neutron::Pool ->
2026-02-19 01:35:31.694 60524 INFO heat.engine.environment [-] Registered: [Plugin](User:False) OS::Neutron::PoolMember ->
