2026-02-19 01:39:45.730 65160 DEBUG oslo_service.service [-] clients_barbican.insecure = None log_opt_values /usr/lib/python3/dist-packages/oslo_config/cfg.py:2609
2026-02-19 01:39:45.731 65160 DEBUG oslo_service.service [-] clients_barbican.key_file = None log_opt_values /usr/lib/python3/dist-packages/oslo_config/cfg.py:2609
2026-02-19 01:39:45.731 65160 DEBUG oslo_service.service [-] clients_cinder.ca_file = None log_opt_values /usr/lib/python3/dist-packages/oslo_config/cfg.py:2609
2026-02-19 01:39:45.731 65160 DEBUG oslo_service.service [-] clients_cinder.cert_file = None log_opt_values /usr/lib/python3/dist-packages/oslo_config/cfg.py:2609
2026-02-19 01:39:45.731 65160 DEBUG oslo_service.service [-] clients_cinder.endpoint_type = None log_opt_values /usr/lib/python3/dist-packages/oslo_config/cfg.py:2609
2026-02-19 01:39:45.731 65160 DEBUG oslo_service.service [-] clients_cinder.http_log_debug = False log_opt_values /usr/lib/python3/dist-packages/oslo_config/cfg.py:2609
2026-02-19 01:39:45.733 65160 DEBUG oslo_service.service [-] clients_cinder.insecure = None log_opt_values /usr/lib/python3/dist-packages/oslo_config/cfg.py:2609
2026-02-19 01:39:45.733 65160 DEBUG oslo_service.service [-] clients_cinder.key_file = None log_opt_values /usr/lib/python3/dist-packages/oslo_config/cfg.py:2609
2026-02-19 01:39:45.733 65160 DEBUG oslo_service.service [-] clients_designate.ca_file = None log_opt_values /usr/lib/python3/dist-packages/oslo_config/cfg.py:2609
2026-02-19 01:39:45.733 65160 DEBUG oslo_service.service [-] clients_designate.cert_file = None log_opt_values /usr/lib/python3/dist-packages/oslo_config/cfg.py:2609
2026-02-19 01:39:45.733 65160 DEBUG oslo_service.service [-] clients_designate.endpoint_type = None log_opt_values /usr/lib/python3/dist-packages/oslo_config/cfg.py:2609
2026-02-19 01:39:45.734 65160 DEBUG oslo_service.service [-] clients_designate.insecure = None log_opt_values /usr/lib/python3/dist-packages/oslo_config/cfg.py:2609
2026-02-19 01:39:45.734 65160 DEBUG oslo_service.service [-] clients_designate.key_file = None log_opt_values /usr/lib/python3/dist-packages/oslo_config/cfg.py:2609
2026-02-19 01:39:45.734 65160 DEBUG oslo_service.service [-] clients_glance.ca_file = None log_opt_values /usr/lib/python3/dist-packages/oslo_config/cfg.py:2609
2026-02-19 01:39:45.735 65160 DEBUG oslo_service.service [-] clients_glance.cert_file = None log_opt_values /usr/lib/python3/dist-packages/oslo_config/cfg.py:2609
2026-02-19 01:39:45.735 65160 DEBUG oslo_service.service [-] clients_glance.endpoint_type = None log_opt_values /usr/lib/python3/dist-packages/oslo_config/cfg.py:2609
2026-02-19 01:39:45.736 65160 DEBUG oslo_service.service [-] clients_glance.insecure = None log_opt_values /usr/lib/python3/dist-packages/oslo_config/cfg.py:2609
2026-02-19 01:39:45.736 65160 DEBUG oslo_service.service [-] clients_glance.key_file = None log_opt_values /usr/lib/python3/dist-packages/oslo_config/cfg.py:2609
2026-02-19 01:39:45.736 65160 DEBUG oslo_service.service [-] clients_heat.ca_file = None log_opt_values /usr/lib/python3/dist-packages/oslo_config/cfg.py:2609
2026-02-19 01:39:45.739 65160 DEBUG oslo_service.service [-] clients_heat.cert_file = None log_opt_values /usr/lib/python3/dist-packages/oslo_config/cfg.py:2609
2026-02-19 01:39:45.740 65160 DEBUG oslo_service.service [-] clients_heat.endpoint_type = None log_opt_values /usr/lib/python3/dist-packages/oslo_config/cfg.py:2609
2026-02-19 01:39:45.740 65160 DEBUG oslo_service.service [-] clients_heat.insecure = None log_opt_values /usr/lib/python3/dist-packages/oslo_config/cfg.py:2609
2026-02-19 01:39:45.740 65160 DEBUG oslo_service.service [-] clients_heat.key_file = None log_opt_values /usr/lib/python3/dist-packages/oslo_config/cfg.py:2609
2026-02-19 01:39:45.741 65160 DEBUG oslo_service.service [-] clients_heat.url = log_opt_values /usr/lib/python3/dist-packages/oslo_config/cfg.py:2609
2026-02-19 01:39:45.741 65160 DEBUG oslo_service.service [-] clients_keystone.auth_uri = http://252.41.222.224:5050 log_opt_values /usr/lib/python3/dist-packages/oslo_config/cfg.py:2609
2026-02-19 01:39:45.742 65160 DEBUG oslo_service.service [-] clients_keystone.ca_file = None log_opt_values /usr/lib/python3/dist-packages/oslo_config/cfg.py:2609
2026-02-19 01:39:45.742 65160 DEBUG oslo_service.service [-] clients_keystone.cert_file = None log_opt_values /usr/lib/python3/dist-packages/oslo_config/cfg.py:2609
2026-02-19 01:39:45.742 65160 DEBUG oslo_service.service [-] clients_keystone.endpoint_type = None log_opt_values /usr/lib/python3/dist-packages/oslo_config/cfg.py:2609
2026-02-19 01:39:45.743 65160 DEBUG oslo_service.service [-] clients_keystone.insecure = None log_opt_values /usr/lib/python3/dist-packages/oslo_config/cfg.py:2609
2026-02-19 01:39:45.743 65160 DEBUG oslo_service.service [-] clients_keystone.key_file = None log_opt_values /usr/lib/python3/dist-packages/oslo_config/cfg.py:2609
2026-02-19 01:39:45.744 65160 DEBUG oslo_service.service [-] clients_magnum.ca_file = None log_opt_values /usr/lib/python3/dist-packages/oslo_config/cfg.py:2609
2026-02-19 01:39:45.744 65160 DEBUG oslo_service.service [-] clients_magnum.cert_file = None log_opt_values /usr/lib/python3/dist-packages/oslo_config/cfg.py:2609
2026-02-19 01:39:45.744 65160 DEBUG oslo_service.service [-] clients_magnum.endpoint_type = None log_opt_values /usr/lib/python3/dist-packages/oslo_config/cfg.py:2609
2026-02-19 01:39:45.744 65160 DEBUG oslo_service.service [-] clients_magnum.insecure = None log_opt_values /usr/lib/python3/dist-packages/oslo_config/cfg.py:2609
2026-02-19 01:39:45.747 65160 DEBUG oslo_service.service [-] clients_magnum.key_file = None log_opt_values /usr/lib/python3/dist-packages/oslo_config/cfg.py:2609
2026-02-19 01:39:45.747 65160 DEBUG oslo_service.service [-] clients_manila.ca_file = None log_opt_values /usr/lib/python3/dist-packages/oslo_config/cfg.py:2609
2026-02-19 01:39:45.750 65160 DEBUG oslo_service.service [-] clients_manila.cert_file = None log_opt_values /usr/lib/python3/dist-packages/oslo_config/cfg.py:2609
2026-02-19 01:39:45.750 65160 DEBUG oslo_service.service [-] clients_manila.endpoint_type = None log_opt_values /usr/lib/python3/dist-packages/oslo_config/cfg.py:2609
2026-02-19 01:39:45.750 65160 DEBUG oslo_service.service [-] clients_manila.insecure = None log_opt_values /usr/lib/python3/dist-packages/oslo_config/cfg.py:2609
2026-02-19 01:39:45.750 65160 DEBUG oslo_service.service [-] clients_manila.key_file = None log_opt_values /usr/lib/python3/dist-packages/oslo_config/cfg.py:2609
2026-02-19 01:39:45.750 65160 DEBUG oslo_service.service [-] clients_mistral.ca_file = None log_opt_values /usr/lib/python3/dist-packages/oslo_config/cfg.py:2609
2026-02-19 01:39:45.750 65160 DEBUG oslo_service.service [-] clients_mistral.cert_file = None log_opt_values /usr/lib/python3/dist-packages/oslo_config/cfg.py:2609
2026-02-19 01:39:45.751 65160 DEBUG oslo_service.service [-] clients_mistral.endpoint_type = None log_opt_values /usr/lib/python3/dist-packages/oslo_config/cfg.py:2609
2026-02-19 01:39:45.751 65160 DEBUG oslo_service.service [-] clients_mistral.insecure = None log_opt_values /usr/lib/python3/dist-packages/oslo_config/cfg.py:2609
2026-02-19 01:39:45.751 65160 DEBUG oslo_service.service [-] clients_mistral.key_file = None log_opt_values /usr/lib/python3/dist-packages/oslo_config/cfg.py:2609
2026-02-19 01:39:45.751 65160 DEBUG oslo_service.service [-] clients_monasca.ca_file = None log_opt_values /usr/lib/python3/dist-packages/oslo_config/cfg.py:2609
2026-02-19 01:39:45.751 65160 DEBUG oslo_service.service [-] clients_monasca.cert_file = None log_opt_values /usr/lib/python3/dist-packages/oslo_config/cfg.py:2609
2026-02-19 01:39:45.751 65160 DEBUG oslo_service.service [-] clients_monasca.endpoint_type = None log_opt_values /usr/lib/python3/dist-packages/oslo_config/cfg.py:2609
2026-02-19 01:39:45.751 65160 DEBUG oslo_service.service [-] clients_monasca.insecure = None log_opt_values /usr/lib/python3/dist-packages/oslo_config/cfg.py:2609
2026-02-19 01:39:45.751 65160 DEBUG oslo_service.service [-] clients_monasca.key_file = None log_opt_values /usr/lib/python3/dist-packages/oslo_config/cfg.py:2609
2026-02-19 01:39:45.751 65160 DEBUG oslo_service.service [-] clients_neutron.ca_file = None log_opt_values /usr/lib/python3/dist-packages/oslo_config/cfg.py:2609
2026-02-19 01:39:45.751 65160 DEBUG oslo_service.service [-] clients_neutron.cert_file = None log_opt_values /usr/lib/python3/dist-packages/oslo_config/cfg.py:2609
2026-02-19 01:39:45.753 65160 DEBUG oslo_service.service [-] clients_neutron.endpoint_type = None log_opt_values /usr/lib/python3/dist-packages/oslo_config/cfg.py:2609
2026-02-19 01:39:45.754 65160 DEBUG oslo_service.service [-] clients_neutron.insecure = None log_opt_values /usr/lib/python3/dist-packages/oslo_config/cfg.py:2609
2026-02-19 01:39:45.754 65160 DEBUG oslo_service.service [-] clients_neutron.key_file = None log_opt_values /usr/lib/python3/dist-packages/oslo_config/cfg.py:2609
2026-02-19 01:39:45.754 65160 DEBUG oslo_service.service [-] clients_nova.ca_file = None log_opt_values /usr/lib/python3/dist-packages/oslo_config/cfg.py:2609
2026-02-19 01:39:45.754 65160 DEBUG oslo_service.service [-] clients_nova.cert_file = None log_opt_values /usr/lib/python3/dist-packages/oslo_config/cfg.py:2609
2026-02-19 01:39:45.754 65160 DEBUG oslo_service.service [-] clients_nova.endpoint_type = None log_opt_values /usr/lib/python3/dist-packages/oslo_config/cfg.py:2609
2026-02-19 01:39:45.754 65160 DEBUG oslo_service.service [-] clients_nova.http_log_debug = False log_opt_values /usr/lib/python3/dist-packages/oslo_config/cfg.py:2609
2026-02-19 01:39:45.754 65160 DEBUG oslo_service.service [-] clients_nova.insecure = None log_opt_values /usr/lib/python3/dist-packages/oslo_config/cfg.py:2609
2026-02-19 01:39:45.754 65160 DEBUG oslo_service.service [-] clients_nova.key_file = None log_opt_values /usr/lib/python3/dist-packages/oslo_config/cfg.py:2609
2026-02-19 01:39:45.755 65160 DEBUG oslo_service.service [-] clients_octavia.ca_file = None log_opt_values /usr/lib/python3/dist-packages/oslo_config/cfg.py:2609
2026-02-19 01:39:45.755 65160 DEBUG oslo_service.service [-] clients_octavia.cert_file = None log_opt_values /usr/lib/python3/dist-packages/oslo_config/cfg.py:2609
2026-02-19 01:39:45.755 65160 DEBUG oslo_service.service [-] clients_octavia.endpoint_type = None log_opt_values /usr/lib/python3/dist-packages/oslo_config/cfg.py:2609
2026-02-19 01:39:45.755 65160 DEBUG oslo_service.service [-] clients_octavia.insecure = None log_opt_values /usr/lib/python3/dist-packages/oslo_config/cfg.py:2609
2026-02-19 01:39:45.755 65160 DEBUG oslo_service.service [-] clients_octavia.key_file = None log_opt_values /usr/lib/python3/dist-packages/oslo_config/cfg.py:2609
2026-02-19 01:39:45.757 65160 DEBUG oslo_service.service [-] clients_sahara.ca_file = None log_opt_values /usr/lib/python3/dist-packages/oslo_config/cfg.py:2609
2026-02-19 01:39:45.758 65160 DEBUG oslo_service.service [-] clients_sahara.cert_file = None log_opt_values /usr/lib/python3/dist-packages/oslo_config/cfg.py:2609
2026-02-19 01:39:45.758 65160 DEBUG oslo_service.service [-] clients_sahara.endpoint_type = None log_opt_values /usr/lib/python3/dist-packages/oslo_config/cfg.py:2609
2026-02-19 01:39:45.758 65160 DEBUG oslo_service.service [-] clients_sahara.insecure = None log_opt_values /usr/lib/python3/dist-packages/oslo_config/cfg.py:2609
2026-02-19 01:39:45.758 65160 DEBUG oslo_service.service [-] clients_sahara.key_file = None log_opt_values /usr/lib/python3/dist-packages/oslo_config/cfg.py:2609
2026-02-19 01:39:45.758 65525 DEBUG oslo_db.sqlalchemy.engines [req-503fcd3e-40f5-4147-a817-1a2f29687526 - - - - -] MySQL server mode set to STRICT_TRANS_TABLES,STRICT_ALL_TABLES,NO_ZERO_IN_DATE,NO_ZERO_DATE,ERROR_FOR_DIVISION_BY_ZERO,TRADITIONAL,NO_ENGINE_SUBSTITUTION _check_effective_sql_mode /usr/lib/python3/dist-packages/oslo_db/sqlalchemy/engines.py:314
2026-02-19 01:39:45.760 65160 DEBUG oslo_service.service [-] clients_senlin.ca_file = None log_opt_values /usr/lib/python3/dist-packages/oslo_config/cfg.py:2609
2026-02-19 01:39:45.761 65160 DEBUG oslo_service.service [-] clients_senlin.cert_file = None log_opt_values /usr/lib/python3/dist-packages/oslo_config/cfg.py:2609
2026-02-19 01:39:45.761 65160 DEBUG oslo_service.service [-] clients_senlin.endpoint_type = None log_opt_values /usr/lib/python3/dist-packages/oslo_config/cfg.py:2609
2026-02-19 01:39:45.761 65160 DEBUG oslo_service.service [-] clients_senlin.insecure = None log_opt_values /usr/lib/python3/dist-packages/oslo_config/cfg.py:2609
2026-02-19 01:39:45.761 65160 DEBUG oslo_service.service [-] clients_senlin.key_file = None log_opt_values /usr/lib/python3/dist-packages/oslo_config/cfg.py:2609
2026-02-19 01:39:45.761 65160 DEBUG oslo_service.service [-] clients_swift.ca_file = None log_opt_values /usr/lib/python3/dist-packages/oslo_config/cfg.py:2609
2026-02-19 01:39:45.761 65160 DEBUG oslo_service.service [-] clients_swift.cert_file = None log_opt_values /usr/lib/python3/dist-packages/oslo_config/cfg.py:2609
2026-02-19 01:39:45.761 65160 DEBUG oslo_service.service [-] clients_swift.endpoint_type = None log_opt_values /usr/lib/python3/dist-packages/oslo_config/cfg.py:2609
2026-02-19 01:39:45.761 65160 DEBUG oslo_service.service [-] clients_swift.insecure = None log_opt_values /usr/lib/python3/dist-packages/oslo_config/cfg.py:2609
2026-02-19 01:39:45.762 65160 DEBUG oslo_service.service [-] clients_swift.key_file = None log_opt_values /usr/lib/python3/dist-packages/oslo_config/cfg.py:2609
2026-02-19 01:39:45.762 65160 DEBUG oslo_service.service [-] clients_trove.ca_file = None log_opt_values /usr/lib/python3/dist-packages/oslo_config/cfg.py:2609
2026-02-19 01:39:45.762 65160 DEBUG oslo_service.service [-] clients_trove.cert_file = None log_opt_values /usr/lib/python3/dist-packages/oslo_config/cfg.py:2609
2026-02-19 01:39:45.762 65160 DEBUG oslo_service.service [-] clients_trove.endpoint_type = None log_opt_values /usr/lib/python3/dist-packages/oslo_config/cfg.py:2609
2026-02-19 01:39:45.762 65160 DEBUG oslo_service.service [-] clients_trove.insecure = None log_opt_values /usr/lib/python3/dist-packages/oslo_config/cfg.py:2609
2026-02-19 01:39:45.762 65160 DEBUG oslo_service.service [-] clients_trove.key_file = None log_opt_values /usr/lib/python3/dist-packages/oslo_config/cfg.py:2609
2026-02-19 01:39:45.762 65160 DEBUG oslo_service.service [-] clients_vitrage.ca_file = None log_opt_values /usr/lib/python3/dist-packages/oslo_config/cfg.py:2609
2026-02-19 01:39:45.762 65160 DEBUG oslo_service.service [-] clients_vitrage.cert_file = None log_opt_values /usr/lib/python3/dist-packages/oslo_config/cfg.py:2609
2026-02-19 01:39:45.762 65160 DEBUG oslo_service.service [-] clients_vitrage.endpoint_type = None log_opt_values /usr/lib/python3/dist-packages/oslo_config/cfg.py:2609
2026-02-19 01:39:45.763 65160 DEBUG oslo_service.service [-] clients_vitrage.insecure = None log_opt_values /usr/lib/python3/dist-packages/oslo_config/cfg.py:2609
2026-02-19 01:39:45.763 65160 DEBUG oslo_service.service [-] clients_vitrage.key_file = None log_opt_values /usr/lib/python3/dist-packages/oslo_config/cfg.py:2609
2026-02-19 01:39:45.763 65160 DEBUG oslo_service.service [-] clients_zaqar.ca_file = None log_opt_values /usr/lib/python3/dist-packages/oslo_config/cfg.py:2609
2026-02-19 01:39:45.763 65160 DEBUG oslo_service.service [-] clients_zaqar.cert_file = None log_opt_values /usr/lib/python3/dist-packages/oslo_config/cfg.py:2609
2026-02-19 01:39:45.763 65160 DEBUG oslo_service.service [-] clients_zaqar.endpoint_type = None log_opt_values /usr/lib/python3/dist-packages/oslo_config/cfg.py:2609
2026-02-19 01:39:45.763 65160 DEBUG oslo_service.service [-] clients_zaqar.insecure = None log_opt_values /usr/lib/python3/dist-packages/oslo_config/cfg.py:2609
2026-02-19 01:39:45.763 65160 DEBUG oslo_service.service [-] clients_zaqar.key_file = None log_opt_values /usr/lib/python3/dist-packages/oslo_config/cfg.py:2609
2026-02-19 01:39:45.763 65160 DEBUG oslo_service.service [-] database.backend = sqlalchemy log_opt_values /usr/lib/python3/dist-packages/oslo_config/cfg.py:2609
2026-02-19 01:39:45.764 65160 DEBUG oslo_service.service [-] database.connection = **** log_opt_values /usr/lib/python3/dist-packages/oslo_config/cfg.py:2609
2026-02-19 01:39:45.764 65160 DEBUG oslo_service.service [-] database.connection_debug = 0 log_opt_values /usr/lib/python3/dist-packages/oslo_config/cfg.py:2609
2026-02-19 01:39:45.764 65160 DEBUG oslo_service.service [-] database.connection_parameters = log_opt_values /usr/lib/python3/dist-packages/oslo_config/cfg.py:2609
2026-02-19 01:39:45.764 65160 DEBUG oslo_service.service [-] database.connection_recycle_time = 3600 log_opt_values /usr/lib/python3/dist-packages/oslo_config/cfg.py:2609
2026-02-19 01:39:45.764 65160 DEBUG oslo_service.service [-] database.connection_trace = False log_opt_values /usr/lib/python3/dist-packages/oslo_config/cfg.py:2609
2026-02-19 01:39:45.764 65160 DEBUG oslo_service.service [-] database.db_inc_retry_interval = True log_opt_values /usr/lib/python3/dist-packages/oslo_config/cfg.py:2609
2026-02-19 01:39:45.764 65160 DEBUG oslo_service.service [-] database.db_max_retries = 20 log_opt_values /usr/lib/python3/dist-packages/oslo_config/cfg.py:2609
2026-02-19 01:39:45.764 65160 DEBUG oslo_service.service [-] database.db_max_retry_interval = 10 log_opt_values /usr/lib/python3/dist-packages/oslo_config/cfg.py:2609
2026-02-19 01:39:45.764 65160 DEBUG oslo_service.service [-] database.db_retry_interval = 1 log_opt_values /usr/lib/python3/dist-packages/oslo_config/cfg.py:2609
2026-02-19 01:39:45.765 65160 DEBUG oslo_service.service [-] database.max_overflow = 50 log_opt_values /usr/lib/python3/dist-packages/oslo_config/cfg.py:2609
2026-02-19 01:39:45.765 65160 DEBUG oslo_service.service [-] database.max_pool_size = 5 log_opt_values /usr/lib/python3/dist-packages/oslo_config/cfg.py:2609
2026-02-19 01:39:45.765 65160 DEBUG oslo_service.service [-] database.max_retries = 10 log_opt_values /usr/lib/python3/dist-packages/oslo_config/cfg.py:2609
2026-02-19 01:39:45.765 65160 DEBUG oslo_service.service [-] database.mysql_enable_ndb = False log_opt_values /usr/lib/python3/dist-packages/oslo_config/cfg.py:2609
2026-02-19 01:39:45.765 65160 DEBUG oslo_service.service [-] database.mysql_sql_mode = TRADITIONAL log_opt_values /usr/lib/python3/dist-packages/oslo_config/cfg.py:2609
2026-02-19 01:39:45.765 65160 DEBUG oslo_service.service [-] database.pool_timeout = None log_opt_values /usr/lib/python3/dist-packages/oslo_config/cfg.py:2609
2026-02-19 01:39:45.765 65160 DEBUG oslo_service.service [-] database.retry_interval = 10 log_opt_values /usr/lib/python3/dist-packages/oslo_config/cfg.py:2609
2026-02-19 01:39:45.765 65160 DEBUG oslo_service.service [-] database.slave_connection = **** log_opt_values /usr/lib/python3/dist-packages/oslo_config/cfg.py:2609
2026-02-19 01:39:45.765 65160 DEBUG oslo_service.service [-] database.sqlite_synchronous = True log_opt_values /usr/lib/python3/dist-packages/oslo_config/cfg.py:2609
2026-02-19 01:39:45.766 65160 DEBUG oslo_service.service [-] database.use_db_reconnect = False log_opt_values /usr/lib/python3/dist-packages/oslo_config/cfg.py:2609
2026-02-19 01:39:45.766 65160 DEBUG oslo_service.service [-] oslo_messaging_metrics.metrics_buffer_size = 1000 log_opt_values /usr/lib/python3/dist-packages/oslo_config/cfg.py:2609
2026-02-19 01:39:45.766 65160 DEBUG oslo_service.service [-] oslo_messaging_metrics.metrics_enabled = False log_opt_values /usr/lib/python3/dist-packages/oslo_config/cfg.py:2609
2026-02-19 01:39:45.766 65160 DEBUG oslo_service.service [-] oslo_messaging_metrics.metrics_process_name = log_opt_values /usr/lib/python3/dist-packages/oslo_config/cfg.py:2609
2026-02-19 01:39:45.766 65160 DEBUG oslo_service.service [-] oslo_messaging_metrics.metrics_socket_file = /var/tmp/metrics_collector.sock log_opt_values /usr/lib/python3/dist-packages/oslo_config/cfg.py:2609
2026-02-19 01:39:45.770 65527 DEBUG oslo_db.sqlalchemy.engines [req-69510faa-7f8d-4f17-a1ea-ea09d324e21e - - - - -] MySQL server mode set to STRICT_TRANS_TABLES,STRICT_ALL_TABLES,NO_ZERO_IN_DATE,NO_ZERO_DATE,ERROR_FOR_DIVISION_BY_ZERO,TRADITIONAL,NO_ENGINE_SUBSTITUTION _check_effective_sql_mode /usr/lib/python3/dist-packages/oslo_db/sqlalchemy/engines.py:314
2026-02-19 01:39:45.777 65160 DEBUG oslo_service.service [-] oslo_messaging_metrics.metrics_thread_stop_timeout = 10 log_opt_values /usr/lib/python3/dist-packages/oslo_config/cfg.py:2609
2026-02-19 01:39:45.778 65160 DEBUG oslo_service.service [-] oslo_policy.enforce_new_defaults = False log_opt_values /usr/lib/python3/dist-packages/oslo_config/cfg.py:2609
2026-02-19 01:39:45.778 65160 DEBUG oslo_service.service [-] oslo_policy.enforce_scope = False log_opt_values /usr/lib/python3/dist-packages/oslo_config/cfg.py:2609
2026-02-19 01:39:45.778 65160 DEBUG oslo_service.service [-] oslo_policy.policy_default_rule = default log_opt_values /usr/lib/python3/dist-packages/oslo_config/cfg.py:2609
2026-02-19 01:39:45.778 65160 DEBUG oslo_service.service [-] oslo_policy.policy_dirs = ['policy.d'] log_opt_values /usr/lib/python3/dist-packages/oslo_config/cfg.py:2609
2026-02-19 01:39:45.779 65160 DEBUG oslo_service.service [-] oslo_policy.policy_file = policy.yaml log_opt_values /usr/lib/python3/dist-packages/oslo_config/cfg.py:2609
2026-02-19 01:39:45.779 65160 DEBUG oslo_service.service [-] oslo_policy.remote_content_type = application/x-www-form-urlencoded log_opt_values /usr/lib/python3/dist-packages/oslo_config/cfg.py:2609
2026-02-19 01:39:45.779 65160 DEBUG oslo_service.service [-] oslo_policy.remote_ssl_ca_crt_file = None log_opt_values /usr/lib/python3/dist-packages/oslo_config/cfg.py:2609
2026-02-19 01:39:45.779 65160 DEBUG oslo_service.service [-] oslo_policy.remote_ssl_client_crt_file = None log_opt_values /usr/lib/python3/dist-packages/oslo_config/cfg.py:2609
2026-02-19 01:39:45.779 65160 DEBUG oslo_service.service [-] oslo_policy.remote_ssl_client_key_file = None log_opt_values /usr/lib/python3/dist-packages/oslo_config/cfg.py:2609
2026-02-19 01:39:45.779 65160 DEBUG oslo_service.service [-] oslo_policy.remote_ssl_verify_server_crt = False log_opt_values /usr/lib/python3/dist-packages/oslo_config/cfg.py:2609
2026-02-19 01:39:45.779 65160 DEBUG oslo_service.service [-] trustee.auth_section = None log_opt_values /usr/lib/python3/dist-packages/oslo_config/cfg.py:2609
2026-02-19 01:39:45.780 65160 WARNING oslo_config.cfg [-] Deprecated: Option "auth_plugin" from group "trustee" is deprecated. Use option "auth_type" from group "trustee".
2026-02-19 01:39:45.780 65160 DEBUG oslo_service.service [-] trustee.auth_type = password log_opt_values /usr/lib/python3/dist-packages/oslo_config/cfg.py:2609
2026-02-19 01:39:45.780 65160 DEBUG oslo_service.service [-] oslo_versionedobjects.fatal_exception_format_errors = False log_opt_values /usr/lib/python3/dist-packages/oslo_config/cfg.py:2609
2026-02-19 01:39:45.780 65160 DEBUG oslo_service.service [-] oslo_messaging_rabbit.amqp_auto_delete = False log_opt_values /usr/lib/python3/dist-packages/oslo_config/cfg.py:2609
2026-02-19 01:39:45.780 65160 DEBUG oslo_service.service [-] oslo_messaging_rabbit.amqp_durable_queues = False log_opt_values /usr/lib/python3/dist-packages/oslo_config/cfg.py:2609
2026-02-19 01:39:45.782 65160 DEBUG oslo_service.service [-] oslo_messaging_rabbit.conn_pool_min_size = 2 log_opt_values /usr/lib/python3/dist-packages/oslo_config/cfg.py:2609
2026-02-19 01:39:45.782 65160 DEBUG oslo_service.service [-] oslo_messaging_rabbit.conn_pool_ttl = 1200 log_opt_values /usr/lib/python3/dist-packages/oslo_config/cfg.py:2609
2026-02-19 01:39:45.782 65160 DEBUG oslo_service.service [-] oslo_messaging_rabbit.direct_mandatory_flag = True log_opt_values /usr/lib/python3/dist-packages/oslo_config/cfg.py:2609
2026-02-19 01:39:45.782 65160 DEBUG oslo_service.service [-] oslo_messaging_rabbit.enable_cancel_on_failover = False log_opt_values /usr/lib/python3/dist-packages/oslo_config/cfg.py:2609
2026-02-19 01:39:45.782 65160 DEBUG oslo_service.service [-] oslo_messaging_rabbit.heartbeat_in_pthread = False log_opt_values /usr/lib/python3/dist-packages/oslo_config/cfg.py:2609
2026-02-19 01:39:45.783 65160 DEBUG oslo_service.service [-] oslo_messaging_rabbit.heartbeat_rate = 2 log_opt_values /usr/lib/python3/dist-packages/oslo_config/cfg.py:2609
2026-02-19 01:39:45.783 65160 DEBUG oslo_service.service [-] oslo_messaging_rabbit.heartbeat_timeout_threshold = 60 log_opt_values /usr/lib/python3/dist-packages/oslo_config/cfg.py:2609
2026-02-19 01:39:45.783 65160 DEBUG oslo_service.service [-] oslo_messaging_rabbit.kombu_compression = None log_opt_values /usr/lib/python3/dist-packages/oslo_config/cfg.py:2609
2026-02-19 01:39:45.783 65160 DEBUG oslo_service.service [-] oslo_messaging_rabbit.kombu_failover_strategy = round-robin log_opt_values /usr/lib/python3/dist-packages/oslo_config/cfg.py:2609
2026-02-19 01:39:45.783 65160 DEBUG oslo_service.service [-] oslo_messaging_rabbit.kombu_missing_consumer_retry_timeout = 60 log_opt_values /usr/lib/python3/dist-packages/oslo_config/cfg.py:2609
2026-02-19 01:39:45.783 65160 DEBUG oslo_service.service [-] oslo_messaging_rabbit.kombu_reconnect_delay = 1.0 log_opt_values /usr/lib/python3/dist-packages/oslo_config/cfg.py:2609
2026-02-19 01:39:45.783 65160 DEBUG oslo_service.service [-] oslo_messaging_rabbit.rabbit_ha_queues = False log_opt_values /usr/lib/python3/dist-packages/oslo_config/cfg.py:2609
2026-02-19 01:39:45.783 65160 DEBUG oslo_service.service [-] oslo_messaging_rabbit.rabbit_interval_max = 30 log_opt_values /usr/lib/python3/dist-packages/oslo_config/cfg.py:2609
2026-02-19 01:39:45.783 65160 DEBUG oslo_service.service [-] oslo_messaging_rabbit.rabbit_login_method = AMQPLAIN log_opt_values /usr/lib/python3/dist-packages/oslo_config/cfg.py:2609
2026-02-19 01:39:45.784 65160 DEBUG oslo_service.service [-] oslo_messaging_rabbit.rabbit_qos_prefetch_count = 0 log_opt_values /usr/lib/python3/dist-packages/oslo_config/cfg.py:2609
2026-02-19 01:39:45.784 65160 DEBUG oslo_service.service [-] oslo_messaging_rabbit.rabbit_quorum_queue = False log_opt_values /usr/lib/python3/dist-packages/oslo_config/cfg.py:2609
2026-02-19 01:39:45.784 65160 DEBUG oslo_service.service [-] oslo_messaging_rabbit.rabbit_retry_backoff = 2 log_opt_values /usr/lib/python3/dist-packages/oslo_config/cfg.py:2609
2026-02-19 01:39:45.790 65160 DEBUG oslo_service.service [-] oslo_messaging_rabbit.rabbit_retry_interval = 1 log_opt_values /usr/lib/python3/dist-packages/oslo_config/cfg.py:2609
2026-02-19 01:39:45.790 65160 DEBUG oslo_service.service [-] oslo_messaging_rabbit.rabbit_transient_queues_ttl = 1800 log_opt_values /usr/lib/python3/dist-packages/oslo_config/cfg.py:2609
2026-02-19 01:39:45.790 65160 DEBUG oslo_service.service [-] oslo_messaging_rabbit.rpc_conn_pool_size = 30 log_opt_values /usr/lib/python3/dist-packages/oslo_config/cfg.py:2609
2026-02-19 01:39:45.790 65160 DEBUG oslo_service.service [-] oslo_messaging_rabbit.ssl = False log_opt_values /usr/lib/python3/dist-packages/oslo_config/cfg.py:2609
2026-02-19 01:39:45.791 65160 DEBUG oslo_service.service [-] oslo_messaging_rabbit.ssl_ca_file = log_opt_values /usr/lib/python3/dist-packages/oslo_config/cfg.py:2609
2026-02-19 01:39:45.791 65160 DEBUG oslo_service.service [-] oslo_messaging_rabbit.ssl_cert_file = log_opt_values /usr/lib/python3/dist-packages/oslo_config/cfg.py:2609
2026-02-19 01:39:45.791 65160 DEBUG oslo_service.service [-] oslo_messaging_rabbit.ssl_key_file = log_opt_values /usr/lib/python3/dist-packages/oslo_config/cfg.py:2609
2026-02-19 01:39:45.791 65160 DEBUG oslo_service.service [-] oslo_messaging_rabbit.ssl_version = log_opt_values /usr/lib/python3/dist-packages/oslo_config/cfg.py:2609
2026-02-19 01:39:45.791 65160 DEBUG oslo_service.service [-] oslo_messaging_notifications.driver = [] log_opt_values /usr/lib/python3/dist-packages/oslo_config/cfg.py:2609
2026-02-19 01:39:45.791 65160 DEBUG oslo_service.service [-] oslo_messaging_notifications.retry = -1 log_opt_values /usr/lib/python3/dist-packages/oslo_config/cfg.py:2609
2026-02-19 01:39:45.791 65160 DEBUG oslo_service.service [-] oslo_messaging_notifications.topics = ['notifications'] log_opt_values /usr/lib/python3/dist-packages/oslo_config/cfg.py:2609
2026-02-19 01:39:45.792 65160 DEBUG oslo_service.service [-] oslo_messaging_notifications.transport_url = **** log_opt_values /usr/lib/python3/dist-packages/oslo_config/cfg.py:2609
2026-02-19 01:39:45.792 65160 DEBUG oslo_service.service [-] cache.backend = dogpile.cache.null log_opt_values /usr/lib/python3/dist-packages/oslo_config/cfg.py:2609
2026-02-19 01:39:45.792 65160 DEBUG oslo_service.service [-] cache.backend_argument = **** log_opt_values /usr/lib/python3/dist-packages/oslo_config/cfg.py:2609
2026-02-19 01:39:45.792 65160 DEBUG oslo_service.service [-] cache.config_prefix = cache.oslo log_opt_values /usr/lib/python3/dist-packages/oslo_config/cfg.py:2609
2026-02-19 01:39:45.792 65160 DEBUG oslo_service.service [-] cache.debug_cache_backend = False log_opt_values /usr/lib/python3/dist-packages/oslo_config/cfg.py:2609
2026-02-19 01:39:45.792 65160 DEBUG oslo_service.service [-] cache.enabled = False log_opt_values /usr/lib/python3/dist-packages/oslo_config/cfg.py:2609
2026-02-19 01:39:45.792 65160 DEBUG oslo_service.service [-] cache.expiration_time = 600 log_opt_values /usr/lib/python3/dist-packages/oslo_config/cfg.py:2609
2026-02-19 01:39:45.792 65160 DEBUG oslo_service.service [-] cache.memcache_dead_retry = 300 log_opt_values /usr/lib/python3/dist-packages/oslo_config/cfg.py:2609
2026-02-19 01:39:45.793 65160 DEBUG oslo_service.service [-] cache.memcache_pool_connection_get_timeout = 10 log_opt_values /usr/lib/python3/dist-packages/oslo_config/cfg.py:2609
2026-02-19 01:39:45.793 65160 DEBUG oslo_service.service [-] cache.memcache_pool_flush_on_reconnect = False log_opt_values /usr/lib/python3/dist-packages/oslo_config/cfg.py:2609
2026-02-19 01:39:45.793 65160 DEBUG oslo_service.service [-] cache.memcache_pool_maxsize = 10 log_opt_values /usr/lib/python3/dist-packages/oslo_config/cfg.py:2609
2026-02-19 01:39:45.793 65160 DEBUG oslo_service.service [-] cache.memcache_pool_unused_timeout = 60 log_opt_values /usr/lib/python3/dist-packages/oslo_config/cfg.py:2609
2026-02-19 01:39:45.793 65160 DEBUG oslo_service.service [-] cache.memcache_servers = ['localhost:11211'] log_opt_values /usr/lib/python3/dist-packages/oslo_config/cfg.py:2609
2026-02-19 01:39:45.793 65160 DEBUG oslo_service.service [-] cache.memcache_socket_timeout = 1.0 log_opt_values /usr/lib/python3/dist-packages/oslo_config/cfg.py:2609
2026-02-19 01:39:45.793 65160 DEBUG oslo_service.service [-] cache.proxies = [] log_opt_values /usr/lib/python3/dist-packages/oslo_config/cfg.py:2609
2026-02-19 01:39:45.793 65160 DEBUG oslo_service.service [-] cache.tls_allowed_ciphers = None log_opt_values /usr/lib/python3/dist-packages/oslo_config/cfg.py:2609
2026-02-19 01:39:45.793 65160 DEBUG oslo_service.service [-] cache.tls_cafile = None log_opt_values /usr/lib/python3/dist-packages/oslo_config/cfg.py:2609
2026-02-19 01:39:45.794 65160 DEBUG oslo_service.service [-] cache.tls_certfile = None log_opt_values /usr/lib/python3/dist-packages/oslo_config/cfg.py:2609
2026-02-19 01:39:45.799 65160 DEBUG oslo_service.service [-] cache.tls_enabled = False log_opt_values /usr/lib/python3/dist-packages/oslo_config/cfg.py:2609
2026-02-19 01:39:45.799 65160 DEBUG oslo_service.service [-] cache.tls_keyfile = None log_opt_values /usr/lib/python3/dist-packages/oslo_config/cfg.py:2609
2026-02-19 01:39:45.800 65160 DEBUG oslo_service.service [-] constraint_validation_cache.caching = True log_opt_values /usr/lib/python3/dist-packages/oslo_config/cfg.py:2609
2026-02-19 01:39:45.800 65160 DEBUG oslo_service.service [-] constraint_validation_cache.expiration_time = 60 log_opt_values /usr/lib/python3/dist-packages/oslo_config/cfg.py:2609
2026-02-19 01:39:45.801 65160 DEBUG oslo_service.service [-] service_extension_cache.caching = True log_opt_values /usr/lib/python3/dist-packages/oslo_config/cfg.py:2609
2026-02-19 01:39:45.801 65160 DEBUG oslo_service.service [-] service_extension_cache.expiration_time = 3600 log_opt_values /usr/lib/python3/dist-packages/oslo_config/cfg.py:2609
2026-02-19 01:39:45.801 65160 DEBUG oslo_service.service [-] resource_finder_cache.caching = True log_opt_values /usr/lib/python3/dist-packages/oslo_config/cfg.py:2609
2026-02-19 01:39:45.801 65160 DEBUG oslo_service.service [-] resource_finder_cache.expiration_time = 3600 log_opt_values /usr/lib/python3/dist-packages/oslo_config/cfg.py:2609
2026-02-19 01:39:45.801 65160 DEBUG oslo_service.service [-] yaql.limit_iterators = 200 log_opt_values /usr/lib/python3/dist-packages/oslo_config/cfg.py:2609
2026-02-19 01:39:45.801 65160 DEBUG oslo_service.service [-] yaql.memory_quota = 10000 log_opt_values /usr/lib/python3/dist-packages/oslo_config/cfg.py:2609
2026-02-19 01:39:45.801 65160 DEBUG oslo_service.service [-] ******************************************************************************** log_opt_values /usr/lib/python3/dist-packages/oslo_config/cfg.py:2613
2026-02-19 01:39:45.826 65523 DEBUG heat.engine.service [req-5f6b9610-a169-453a-8904-7e2a454d991c - - - - -] Service 179edb0a-7c97-4c15-b64c-1c470ddb87a5 was aborted service_manage_cleanup /usr/lib/python3/dist-packages/heat/engine/service.py:2391
2026-02-19 01:39:45.849 65525 DEBUG heat.engine.service [req-503fcd3e-40f5-4147-a817-1a2f29687526 - - - - -] Service 179edb0a-7c97-4c15-b64c-1c470ddb87a5 was aborted service_manage_cleanup /usr/lib/python3/dist-packages/heat/engine/service.py:2391
2026-02-19 01:39:45.858 65523 DEBUG heat.engine.service [req-5f6b9610-a169-453a-8904-7e2a454d991c - - - - -] Service 3d39274a-d916-462b-b67d-0505fae0e450 was aborted service_manage_cleanup /usr/lib/python3/dist-packages/heat/engine/service.py:2391
2026-02-19 01:39:45.860 65527 DEBUG heat.engine.service [req-69510faa-7f8d-4f17-a1ea-ea09d324e21e - - - - -] Service 179edb0a-7c97-4c15-b64c-1c470ddb87a5 was aborted service_manage_cleanup /usr/lib/python3/dist-packages/heat/engine/service.py:2391
2026-02-19 01:39:45.869 65526 DEBUG oslo_db.sqlalchemy.engines [req-5c25372b-c49c-43a5-a044-0bba8570979c - - - - -] MySQL server mode set to STRICT_TRANS_TABLES,STRICT_ALL_TABLES,NO_ZERO_IN_DATE,NO_ZERO_DATE,ERROR_FOR_DIVISION_BY_ZERO,TRADITIONAL,NO_ENGINE_SUBSTITUTION _check_effective_sql_mode /usr/lib/python3/dist-packages/oslo_db/sqlalchemy/engines.py:314
2026-02-19 01:39:45.872 65525 DEBUG heat.engine.service [req-503fcd3e-40f5-4147-a817-1a2f29687526 - - - - -] Service 3d39274a-d916-462b-b67d-0505fae0e450 was aborted service_manage_cleanup /usr/lib/python3/dist-packages/heat/engine/service.py:2391
2026-02-19 01:39:45.877 65523 DEBUG heat.engine.service [req-5f6b9610-a169-453a-8904-7e2a454d991c - - - - -] Service 43978606-9d83-4061-b963-a93c3612fceb was aborted service_manage_cleanup /usr/lib/python3/dist-packages/heat/engine/service.py:2391
2026-02-19 01:39:45.883 65525 DEBUG heat.engine.service [req-503fcd3e-40f5-4147-a817-1a2f29687526 - - - - -] Service 43978606-9d83-4061-b963-a93c3612fceb was aborted service_manage_cleanup /usr/lib/python3/dist-packages/heat/engine/service.py:2391
2026-02-19 01:39:45.887 65527 DEBUG heat.engine.service [req-69510faa-7f8d-4f17-a1ea-ea09d324e21e - - - - -] Service 3d39274a-d916-462b-b67d-0505fae0e450 was aborted service_manage_cleanup /usr/lib/python3/dist-packages/heat/engine/service.py:2391
2026-02-19 01:39:45.893 65523 DEBUG heat.engine.service [req-5f6b9610-a169-453a-8904-7e2a454d991c - - - - -] Service 6040f033-4cc7-4213-9bf5-34225ad1e8c3 was aborted service_manage_cleanup /usr/lib/python3/dist-packages/heat/engine/service.py:2391
2026-02-19 01:39:45.894 65525 DEBUG heat.engine.service [req-503fcd3e-40f5-4147-a817-1a2f29687526 - - - - -] Service 6040f033-4cc7-4213-9bf5-34225ad1e8c3 was aborted service_manage_cleanup /usr/lib/python3/dist-packages/heat/engine/service.py:2391
2026-02-19 01:39:45.898 65527 DEBUG heat.engine.service [req-69510faa-7f8d-4f17-a1ea-ea09d324e21e - - - - -] Service 43978606-9d83-4061-b963-a93c3612fceb was aborted service_manage_cleanup /usr/lib/python3/dist-packages/heat/engine/service.py:2391
2026-02-19 01:39:45.908 65527 DEBUG heat.engine.service [req-69510faa-7f8d-4f17-a1ea-ea09d324e21e - - - - -] Service 6040f033-4cc7-4213-9bf5-34225ad1e8c3 was aborted service_manage_cleanup /usr/lib/python3/dist-packages/heat/engine/service.py:2391
2026-02-19 01:39:45.912 65525 DEBUG heat.engine.service [req-503fcd3e-40f5-4147-a817-1a2f29687526 - - - - -] Service 93e07618-054c-498e-8a02-8eac379648a6 was aborted service_manage_cleanup /usr/lib/python3/dist-packages/heat/engine/service.py:2391
2026-02-19 01:39:45.912 65523 DEBUG heat.engine.service [req-5f6b9610-a169-453a-8904-7e2a454d991c - - - - -] Service 93e07618-054c-498e-8a02-8eac379648a6 was aborted service_manage_cleanup /usr/lib/python3/dist-packages/heat/engine/service.py:2391
2026-02-19 01:39:45.915 65527 DEBUG heat.engine.service [req-69510faa-7f8d-4f17-a1ea-ea09d324e21e - - - - -] Service 93e07618-054c-498e-8a02-8eac379648a6 was aborted service_manage_cleanup /usr/lib/python3/dist-packages/heat/engine/service.py:2391
2026-02-19 01:39:45.926 65525 DEBUG heat.engine.service [req-503fcd3e-40f5-4147-a817-1a2f29687526 - - - - -] Service 96b62ffc-9362-4335-af81-3d334351c2fa was aborted service_manage_cleanup /usr/lib/python3/dist-packages/heat/engine/service.py:2391
2026-02-19 01:39:45.926 65527 DEBUG heat.engine.service [req-69510faa-7f8d-4f17-a1ea-ea09d324e21e - - - - -] Service 96b62ffc-9362-4335-af81-3d334351c2fa was aborted service_manage_cleanup /usr/lib/python3/dist-packages/heat/engine/service.py:2391
2026-02-19 01:39:45.930 65523 DEBUG heat.engine.service [req-5f6b9610-a169-453a-8904-7e2a454d991c - - - - -] Service 96b62ffc-9362-4335-af81-3d334351c2fa was aborted service_manage_cleanup /usr/lib/python3/dist-packages/heat/engine/service.py:2391
2026-02-19 01:39:45.940 65527 DEBUG heat.engine.service [req-69510faa-7f8d-4f17-a1ea-ea09d324e21e - - - - -] Service af390cba-027a-4eca-9f63-253f1c59571f was aborted service_manage_cleanup /usr/lib/python3/dist-packages/heat/engine/service.py:2391
2026-02-19 01:39:45.941 65525 DEBUG heat.engine.service [req-503fcd3e-40f5-4147-a817-1a2f29687526 - - - - -] Service af390cba-027a-4eca-9f63-253f1c59571f was aborted service_manage_cleanup /usr/lib/python3/dist-packages/heat/engine/service.py:2391
2026-02-19 01:39:45.944 65523 DEBUG heat.engine.service [req-5f6b9610-a169-453a-8904-7e2a454d991c - - - - -] Service af390cba-027a-4eca-9f63-253f1c59571f was aborted service_manage_cleanup /usr/lib/python3/dist-packages/heat/engine/service.py:2391
2026-02-19 01:39:45.962 65525 DEBUG heat.engine.service [req-503fcd3e-40f5-4147-a817-1a2f29687526 - - - - -] Service b7d461f1-8dc7-439c-bf9f-dfdd3d0c2356 was aborted service_manage_cleanup /usr/lib/python3/dist-packages/heat/engine/service.py:2391
2026-02-19 01:39:45.963 65527 DEBUG heat.engine.service [req-69510faa-7f8d-4f17-a1ea-ea09d324e21e - - - - -] Service b7d461f1-8dc7-439c-bf9f-dfdd3d0c2356 was aborted service_manage_cleanup /usr/lib/python3/dist-packages/heat/engine/service.py:2391
2026-02-19 01:39:45.994 65523 DEBUG heat.engine.service [req-5f6b9610-a169-453a-8904-7e2a454d991c - - - - -] Service b7d461f1-8dc7-439c-bf9f-dfdd3d0c2356 was aborted service_manage_cleanup /usr/lib/python3/dist-packages/heat/engine/service.py:2391
2026-02-19 01:39:45.997 65525 DEBUG heat.engine.service [req-503fcd3e-40f5-4147-a817-1a2f29687526 - - - - -] Service d112f489-b8ac-4a83-8804-250954b6c1dd was aborted service_manage_cleanup /usr/lib/python3/dist-packages/heat/engine/service.py:2391
2026-02-19 01:39:45.998 65526 DEBUG heat.engine.service [req-5c25372b-c49c-43a5-a044-0bba8570979c - - - - -] Service b7d461f1-8dc7-439c-bf9f-dfdd3d0c2356 was aborted service_manage_cleanup /usr/lib/python3/dist-packages/heat/engine/service.py:2391
2026-02-19 01:39:45.999 65527 DEBUG heat.engine.service [req-69510faa-7f8d-4f17-a1ea-ea09d324e21e - - - - -] Service d112f489-b8ac-4a83-8804-250954b6c1dd was aborted service_manage_cleanup /usr/lib/python3/dist-packages/heat/engine/service.py:2391
2026-02-19 01:39:46.004 65523 DEBUG heat.engine.service [req-5f6b9610-a169-453a-8904-7e2a454d991c - - - - -] Service d112f489-b8ac-4a83-8804-250954b6c1dd was aborted service_manage_cleanup /usr/lib/python3/dist-packages/heat/engine/service.py:2391
2026-02-19 01:39:46.012 65525 DEBUG heat.engine.service [req-503fcd3e-40f5-4147-a817-1a2f29687526 - - - - -] Service d40db853-9800-46fd-95e0-a086a6f3a9d4 was aborted service_manage_cleanup /usr/lib/python3/dist-packages/heat/engine/service.py:2391
2026-02-19 01:39:46.014 65527 DEBUG heat.engine.service [req-69510faa-7f8d-4f17-a1ea-ea09d324e21e - - - - -] Service d40db853-9800-46fd-95e0-a086a6f3a9d4 was aborted service_manage_cleanup /usr/lib/python3/dist-packages/heat/engine/service.py:2391
2026-02-19 01:39:46.014 65526 DEBUG heat.engine.service [req-5c25372b-c49c-43a5-a044-0bba8570979c - - - - -] Service d112f489-b8ac-4a83-8804-250954b6c1dd was aborted service_manage_cleanup /usr/lib/python3/dist-packages/heat/engine/service.py:2391
2026-02-19 01:39:46.014 65523 DEBUG heat.engine.service [req-5f6b9610-a169-453a-8904-7e2a454d991c - - - - -] Service d40db853-9800-46fd-95e0-a086a6f3a9d4 was aborted service_manage_cleanup /usr/lib/python3/dist-packages/heat/engine/service.py:2391
2026-02-19 01:39:46.033 65526 DEBUG heat.engine.service [req-5c25372b-c49c-43a5-a044-0bba8570979c - - - - -] Service d40db853-9800-46fd-95e0-a086a6f3a9d4 was aborted service_manage_cleanup /usr/lib/python3/dist-packages/heat/engine/service.py:2391
2026-02-19 01:39:46.036 65525 DEBUG heat.engine.service [req-503fcd3e-40f5-4147-a817-1a2f29687526 - - - - -] Service d932cf50-3f61-4479-82c3-6f3c042ef6c8 was aborted service_manage_cleanup /usr/lib/python3/dist-packages/heat/engine/service.py:2391
2026-02-19 01:39:46.041 65523 DEBUG heat.engine.service [req-5f6b9610-a169-453a-8904-7e2a454d991c - - - - -] Service d932cf50-3f61-4479-82c3-6f3c042ef6c8 was aborted service_manage_cleanup /usr/lib/python3/dist-packages/heat/engine/service.py:2391
2026-02-19 01:39:46.043 65527 DEBUG heat.engine.service [req-69510faa-7f8d-4f17-a1ea-ea09d324e21e - - - - -] Service d932cf50-3f61-4479-82c3-6f3c042ef6c8 was aborted service_manage_cleanup /usr/lib/python3/dist-packages/heat/engine/service.py:2391
2026-02-19 01:39:46.046 65526 DEBUG heat.engine.service [req-5c25372b-c49c-43a5-a044-0bba8570979c - - - - -] Service d932cf50-3f61-4479-82c3-6f3c042ef6c8 was aborted service_manage_cleanup /usr/lib/python3/dist-packages/heat/engine/service.py:2391
2026-02-19 01:39:46.062 65525 DEBUG heat.engine.service [req-503fcd3e-40f5-4147-a817-1a2f29687526 - - - - -] Service da570991-8062-45c5-8e51-0d8d5298ed30 was aborted service_manage_cleanup /usr/lib/python3/dist-packages/heat/engine/service.py:2391
2026-02-19 01:39:46.064 65523 DEBUG heat.engine.service [req-5f6b9610-a169-453a-8904-7e2a454d991c - - - - -] Service da570991-8062-45c5-8e51-0d8d5298ed30 was aborted service_manage_cleanup /usr/lib/python3/dist-packages/heat/engine/service.py:2391
2026-02-19 01:39:46.065 65527 DEBUG heat.engine.service [req-69510faa-7f8d-4f17-a1ea-ea09d324e21e - - - - -] Service da570991-8062-45c5-8e51-0d8d5298ed30 was aborted service_manage_cleanup /usr/lib/python3/dist-packages/heat/engine/service.py:2391
2026-02-19 01:39:46.069 65526 DEBUG heat.engine.service [req-5c25372b-c49c-43a5-a044-0bba8570979c - - - - -] Service da570991-8062-45c5-8e51-0d8d5298ed30 was aborted service_manage_cleanup /usr/lib/python3/dist-packages/heat/engine/service.py:2391
2026-02-19 01:39:46.431 65525 DEBUG heat.engine.service [req-60111e44-55f4-4c2c-ae71-54c3b6c4a02e - - - - -] Service 33b801c0-c2fa-4bf8-8986-3b840f4424cb is started service_manage_report /usr/lib/python3/dist-packages/heat/engine/service.py:2363
2026-02-19 01:39:46.431 65527 DEBUG heat.engine.service [req-7be3503a-693a-4bb2-979b-fc1390a535e4 - - - - -] Service c715b65d-0753-47bc-8e03-7c5a6fb33606 is started service_manage_report /usr/lib/python3/dist-packages/heat/engine/service.py:2363
2026-02-19 01:39:46.432 65526 DEBUG heat.engine.service [req-36e80521-33f2-440d-98c8-62c44376d919 - - - - -] Service 07914f13-28cf-49af-9951-ae1d805763ad is started service_manage_report /usr/lib/python3/dist-packages/heat/engine/service.py:2363
2026-02-19 01:39:46.433 65523 DEBUG heat.engine.service [req-f569d6af-dab7-4159-839a-c677f488b480 - - - - -] Service a733a7b5-5b04-47a8-8d2f-38694f85547e is started service_manage_report /usr/lib/python3/dist-packages/heat/engine/service.py:2363
2026-02-19 01:39:46.510 65526 DEBUG heat.engine.service [req-36e80521-33f2-440d-98c8-62c44376d919 - - - - -] Service 07914f13-28cf-49af-9951-ae1d805763ad is updated service_manage_report /usr/lib/python3/dist-packages/heat/engine/service.py:2370
2026-02-19 01:39:46.581 65525 DEBUG heat.engine.service [req-60111e44-55f4-4c2c-ae71-54c3b6c4a02e - - - - -] Service 33b801c0-c2fa-4bf8-8986-3b840f4424cb is updated service_manage_report /usr/lib/python3/dist-packages/heat/engine/service.py:2370
2026-02-19 01:39:46.581 65527 DEBUG heat.engine.service [req-7be3503a-693a-4bb2-979b-fc1390a535e4 - - - - -] Service c715b65d-0753-47bc-8e03-7c5a6fb33606 is updated service_manage_report /usr/lib/python3/dist-packages/heat/engine/service.py:2370
2026-02-19 01:39:46.585 65523 DEBUG heat.engine.service [req-f569d6af-dab7-4159-839a-c677f488b480 - - - - -] Service a733a7b5-5b04-47a8-8d2f-38694f85547e is updated service_manage_report /usr/lib/python3/dist-packages/heat/engine/service.py:2370
2026-02-19 01:39:53.821 65527 DEBUG heat.engine.service [-] Attempting to stop engine service... _stop_rpc_server /usr/lib/python3/dist-packages/heat/engine/service.py:437
2026-02-19 01:39:53.821 65526 DEBUG heat.engine.service [-] Attempting to stop engine service... _stop_rpc_server /usr/lib/python3/dist-packages/heat/engine/service.py:437
2026-02-19 01:39:53.821 65523 DEBUG heat.engine.service [-] Attempting to stop engine service... _stop_rpc_server /usr/lib/python3/dist-packages/heat/engine/service.py:437
2026-02-19 01:39:53.822 65525 DEBUG heat.engine.service [-] Attempting to stop engine service... _stop_rpc_server /usr/lib/python3/dist-packages/heat/engine/service.py:437
2026-02-19 01:39:53.832 65160 INFO oslo_service.service [-] Caught SIGTERM, stopping children
2026-02-19 01:39:53.832 65160 DEBUG oslo_concurrency.lockutils [-] Acquired lock "singleton_lock" lock /usr/lib/python3/dist-packages/oslo_concurrency/lockutils.py:294
2026-02-19 01:39:53.832 65160 DEBUG oslo_concurrency.lockutils [-] Releasing lock "singleton_lock" lock /usr/lib/python3/dist-packages/oslo_concurrency/lockutils.py:312
2026-02-19 01:39:53.833 65160 DEBUG oslo_service.service [-] Stop services. stop /usr/lib/python3/dist-packages/oslo_service/service.py:695
2026-02-19 01:39:53.833 65160 INFO heat.engine.service [-] All threads were gone, terminating engine
2026-02-19 01:39:53.833 65160 DEBUG oslo_service.service [-] Killing children. stop /usr/lib/python3/dist-packages/oslo_service/service.py:700
2026-02-19 01:39:53.856 65160 INFO oslo_service.service [-] Waiting on 4 children to exit
2026-02-19 01:39:53.857 65160 INFO oslo_service.service [-] Child 65526 killed by signal 15
2026-02-19 01:39:53.864 65160 INFO oslo_service.service [-] Child 65525 killed by signal 15
2026-02-19 01:39:53.864 65160 INFO oslo_service.service [-] Child 65527 killed by signal 15
2026-02-19 01:39:53.871 65160 INFO oslo_service.service [-] Child 65523 killed by signal 15
2026-02-19 01:39:58.020 66653 DEBUG oslo_concurrency.lockutils [-] Lock "context-manager" acquired by "neutron_lib.db.api._create_context_manager" :: waited 0.000s inner /usr/lib/python3/dist-packages/oslo_concurrency/lockutils.py:386
2026-02-19 01:39:58.021 66653 DEBUG oslo_concurrency.lockutils [-] Lock "context-manager" "released" by "neutron_lib.db.api._create_context_manager" :: held 0.001s inner /usr/lib/python3/dist-packages/oslo_concurrency/lockutils.py:400
2026-02-19 01:40:00.836 66653 WARNING heat.engine.environment [-] OS::Aodh::Alarm is DEPRECATED. Theshold alarm relies on ceilometer-api and has been deprecated in aodh since Ocata. Use OS::Aodh::GnocchiAggregationByResourcesAlarm instead.
2026-02-19 01:40:00.837 66653 WARNING heat.engine.environment [-] OS::Aodh::CombinationAlarm is HIDDEN. OS::Aodh::CombinationAlarm is deprecated and has been removed from Aodh, use OS::Aodh::CompositeAlarm instead.
2026-02-19 01:40:00.837 66653 WARNING heat.engine.environment [-] OS::Designate::Domain is HIDDEN. This resource has been removed, use OS::Designate::Zone instead.
2026-02-19 01:40:00.837 66653 WARNING heat.engine.environment [-] OS::Designate::Record is HIDDEN. This resource has been removed, use OS::Designate::RecordSet instead.
2026-02-19 01:40:00.837 66653 WARNING heat.engine.environment [-] OS::Glance::Image is DEPRECATED. Creating a Glance Image based on an existing URL location requires the Glance v1 API, which is deprecated.
2026-02-19 01:40:00.838 66653 WARNING heat.engine.environment [-] OS::Heat::HARestarter is HIDDEN. The HARestarter resource type has been removed. Existing stacks containing HARestarter resources can still be used, but the HARestarter resource will be a placeholder that does nothing.
2026-02-19 01:40:00.838 66653 WARNING heat.engine.environment [-] OS::Heat::SoftwareDeployments is HIDDEN. Please use OS::Heat::SoftwareDeploymentGroup instead.
2026-02-19 01:40:00.838 66653 WARNING heat.engine.environment [-] OS::Heat::StructuredDeployments is HIDDEN. Please use OS::Heat::StructuredDeploymentGroup instead.
2026-02-19 01:40:00.838 66653 WARNING heat.engine.environment [-] OS::Magnum::Bay is HIDDEN. Please use OS::Magnum::Cluster instead.
