2026-02-12 01:58:49.290 7 DEBUG oslo_service.service [-] ml2_type_gre.tunnel_id_ranges = [] log_opt_values /var/lib/kolla/venv/lib/python3.6/site-packages/oslo_config/cfg.py:2611
2026-02-12 01:58:49.290 7 DEBUG oslo_service.service [-] ml2_type_vlan.network_vlan_ranges = [] log_opt_values /var/lib/kolla/venv/lib/python3.6/site-packages/oslo_config/cfg.py:2611
2026-02-12 01:58:49.290 7 DEBUG oslo_service.service [-] ml2_type_vxlan.vni_ranges = [] log_opt_values /var/lib/kolla/venv/lib/python3.6/site-packages/oslo_config/cfg.py:2611
2026-02-12 01:58:49.290 7 DEBUG oslo_service.service [-] ml2_type_vxlan.vxlan_group = None log_opt_values /var/lib/kolla/venv/lib/python3.6/site-packages/oslo_config/cfg.py:2611
2026-02-12 01:58:49.290 7 DEBUG oslo_service.service [-] database.backend = sqlalchemy log_opt_values /var/lib/kolla/venv/lib/python3.6/site-packages/oslo_config/cfg.py:2611
2026-02-12 01:58:49.290 7 DEBUG oslo_service.service [-] database.connection = **** log_opt_values /var/lib/kolla/venv/lib/python3.6/site-packages/oslo_config/cfg.py:2611
2026-02-12 01:58:49.290 7 DEBUG oslo_service.service [-] database.connection_debug = 0 log_opt_values /var/lib/kolla/venv/lib/python3.6/site-packages/oslo_config/cfg.py:2611
2026-02-12 01:58:49.290 7 DEBUG oslo_service.service [-] database.connection_parameters = log_opt_values /var/lib/kolla/venv/lib/python3.6/site-packages/oslo_config/cfg.py:2611
2026-02-12 01:58:49.290 7 DEBUG oslo_service.service [-] database.connection_recycle_time = 10 log_opt_values /var/lib/kolla/venv/lib/python3.6/site-packages/oslo_config/cfg.py:2611
2026-02-12 01:58:49.290 7 DEBUG oslo_service.service [-] database.connection_trace = False log_opt_values /var/lib/kolla/venv/lib/python3.6/site-packages/oslo_config/cfg.py:2611
2026-02-12 01:58:49.290 7 DEBUG oslo_service.service [-] database.db_inc_retry_interval = True log_opt_values /var/lib/kolla/venv/lib/python3.6/site-packages/oslo_config/cfg.py:2611
2026-02-12 01:58:49.290 7 DEBUG oslo_service.service [-] database.db_max_retries = 20 log_opt_values /var/lib/kolla/venv/lib/python3.6/site-packages/oslo_config/cfg.py:2611
2026-02-12 01:58:49.290 7 DEBUG oslo_service.service [-] database.db_max_retry_interval = 10 log_opt_values /var/lib/kolla/venv/lib/python3.6/site-packages/oslo_config/cfg.py:2611
2026-02-12 01:58:49.290 7 DEBUG oslo_service.service [-] database.db_retry_interval = 1 log_opt_values /var/lib/kolla/venv/lib/python3.6/site-packages/oslo_config/cfg.py:2611
2026-02-12 01:58:49.291 7 DEBUG oslo_service.service [-] database.max_overflow = 50 log_opt_values /var/lib/kolla/venv/lib/python3.6/site-packages/oslo_config/cfg.py:2611
2026-02-12 01:58:49.291 7 DEBUG oslo_service.service [-] database.max_pool_size = 1 log_opt_values /var/lib/kolla/venv/lib/python3.6/site-packages/oslo_config/cfg.py:2611
2026-02-12 01:58:49.291 7 DEBUG oslo_service.service [-] database.max_retries = -1 log_opt_values /var/lib/kolla/venv/lib/python3.6/site-packages/oslo_config/cfg.py:2611
2026-02-12 01:58:49.291 7 DEBUG oslo_service.service [-] database.mysql_enable_ndb = False log_opt_values /var/lib/kolla/venv/lib/python3.6/site-packages/oslo_config/cfg.py:2611
2026-02-12 01:58:49.291 7 DEBUG oslo_service.service [-] database.mysql_sql_mode = TRADITIONAL log_opt_values /var/lib/kolla/venv/lib/python3.6/site-packages/oslo_config/cfg.py:2611
2026-02-12 01:58:49.291 7 DEBUG oslo_service.service [-] database.pool_timeout = None log_opt_values /var/lib/kolla/venv/lib/python3.6/site-packages/oslo_config/cfg.py:2611
2026-02-12 01:58:49.291 7 DEBUG oslo_service.service [-] database.retry_interval = 10 log_opt_values /var/lib/kolla/venv/lib/python3.6/site-packages/oslo_config/cfg.py:2611
2026-02-12 01:58:49.291 7 DEBUG oslo_service.service [-] database.slave_connection = **** log_opt_values /var/lib/kolla/venv/lib/python3.6/site-packages/oslo_config/cfg.py:2611
2026-02-12 01:58:49.291 7 DEBUG oslo_service.service [-] database.sqlite_synchronous = True log_opt_values /var/lib/kolla/venv/lib/python3.6/site-packages/oslo_config/cfg.py:2611
2026-02-12 01:58:49.291 7 DEBUG oslo_service.service [-] database.use_db_reconnect = False log_opt_values /var/lib/kolla/venv/lib/python3.6/site-packages/oslo_config/cfg.py:2611
2026-02-12 01:58:49.291 7 DEBUG oslo_service.service [-] ******************************************************************************** log_opt_values /var/lib/kolla/venv/lib/python3.6/site-packages/oslo_config/cfg.py:2613
2026-02-12 01:58:50.845 22 DEBUG neutron.wsgi [-] (22) accepted ('10.0.0.249', 38290) server /var/lib/kolla/venv/lib/python3.6/site-packages/eventlet/wsgi.py:1004
2026-02-12 01:58:50.852 22 INFO neutron.wsgi [-] 10.0.0.249 "GET / HTTP/1.1" status: 200 len: 228 time: 0.0056019
2026-02-12 01:58:53.836 24 DEBUG neutron.api.rpc.handlers.dhcp_rpc [req-4c39ebbc-0a8b-49e3-8af5-cef094e1b52c - - - - -] get_active_networks_info from cn-jenkins-deploy-platform-ansible-os-5308-1 get_active_networks_info /var/lib/kolla/venv/lib/python3.6/site-packages/neutron/api/rpc/handlers/dhcp_rpc.py:159
2026-02-12 01:58:53.861 27 DEBUG neutron_lib.callbacks.manager [req-2c6a3ba8-2e7a-4630-aa6b-2f0da2417b3d - - - - -] Publish callbacks ['neutron.services.segments.db._update_segment_host_mapping_for_agent-8764174409536', 'neutron.services.l3_router.l3_router_plugin.DVRResourceOperationHandler.create_fip_agent_gw_ports-477373'] for agent (a0f03322-a8f3-425a-98f7-4111771b502a), after_create _notify_loop /var/lib/kolla/venv/lib/python3.6/site-packages/neutron_lib/callbacks/manager.py:177
2026-02-12 01:58:53.886 24 DEBUG neutron.scheduler.dhcp_agent_scheduler [req-4c39ebbc-0a8b-49e3-8af5-cef094e1b52c - - - - -] No non-hosted networks auto_schedule_networks /var/lib/kolla/venv/lib/python3.6/site-packages/neutron/scheduler/dhcp_agent_scheduler.py:60
2026-02-12 01:59:05.388 28 DEBUG neutron_lib.callbacks.manager [req-37266f07-ae11-403f-a58e-31c84229a28e - - - - -] Publish callbacks ['neutron.services.segments.db._update_segment_host_mapping_for_agent-8764174409536', 'neutron.services.l3_router.l3_router_plugin.DVRResourceOperationHandler.create_fip_agent_gw_ports-477373'] for agent (08aeef30-bf64-4329-830b-e675402a10fc), after_create _notify_loop /var/lib/kolla/venv/lib/python3.6/site-packages/neutron_lib/callbacks/manager.py:177
2026-02-12 01:59:20.897 22 DEBUG neutron.wsgi [-] (22) accepted ('10.0.0.249', 37094) server /var/lib/kolla/venv/lib/python3.6/site-packages/eventlet/wsgi.py:1004
2026-02-12 01:59:20.901 22 INFO neutron.wsgi [-] 10.0.0.249 "GET / HTTP/1.1" status: 200 len: 228 time: 0.0030496
2026-02-12 01:59:23.848 26 DEBUG neutron_lib.callbacks.manager [req-707d1e88-8348-422f-8a26-f5898e157719 - - - - -] Publish callbacks ['neutron.services.segments.db._update_segment_host_mapping_for_agent-8764174409536', 'neutron.plugins.ml2.plugin.Ml2Plugin._retry_binding_revived_agents--9223372036838769817'] for agent (a0f03322-a8f3-425a-98f7-4111771b502a), after_update _notify_loop /var/lib/kolla/venv/lib/python3.6/site-packages/neutron_lib/callbacks/manager.py:177
2026-02-12 01:59:32.259 29 DEBUG neutron.db.agents_db [req-8728a6f5-c1b4-4001-ba01-244e021a4851 - - - - -] Agent healthcheck: found 2 active agents agent_health_check /var/lib/kolla/venv/lib/python3.6/site-packages/neutron/db/agents_db.py:318
2026-02-12 01:59:35.359 24 DEBUG neutron_lib.callbacks.manager [req-37266f07-ae11-403f-a58e-31c84229a28e - - - - -] Publish callbacks ['neutron.services.segments.db._update_segment_host_mapping_for_agent-8764174409536', 'neutron.plugins.ml2.plugin.Ml2Plugin._retry_binding_revived_agents--9223372036838769817'] for agent (08aeef30-bf64-4329-830b-e675402a10fc), after_update _notify_loop /var/lib/kolla/venv/lib/python3.6/site-packages/neutron_lib/callbacks/manager.py:177
2026-02-12 01:59:50.945 22 DEBUG neutron.wsgi [-] (22) accepted ('10.0.0.249', 53692) server /var/lib/kolla/venv/lib/python3.6/site-packages/eventlet/wsgi.py:1004
2026-02-12 01:59:50.949 22 INFO neutron.wsgi [-] 10.0.0.249 "GET / HTTP/1.1" status: 200 len: 228 time: 0.0028687
2026-02-12 01:59:53.846 25 DEBUG neutron_lib.callbacks.manager [req-e89108df-412e-419e-b2c4-e5c8b60b3d5b - - - - -] Publish callbacks ['neutron.services.segments.db._update_segment_host_mapping_for_agent-8764174409536', 'neutron.plugins.ml2.plugin.Ml2Plugin._retry_binding_revived_agents--9223372036838769817'] for agent (a0f03322-a8f3-425a-98f7-4111771b502a), after_update _notify_loop /var/lib/kolla/venv/lib/python3.6/site-packages/neutron_lib/callbacks/manager.py:177
2026-02-12 02:00:05.371 23 DEBUG neutron_lib.callbacks.manager [req-37266f07-ae11-403f-a58e-31c84229a28e - - - - -] Publish callbacks ['neutron.services.segments.db._update_segment_host_mapping_for_agent-8764174409536', 'neutron.plugins.ml2.plugin.Ml2Plugin._retry_binding_revived_agents--9223372036838769817'] for agent (08aeef30-bf64-4329-830b-e675402a10fc), after_update _notify_loop /var/lib/kolla/venv/lib/python3.6/site-packages/neutron_lib/callbacks/manager.py:177
2026-02-12 02:00:09.259 29 DEBUG neutron.db.agents_db [req-8728a6f5-c1b4-4001-ba01-244e021a4851 - - - - -] Agent healthcheck: found 2 active agents agent_health_check /var/lib/kolla/venv/lib/python3.6/site-packages/neutron/db/agents_db.py:318
2026-02-12 02:00:20.994 22 DEBUG neutron.wsgi [-] (22) accepted ('10.0.0.249', 60906) server /var/lib/kolla/venv/lib/python3.6/site-packages/eventlet/wsgi.py:1004
2026-02-12 02:00:20.998 22 INFO neutron.wsgi [-] 10.0.0.249 "GET / HTTP/1.1" status: 200 len: 228 time: 0.0030379
2026-02-12 02:00:23.832 27 DEBUG neutron_lib.callbacks.manager [req-cc0ff991-9a3b-460a-a2b8-f176035e9214 - - - - -] Publish callbacks ['neutron.services.segments.db._update_segment_host_mapping_for_agent-8764174409536', 'neutron.plugins.ml2.plugin.Ml2Plugin._retry_binding_revived_agents--9223372036838769817'] for agent (a0f03322-a8f3-425a-98f7-4111771b502a), after_update _notify_loop /var/lib/kolla/venv/lib/python3.6/site-packages/neutron_lib/callbacks/manager.py:177
2026-02-12 02:00:35.357 28 DEBUG neutron_lib.callbacks.manager [req-37266f07-ae11-403f-a58e-31c84229a28e - - - - -] Publish callbacks ['neutron.services.segments.db._update_segment_host_mapping_for_agent-8764174409536', 'neutron.plugins.ml2.plugin.Ml2Plugin._retry_binding_revived_agents--9223372036838769817'] for agent (08aeef30-bf64-4329-830b-e675402a10fc), after_update _notify_loop /var/lib/kolla/venv/lib/python3.6/site-packages/neutron_lib/callbacks/manager.py:177
2026-02-12 02:00:46.258 29 DEBUG neutron.db.agents_db [req-8728a6f5-c1b4-4001-ba01-244e021a4851 - - - - -] Agent healthcheck: found 2 active agents agent_health_check /var/lib/kolla/venv/lib/python3.6/site-packages/neutron/db/agents_db.py:318
2026-02-12 02:00:51.041 22 DEBUG neutron.wsgi [-] (22) accepted ('10.0.0.249', 48910) server /var/lib/kolla/venv/lib/python3.6/site-packages/eventlet/wsgi.py:1004
2026-02-12 02:00:51.045 22 INFO neutron.wsgi [-] 10.0.0.249 "GET / HTTP/1.1" status: 200 len: 228 time: 0.0033779
2026-02-12 02:00:53.832 26 DEBUG neutron_lib.callbacks.manager [req-c3ef4b80-5f53-403a-9ea3-8a1a015b8255 - - - - -] Publish callbacks ['neutron.services.segments.db._update_segment_host_mapping_for_agent-8764174409536', 'neutron.plugins.ml2.plugin.Ml2Plugin._retry_binding_revived_agents--9223372036838769817'] for agent (a0f03322-a8f3-425a-98f7-4111771b502a), after_update _notify_loop /var/lib/kolla/venv/lib/python3.6/site-packages/neutron_lib/callbacks/manager.py:177
2026-02-12 02:01:05.359 24 DEBUG neutron_lib.callbacks.manager [req-37266f07-ae11-403f-a58e-31c84229a28e - - - - -] Publish callbacks ['neutron.services.segments.db._update_segment_host_mapping_for_agent-8764174409536', 'neutron.plugins.ml2.plugin.Ml2Plugin._retry_binding_revived_agents--9223372036838769817'] for agent (08aeef30-bf64-4329-830b-e675402a10fc), after_update _notify_loop /var/lib/kolla/venv/lib/python3.6/site-packages/neutron_lib/callbacks/manager.py:177
2026-02-12 02:01:21.090 22 DEBUG neutron.wsgi [-] (22) accepted ('10.0.0.249', 52270) server /var/lib/kolla/venv/lib/python3.6/site-packages/eventlet/wsgi.py:1004
2026-02-12 02:01:21.096 22 INFO neutron.wsgi [-] 10.0.0.249 "GET / HTTP/1.1" status: 200 len: 228 time: 0.0048716
2026-02-12 02:01:23.261 29 DEBUG neutron.db.agents_db [req-8728a6f5-c1b4-4001-ba01-244e021a4851 - - - - -] Agent healthcheck: found 2 active agents agent_health_check /var/lib/kolla/venv/lib/python3.6/site-packages/neutron/db/agents_db.py:318
2026-02-12 02:01:23.831 25 DEBUG neutron_lib.callbacks.manager [req-fb859f1e-08ab-471c-9203-111f26f81344 - - - - -] Publish callbacks ['neutron.services.segments.db._update_segment_host_mapping_for_agent-8764174409536', 'neutron.plugins.ml2.plugin.Ml2Plugin._retry_binding_revived_agents--9223372036838769817'] for agent (a0f03322-a8f3-425a-98f7-4111771b502a), after_update _notify_loop /var/lib/kolla/venv/lib/python3.6/site-packages/neutron_lib/callbacks/manager.py:177
2026-02-12 02:01:35.362 23 DEBUG neutron_lib.callbacks.manager [req-37266f07-ae11-403f-a58e-31c84229a28e - - - - -] Publish callbacks ['neutron.services.segments.db._update_segment_host_mapping_for_agent-8764174409536', 'neutron.plugins.ml2.plugin.Ml2Plugin._retry_binding_revived_agents--9223372036838769817'] for agent (08aeef30-bf64-4329-830b-e675402a10fc), after_update _notify_loop /var/lib/kolla/venv/lib/python3.6/site-packages/neutron_lib/callbacks/manager.py:177
2026-02-12 02:01:51.141 22 DEBUG neutron.wsgi [-] (22) accepted ('10.0.0.249', 33534) server /var/lib/kolla/venv/lib/python3.6/site-packages/eventlet/wsgi.py:1004
2026-02-12 02:01:51.145 22 INFO neutron.wsgi [-] 10.0.0.249 "GET / HTTP/1.1" status: 200 len: 228 time: 0.0031250
2026-02-12 02:01:53.829 27 DEBUG neutron_lib.callbacks.manager [req-7323e872-5a80-4d17-9a69-d7f40176c67a - - - - -] Publish callbacks ['neutron.services.segments.db._update_segment_host_mapping_for_agent-8764174409536', 'neutron.plugins.ml2.plugin.Ml2Plugin._retry_binding_revived_agents--9223372036838769817'] for agent (a0f03322-a8f3-425a-98f7-4111771b502a), after_update _notify_loop /var/lib/kolla/venv/lib/python3.6/site-packages/neutron_lib/callbacks/manager.py:177
2026-02-12 02:02:00.259 29 DEBUG neutron.db.agents_db [req-8728a6f5-c1b4-4001-ba01-244e021a4851 - - - - -] Agent healthcheck: found 2 active agents agent_health_check /var/lib/kolla/venv/lib/python3.6/site-packages/neutron/db/agents_db.py:318
2026-02-12 02:02:05.364 28 DEBUG neutron_lib.callbacks.manager [req-37266f07-ae11-403f-a58e-31c84229a28e - - - - -] Publish callbacks ['neutron.services.segments.db._update_segment_host_mapping_for_agent-8764174409536', 'neutron.plugins.ml2.plugin.Ml2Plugin._retry_binding_revived_agents--9223372036838769817'] for agent (08aeef30-bf64-4329-830b-e675402a10fc), after_update _notify_loop /var/lib/kolla/venv/lib/python3.6/site-packages/neutron_lib/callbacks/manager.py:177
2026-02-12 02:02:21.188 22 DEBUG neutron.wsgi [-] (22) accepted ('10.0.0.249', 34372) server /var/lib/kolla/venv/lib/python3.6/site-packages/eventlet/wsgi.py:1004
2026-02-12 02:02:21.191 22 INFO neutron.wsgi [-] 10.0.0.249 "GET / HTTP/1.1" status: 200 len: 228 time: 0.0027974
2026-02-12 02:02:23.825 26 DEBUG neutron_lib.callbacks.manager [req-84747c5a-5ad0-483f-93ec-ebfcc9ba6bc0 - - - - -] Publish callbacks ['neutron.services.segments.db._update_segment_host_mapping_for_agent-8764174409536', 'neutron.plugins.ml2.plugin.Ml2Plugin._retry_binding_revived_agents--9223372036838769817'] for agent (a0f03322-a8f3-425a-98f7-4111771b502a), after_update _notify_loop /var/lib/kolla/venv/lib/python3.6/site-packages/neutron_lib/callbacks/manager.py:177
2026-02-12 02:02:35.368 24 DEBUG neutron_lib.callbacks.manager [req-37266f07-ae11-403f-a58e-31c84229a28e - - - - -] Publish callbacks ['neutron.services.segments.db._update_segment_host_mapping_for_agent-8764174409536', 'neutron.plugins.ml2.plugin.Ml2Plugin._retry_binding_revived_agents--9223372036838769817'] for agent (08aeef30-bf64-4329-830b-e675402a10fc), after_update _notify_loop /var/lib/kolla/venv/lib/python3.6/site-packages/neutron_lib/callbacks/manager.py:177
2026-02-12 02:02:37.257 29 DEBUG neutron.db.agents_db [req-8728a6f5-c1b4-4001-ba01-244e021a4851 - - - - -] Agent healthcheck: found 2 active agents agent_health_check /var/lib/kolla/venv/lib/python3.6/site-packages/neutron/db/agents_db.py:318
2026-02-12 02:02:51.236 22 DEBUG neutron.wsgi [-] (22) accepted ('10.0.0.249', 51492) server /var/lib/kolla/venv/lib/python3.6/site-packages/eventlet/wsgi.py:1004
2026-02-12 02:02:51.240 22 INFO neutron.wsgi [-] 10.0.0.249 "GET / HTTP/1.1" status: 200 len: 228 time: 0.0030668
2026-02-12 02:02:53.833 25 DEBUG neutron_lib.callbacks.manager [req-09dde70a-f0d7-4e89-8188-26a5e2bb98a6 - - - - -] Publish callbacks ['neutron.services.segments.db._update_segment_host_mapping_for_agent-8764174409536', 'neutron.plugins.ml2.plugin.Ml2Plugin._retry_binding_revived_agents--9223372036838769817'] for agent (a0f03322-a8f3-425a-98f7-4111771b502a), after_update _notify_loop /var/lib/kolla/venv/lib/python3.6/site-packages/neutron_lib/callbacks/manager.py:177
2026-02-12 02:03:05.368 23 DEBUG neutron_lib.callbacks.manager [req-37266f07-ae11-403f-a58e-31c84229a28e - - - - -] Publish callbacks ['neutron.services.segments.db._update_segment_host_mapping_for_agent-8764174409536', 'neutron.plugins.ml2.plugin.Ml2Plugin._retry_binding_revived_agents--9223372036838769817'] for agent (08aeef30-bf64-4329-830b-e675402a10fc), after_update _notify_loop /var/lib/kolla/venv/lib/python3.6/site-packages/neutron_lib/callbacks/manager.py:177
2026-02-12 02:03:14.257 29 DEBUG neutron.db.agents_db [req-8728a6f5-c1b4-4001-ba01-244e021a4851 - - - - -] Agent healthcheck: found 2 active agents agent_health_check /var/lib/kolla/venv/lib/python3.6/site-packages/neutron/db/agents_db.py:318
2026-02-12 02:03:21.283 22 DEBUG neutron.wsgi [-] (22) accepted ('10.0.0.249', 48274) server /var/lib/kolla/venv/lib/python3.6/site-packages/eventlet/wsgi.py:1004
2026-02-12 02:03:21.287 22 INFO neutron.wsgi [-] 10.0.0.249 "GET / HTTP/1.1" status: 200 len: 228 time: 0.0026181
2026-02-12 02:03:23.829 27 DEBUG neutron_lib.callbacks.manager [req-5b0b5e04-8af6-4193-82f0-4dadaa5f31c9 - - - - -] Publish callbacks ['neutron.services.segments.db._update_segment_host_mapping_for_agent-8764174409536', 'neutron.plugins.ml2.plugin.Ml2Plugin._retry_binding_revived_agents--9223372036838769817'] for agent (a0f03322-a8f3-425a-98f7-4111771b502a), after_update _notify_loop /var/lib/kolla/venv/lib/python3.6/site-packages/neutron_lib/callbacks/manager.py:177
2026-02-12 02:03:35.370 28 DEBUG neutron_lib.callbacks.manager [req-37266f07-ae11-403f-a58e-31c84229a28e - - - - -] Publish callbacks ['neutron.services.segments.db._update_segment_host_mapping_for_agent-8764174409536', 'neutron.plugins.ml2.plugin.Ml2Plugin._retry_binding_revived_agents--9223372036838769817'] for agent (08aeef30-bf64-4329-830b-e675402a10fc), after_update _notify_loop /var/lib/kolla/venv/lib/python3.6/site-packages/neutron_lib/callbacks/manager.py:177
2026-02-12 02:03:51.254 29 DEBUG neutron.db.agents_db [req-8728a6f5-c1b4-4001-ba01-244e021a4851 - - - - -] Agent healthcheck: found 2 active agents agent_health_check /var/lib/kolla/venv/lib/python3.6/site-packages/neutron/db/agents_db.py:318
2026-02-12 02:03:51.329 22 DEBUG neutron.wsgi [-] (22) accepted ('10.0.0.249', 39152) server /var/lib/kolla/venv/lib/python3.6/site-packages/eventlet/wsgi.py:1004
2026-02-12 02:03:51.334 22 INFO neutron.wsgi [-] 10.0.0.249 "GET / HTTP/1.1" status: 200 len: 228 time: 0.0036528
2026-02-12 02:03:53.827 26 DEBUG neutron_lib.callbacks.manager [req-7c2c7e48-99a9-4a4a-95cd-46f587fce84c - - - - -] Publish callbacks ['neutron.services.segments.db._update_segment_host_mapping_for_agent-8764174409536', 'neutron.plugins.ml2.plugin.Ml2Plugin._retry_binding_revived_agents--9223372036838769817'] for agent (a0f03322-a8f3-425a-98f7-4111771b502a), after_update _notify_loop /var/lib/kolla/venv/lib/python3.6/site-packages/neutron_lib/callbacks/manager.py:177
2026-02-12 02:04:05.373 24 DEBUG neutron_lib.callbacks.manager [req-37266f07-ae11-403f-a58e-31c84229a28e - - - - -] Publish callbacks ['neutron.services.segments.db._update_segment_host_mapping_for_agent-8764174409536', 'neutron.plugins.ml2.plugin.Ml2Plugin._retry_binding_revived_agents--9223372036838769817'] for agent (08aeef30-bf64-4329-830b-e675402a10fc), after_update _notify_loop /var/lib/kolla/venv/lib/python3.6/site-packages/neutron_lib/callbacks/manager.py:177
2026-02-12 02:04:21.377 22 DEBUG neutron.wsgi [-] (22) accepted ('10.0.0.249', 39050) server /var/lib/kolla/venv/lib/python3.6/site-packages/eventlet/wsgi.py:1004
2026-02-12 02:04:21.380 22 INFO neutron.wsgi [-] 10.0.0.249 "GET / HTTP/1.1" status: 200 len: 228 time: 0.0025432
2026-02-12 02:04:23.825 25 DEBUG neutron_lib.callbacks.manager [req-e9acca11-fdcc-485a-a747-b22e6509e6e9 - - - - -] Publish callbacks ['neutron.services.segments.db._update_segment_host_mapping_for_agent-8764174409536', 'neutron.plugins.ml2.plugin.Ml2Plugin._retry_binding_revived_agents--9223372036838769817'] for agent (a0f03322-a8f3-425a-98f7-4111771b502a), after_update _notify_loop /var/lib/kolla/venv/lib/python3.6/site-packages/neutron_lib/callbacks/manager.py:177
2026-02-12 02:04:28.253 29 DEBUG neutron.db.agents_db [req-8728a6f5-c1b4-4001-ba01-244e021a4851 - - - - -] Agent healthcheck: found 2 active agents agent_health_check /var/lib/kolla/venv/lib/python3.6/site-packages/neutron/db/agents_db.py:318
2026-02-12 02:04:35.378 23 DEBUG neutron_lib.callbacks.manager [req-37266f07-ae11-403f-a58e-31c84229a28e - - - - -] Publish callbacks ['neutron.services.segments.db._update_segment_host_mapping_for_agent-8764174409536', 'neutron.plugins.ml2.plugin.Ml2Plugin._retry_binding_revived_agents--9223372036838769817'] for agent (08aeef30-bf64-4329-830b-e675402a10fc), after_update _notify_loop /var/lib/kolla/venv/lib/python3.6/site-packages/neutron_lib/callbacks/manager.py:177
2026-02-12 02:04:51.426 22 DEBUG neutron.wsgi [-] (22) accepted ('10.0.0.249', 45632) server /var/lib/kolla/venv/lib/python3.6/site-packages/eventlet/wsgi.py:1004
2026-02-12 02:04:51.430 22 INFO neutron.wsgi [-] 10.0.0.249 "GET / HTTP/1.1" status: 200 len: 228 time: 0.0025442
2026-02-12 02:04:53.821 27 DEBUG neutron_lib.callbacks.manager [req-adfc59f3-7840-42dd-8fe7-edf44989b15e - - - - -] Publish callbacks ['neutron.services.segments.db._update_segment_host_mapping_for_agent-8764174409536', 'neutron.plugins.ml2.plugin.Ml2Plugin._retry_binding_revived_agents--9223372036838769817'] for agent (a0f03322-a8f3-425a-98f7-4111771b502a), after_update _notify_loop /var/lib/kolla/venv/lib/python3.6/site-packages/neutron_lib/callbacks/manager.py:177
2026-02-12 02:05:05.250 29 DEBUG neutron.db.agents_db [req-8728a6f5-c1b4-4001-ba01-244e021a4851 - - - - -] Agent healthcheck: found 2 active agents agent_health_check /var/lib/kolla/venv/lib/python3.6/site-packages/neutron/db/agents_db.py:318
2026-02-12 02:05:05.377 28 DEBUG neutron_lib.callbacks.manager [req-37266f07-ae11-403f-a58e-31c84229a28e - - - - -] Publish callbacks ['neutron.services.segments.db._update_segment_host_mapping_for_agent-8764174409536', 'neutron.plugins.ml2.plugin.Ml2Plugin._retry_binding_revived_agents--9223372036838769817'] for agent (08aeef30-bf64-4329-830b-e675402a10fc), after_update _notify_loop /var/lib/kolla/venv/lib/python3.6/site-packages/neutron_lib/callbacks/manager.py:177
2026-02-12 02:05:21.478 22 DEBUG neutron.wsgi [-] (22) accepted ('10.0.0.249', 46790) server /var/lib/kolla/venv/lib/python3.6/site-packages/eventlet/wsgi.py:1004
2026-02-12 02:05:21.482 22 INFO neutron.wsgi [-] 10.0.0.249 "GET / HTTP/1.1" status: 200 len: 228 time: 0.0025992
2026-02-12 02:05:23.817 26 DEBUG neutron_lib.callbacks.manager [req-6c76d299-2b05-438b-8f93-3457a2071148 - - - - -] Publish callbacks ['neutron.services.segments.db._update_segment_host_mapping_for_agent-8764174409536', 'neutron.plugins.ml2.plugin.Ml2Plugin._retry_binding_revived_agents--9223372036838769817'] for agent (a0f03322-a8f3-425a-98f7-4111771b502a), after_update _notify_loop /var/lib/kolla/venv/lib/python3.6/site-packages/neutron_lib/callbacks/manager.py:177
2026-02-12 02:05:35.379 24 DEBUG neutron_lib.callbacks.manager [req-37266f07-ae11-403f-a58e-31c84229a28e - - - - -] Publish callbacks ['neutron.services.segments.db._update_segment_host_mapping_for_agent-8764174409536', 'neutron.plugins.ml2.plugin.Ml2Plugin._retry_binding_revived_agents--9223372036838769817'] for agent (08aeef30-bf64-4329-830b-e675402a10fc), after_update _notify_loop /var/lib/kolla/venv/lib/python3.6/site-packages/neutron_lib/callbacks/manager.py:177
2026-02-12 02:05:42.248 29 DEBUG neutron.db.agents_db [req-8728a6f5-c1b4-4001-ba01-244e021a4851 - - - - -] Agent healthcheck: found 2 active agents agent_health_check /var/lib/kolla/venv/lib/python3.6/site-packages/neutron/db/agents_db.py:318
2026-02-12 02:05:51.527 22 DEBUG neutron.wsgi [-] (22) accepted ('10.0.0.249', 54298) server /var/lib/kolla/venv/lib/python3.6/site-packages/eventlet/wsgi.py:1004
2026-02-12 02:05:51.530 22 INFO neutron.wsgi [-] 10.0.0.249 "GET / HTTP/1.1" status: 200 len: 228 time: 0.0026321
2026-02-12 02:05:53.823 25 DEBUG neutron_lib.callbacks.manager [req-173ef222-dff2-40d2-b7e1-be452bdd2a23 - - - - -] Publish callbacks ['neutron.services.segments.db._update_segment_host_mapping_for_agent-8764174409536', 'neutron.plugins.ml2.plugin.Ml2Plugin._retry_binding_revived_agents--9223372036838769817'] for agent (a0f03322-a8f3-425a-98f7-4111771b502a), after_update _notify_loop /var/lib/kolla/venv/lib/python3.6/site-packages/neutron_lib/callbacks/manager.py:177
2026-02-12 02:06:05.381 23 DEBUG neutron_lib.callbacks.manager [req-37266f07-ae11-403f-a58e-31c84229a28e - - - - -] Publish callbacks ['neutron.services.segments.db._update_segment_host_mapping_for_agent-8764174409536', 'neutron.plugins.ml2.plugin.Ml2Plugin._retry_binding_revived_agents--9223372036838769817'] for agent (08aeef30-bf64-4329-830b-e675402a10fc), after_update _notify_loop /var/lib/kolla/venv/lib/python3.6/site-packages/neutron_lib/callbacks/manager.py:177
2026-02-12 02:06:19.249 29 DEBUG neutron.db.agents_db [req-8728a6f5-c1b4-4001-ba01-244e021a4851 - - - - -] Agent healthcheck: found 2 active agents agent_health_check /var/lib/kolla/venv/lib/python3.6/site-packages/neutron/db/agents_db.py:318
2026-02-12 02:06:21.578 22 DEBUG neutron.wsgi [-] (22) accepted ('10.0.0.249', 53734) server /var/lib/kolla/venv/lib/python3.6/site-packages/eventlet/wsgi.py:1004
2026-02-12 02:06:21.584 22 INFO neutron.wsgi [-] 10.0.0.249 "GET / HTTP/1.1" status: 200 len: 228 time: 0.0044072
2026-02-12 02:06:23.894 27 DEBUG neutron_lib.callbacks.manager [req-9ac70bb4-32a5-4b77-bb86-981cd1d3727a - - - - -] Publish callbacks ['neutron.services.segments.db._update_segment_host_mapping_for_agent-8764174409536', 'neutron.plugins.ml2.plugin.Ml2Plugin._retry_binding_revived_agents--9223372036838769817'] for agent (a0f03322-a8f3-425a-98f7-4111771b502a), after_update _notify_loop /var/lib/kolla/venv/lib/python3.6/site-packages/neutron_lib/callbacks/manager.py:177
2026-02-12 02:06:35.382 28 DEBUG neutron_lib.callbacks.manager [req-37266f07-ae11-403f-a58e-31c84229a28e - - - - -] Publish callbacks ['neutron.services.segments.db._update_segment_host_mapping_for_agent-8764174409536', 'neutron.plugins.ml2.plugin.Ml2Plugin._retry_binding_revived_agents--9223372036838769817'] for agent (08aeef30-bf64-4329-830b-e675402a10fc), after_update _notify_loop /var/lib/kolla/venv/lib/python3.6/site-packages/neutron_lib/callbacks/manager.py:177
2026-02-12 02:06:51.627 22 DEBUG neutron.wsgi [-] (22) accepted ('10.0.0.249', 53710) server /var/lib/kolla/venv/lib/python3.6/site-packages/eventlet/wsgi.py:1004
2026-02-12 02:06:51.631 22 INFO neutron.wsgi [-] 10.0.0.249 "GET / HTTP/1.1" status: 200 len: 228 time: 0.0029297
2026-02-12 02:06:53.822 26 DEBUG neutron_lib.callbacks.manager [req-aff8ab1b-eaed-4fb0-8961-fc90ce3abc2e - - - - -] Publish callbacks ['neutron.services.segments.db._update_segment_host_mapping_for_agent-8764174409536', 'neutron.plugins.ml2.plugin.Ml2Plugin._retry_binding_revived_agents--9223372036838769817'] for agent (a0f03322-a8f3-425a-98f7-4111771b502a), after_update _notify_loop /var/lib/kolla/venv/lib/python3.6/site-packages/neutron_lib/callbacks/manager.py:177
2026-02-12 02:06:56.247 29 DEBUG neutron.db.agents_db [req-8728a6f5-c1b4-4001-ba01-244e021a4851 - - - - -] Agent healthcheck: found 2 active agents agent_health_check /var/lib/kolla/venv/lib/python3.6/site-packages/neutron/db/agents_db.py:318
2026-02-12 02:07:05.414 24 DEBUG neutron_lib.callbacks.manager [req-37266f07-ae11-403f-a58e-31c84229a28e - - - - -] Publish callbacks ['neutron.services.segments.db._update_segment_host_mapping_for_agent-8764174409536', 'neutron.plugins.ml2.plugin.Ml2Plugin._retry_binding_revived_agents--9223372036838769817'] for agent (08aeef30-bf64-4329-830b-e675402a10fc), after_update _notify_loop /var/lib/kolla/venv/lib/python3.6/site-packages/neutron_lib/callbacks/manager.py:177
2026-02-12 02:07:21.681 22 DEBUG neutron.wsgi [-] (22) accepted ('10.0.0.249', 44900) server /var/lib/kolla/venv/lib/python3.6/site-packages/eventlet/wsgi.py:1004
2026-02-12 02:07:21.684 22 INFO neutron.wsgi [-] 10.0.0.249 "GET / HTTP/1.1" status: 200 len: 228 time: 0.0030000
2026-02-12 02:07:23.822 25 DEBUG neutron_lib.callbacks.manager [req-ac17bbe7-573f-4d70-8951-6bfcb3fa7f29 - - - - -] Publish callbacks ['neutron.services.segments.db._update_segment_host_mapping_for_agent-8764174409536', 'neutron.plugins.ml2.plugin.Ml2Plugin._retry_binding_revived_agents--9223372036838769817'] for agent (a0f03322-a8f3-425a-98f7-4111771b502a), after_update _notify_loop /var/lib/kolla/venv/lib/python3.6/site-packages/neutron_lib/callbacks/manager.py:177
2026-02-12 02:07:33.247 29 DEBUG neutron.db.agents_db [req-8728a6f5-c1b4-4001-ba01-244e021a4851 - - - - -] Agent healthcheck: found 2 active agents agent_health_check /var/lib/kolla/venv/lib/python3.6/site-packages/neutron/db/agents_db.py:318
2026-02-12 02:07:35.389 23 DEBUG neutron_lib.callbacks.manager [req-37266f07-ae11-403f-a58e-31c84229a28e - - - - -] Publish callbacks ['neutron.services.segments.db._update_segment_host_mapping_for_agent-8764174409536', 'neutron.plugins.ml2.plugin.Ml2Plugin._retry_binding_revived_agents--9223372036838769817'] for agent (08aeef30-bf64-4329-830b-e675402a10fc), after_update _notify_loop /var/lib/kolla/venv/lib/python3.6/site-packages/neutron_lib/callbacks/manager.py:177
2026-02-12 02:07:51.742 22 DEBUG neutron.wsgi [-] (22) accepted ('10.0.0.249', 54774) server /var/lib/kolla/venv/lib/python3.6/site-packages/eventlet/wsgi.py:1004
2026-02-12 02:07:51.747 22 INFO neutron.wsgi [-] 10.0.0.249 "GET / HTTP/1.1" status: 200 len: 228 time: 0.0029047
2026-02-12 02:07:53.820 27 DEBUG neutron_lib.callbacks.manager [req-ccbfb75d-db57-4f5b-a015-4b23b834a741 - - - - -] Publish callbacks ['neutron.services.segments.db._update_segment_host_mapping_for_agent-8764174409536', 'neutron.plugins.ml2.plugin.Ml2Plugin._retry_binding_revived_agents--9223372036838769817'] for agent (a0f03322-a8f3-425a-98f7-4111771b502a), after_update _notify_loop /var/lib/kolla/venv/lib/python3.6/site-packages/neutron_lib/callbacks/manager.py:177
2026-02-12 02:08:05.391 28 DEBUG neutron_lib.callbacks.manager [req-37266f07-ae11-403f-a58e-31c84229a28e - - - - -] Publish callbacks ['neutron.services.segments.db._update_segment_host_mapping_for_agent-8764174409536', 'neutron.plugins.ml2.plugin.Ml2Plugin._retry_binding_revived_agents--9223372036838769817'] for agent (08aeef30-bf64-4329-830b-e675402a10fc), after_update _notify_loop /var/lib/kolla/venv/lib/python3.6/site-packages/neutron_lib/callbacks/manager.py:177
2026-02-12 02:08:10.243 29 DEBUG neutron.db.agents_db [req-8728a6f5-c1b4-4001-ba01-244e021a4851 - - - - -] Agent healthcheck: found 2 active agents agent_health_check /var/lib/kolla/venv/lib/python3.6/site-packages/neutron/db/agents_db.py:318
2026-02-12 02:08:19.535 7 INFO oslo_service.service [-] Caught SIGTERM, stopping children
2026-02-12 02:08:19.536 7 DEBUG oslo_concurrency.lockutils [-] Acquired lock "singleton_lock" lock /var/lib/kolla/venv/lib/python3.6/site-packages/oslo_concurrency/lockutils.py:294
2026-02-12 02:08:19.536 7 DEBUG oslo_concurrency.lockutils [-] Releasing lock "singleton_lock" lock /var/lib/kolla/venv/lib/python3.6/site-packages/oslo_concurrency/lockutils.py:312
2026-02-12 02:08:19.536 7 DEBUG oslo_service.service [-] Stop services. stop /var/lib/kolla/venv/lib/python3.6/site-packages/oslo_service/service.py:695
2026-02-12 02:08:19.536 7 DEBUG neutron.service [-] calling RpcWorker stop() stop /var/lib/kolla/venv/lib/python3.6/site-packages/neutron/service.py:138
2026-02-12 02:08:19.537 7 DEBUG neutron.service [-] calling RpcWorker stop() stop /var/lib/kolla/venv/lib/python3.6/site-packages/neutron/service.py:138
2026-02-12 02:08:19.537 7 DEBUG oslo_service.service [-] Killing children. stop /var/lib/kolla/venv/lib/python3.6/site-packages/oslo_service/service.py:700
2026-02-12 02:08:19.537 7 INFO oslo_service.service [-] Waiting on 8 children to exit
2026-02-12 02:08:19.537 22 INFO neutron.wsgi [-] (22) wsgi exited, is_accepting=True
2026-02-12 02:08:19.537 29 DEBUG neutron.service [-] calling RpcWorker stop() stop /var/lib/kolla/venv/lib/python3.6/site-packages/neutron/service.py:138
2026-02-12 02:08:19.537 26 DEBUG neutron.service [-] calling RpcWorker stop() stop /var/lib/kolla/venv/lib/python3.6/site-packages/neutron/service.py:138
2026-02-12 02:08:19.538 23 DEBUG neutron.service [-] calling RpcWorker stop() stop /var/lib/kolla/venv/lib/python3.6/site-packages/neutron/service.py:138
2026-02-12 02:08:19.538 28 DEBUG neutron.service [-] calling RpcWorker stop() stop /var/lib/kolla/venv/lib/python3.6/site-packages/neutron/service.py:138
2026-02-12 02:08:19.538 22 DEBUG oslo_concurrency.lockutils [req-f98f4214-bdf0-4334-8d17-c0c69a98d0b0 - - - - -] Acquired lock "singleton_lock" lock /var/lib/kolla/venv/lib/python3.6/site-packages/oslo_concurrency/lockutils.py:294
2026-02-12 02:08:19.538 29 DEBUG neutron.service [-] calling stop on stop /var/lib/kolla/venv/lib/python3.6/site-packages/neutron/service.py:141
2026-02-12 02:08:19.539 22 DEBUG oslo_concurrency.lockutils [req-f98f4214-bdf0-4334-8d17-c0c69a98d0b0 - - - - -] Releasing lock "singleton_lock" lock /var/lib/kolla/venv/lib/python3.6/site-packages/oslo_concurrency/lockutils.py:312
2026-02-12 02:08:19.539 25 DEBUG neutron.service [-] calling RpcWorker stop() stop /var/lib/kolla/venv/lib/python3.6/site-packages/neutron/service.py:138
2026-02-12 02:08:19.538 26 DEBUG neutron.service [-] calling stop on stop /var/lib/kolla/venv/lib/python3.6/site-packages/neutron/service.py:141
2026-02-12 02:08:19.538 23 DEBUG neutron.service [-] calling stop on stop /var/lib/kolla/venv/lib/python3.6/site-packages/neutron/service.py:141
2026-02-12 02:08:19.539 28 DEBUG neutron.service [-] calling stop on stop /var/lib/kolla/venv/lib/python3.6/site-packages/neutron/service.py:141
2026-02-12 02:08:19.542 27 DEBUG neutron.service [-] calling RpcWorker stop() stop /var/lib/kolla/venv/lib/python3.6/site-packages/neutron/service.py:138
2026-02-12 02:08:19.540 25 DEBUG neutron.service [-] calling stop on stop /var/lib/kolla/venv/lib/python3.6/site-packages/neutron/service.py:141
2026-02-12 02:08:19.543 7 INFO oslo_service.service [-] Child 22 exited with status 0
2026-02-12 02:08:19.544 24 DEBUG neutron.service [-] calling RpcWorker stop() stop /var/lib/kolla/venv/lib/python3.6/site-packages/neutron/service.py:138
2026-02-12 02:08:19.545 24 DEBUG neutron.service [-] calling stop on stop /var/lib/kolla/venv/lib/python3.6/site-packages/neutron/service.py:141
2026-02-12 02:08:19.542 27 DEBUG neutron.service [-] calling stop on stop /var/lib/kolla/venv/lib/python3.6/site-packages/neutron/service.py:141
2026-02-12 02:08:22.017 27 DEBUG oslo_concurrency.lockutils [req-f98f4214-bdf0-4334-8d17-c0c69a98d0b0 - - - - -] Acquired lock "singleton_lock" lock /var/lib/kolla/venv/lib/python3.6/site-packages/oslo_concurrency/lockutils.py:294
2026-02-12 02:08:22.018 27 DEBUG oslo_concurrency.lockutils [req-f98f4214-bdf0-4334-8d17-c0c69a98d0b0 - - - - -] Releasing lock "singleton_lock" lock /var/lib/kolla/venv/lib/python3.6/site-packages/oslo_concurrency/lockutils.py:312
2026-02-12 02:08:22.019 27 DEBUG neutron.service [req-f98f4214-bdf0-4334-8d17-c0c69a98d0b0 - - - - -] calling RpcWorker wait() _wait /var/lib/kolla/venv/lib/python3.6/site-packages/neutron/service.py:128
2026-02-12 02:08:22.020 27 DEBUG neutron.service [req-f98f4214-bdf0-4334-8d17-c0c69a98d0b0 - - - - -] calling wait on _wait /var/lib/kolla/venv/lib/python3.6/site-packages/neutron/service.py:131
2026-02-12 02:08:22.027 27 WARNING amqp [req-f98f4214-bdf0-4334-8d17-c0c69a98d0b0 - - - - -] Received method (60, 30) during closing channel 1. This method will be ignored
2026-02-12 02:08:22.028 27 DEBUG neutron.service [req-f98f4214-bdf0-4334-8d17-c0c69a98d0b0 - - - - -] returning from RpcWorker wait() _wait /var/lib/kolla/venv/lib/python3.6/site-packages/neutron/service.py:135
2026-02-12 02:08:22.033 7 INFO oslo_service.service [-] Child 27 exited with status 0
2026-02-12 02:08:23.586 28 DEBUG oslo_concurrency.lockutils [req-f98f4214-bdf0-4334-8d17-c0c69a98d0b0 - - - - -] Acquired lock "singleton_lock" lock /var/lib/kolla/venv/lib/python3.6/site-packages/oslo_concurrency/lockutils.py:294
2026-02-12 02:08:23.587 28 DEBUG oslo_concurrency.lockutils [req-f98f4214-bdf0-4334-8d17-c0c69a98d0b0 - - - - -] Releasing lock "singleton_lock" lock /var/lib/kolla/venv/lib/python3.6/site-packages/oslo_concurrency/lockutils.py:312
2026-02-12 02:08:23.587 28 DEBUG neutron.service [req-f98f4214-bdf0-4334-8d17-c0c69a98d0b0 - - - - -] calling RpcWorker wait() _wait /var/lib/kolla/venv/lib/python3.6/site-packages/neutron/service.py:128
2026-02-12 02:08:23.587 28 DEBUG neutron.service [req-f98f4214-bdf0-4334-8d17-c0c69a98d0b0 - - - - -] calling wait on _wait /var/lib/kolla/venv/lib/python3.6/site-packages/neutron/service.py:131
2026-02-12 02:08:23.594 28 WARNING amqp [req-f98f4214-bdf0-4334-8d17-c0c69a98d0b0 - - - - -] Received method (60, 30) during closing channel 1. This method will be ignored
2026-02-12 02:08:23.599 28 DEBUG neutron.service [req-f98f4214-bdf0-4334-8d17-c0c69a98d0b0 - - - - -] returning from RpcWorker wait() _wait /var/lib/kolla/venv/lib/python3.6/site-packages/neutron/service.py:135
2026-02-12 02:08:23.607 7 INFO oslo_service.service [-] Child 28 exited with status 0
2026-02-12 02:08:23.813 26 DEBUG oslo_concurrency.lockutils [req-f98f4214-bdf0-4334-8d17-c0c69a98d0b0 - - - - -] Acquired lock "singleton_lock" lock /var/lib/kolla/venv/lib/python3.6/site-packages/oslo_concurrency/lockutils.py:294
2026-02-12 02:08:23.814 26 DEBUG oslo_concurrency.lockutils [req-f98f4214-bdf0-4334-8d17-c0c69a98d0b0 - - - - -] Releasing lock "singleton_lock" lock /var/lib/kolla/venv/lib/python3.6/site-packages/oslo_concurrency/lockutils.py:312
2026-02-12 02:08:23.815 26 DEBUG neutron.service [req-f98f4214-bdf0-4334-8d17-c0c69a98d0b0 - - - - -] calling RpcWorker wait() _wait /var/lib/kolla/venv/lib/python3.6/site-packages/neutron/service.py:128
2026-02-12 02:08:23.815 26 DEBUG neutron.service [req-f98f4214-bdf0-4334-8d17-c0c69a98d0b0 - - - - -] calling wait on _wait /var/lib/kolla/venv/lib/python3.6/site-packages/neutron/service.py:131
2026-02-12 02:08:23.822 26 DEBUG neutron_lib.callbacks.manager [req-9dac3980-b73d-4780-aa9b-c720bcac2511 - - - - -] Publish callbacks ['neutron.services.segments.db._update_segment_host_mapping_for_agent-8764174409536', 'neutron.plugins.ml2.plugin.Ml2Plugin._retry_binding_revived_agents--9223372036838769817'] for agent (a0f03322-a8f3-425a-98f7-4111771b502a), after_update _notify_loop /var/lib/kolla/venv/lib/python3.6/site-packages/neutron_lib/callbacks/manager.py:177
2026-02-12 02:08:23.830 26 WARNING amqp [req-f98f4214-bdf0-4334-8d17-c0c69a98d0b0 - - - - -] Received method (60, 30) during closing channel 1. This method will be ignored
2026-02-12 02:08:23.831 26 DEBUG neutron.service [req-f98f4214-bdf0-4334-8d17-c0c69a98d0b0 - - - - -] returning from RpcWorker wait() _wait /var/lib/kolla/venv/lib/python3.6/site-packages/neutron/service.py:135
2026-02-12 02:08:23.837 7 INFO oslo_service.service [-] Child 26 exited with status 0
2026-02-12 02:08:24.246 23 DEBUG neutron.service [-] calling stop on stop /var/lib/kolla/venv/lib/python3.6/site-packages/neutron/service.py:141
2026-02-12 02:08:24.247 24 DEBUG neutron.service [-] calling stop on stop /var/lib/kolla/venv/lib/python3.6/site-packages/neutron/service.py:141
2026-02-12 02:08:24.258 25 DEBUG neutron.service [-] calling stop on stop /var/lib/kolla/venv/lib/python3.6/site-packages/neutron/service.py:141
2026-02-12 02:08:24.264 24 DEBUG neutron.service [-] calling stop on stop /var/lib/kolla/venv/lib/python3.6/site-packages/neutron/service.py:141
2026-02-12 02:08:24.270 23 DEBUG neutron.service [-] calling stop on stop /var/lib/kolla/venv/lib/python3.6/site-packages/neutron/service.py:141
2026-02-12 02:08:24.277 29 DEBUG oslo_concurrency.lockutils [req-f98f4214-bdf0-4334-8d17-c0c69a98d0b0 - - - - -] Acquired lock "singleton_lock" lock /var/lib/kolla/venv/lib/python3.6/site-packages/oslo_concurrency/lockutils.py:294
2026-02-12 02:08:24.277 29 DEBUG oslo_concurrency.lockutils [req-f98f4214-bdf0-4334-8d17-c0c69a98d0b0 - - - - -] Releasing lock "singleton_lock" lock /var/lib/kolla/venv/lib/python3.6/site-packages/oslo_concurrency/lockutils.py:312
2026-02-12 02:08:24.278 29 DEBUG neutron.service [req-f98f4214-bdf0-4334-8d17-c0c69a98d0b0 - - - - -] calling RpcWorker wait() _wait /var/lib/kolla/venv/lib/python3.6/site-packages/neutron/service.py:128
2026-02-12 02:08:24.278 29 DEBUG neutron.service [req-f98f4214-bdf0-4334-8d17-c0c69a98d0b0 - - - - -] calling wait on _wait /var/lib/kolla/venv/lib/python3.6/site-packages/neutron/service.py:131
2026-02-12 02:08:24.279 25 DEBUG neutron.service [-] calling stop on stop /var/lib/kolla/venv/lib/python3.6/site-packages/neutron/service.py:141
2026-02-12 02:08:24.285 29 WARNING amqp [req-f98f4214-bdf0-4334-8d17-c0c69a98d0b0 - - - - -] Received method (60, 30) during closing channel 1. This method will be ignored
2026-02-12 02:08:24.286 29 DEBUG neutron.service [req-f98f4214-bdf0-4334-8d17-c0c69a98d0b0 - - - - -] returning from RpcWorker wait() _wait /var/lib/kolla/venv/lib/python3.6/site-packages/neutron/service.py:135
2026-02-12 02:08:24.291 7 INFO oslo_service.service [-] Child 29 exited with status 0
2026-02-12 02:08:24.291 24 DEBUG neutron.service [-] calling stop on stop /var/lib/kolla/venv/lib/python3.6/site-packages/neutron/service.py:141
2026-02-12 02:08:24.293 23 DEBUG neutron.service [-] calling stop on stop /var/lib/kolla/venv/lib/python3.6/site-packages/neutron/service.py:141
2026-02-12 02:08:24.293 25 DEBUG neutron.service [-] calling stop on stop /var/lib/kolla/venv/lib/python3.6/site-packages/neutron/service.py:141
2026-02-12 02:08:24.305 24 DEBUG oslo_concurrency.lockutils [req-f98f4214-bdf0-4334-8d17-c0c69a98d0b0 - - - - -] Acquired lock "singleton_lock" lock /var/lib/kolla/venv/lib/python3.6/site-packages/oslo_concurrency/lockutils.py:294
2026-02-12 02:08:24.305 24 DEBUG oslo_concurrency.lockutils [req-f98f4214-bdf0-4334-8d17-c0c69a98d0b0 - - - - -] Releasing lock "singleton_lock" lock /var/lib/kolla/venv/lib/python3.6/site-packages/oslo_concurrency/lockutils.py:312
2026-02-12 02:08:24.305 24 DEBUG neutron.service [req-f98f4214-bdf0-4334-8d17-c0c69a98d0b0 - - - - -] calling RpcWorker wait() _wait /var/lib/kolla/venv/lib/python3.6/site-packages/neutron/service.py:128
2026-02-12 02:08:24.305 24 DEBUG neutron.service [req-f98f4214-bdf0-4334-8d17-c0c69a98d0b0 - - - - -] calling wait on _wait /var/lib/kolla/venv/lib/python3.6/site-packages/neutron/service.py:131
2026-02-12 02:08:24.310 25 DEBUG oslo_concurrency.lockutils [req-f98f4214-bdf0-4334-8d17-c0c69a98d0b0 - - - - -] Acquired lock "singleton_lock" lock /var/lib/kolla/venv/lib/python3.6/site-packages/oslo_concurrency/lockutils.py:294
2026-02-12 02:08:24.310 25 DEBUG oslo_concurrency.lockutils [req-f98f4214-bdf0-4334-8d17-c0c69a98d0b0 - - - - -] Releasing lock "singleton_lock" lock /var/lib/kolla/venv/lib/python3.6/site-packages/oslo_concurrency/lockutils.py:312
2026-02-12 02:08:24.311 25 DEBUG neutron.service [req-f98f4214-bdf0-4334-8d17-c0c69a98d0b0 - - - - -] calling RpcWorker wait() _wait /var/lib/kolla/venv/lib/python3.6/site-packages/neutron/service.py:128
2026-02-12 02:08:24.311 25 DEBUG neutron.service [req-f98f4214-bdf0-4334-8d17-c0c69a98d0b0 - - - - -] calling wait on _wait /var/lib/kolla/venv/lib/python3.6/site-packages/neutron/service.py:131
2026-02-12 02:08:24.312 23 DEBUG oslo_concurrency.lockutils [req-f98f4214-bdf0-4334-8d17-c0c69a98d0b0 - - - - -] Acquired lock "singleton_lock" lock /var/lib/kolla/venv/lib/python3.6/site-packages/oslo_concurrency/lockutils.py:294
2026-02-12 02:08:24.312 24 WARNING amqp [req-f98f4214-bdf0-4334-8d17-c0c69a98d0b0 - - - - -] Received method (60, 30) during closing channel 1. This method will be ignored
2026-02-12 02:08:24.313 23 DEBUG oslo_concurrency.lockutils [req-f98f4214-bdf0-4334-8d17-c0c69a98d0b0 - - - - -] Releasing lock "singleton_lock" lock /var/lib/kolla/venv/lib/python3.6/site-packages/oslo_concurrency/lockutils.py:312
2026-02-12 02:08:24.313 24 DEBUG neutron.service [req-f98f4214-bdf0-4334-8d17-c0c69a98d0b0 - - - - -] calling wait on _wait /var/lib/kolla/venv/lib/python3.6/site-packages/neutron/service.py:131
2026-02-12 02:08:24.314 23 DEBUG neutron.service [req-f98f4214-bdf0-4334-8d17-c0c69a98d0b0 - - - - -] calling RpcWorker wait() _wait /var/lib/kolla/venv/lib/python3.6/site-packages/neutron/service.py:128
2026-02-12 02:08:24.315 23 DEBUG neutron.service [req-f98f4214-bdf0-4334-8d17-c0c69a98d0b0 - - - - -] calling wait on _wait /var/lib/kolla/venv/lib/python3.6/site-packages/neutron/service.py:131
2026-02-12 02:08:24.317 25 WARNING amqp [req-f98f4214-bdf0-4334-8d17-c0c69a98d0b0 - - - - -] Received method (60, 30) during closing channel 1. This method will be ignored
2026-02-12 02:08:24.318 25 DEBUG neutron.service [req-f98f4214-bdf0-4334-8d17-c0c69a98d0b0 - - - - -] calling wait on _wait /var/lib/kolla/venv/lib/python3.6/site-packages/neutron/service.py:131
2026-02-12 02:08:24.320 24 WARNING amqp [req-f98f4214-bdf0-4334-8d17-c0c69a98d0b0 - - - - -] Received method (60, 30) during closing channel 1. This method will be ignored
2026-02-12 02:08:24.322 24 DEBUG neutron.service [req-f98f4214-bdf0-4334-8d17-c0c69a98d0b0 - - - - -] calling wait on _wait /var/lib/kolla/venv/lib/python3.6/site-packages/neutron/service.py:131
2026-02-12 02:08:24.322 23 WARNING amqp [req-f98f4214-bdf0-4334-8d17-c0c69a98d0b0 - - - - -] Received method (60, 30) during closing channel 1. This method will be ignored
2026-02-12 02:08:24.325 23 DEBUG neutron.service [req-f98f4214-bdf0-4334-8d17-c0c69a98d0b0 - - - - -] calling wait on _wait /var/lib/kolla/venv/lib/python3.6/site-packages/neutron/service.py:131
2026-02-12 02:08:24.326 25 WARNING amqp [req-f98f4214-bdf0-4334-8d17-c0c69a98d0b0 - - - - -] Received method (60, 30) during closing channel 1. This method will be ignored
2026-02-12 02:08:24.328 25 DEBUG neutron.service [req-f98f4214-bdf0-4334-8d17-c0c69a98d0b0 - - - - -] calling wait on _wait /var/lib/kolla/venv/lib/python3.6/site-packages/neutron/service.py:131
2026-02-12 02:08:24.330 24 WARNING amqp [req-f98f4214-bdf0-4334-8d17-c0c69a98d0b0 - - - - -] Received method (60, 30) during closing channel 1. This method will be ignored
2026-02-12 02:08:24.331 24 DEBUG neutron.service [req-f98f4214-bdf0-4334-8d17-c0c69a98d0b0 - - - - -] calling wait on _wait /var/lib/kolla/venv/lib/python3.6/site-packages/neutron/service.py:131
2026-02-12 02:08:24.332 23 WARNING amqp [req-f98f4214-bdf0-4334-8d17-c0c69a98d0b0 - - - - -] Received method (60, 30) during closing channel 1. This method will be ignored
2026-02-12 02:08:24.333 23 DEBUG neutron.service [req-f98f4214-bdf0-4334-8d17-c0c69a98d0b0 - - - - -] calling wait on _wait /var/lib/kolla/venv/lib/python3.6/site-packages/neutron/service.py:131
2026-02-12 02:08:24.334 25 WARNING amqp [req-f98f4214-bdf0-4334-8d17-c0c69a98d0b0 - - - - -] Received method (60, 30) during closing channel 1. This method will be ignored
2026-02-12 02:08:24.335 25 DEBUG neutron.service [req-f98f4214-bdf0-4334-8d17-c0c69a98d0b0 - - - - -] calling wait on _wait /var/lib/kolla/venv/lib/python3.6/site-packages/neutron/service.py:131
2026-02-12 02:08:24.339 24 WARNING amqp [req-f98f4214-bdf0-4334-8d17-c0c69a98d0b0 - - - - -] Received method (60, 30) during closing channel 1. This method will be ignored
2026-02-12 02:08:24.341 24 DEBUG neutron.service [req-f98f4214-bdf0-4334-8d17-c0c69a98d0b0 - - - - -] returning from RpcWorker wait() _wait /var/lib/kolla/venv/lib/python3.6/site-packages/neutron/service.py:135
2026-02-12 02:08:24.342 23 WARNING amqp [req-f98f4214-bdf0-4334-8d17-c0c69a98d0b0 - - - - -] Received method (60, 30) during closing channel 1. This method will be ignored
2026-02-12 02:08:24.342 25 WARNING amqp [req-f98f4214-bdf0-4334-8d17-c0c69a98d0b0 - - - - -] Received method (60, 30) during closing channel 1. This method will be ignored
2026-02-12 02:08:24.344 23 DEBUG neutron.service [req-f98f4214-bdf0-4334-8d17-c0c69a98d0b0 - - - - -] calling wait on _wait /var/lib/kolla/venv/lib/python3.6/site-packages/neutron/service.py:131
2026-02-12 02:08:24.344 25 DEBUG neutron.service [req-f98f4214-bdf0-4334-8d17-c0c69a98d0b0 - - - - -] returning from RpcWorker wait() _wait /var/lib/kolla/venv/lib/python3.6/site-packages/neutron/service.py:135
2026-02-12 02:08:24.347 7 INFO oslo_service.service [-] Child 24 exited with status 0
2026-02-12 02:08:24.350 7 INFO oslo_service.service [-] Child 25 exited with status 0
2026-02-12 02:08:24.350 23 WARNING amqp [req-f98f4214-bdf0-4334-8d17-c0c69a98d0b0 - - - - -] Received method (60, 30) during closing channel 1. This method will be ignored
