2026-02-09 01:20:29.424 38708 DEBUG heat.engine.service [req-15873bdf-b34c-4e8b-9fad-94f486eae849 - - - - -] Service 47fff224-3cae-4c2b-ab25-0c662995ca4b is updated service_manage_report /usr/lib/python3/dist-packages/heat/engine/service.py:2370
2026-02-09 01:21:29.388 38711 DEBUG heat.engine.service [req-7174c4f0-ef0a-4393-827b-b6845099c3a4 - - - - -] Service 851d7ff4-5b67-44dd-b4eb-31470582fd49 is updated service_manage_report /usr/lib/python3/dist-packages/heat/engine/service.py:2370
2026-02-09 01:21:29.398 38710 DEBUG heat.engine.service [req-9ca0ffc0-b417-455b-a24d-e9c6d4abbf0e - - - - -] Service 64c0de9b-8c03-4a67-ad85-afae79fd0547 is updated service_manage_report /usr/lib/python3/dist-packages/heat/engine/service.py:2370
2026-02-09 01:21:29.420 38709 DEBUG heat.engine.service [req-3a862c1a-e48d-49c4-8fd7-60ebd05f8365 - - - - -] Service 8f98fcad-cafa-4920-ab3d-8a22c694ad61 is updated service_manage_report /usr/lib/python3/dist-packages/heat/engine/service.py:2370
2026-02-09 01:21:29.426 38708 DEBUG heat.engine.service [req-3d463b6c-bb9f-40d1-a988-321572a30496 - - - - -] Service 47fff224-3cae-4c2b-ab25-0c662995ca4b is updated service_manage_report /usr/lib/python3/dist-packages/heat/engine/service.py:2370
2026-02-09 01:22:29.387 38711 DEBUG heat.engine.service [req-368a2e7b-13ef-496d-9d16-77b88f542137 - - - - -] Service 851d7ff4-5b67-44dd-b4eb-31470582fd49 is updated service_manage_report /usr/lib/python3/dist-packages/heat/engine/service.py:2370
2026-02-09 01:22:29.401 38710 DEBUG heat.engine.service [req-b5b722fd-41b5-491f-8665-76aef3c29b4e - - - - -] Service 64c0de9b-8c03-4a67-ad85-afae79fd0547 is updated service_manage_report /usr/lib/python3/dist-packages/heat/engine/service.py:2370
2026-02-09 01:22:29.415 38709 DEBUG heat.engine.service [req-a8c688e0-25a6-4ee5-a526-0dad4b8e0fdd - - - - -] Service 8f98fcad-cafa-4920-ab3d-8a22c694ad61 is updated service_manage_report /usr/lib/python3/dist-packages/heat/engine/service.py:2370
2026-02-09 01:22:29.419 38708 DEBUG heat.engine.service [req-cc620add-4d5a-423c-ae3c-156bb764d7dc - - - - -] Service 47fff224-3cae-4c2b-ab25-0c662995ca4b is updated service_manage_report /usr/lib/python3/dist-packages/heat/engine/service.py:2370
2026-02-09 01:23:29.380 38711 DEBUG heat.engine.service [req-0f73255f-b30c-4233-b5b4-2bf4fd72ac85 - - - - -] Service 851d7ff4-5b67-44dd-b4eb-31470582fd49 is updated service_manage_report /usr/lib/python3/dist-packages/heat/engine/service.py:2370
2026-02-09 01:23:29.404 38710 DEBUG heat.engine.service [req-e4846a36-1fda-408b-b1ad-62c26d04dbd9 - - - - -] Service 64c0de9b-8c03-4a67-ad85-afae79fd0547 is updated service_manage_report /usr/lib/python3/dist-packages/heat/engine/service.py:2370
2026-02-09 01:23:29.407 38709 DEBUG heat.engine.service [req-1c01d272-c011-467f-a02b-d740c79dc805 - - - - -] Service 8f98fcad-cafa-4920-ab3d-8a22c694ad61 is updated service_manage_report /usr/lib/python3/dist-packages/heat/engine/service.py:2370
2026-02-09 01:23:29.421 38708 DEBUG heat.engine.service [req-78b03633-0c39-4b0d-aa78-347c052c762f - - - - -] Service 47fff224-3cae-4c2b-ab25-0c662995ca4b is updated service_manage_report /usr/lib/python3/dist-packages/heat/engine/service.py:2370
2026-02-09 01:24:29.383 38711 DEBUG heat.engine.service [req-c437425a-488e-4ced-b898-8ef695d7c376 - - - - -] Service 851d7ff4-5b67-44dd-b4eb-31470582fd49 is updated service_manage_report /usr/lib/python3/dist-packages/heat/engine/service.py:2370
2026-02-09 01:24:29.407 38710 DEBUG heat.engine.service [req-1f7e88a1-ff99-4b85-be71-c2347a50885b - - - - -] Service 64c0de9b-8c03-4a67-ad85-afae79fd0547 is updated service_manage_report /usr/lib/python3/dist-packages/heat/engine/service.py:2370
2026-02-09 01:24:29.414 38709 DEBUG heat.engine.service [req-5db15b53-56f0-49aa-a7bd-42c2619843cc - - - - -] Service 8f98fcad-cafa-4920-ab3d-8a22c694ad61 is updated service_manage_report /usr/lib/python3/dist-packages/heat/engine/service.py:2370
2026-02-09 01:24:29.424 38708 DEBUG heat.engine.service [req-19d1a452-7534-4fc3-b317-37469fc91b3a - - - - -] Service 47fff224-3cae-4c2b-ab25-0c662995ca4b is updated service_manage_report /usr/lib/python3/dist-packages/heat/engine/service.py:2370
2026-02-09 01:25:29.388 38711 DEBUG heat.engine.service [req-b7acd251-6d2e-47fb-b91e-c38f0f5e3225 - - - - -] Service 851d7ff4-5b67-44dd-b4eb-31470582fd49 is updated service_manage_report /usr/lib/python3/dist-packages/heat/engine/service.py:2370
2026-02-09 01:25:29.407 38709 DEBUG heat.engine.service [req-49c84e30-769b-4612-b2a9-23b6c4f14427 - - - - -] Service 8f98fcad-cafa-4920-ab3d-8a22c694ad61 is updated service_manage_report /usr/lib/python3/dist-packages/heat/engine/service.py:2370
2026-02-09 01:25:29.411 38710 DEBUG heat.engine.service [req-ac8aae90-453c-4401-8403-d26f2690a23a - - - - -] Service 64c0de9b-8c03-4a67-ad85-afae79fd0547 is updated service_manage_report /usr/lib/python3/dist-packages/heat/engine/service.py:2370
2026-02-09 01:25:29.427 38708 DEBUG heat.engine.service [req-480a7979-b527-4fd7-9052-abd52e8bf248 - - - - -] Service 47fff224-3cae-4c2b-ab25-0c662995ca4b is updated service_manage_report /usr/lib/python3/dist-packages/heat/engine/service.py:2370
2026-02-09 01:26:29.395 38711 DEBUG heat.engine.service [req-7deed935-5e09-49bc-a85b-01ad633a638d - - - - -] Service 851d7ff4-5b67-44dd-b4eb-31470582fd49 is updated service_manage_report /usr/lib/python3/dist-packages/heat/engine/service.py:2370
2026-02-09 01:26:29.411 38709 DEBUG heat.engine.service [req-bf5c0988-3e59-4306-8e2e-6ca92c5c34af - - - - -] Service 8f98fcad-cafa-4920-ab3d-8a22c694ad61 is updated service_manage_report /usr/lib/python3/dist-packages/heat/engine/service.py:2370
2026-02-09 01:26:29.416 38710 DEBUG heat.engine.service [req-3832662a-82cd-42d9-831b-b412f6304f10 - - - - -] Service 64c0de9b-8c03-4a67-ad85-afae79fd0547 is updated service_manage_report /usr/lib/python3/dist-packages/heat/engine/service.py:2370
2026-02-09 01:26:29.429 38708 DEBUG heat.engine.service [req-6def4457-412c-4030-bbc5-9e828dab8503 - - - - -] Service 47fff224-3cae-4c2b-ab25-0c662995ca4b is updated service_manage_report /usr/lib/python3/dist-packages/heat/engine/service.py:2370
2026-02-09 01:27:29.390 38711 DEBUG heat.engine.service [req-788e441b-3aa2-4006-af35-bddeef86d37a - - - - -] Service 851d7ff4-5b67-44dd-b4eb-31470582fd49 is updated service_manage_report /usr/lib/python3/dist-packages/heat/engine/service.py:2370
2026-02-09 01:27:29.414 38709 DEBUG heat.engine.service [req-99a92e05-2e82-4596-bbf1-6fd298472a78 - - - - -] Service 8f98fcad-cafa-4920-ab3d-8a22c694ad61 is updated service_manage_report /usr/lib/python3/dist-packages/heat/engine/service.py:2370
2026-02-09 01:27:29.418 38710 DEBUG heat.engine.service [req-e7ab402c-1f81-49fb-afdf-888c892f0526 - - - - -] Service 64c0de9b-8c03-4a67-ad85-afae79fd0547 is updated service_manage_report /usr/lib/python3/dist-packages/heat/engine/service.py:2370
2026-02-09 01:27:29.431 38708 DEBUG heat.engine.service [req-1b511ff9-501b-479e-a81b-8711008d840c - - - - -] Service 47fff224-3cae-4c2b-ab25-0c662995ca4b is updated service_manage_report /usr/lib/python3/dist-packages/heat/engine/service.py:2370
2026-02-09 01:28:29.394 38711 DEBUG heat.engine.service [req-c9563296-3ba8-403d-ac60-6929ddb0aef0 - - - - -] Service 851d7ff4-5b67-44dd-b4eb-31470582fd49 is updated service_manage_report /usr/lib/python3/dist-packages/heat/engine/service.py:2370
2026-02-09 01:28:29.417 38709 DEBUG heat.engine.service [req-881a1a9b-c06b-499b-8e8f-eca87f9e8e2b - - - - -] Service 8f98fcad-cafa-4920-ab3d-8a22c694ad61 is updated service_manage_report /usr/lib/python3/dist-packages/heat/engine/service.py:2370
2026-02-09 01:28:29.423 38710 DEBUG heat.engine.service [req-05b91e5c-5095-4726-9f3d-b60664ebbc1f - - - - -] Service 64c0de9b-8c03-4a67-ad85-afae79fd0547 is updated service_manage_report /usr/lib/python3/dist-packages/heat/engine/service.py:2370
2026-02-09 01:28:29.439 38708 DEBUG heat.engine.service [req-d198b757-4b19-4911-b05e-f83d658c2257 - - - - -] Service 47fff224-3cae-4c2b-ab25-0c662995ca4b is updated service_manage_report /usr/lib/python3/dist-packages/heat/engine/service.py:2370
2026-02-09 01:29:29.400 38711 DEBUG heat.engine.service [req-4af54a3c-85fa-404e-b6a6-733a66125ddf - - - - -] Service 851d7ff4-5b67-44dd-b4eb-31470582fd49 is updated service_manage_report /usr/lib/python3/dist-packages/heat/engine/service.py:2370
2026-02-09 01:29:29.421 38709 DEBUG heat.engine.service [req-a3fae283-8273-4934-b780-176bd946e109 - - - - -] Service 8f98fcad-cafa-4920-ab3d-8a22c694ad61 is updated service_manage_report /usr/lib/python3/dist-packages/heat/engine/service.py:2370
2026-02-09 01:29:29.426 38710 DEBUG heat.engine.service [req-00876930-6b96-4f04-a91d-1bb538afef2e - - - - -] Service 64c0de9b-8c03-4a67-ad85-afae79fd0547 is updated service_manage_report /usr/lib/python3/dist-packages/heat/engine/service.py:2370
2026-02-09 01:29:29.434 38708 DEBUG heat.engine.service [req-c575538b-3af9-4d2a-b8c3-5847744e7a70 - - - - -] Service 47fff224-3cae-4c2b-ab25-0c662995ca4b is updated service_manage_report /usr/lib/python3/dist-packages/heat/engine/service.py:2370
2026-02-09 01:30:29.403 38711 DEBUG heat.engine.service [req-fe206760-bbb7-47e9-9b03-4b17a93d7839 - - - - -] Service 851d7ff4-5b67-44dd-b4eb-31470582fd49 is updated service_manage_report /usr/lib/python3/dist-packages/heat/engine/service.py:2370
2026-02-09 01:30:29.425 38709 DEBUG heat.engine.service [req-9203456a-c8aa-472e-8df4-758cc0e2ff9f - - - - -] Service 8f98fcad-cafa-4920-ab3d-8a22c694ad61 is updated service_manage_report /usr/lib/python3/dist-packages/heat/engine/service.py:2370
2026-02-09 01:30:29.429 38710 DEBUG heat.engine.service [req-32249efc-593f-4270-b968-060105d47eb2 - - - - -] Service 64c0de9b-8c03-4a67-ad85-afae79fd0547 is updated service_manage_report /usr/lib/python3/dist-packages/heat/engine/service.py:2370
2026-02-09 01:30:29.436 38708 DEBUG heat.engine.service [req-f735e5e8-3847-47f7-8319-243ad5b0f4d2 - - - - -] Service 47fff224-3cae-4c2b-ab25-0c662995ca4b is updated service_manage_report /usr/lib/python3/dist-packages/heat/engine/service.py:2370
2026-02-09 01:31:29.411 38711 DEBUG heat.engine.service [req-6db2cd36-aaef-411a-ac90-ded514f0d086 - - - - -] Service 851d7ff4-5b67-44dd-b4eb-31470582fd49 is updated service_manage_report /usr/lib/python3/dist-packages/heat/engine/service.py:2370
2026-02-09 01:31:29.430 38709 DEBUG heat.engine.service [req-fe423533-7ee7-4996-b549-472193f63462 - - - - -] Service 8f98fcad-cafa-4920-ab3d-8a22c694ad61 is updated service_manage_report /usr/lib/python3/dist-packages/heat/engine/service.py:2370
2026-02-09 01:31:29.432 38710 DEBUG heat.engine.service [req-d454a5a0-054c-4fe6-9b70-8c0f3ec20f21 - - - - -] Service 64c0de9b-8c03-4a67-ad85-afae79fd0547 is updated service_manage_report /usr/lib/python3/dist-packages/heat/engine/service.py:2370
2026-02-09 01:31:29.442 38708 DEBUG heat.engine.service [req-954da0b6-941e-4b07-abbe-40d1f88fd229 - - - - -] Service 47fff224-3cae-4c2b-ab25-0c662995ca4b is updated service_manage_report /usr/lib/python3/dist-packages/heat/engine/service.py:2370
2026-02-09 01:32:29.404 38711 DEBUG heat.engine.service [req-4cac7df5-0798-4935-89fd-7ba0fb872a54 - - - - -] Service 851d7ff4-5b67-44dd-b4eb-31470582fd49 is updated service_manage_report /usr/lib/python3/dist-packages/heat/engine/service.py:2370
2026-02-09 01:32:29.434 38709 DEBUG heat.engine.service [req-ad0a0915-8815-4dd7-9b9d-b40f92a01c3f - - - - -] Service 8f98fcad-cafa-4920-ab3d-8a22c694ad61 is updated service_manage_report /usr/lib/python3/dist-packages/heat/engine/service.py:2370
2026-02-09 01:32:29.437 38710 DEBUG heat.engine.service [req-c9cc92ea-15f6-4ec0-a0ab-805966dd4781 - - - - -] Service 64c0de9b-8c03-4a67-ad85-afae79fd0547 is updated service_manage_report /usr/lib/python3/dist-packages/heat/engine/service.py:2370
2026-02-09 01:32:29.444 38708 DEBUG heat.engine.service [req-07a3b0b8-9b7a-4623-a90a-c218d836976e - - - - -] Service 47fff224-3cae-4c2b-ab25-0c662995ca4b is updated service_manage_report /usr/lib/python3/dist-packages/heat/engine/service.py:2370
2026-02-09 01:33:29.407 38711 DEBUG heat.engine.service [req-697476b8-6616-4828-be88-02af21eafea8 - - - - -] Service 851d7ff4-5b67-44dd-b4eb-31470582fd49 is updated service_manage_report /usr/lib/python3/dist-packages/heat/engine/service.py:2370
2026-02-09 01:33:29.440 38709 DEBUG heat.engine.service [req-02a1824d-b0e8-4cfe-ab2a-a3e1bd01384c - - - - -] Service 8f98fcad-cafa-4920-ab3d-8a22c694ad61 is updated service_manage_report /usr/lib/python3/dist-packages/heat/engine/service.py:2370
2026-02-09 01:33:29.442 38710 DEBUG heat.engine.service [req-ba14976c-6efd-4462-90f6-c690cef319dc - - - - -] Service 64c0de9b-8c03-4a67-ad85-afae79fd0547 is updated service_manage_report /usr/lib/python3/dist-packages/heat/engine/service.py:2370
2026-02-09 01:33:29.448 38708 DEBUG heat.engine.service [req-fa9a7ec8-6bbc-4bac-bb41-6643cd4517f8 - - - - -] Service 47fff224-3cae-4c2b-ab25-0c662995ca4b is updated service_manage_report /usr/lib/python3/dist-packages/heat/engine/service.py:2370
2026-02-09 01:34:29.593 38711 DEBUG heat.engine.service [req-b30fa2ed-d74e-45a5-888b-f93b32194022 - - - - -] Service 851d7ff4-5b67-44dd-b4eb-31470582fd49 is updated service_manage_report /usr/lib/python3/dist-packages/heat/engine/service.py:2370
2026-02-09 01:34:29.647 38709 DEBUG heat.engine.service [req-4f4c2148-8ab0-41f1-b54e-65725815244f - - - - -] Service 8f98fcad-cafa-4920-ab3d-8a22c694ad61 is updated service_manage_report /usr/lib/python3/dist-packages/heat/engine/service.py:2370
2026-02-09 01:34:29.647 38708 DEBUG heat.engine.service [req-c70a55cf-150d-4ec3-a4f8-bc9d43cda2a0 - - - - -] Service 47fff224-3cae-4c2b-ab25-0c662995ca4b is updated service_manage_report /usr/lib/python3/dist-packages/heat/engine/service.py:2370
2026-02-09 01:34:29.647 38710 DEBUG heat.engine.service [req-bd36d055-17c5-43e1-9d38-8f8128c2de3c - - - - -] Service 64c0de9b-8c03-4a67-ad85-afae79fd0547 is updated service_manage_report /usr/lib/python3/dist-packages/heat/engine/service.py:2370
2026-02-09 01:34:39.386 38708 DEBUG heat.engine.service [-] Attempting to stop engine service... _stop_rpc_server /usr/lib/python3/dist-packages/heat/engine/service.py:437
2026-02-09 01:34:39.386 38710 DEBUG heat.engine.service [-] Attempting to stop engine service... _stop_rpc_server /usr/lib/python3/dist-packages/heat/engine/service.py:437
2026-02-09 01:34:39.386 38709 DEBUG heat.engine.service [-] Attempting to stop engine service... _stop_rpc_server /usr/lib/python3/dist-packages/heat/engine/service.py:437
2026-02-09 01:34:39.386 38711 DEBUG heat.engine.service [-] Attempting to stop engine service... _stop_rpc_server /usr/lib/python3/dist-packages/heat/engine/service.py:437
2026-02-09 01:34:39.386 38490 INFO oslo_service.service [-] Caught SIGTERM, stopping children
2026-02-09 01:34:39.387 38490 DEBUG oslo_concurrency.lockutils [-] Acquired lock "singleton_lock" lock /usr/lib/python3/dist-packages/oslo_concurrency/lockutils.py:294
2026-02-09 01:34:39.387 38490 DEBUG oslo_concurrency.lockutils [-] Releasing lock "singleton_lock" lock /usr/lib/python3/dist-packages/oslo_concurrency/lockutils.py:312
2026-02-09 01:34:39.387 38490 DEBUG oslo_service.service [-] Stop services. stop /usr/lib/python3/dist-packages/oslo_service/service.py:695
2026-02-09 01:34:39.387 38490 INFO heat.engine.service [-] All threads were gone, terminating engine
2026-02-09 01:34:39.388 38490 DEBUG oslo_service.service [-] Killing children. stop /usr/lib/python3/dist-packages/oslo_service/service.py:700
2026-02-09 01:34:39.389 38490 INFO oslo_service.service [-] Waiting on 4 children to exit
2026-02-09 01:34:39.395 38490 INFO oslo_service.service [-] Child 38709 killed by signal 15
2026-02-09 01:34:39.396 38490 INFO oslo_service.service [-] Child 38711 killed by signal 15
2026-02-09 01:34:39.397 38490 INFO oslo_service.service [-] Child 38710 killed by signal 15
2026-02-09 01:34:39.397 38490 INFO oslo_service.service [-] Child 38708 killed by signal 15
2026-02-09 01:34:41.342 56457 DEBUG oslo_concurrency.lockutils [-] Lock "context-manager" acquired by "neutron_lib.db.api._create_context_manager" :: waited 0.000s inner /usr/lib/python3/dist-packages/oslo_concurrency/lockutils.py:386
2026-02-09 01:34:41.343 56457 DEBUG oslo_concurrency.lockutils [-] Lock "context-manager" "released" by "neutron_lib.db.api._create_context_manager" :: held 0.001s inner /usr/lib/python3/dist-packages/oslo_concurrency/lockutils.py:400
2026-02-09 01:34:41.578 56457 WARNING heat.engine.environment [-] OS::Aodh::Alarm is DEPRECATED. Theshold alarm relies on ceilometer-api and has been deprecated in aodh since Ocata. Use OS::Aodh::GnocchiAggregationByResourcesAlarm instead.
2026-02-09 01:34:41.578 56457 WARNING heat.engine.environment [-] OS::Aodh::CombinationAlarm is HIDDEN. OS::Aodh::CombinationAlarm is deprecated and has been removed from Aodh, use OS::Aodh::CompositeAlarm instead.
2026-02-09 01:34:41.579 56457 WARNING heat.engine.environment [-] OS::Designate::Domain is HIDDEN. This resource has been removed, use OS::Designate::Zone instead.
2026-02-09 01:34:41.579 56457 WARNING heat.engine.environment [-] OS::Designate::Record is HIDDEN. This resource has been removed, use OS::Designate::RecordSet instead.
2026-02-09 01:34:41.579 56457 WARNING heat.engine.environment [-] OS::Glance::Image is DEPRECATED. Creating a Glance Image based on an existing URL location requires the Glance v1 API, which is deprecated.
2026-02-09 01:34:41.579 56457 WARNING heat.engine.environment [-] OS::Heat::HARestarter is HIDDEN. The HARestarter resource type has been removed. Existing stacks containing HARestarter resources can still be used, but the HARestarter resource will be a placeholder that does nothing.
2026-02-09 01:34:41.579 56457 WARNING heat.engine.environment [-] OS::Heat::SoftwareDeployments is HIDDEN. Please use OS::Heat::SoftwareDeploymentGroup instead.
2026-02-09 01:34:41.580 56457 WARNING heat.engine.environment [-] OS::Heat::StructuredDeployments is HIDDEN. Please use OS::Heat::StructuredDeploymentGroup instead.
2026-02-09 01:34:41.580 56457 WARNING heat.engine.environment [-] OS::Magnum::Bay is HIDDEN. Please use OS::Magnum::Cluster instead.
2026-02-09 01:34:41.580 56457 WARNING heat.engine.environment [-] OS::Magnum::BayModel is HIDDEN. Please use OS::Magnum::ClusterTemplate instead.
2026-02-09 01:34:41.580 56457 WARNING heat.engine.environment [-] OS::Neutron::ExtraRoute is UNSUPPORTED. Use this resource at your own risk.
2026-02-09 01:34:41.580 56457 WARNING heat.engine.environment [-] OS::Neutron::HealthMonitor is HIDDEN. Use LBaaS V2 instead.
2026-02-09 01:34:41.581 56457 WARNING heat.engine.environment [-] OS::Neutron::Pool is HIDDEN. Use LBaaS V2 instead.
2026-02-09 01:34:41.581 56457 WARNING heat.engine.environment [-] OS::Neutron::PoolMember is HIDDEN. Use LBaaS V2 instead.
2026-02-09 01:34:41.581 56457 WARNING heat.engine.environment [-] OS::Neutron::LoadBalancer is HIDDEN. Use LBaaS V2 instead.
2026-02-09 01:34:41.581 56457 WARNING heat.engine.environment [-] OS::Neutron::RouterGateway is HIDDEN. Use the `external_gateway_info` property in the router resource to set up the gateway.
2026-02-09 01:34:41.581 56457 WARNING heat.engine.environment [-] OS::Nova::FloatingIP is HIDDEN. Please use OS::Neutron::FloatingIP instead.
2026-02-09 01:34:41.581 56457 WARNING heat.engine.environment [-] OS::Nova::FloatingIPAssociation is HIDDEN. Please use OS::Neutron::FloatingIPAssociation instead.
2026-02-09 01:34:41.582 56457 INFO heat.engine.environment [-] Loading /etc/heat/environment.d/default.yaml
2026-02-09 01:34:41.583 56457 INFO heat.engine.environment [-] Registered: [Plugin](User:False) AWS::AutoScaling::AutoScalingGroup ->
2026-02-09 01:34:41.583 56457 INFO heat.engine.environment [-] Registered: [Plugin](User:False) AWS::AutoScaling::LaunchConfiguration ->
2026-02-09 01:34:41.584 56457 INFO heat.engine.environment [-] Registered: [Plugin](User:False) AWS::AutoScaling::ScalingPolicy ->
2026-02-09 01:34:41.584 56457 INFO heat.engine.environment [-] Registered: [Plugin](User:False) AWS::CloudFormation::Stack ->
2026-02-09 01:34:41.584 56457 INFO heat.engine.environment [-] Registered: [Plugin](User:False) AWS::CloudFormation::WaitCondition ->
2026-02-09 01:34:41.584 56457 INFO heat.engine.environment [-] Registered: [Plugin](User:False) AWS::CloudFormation::WaitConditionHandle ->
2026-02-09 01:34:41.584 56457 INFO heat.engine.environment [-] Registered: [Plugin](User:False) AWS::EC2::EIP ->
2026-02-09 01:34:41.584 56457 INFO heat.engine.environment [-] Registered: [Plugin](User:False) AWS::EC2::EIPAssociation ->
2026-02-09 01:34:41.584 56457 INFO heat.engine.environment [-] Registered: [Plugin](User:False) AWS::EC2::Instance ->
2026-02-09 01:34:41.584 56457 INFO heat.engine.environment [-] Registered: [Plugin](User:False) AWS::EC2::InternetGateway ->
2026-02-09 01:34:41.584 56457 INFO heat.engine.environment [-] Registered: [Plugin](User:False) AWS::EC2::VPCGatewayAttachment ->
2026-02-09 01:34:41.584 56457 INFO heat.engine.environment [-] Registered: [Plugin](User:False) AWS::EC2::NetworkInterface ->
2026-02-09 01:34:41.584 56457 INFO heat.engine.environment [-] Registered: [Plugin](User:False) AWS::EC2::RouteTable ->
2026-02-09 01:34:41.585 56457 INFO heat.engine.environment [-] Registered: [Plugin](User:False) AWS::EC2::SubnetRouteTableAssociation ->
2026-02-09 01:34:41.585 56457 INFO heat.engine.environment [-] Registered: [Plugin](User:False) AWS::EC2::SecurityGroup ->
2026-02-09 01:34:41.585 56457 INFO heat.engine.environment [-] Registered: [Plugin](User:False) AWS::EC2::Subnet ->
2026-02-09 01:34:41.585 56457 INFO heat.engine.environment [-] Registered: [Plugin](User:False) AWS::EC2::Volume ->
2026-02-09 01:34:41.585 56457 INFO heat.engine.environment [-] Registered: [Plugin](User:False) AWS::EC2::VolumeAttachment ->
2026-02-09 01:34:41.585 56457 INFO heat.engine.environment [-] Registered: [Plugin](User:False) AWS::EC2::VPC ->
2026-02-09 01:34:41.585 56457 INFO heat.engine.environment [-] Registered: [Plugin](User:False) AWS::IAM::User ->
2026-02-09 01:34:41.585 56457 INFO heat.engine.environment [-] Registered: [Plugin](User:False) AWS::IAM::AccessKey ->
2026-02-09 01:34:41.585 56457 INFO heat.engine.environment [-] Registered: [Plugin](User:False) AWS::ElasticLoadBalancing::LoadBalancer ->
2026-02-09 01:34:41.585 56457 INFO heat.engine.environment [-] Registered: [Plugin](User:False) AWS::S3::Bucket ->
2026-02-09 01:34:41.585 56457 INFO heat.engine.environment [-] Registered: [Plugin](User:False) OS::Aodh::Alarm ->
2026-02-09 01:34:41.585 56457 INFO heat.engine.environment [-] Registered: [Plugin](User:False) OS::Aodh::CombinationAlarm ->
2026-02-09 01:34:41.586 56457 INFO heat.engine.environment [-] Registered: [Plugin](User:False) OS::Aodh::EventAlarm ->
2026-02-09 01:34:41.586 56457 INFO heat.engine.environment [-] Registered: [Plugin](User:False) OS::Aodh::LBMemberHealthAlarm ->
2026-02-09 01:34:41.586 56457 INFO heat.engine.environment [-] Registered: [Plugin](User:False) OS::Aodh::CompositeAlarm ->
2026-02-09 01:34:41.586 56457 INFO heat.engine.environment [-] Registered: [Plugin](User:False) OS::Aodh::GnocchiResourcesAlarm ->
2026-02-09 01:34:41.586 56457 INFO heat.engine.environment [-] Registered: [Plugin](User:False) OS::Aodh::GnocchiAggregationByMetricsAlarm ->
2026-02-09 01:34:41.586 56457 INFO heat.engine.environment [-] Registered: [Plugin](User:False) OS::Aodh::GnocchiAggregationByResourcesAlarm ->
2026-02-09 01:34:41.586 56457 INFO heat.engine.environment [-] Registered: [Plugin](User:False) OS::Barbican::GenericContainer ->
2026-02-09 01:34:41.586 56457 INFO heat.engine.environment [-] Registered: [Plugin](User:False) OS::Barbican::CertificateContainer ->
2026-02-09 01:34:41.586 56457 INFO heat.engine.environment [-] Registered: [Plugin](User:False) OS::Barbican::RSAContainer ->
2026-02-09 01:34:41.586 56457 INFO heat.engine.environment [-] Registered: [Plugin](User:False) OS::Barbican::Order ->
2026-02-09 01:34:41.586 56457 INFO heat.engine.environment [-] Registered: [Plugin](User:False) OS::Barbican::Secret ->
2026-02-09 01:34:41.587 56457 INFO heat.engine.environment [-] Registered: [Plugin](User:False) OS::Blazar::Host ->
2026-02-09 01:34:41.587 56457 INFO heat.engine.environment [-] Registered: [Plugin](User:False) OS::Blazar::Lease ->
2026-02-09 01:34:41.587 56457 INFO heat.engine.environment [-] Registered: [Plugin](User:False) OS::Cinder::EncryptedVolumeType ->
2026-02-09 01:34:41.587 56457 INFO heat.engine.environment [-] Registered: [Plugin](User:False) OS::Cinder::QoSSpecs ->
2026-02-09 01:34:41.587 56457 INFO heat.engine.environment [-] Registered: [Plugin](User:False) OS::Cinder::QoSAssociation ->
2026-02-09 01:34:41.587 56457 INFO heat.engine.environment [-] Registered: [Plugin](User:False) OS::Cinder::Quota ->
2026-02-09 01:34:41.587 56457 INFO heat.engine.environment [-] Registered: [Plugin](User:False) OS::Cinder::Volume ->
2026-02-09 01:34:41.587 56457 INFO heat.engine.environment [-] Registered: [Plugin](User:False) OS::Cinder::VolumeAttachment ->
2026-02-09 01:34:41.587 56457 INFO heat.engine.environment [-] Registered: [Plugin](User:False) OS::Cinder::VolumeType ->
2026-02-09 01:34:41.587 56457 INFO heat.engine.environment [-] Registered: [Plugin](User:False) OS::Designate::Domain ->
2026-02-09 01:34:41.587 56457 INFO heat.engine.environment [-] Registered: [Plugin](User:False) OS::Designate::Record ->
2026-02-09 01:34:41.587 56457 INFO heat.engine.environment [-] Registered: [Plugin](User:False) OS::Designate::RecordSet ->
2026-02-09 01:34:41.588 56457 INFO heat.engine.environment [-] Registered: [Plugin](User:False) OS::Designate::Zone ->
2026-02-09 01:34:41.588 56457 INFO heat.engine.environment [-] Registered: [Plugin](User:False) OS::Glance::Image ->
2026-02-09 01:34:41.588 56457 INFO heat.engine.environment [-] Registered: [Plugin](User:False) OS::Glance::WebImage ->
2026-02-09 01:34:41.588 56457 INFO heat.engine.environment [-] Registered: [Plugin](User:False) OS::Heat::AccessPolicy ->
2026-02-09 01:34:41.588 56457 INFO heat.engine.environment [-] Registered: [Plugin](User:False) OS::Heat::AutoScalingGroup ->
2026-02-09 01:34:41.588 56457 INFO heat.engine.environment [-] Registered: [Plugin](User:False) OS::Heat::CloudConfig ->
2026-02-09 01:34:41.588 56457 INFO heat.engine.environment [-] Registered: [Plugin](User:False) OS::Heat::Delay ->
2026-02-09 01:34:41.588 56457 INFO heat.engine.environment [-] Registered: [Plugin](User:False) OS::Heat::DeployedServer ->
2026-02-09 01:34:41.588 56457 INFO heat.engine.environment [-] Registered: [Plugin](User:False) OS::Heat::HARestarter ->
2026-02-09 01:34:41.588 56457 INFO heat.engine.environment [-] Registered: [Plugin](User:False) OS::Heat::InstanceGroup ->
2026-02-09 01:34:41.588 56457 INFO heat.engine.environment [-] Registered: [Plugin](User:False) OS::Heat::MultipartMime ->
2026-02-09 01:34:41.589 56457 INFO heat.engine.environment [-] Registered: [Plugin](User:False) OS::Heat::None ->
2026-02-09 01:34:41.589 56457 INFO heat.engine.environment [-] Registered: [Plugin](User:False) OS::Heat::RandomString ->
2026-02-09 01:34:41.589 56457 INFO heat.engine.environment [-] Registered: [Plugin](User:False) OS::Heat::Stack ->
2026-02-09 01:34:41.589 56457 INFO heat.engine.environment [-] Registered: [Plugin](User:False) OS::Heat::ResourceChain ->
2026-02-09 01:34:41.589 56457 INFO heat.engine.environment [-] Registered: [Plugin](User:False) OS::Heat::ResourceGroup ->
2026-02-09 01:34:41.589 56457 INFO heat.engine.environment [-] Registered: [Plugin](User:False) OS::Heat::ScalingPolicy ->
2026-02-09 01:34:41.589 56457 INFO heat.engine.environment [-] Registered: [Plugin](User:False) OS::Heat::SoftwareComponent ->
2026-02-09 01:34:41.589 56457 INFO heat.engine.environment [-] Registered: [Plugin](User:False) OS::Heat::SoftwareConfig ->
2026-02-09 01:34:41.589 56457 INFO heat.engine.environment [-] Registered: [Plugin](User:False) OS::Heat::SoftwareDeployment ->
2026-02-09 01:34:41.589 56457 INFO heat.engine.environment [-] Registered: [Plugin](User:False) OS::Heat::SoftwareDeploymentGroup ->
2026-02-09 01:34:41.589 56457 INFO heat.engine.environment [-] Registered: [Plugin](User:False) OS::Heat::SoftwareDeployments ->
2026-02-09 01:34:41.590 56457 INFO heat.engine.environment [-] Registered: [Plugin](User:False) OS::Heat::StructuredConfig ->
2026-02-09 01:34:41.590 56457 INFO heat.engine.environment [-] Registered: [Plugin](User:False) OS::Heat::StructuredDeployment ->
2026-02-09 01:34:41.590 56457 INFO heat.engine.environment [-] Registered: [Plugin](User:False) OS::Heat::StructuredDeploymentGroup ->
2026-02-09 01:34:41.590 56457 INFO heat.engine.environment [-] Registered: [Plugin](User:False) OS::Heat::StructuredDeployments ->
2026-02-09 01:34:41.590 56457 INFO heat.engine.environment [-] Registered: [Plugin](User:False) OS::Heat::SwiftSignal ->
2026-02-09 01:34:41.590 56457 INFO heat.engine.environment [-] Registered: [Plugin](User:False) OS::Heat::SwiftSignalHandle ->
2026-02-09 01:34:41.590 56457 INFO heat.engine.environment [-] Registered: [Plugin](User:False) OS::Heat::TestResource ->
2026-02-09 01:34:41.590 56457 INFO heat.engine.environment [-] Registered: [Plugin](User:False) OS::Heat::Value ->
2026-02-09 01:34:41.590 56457 INFO heat.engine.environment [-] Registered: [Plugin](User:False) OS::Heat::WaitCondition ->
2026-02-09 01:34:41.590 56457 INFO heat.engine.environment [-] Registered: [Plugin](User:False) OS::Heat::WaitConditionHandle ->
2026-02-09 01:34:41.590 56457 INFO heat.engine.environment [-] Registered: [Plugin](User:False) OS::Heat::UpdateWaitConditionHandle ->
2026-02-09 01:34:41.590 56457 INFO heat.engine.environment [-] Registered: [Plugin](User:False) OS::Ironic::Port ->
2026-02-09 01:34:41.591 56457 INFO heat.engine.environment [-] Registered: [Plugin](User:False) OS::Keystone::Domain ->
2026-02-09 01:34:41.591 56457 INFO heat.engine.environment [-] Registered: [Plugin](User:False) OS::Keystone::Endpoint ->
2026-02-09 01:34:41.591 56457 INFO heat.engine.environment [-] Registered: [Plugin](User:False) OS::Keystone::Group ->
2026-02-09 01:34:41.591 56457 INFO heat.engine.environment [-] Registered: [Plugin](User:False) OS::Keystone::Project ->
2026-02-09 01:34:41.591 56457 INFO heat.engine.environment [-] Registered: [Plugin](User:False) OS::Keystone::Region ->
2026-02-09 01:34:41.591 56457 INFO heat.engine.environment [-] Registered: [Plugin](User:False) OS::Keystone::Role ->
2026-02-09 01:34:41.591 56457 INFO heat.engine.environment [-] Registered: [Plugin](User:False) OS::Keystone::UserRoleAssignment ->
2026-02-09 01:34:41.591 56457 INFO heat.engine.environment [-] Registered: [Plugin](User:False) OS::Keystone::GroupRoleAssignment ->
2026-02-09 01:34:41.591 56457 INFO heat.engine.environment [-] Registered: [Plugin](User:False) OS::Keystone::Service ->
2026-02-09 01:34:41.591 56457 INFO heat.engine.environment [-] Registered: [Plugin](User:False) OS::Keystone::User ->
2026-02-09 01:34:41.591 56457 INFO heat.engine.environment [-] Registered: [Plugin](User:False) OS::Magnum::Bay ->
2026-02-09 01:34:41.592 56457 INFO heat.engine.environment [-] Registered: [Plugin](User:False) OS::Magnum::BayModel ->
2026-02-09 01:34:41.592 56457 INFO heat.engine.environment [-] Registered: [Plugin](User:False) OS::Magnum::Cluster ->
2026-02-09 01:34:41.592 56457 INFO heat.engine.environment [-] Registered: [Plugin](User:False) OS::Magnum::ClusterTemplate ->
2026-02-09 01:34:41.592 56457 INFO heat.engine.environment [-] Registered: [Plugin](User:False) OS::Manila::SecurityService ->
2026-02-09 01:34:41.592 56457 INFO heat.engine.environment [-] Registered: [Plugin](User:False) OS::Manila::Share ->
2026-02-09 01:34:41.592 56457 INFO heat.engine.environment [-] Registered: [Plugin](User:False) OS::Manila::ShareNetwork ->
2026-02-09 01:34:41.592 56457 INFO heat.engine.environment [-] Registered: [Plugin](User:False) OS::Manila::ShareType ->
2026-02-09 01:34:41.592 56457 INFO heat.engine.environment [-] Registered: [Plugin](User:False) OS::Mistral::CronTrigger ->
2026-02-09 01:34:41.592 56457 INFO heat.engine.environment [-] Registered: [Plugin](User:False) OS::Mistral::ExternalResource ->
2026-02-09 01:34:41.592 56457 INFO heat.engine.environment [-] Registered: [Plugin](User:False) OS::Mistral::Workflow ->
2026-02-09 01:34:41.592 56457 INFO heat.engine.environment [-] Registered: [Plugin](User:False) OS::Monasca::AlarmDefinition ->
2026-02-09 01:34:41.593 56457 INFO heat.engine.environment [-] Registered: [Plugin](User:False) OS::Monasca::Notification ->
2026-02-09 01:34:41.593 56457 INFO heat.engine.environment [-] Registered: [Plugin](User:False) OS::Neutron::AddressScope ->
2026-02-09 01:34:41.593 56457 INFO heat.engine.environment [-] Registered: [Plugin](User:False) OS::Neutron::ExtraRoute ->
2026-02-09 01:34:41.593 56457 INFO heat.engine.environment [-] Registered: [Plugin](User:False) OS::Neutron::ExtraRouteSet ->
2026-02-09 01:34:41.593 56457 INFO heat.engine.environment [-] Registered: [Plugin](User:False) OS::Neutron::Firewall ->
2026-02-09 01:34:41.593 56457 INFO heat.engine.environment [-] Registered: [Plugin](User:False) OS::Neutron::FirewallPolicy ->
2026-02-09 01:34:41.593 56457 INFO heat.engine.environment [-] Registered: [Plugin](User:False) OS::Neutron::FirewallRule ->
2026-02-09 01:34:41.593 56457 INFO heat.engine.environment [-] Registered: [Plugin](User:False) OS::Neutron::FloatingIP ->
2026-02-09 01:34:41.593 56457 INFO heat.engine.environment [-] Registered: [Plugin](User:False) OS::Neutron::FloatingIPAssociation ->
2026-02-09 01:34:41.594 56457 INFO heat.engine.environment [-] Registered: [Plugin](User:False) OS::Neutron::L2Gateway ->
2026-02-09 01:34:41.594 56457 INFO heat.engine.environment [-] Registered: [Plugin](User:False) OS::Neutron::L2GatewayConnection ->
2026-02-09 01:34:41.594 56457 INFO heat.engine.environment [-] Registered: [Plugin](User:False) OS::Neutron::LBaaS::HealthMonitor ->
2026-02-09 01:34:41.594 56457 INFO heat.engine.environment [-] Registered: [Plugin](User:False) OS::Neutron::LBaaS::L7Policy ->
2026-02-09 01:34:41.594 56457 INFO heat.engine.environment [-] Registered: [Plugin](User:False) OS::Neutron::LBaaS::L7Rule ->
2026-02-09 01:34:41.594 56457 INFO heat.engine.environment [-] Registered: [Plugin](User:False) OS::Neutron::LBaaS::Listener ->
2026-02-09 01:34:41.594 56457 INFO heat.engine.environment [-] Registered: [Plugin](User:False) OS::Neutron::LBaaS::LoadBalancer ->
2026-02-09 01:34:41.594 56457 INFO heat.engine.environment [-] Registered: [Plugin](User:False) OS::Neutron::LBaaS::Pool ->
2026-02-09 01:34:41.594 56457 INFO heat.engine.environment [-] Registered: [Plugin](User:False) OS::Neutron::LBaaS::PoolMember ->
2026-02-09 01:34:41.594 56457 INFO heat.engine.environment [-] Registered: [Plugin](User:False) OS::Neutron::HealthMonitor ->
2026-02-09 01:34:41.594 56457 INFO heat.engine.environment [-] Registered: [Plugin](User:False) OS::Neutron::Pool ->
2026-02-09 01:34:41.594 56457 INFO heat.engine.environment [-] Registered: [Plugin](User:False) OS::Neutron::PoolMember ->
2026-02-09 01:34:41.595 56457 INFO heat.engine.environment [-] Registered: [Plugin](User:False) OS::Neutron::LoadBalancer ->
2026-02-09 01:34:41.595 56457 INFO heat.engine.environment [-] Registered: [Plugin](User:False) OS::Neutron::MeteringLabel ->
2026-02-09 01:34:41.595 56457 INFO heat.engine.environment [-] Registered: [Plugin](User:False) OS::Neutron::MeteringRule ->
2026-02-09 01:34:41.595 56457 INFO heat.engine.environment [-] Registered: [Plugin](User:False) OS::Neutron::Net ->
2026-02-09 01:34:41.595 56457 INFO heat.engine.environment [-] Registered: [Plugin](User:False) OS::Neutron::NetworkGateway ->
2026-02-09 01:34:41.595 56457 INFO heat.engine.environment [-] Registered: [Plugin](User:False) OS::Neutron::Port ->
2026-02-09 01:34:41.595 56457 INFO heat.engine.environment [-] Registered: [Plugin](User:False) OS::Neutron::ProviderNet ->
2026-02-09 01:34:41.595 56457 INFO heat.engine.environment [-] Registered: [Plugin](User:False) OS::Neutron::QoSPolicy ->
2026-02-09 01:34:41.595 56457 INFO heat.engine.environment [-] Registered: [Plugin](User:False) OS::Neutron::QoSBandwidthLimitRule ->
2026-02-09 01:34:41.595 56457 INFO heat.engine.environment [-] Registered: [Plugin](User:False) OS::Neutron::QoSDscpMarkingRule ->
2026-02-09 01:34:41.595 56457 INFO heat.engine.environment [-] Registered: [Plugin](User:False) OS::Neutron::QoSMinimumBandwidthRule ->
2026-02-09 01:34:41.596 56457 INFO heat.engine.environment [-] Registered: [Plugin](User:False) OS::Neutron::Quota ->
2026-02-09 01:34:41.596 56457 INFO heat.engine.environment [-] Registered: [Plugin](User:False) OS::Neutron::RBACPolicy ->
2026-02-09 01:34:41.596 56457 INFO heat.engine.environment [-] Registered: [Plugin](User:False) OS::Neutron::Router ->
2026-02-09 01:34:41.596 56457 INFO heat.engine.environment [-] Registered: [Plugin](User:False) OS::Neutron::RouterInterface ->
2026-02-09 01:34:41.596 56457 INFO heat.engine.environment [-] Registered: [Plugin](User:False) OS::Neutron::RouterGateway ->
2026-02-09 01:34:41.596 56457 INFO heat.engine.environment [-] Registered: [Plugin](User:False) OS::Neutron::SecurityGroup ->
2026-02-09 01:34:41.596 56457 INFO heat.engine.environment [-] Registered: [Plugin](User:False) OS::Neutron::SecurityGroupRule ->
2026-02-09 01:34:41.596 56457 INFO heat.engine.environment [-] Registered: [Plugin](User:False) OS::Neutron::Segment ->
2026-02-09 01:34:41.596 56457 INFO heat.engine.environment [-] Registered: [Plugin](User:False) OS::Neutron::FlowClassifier ->
2026-02-09 01:34:41.596 56457 INFO heat.engine.environment [-] Registered: [Plugin](User:False) OS::Neutron::PortChain ->
2026-02-09 01:34:41.596 56457 INFO heat.engine.environment [-] Registered: [Plugin](User:False) OS::Neutron::PortPair ->
2026-02-09 01:34:41.597 56457 INFO heat.engine.environment [-] Registered: [Plugin](User:False) OS::Neutron::PortPairGroup ->
2026-02-09 01:34:41.597 56457 INFO heat.engine.environment [-] Registered: [Plugin](User:False) OS::Neutron::Subnet ->
2026-02-09 01:34:41.597 56457 INFO heat.engine.environment [-] Registered: [Plugin](User:False) OS::Neutron::SubnetPool ->
2026-02-09 01:34:41.597 56457 INFO heat.engine.environment [-] Registered: [Plugin](User:False) OS::Neutron::TaaS::TapFlow ->
2026-02-09 01:34:41.597 56457 INFO heat.engine.environment [-] Registered: [Plugin](User:False) OS::Neutron::TaaS::TapService ->
2026-02-09 01:34:41.597 56457 INFO heat.engine.environment [-] Registered: [Plugin](User:False) OS::Neutron::Trunk ->
2026-02-09 01:34:41.597 56457 INFO heat.engine.environment [-] Registered: [Plugin](User:False) OS::Neutron::VPNService ->
2026-02-09 01:34:41.597 56457 INFO heat.engine.environment [-] Registered: [Plugin](User:False) OS::Neutron::IPsecSiteConnection ->
2026-02-09 01:34:41.597 56457 INFO heat.engine.environment [-] Registered: [Plugin](User:False) OS::Neutron::IKEPolicy ->
2026-02-09 01:34:41.597 56457 INFO heat.engine.environment [-] Registered: [Plugin](User:False) OS::Neutron::IPsecPolicy ->
2026-02-09 01:34:41.597 56457 INFO heat.engine.environment [-] Registered: [Plugin](User:False) OS::Nova::Flavor ->
2026-02-09 01:34:41.597 56457 INFO heat.engine.environment [-] Registered: [Plugin](User:False) OS::Nova::FloatingIP ->
2026-02-09 01:34:41.598 56457 INFO heat.engine.environment [-] Registered: [Plugin](User:False) OS::Nova::FloatingIPAssociation ->
2026-02-09 01:34:41.598 56457 INFO heat.engine.environment [-] Registered: [Plugin](User:False) OS::Nova::HostAggregate ->
2026-02-09 01:34:41.598 56457 INFO heat.engine.environment [-] Registered: [Plugin](User:False) OS::Nova::KeyPair ->
2026-02-09 01:34:41.598 56457 INFO heat.engine.environment [-] Registered: [Plugin](User:False) OS::Nova::Quota ->
2026-02-09 01:34:41.598 56457 INFO heat.engine.environment [-] Registered: [Plugin](User:False) OS::Nova::Server ->
2026-02-09 01:34:41.598 56457 INFO heat.engine.environment [-] Registered: [Plugin](User:False) OS::Nova::ServerGroup ->
2026-02-09 01:34:41.598 56457 INFO heat.engine.environment [-] Registered: [Plugin](User:False) OS::Octavia::Flavor ->
2026-02-09 01:34:41.598 56457 INFO heat.engine.environment [-] Registered: [Plugin](User:False) OS::Octavia::FlavorProfile ->
2026-02-09 01:34:41.598 56457 INFO heat.engine.environment [-] Registered: [Plugin](User:False) OS::Octavia::HealthMonitor ->
2026-02-09 01:34:41.598 56457 INFO heat.engine.environment [-] Registered: [Plugin](User:False) OS::Octavia::L7Policy ->
2026-02-09 01:34:41.598 56457 INFO heat.engine.environment [-] Registered: [Plugin](User:False) OS::Octavia::L7Rule ->
2026-02-09 01:34:41.599 56457 INFO heat.engine.environment [-] Registered: [Plugin](User:False) OS::Octavia::Listener ->
2026-02-09 01:34:41.599 56457 INFO heat.engine.environment [-] Registered: [Plugin](User:False) OS::Octavia::LoadBalancer ->
2026-02-09 01:34:41.599 56457 INFO heat.engine.environment [-] Registered: [Plugin](User:False) OS::Octavia::Pool ->
2026-02-09 01:34:41.599 56457 INFO heat.engine.environment [-] Registered: [Plugin](User:False) OS::Octavia::PoolMember ->
2026-02-09 01:34:41.599 56457 INFO heat.engine.environment [-] Registered: [Plugin](User:False) OS::Octavia::Quota ->
2026-02-09 01:34:41.599 56457 INFO heat.engine.environment [-] Registered: [Plugin](User:False) OS::Sahara::Cluster ->
2026-02-09 01:34:41.599 56457 INFO heat.engine.environment [-] Registered: [Plugin](User:False) OS::Sahara::DataSource ->
2026-02-09 01:34:41.599 56457 INFO heat.engine.environment [-] Registered: [Plugin](User:False) OS::Sahara::ImageRegistry ->
2026-02-09 01:34:41.599 56457 INFO heat.engine.environment [-] Registered: [Plugin](User:False) OS::Sahara::Job ->
2026-02-09 01:34:41.599 56457 INFO heat.engine.environment [-] Registered: [Plugin](User:False) OS::Sahara::JobBinary ->
2026-02-09 01:34:41.599 56457 INFO heat.engine.environment [-] Registered: [Plugin](User:False) OS::Sahara::NodeGroupTemplate ->
2026-02-09 01:34:41.599 56457 INFO heat.engine.environment [-] Registered: [Plugin](User:False) OS::Sahara::ClusterTemplate ->
2026-02-09 01:34:41.600 56457 INFO heat.engine.environment [-] Registered: [Plugin](User:False) OS::Senlin::Cluster ->
2026-02-09 01:34:41.600 56457 INFO heat.engine.environment [-] Registered: [Plugin](User:False) OS::Senlin::Node ->
2026-02-09 01:34:41.600 56457 INFO heat.engine.environment [-] Registered: [Plugin](User:False) OS::Senlin::Policy ->
2026-02-09 01:34:41.600 56457 INFO heat.engine.environment [-] Registered: [Plugin](User:False) OS::Senlin::Profile ->
2026-02-09 01:34:41.600 56457 INFO heat.engine.environment [-] Registered: [Plugin](User:False) OS::Senlin::Receiver ->
2026-02-09 01:34:41.600 56457 INFO heat.engine.environment [-] Registered: [Plugin](User:False) OS::Swift::Container ->
2026-02-09 01:34:41.600 56457 INFO heat.engine.environment [-] Registered: [Plugin](User:False) OS::Trove::Cluster ->
2026-02-09 01:34:41.600 56457 INFO heat.engine.environment [-] Registered: [Plugin](User:False) OS::Trove::Instance ->
2026-02-09 01:34:41.600 56457 INFO heat.engine.environment [-] Registered: [Plugin](User:False) OS::Vitrage::Template ->
2026-02-09 01:34:41.600 56457 INFO heat.engine.environment [-] Registered: [Plugin](User:False) OS::Zaqar::Queue ->
2026-02-09 01:34:41.600 56457 INFO heat.engine.environment [-] Registered: [Plugin](User:False) OS::Zaqar::SignedQueueURL ->
2026-02-09 01:34:41.601 56457 INFO heat.engine.environment [-] Registered: [Plugin](User:False) OS::Zaqar::Subscription ->
2026-02-09 01:34:41.601 56457 INFO heat.engine.environment [-] Registered: [Plugin](User:False) OS::Zaqar::MistralTrigger ->
2026-02-09 01:34:41.601 56457 INFO heat.engine.environment [-] Registered: [Wildcard Mapping](User:False) OS::Quantum* -> OS::Neutron*
2026-02-09 01:34:41.601 56457 INFO heat.engine.environment [-] Registered: [Template](User:False) AWS::CloudWatch::Alarm -> file:///etc/heat/templates/AWS_CloudWatch_Alarm.yaml
2026-02-09 01:34:41.601 56457 INFO heat.engine.environment [-] Registered: [Mapping](User:False) OS::Metering::Alarm -> OS::Aodh::Alarm
2026-02-09 01:34:41.601 56457 INFO heat.engine.environment [-] Registered: [Template](User:False) AWS::RDS::DBInstance -> file:///etc/heat/templates/AWS_RDS_DBInstance.yaml
2026-02-09 01:34:41.601 56457 INFO heat.engine.environment [-] Registered: [Mapping](User:False) OS::Ceilometer::Alarm -> OS::Aodh::Alarm
2026-02-09 01:34:41.601 56457 INFO heat.engine.environment [-] Registered: [Mapping](User:False) OS::Ceilometer::GnocchiResourcesAlarm -> OS::Aodh::GnocchiResourcesAlarm
2026-02-09 01:34:41.601 56457 INFO heat.engine.environment [-] Registered: [Mapping](User:False) OS::Ceilometer::GnocchiAggregationByMetricsAlarm -> OS::Aodh::GnocchiAggregationByMetricsAlarm
2026-02-09 01:34:41.601 56457 INFO heat.engine.environment [-] Registered: [Mapping](User:False) OS::Ceilometer::GnocchiAggregationByResourcesAlarm -> OS::Aodh::GnocchiAggregationByResourcesAlarm
2026-02-09 01:34:41.601 56457 INFO heat.engine.environment [-] Registered: [Mapping](User:False) OS::Ceilometer::CombinationAlarm -> OS::Aodh::CombinationAlarm
2026-02-09 01:34:41.611 56457 DEBUG oslo_concurrency.lockutils [-] Acquired lock "singleton_lock" lock /usr/lib/python3/dist-packages/oslo_concurrency/lockutils.py:294
2026-02-09 01:34:41.611 56457 DEBUG oslo_concurrency.lockutils [-] Releasing lock "singleton_lock" lock /usr/lib/python3/dist-packages/oslo_concurrency/lockutils.py:312
2026-02-09 01:34:41.612 56457 INFO oslo_service.service [-] Starting 4 workers
2026-02-09 01:34:41.615 56457 DEBUG oslo_service.service [-] Started child 56672 _start_child /usr/lib/python3/dist-packages/oslo_service/service.py:575
2026-02-09 01:34:41.620 56672 DEBUG heat.engine.service [-] Starting listener for engine b6e26222-701c-4ad5-99b8-f06e0d99edbc start /usr/lib/python3/dist-packages/heat/engine/service.py:392
2026-02-09 01:34:41.619 56457 DEBUG oslo_service.service [-] Started child 56673 _start_child /usr/lib/python3/dist-packages/oslo_service/service.py:575
2026-02-09 01:34:41.623 56457 DEBUG oslo_service.service [-] Started child 56674 _start_child /usr/lib/python3/dist-packages/oslo_service/service.py:575
2026-02-09 01:34:41.625 56673 DEBUG heat.engine.service [-] Starting listener for engine 60096ba4-f796-43a5-bd03-820d8b45927d start /usr/lib/python3/dist-packages/heat/engine/service.py:392
2026-02-09 01:34:41.627 56457 DEBUG oslo_service.service [-] Started child 56675 _start_child /usr/lib/python3/dist-packages/oslo_service/service.py:575
2026-02-09 01:34:41.629 56674 DEBUG heat.engine.service [-] Starting listener for engine 948a5ab7-5b7a-47f4-beb5-d9c4d0b97887 start /usr/lib/python3/dist-packages/heat/engine/service.py:392
2026-02-09 01:34:41.629 56457 DEBUG oslo_service.service [-] Full set of CONF: wait /usr/lib/python3/dist-packages/oslo_service/service.py:649
2026-02-09 01:34:41.630 56457 DEBUG oslo_service.service [-] ******************************************************************************** log_opt_values /usr/lib/python3/dist-packages/oslo_config/cfg.py:2589
2026-02-09 01:34:41.630 56457 DEBUG oslo_service.service [-] Configuration options gathered from: log_opt_values /usr/lib/python3/dist-packages/oslo_config/cfg.py:2590
2026-02-09 01:34:41.630 56457 DEBUG oslo_service.service [-] command line args: ['--config-file=/etc/heat/heat.conf', '--log-file=/var/log/heat/heat-engine.log'] log_opt_values /usr/lib/python3/dist-packages/oslo_config/cfg.py:2591
2026-02-09 01:34:41.631 56457 DEBUG oslo_service.service [-] config files: ['/etc/heat/heat.conf'] log_opt_values /usr/lib/python3/dist-packages/oslo_config/cfg.py:2592
2026-02-09 01:34:41.632 56457 DEBUG oslo_service.service [-] ================================================================================ log_opt_values /usr/lib/python3/dist-packages/oslo_config/cfg.py:2594
2026-02-09 01:34:41.632 56457 DEBUG oslo_service.service [-] action_retry_limit = 5 log_opt_values /usr/lib/python3/dist-packages/oslo_config/cfg.py:2602
2026-02-09 01:34:41.632 56457 DEBUG oslo_service.service [-] allow_trusts_redelegation = False log_opt_values /usr/lib/python3/dist-packages/oslo_config/cfg.py:2602
2026-02-09 01:34:41.632 56457 DEBUG oslo_service.service [-] auth_encryption_key = **** log_opt_values /usr/lib/python3/dist-packages/oslo_config/cfg.py:2602
2026-02-09 01:34:41.632 56457 DEBUG oslo_service.service [-] client_retry_limit = 2 log_opt_values /usr/lib/python3/dist-packages/oslo_config/cfg.py:2602
2026-02-09 01:34:41.632 56457 DEBUG oslo_service.service [-] cloud_backend = heat.engine.clients.OpenStackClients log_opt_values /usr/lib/python3/dist-packages/oslo_config/cfg.py:2602
2026-02-09 01:34:41.633 56457 DEBUG oslo_service.service [-] config_dir = [] log_opt_values /usr/lib/python3/dist-packages/oslo_config/cfg.py:2602
2026-02-09 01:34:41.633 56457 DEBUG oslo_service.service [-] config_file = ['/etc/heat/heat.conf'] log_opt_values /usr/lib/python3/dist-packages/oslo_config/cfg.py:2602
2026-02-09 01:34:41.633 56457 DEBUG oslo_service.service [-] config_source = [] log_opt_values /usr/lib/python3/dist-packages/oslo_config/cfg.py:2602
2026-02-09 01:34:41.633 56457 DEBUG oslo_service.service [-] control_exchange = heat log_opt_values /usr/lib/python3/dist-packages/oslo_config/cfg.py:2602
2026-02-09 01:34:41.633 56457 DEBUG oslo_service.service [-] convergence_engine = True log_opt_values /usr/lib/python3/dist-packages/oslo_config/cfg.py:2602
2026-02-09 01:34:41.633 56457 DEBUG oslo_service.service [-] debug = True log_opt_values /usr/lib/python3/dist-packages/oslo_config/cfg.py:2602
2026-02-09 01:34:41.633 56457 DEBUG oslo_service.service [-] default_deployment_signal_transport = CFN_SIGNAL log_opt_values /usr/lib/python3/dist-packages/oslo_config/cfg.py:2602
