2026-02-09 00:30:25.868 31863 DEBUG oslo_service.service [-] yaql.limit_iterators = 200 log_opt_values /usr/lib/python3/dist-packages/oslo_config/cfg.py:2609
2026-02-09 00:30:25.869 31863 DEBUG oslo_service.service [-] yaql.memory_quota = 10000 log_opt_values /usr/lib/python3/dist-packages/oslo_config/cfg.py:2609
2026-02-09 00:30:25.869 31863 DEBUG oslo_service.service [-] ******************************************************************************** log_opt_values /usr/lib/python3/dist-packages/oslo_config/cfg.py:2613
2026-02-09 00:30:25.964 32080 DEBUG oslo_db.sqlalchemy.engines [req-59990383-904c-4385-bf05-52b263809e6f - - - - -] MySQL server mode set to STRICT_TRANS_TABLES,STRICT_ALL_TABLES,NO_ZERO_IN_DATE,NO_ZERO_DATE,ERROR_FOR_DIVISION_BY_ZERO,TRADITIONAL,NO_ENGINE_SUBSTITUTION _check_effective_sql_mode /usr/lib/python3/dist-packages/oslo_db/sqlalchemy/engines.py:314
2026-02-09 00:30:26.025 32077 DEBUG oslo_db.sqlalchemy.engines [req-e80202e2-9fc5-46e6-af2f-c94134ac510e - - - - -] MySQL server mode set to STRICT_TRANS_TABLES,STRICT_ALL_TABLES,NO_ZERO_IN_DATE,NO_ZERO_DATE,ERROR_FOR_DIVISION_BY_ZERO,TRADITIONAL,NO_ENGINE_SUBSTITUTION _check_effective_sql_mode /usr/lib/python3/dist-packages/oslo_db/sqlalchemy/engines.py:314
2026-02-09 00:30:26.026 32079 DEBUG oslo_db.sqlalchemy.engines [req-ad482b24-3cd8-47e9-b2ab-ecca607af2cc - - - - -] MySQL server mode set to STRICT_TRANS_TABLES,STRICT_ALL_TABLES,NO_ZERO_IN_DATE,NO_ZERO_DATE,ERROR_FOR_DIVISION_BY_ZERO,TRADITIONAL,NO_ENGINE_SUBSTITUTION _check_effective_sql_mode /usr/lib/python3/dist-packages/oslo_db/sqlalchemy/engines.py:314
2026-02-09 00:30:26.070 32078 DEBUG oslo_db.sqlalchemy.engines [req-0879583b-67ea-4129-8ecb-915772e988fb - - - - -] MySQL server mode set to STRICT_TRANS_TABLES,STRICT_ALL_TABLES,NO_ZERO_IN_DATE,NO_ZERO_DATE,ERROR_FOR_DIVISION_BY_ZERO,TRADITIONAL,NO_ENGINE_SUBSTITUTION _check_effective_sql_mode /usr/lib/python3/dist-packages/oslo_db/sqlalchemy/engines.py:314
2026-02-09 00:30:26.129 32080 DEBUG heat.engine.service [req-2ccf00dd-aef7-4533-ad4b-110ce645ed24 - - - - -] Service 96076681-bb11-42dc-a42d-7ea31679a85f is started service_manage_report /usr/lib/python3/dist-packages/heat/engine/service.py:2363
2026-02-09 00:30:26.130 32079 DEBUG heat.engine.service [req-d2a04658-8537-4f73-b97a-fc430fe7e6bd - - - - -] Service 401e4f13-62c7-4777-8c2d-6ea6135ebd7a is started service_manage_report /usr/lib/python3/dist-packages/heat/engine/service.py:2363
2026-02-09 00:30:26.184 32080 DEBUG heat.engine.service [req-2ccf00dd-aef7-4533-ad4b-110ce645ed24 - - - - -] Service 96076681-bb11-42dc-a42d-7ea31679a85f is updated service_manage_report /usr/lib/python3/dist-packages/heat/engine/service.py:2370
2026-02-09 00:30:26.202 32077 DEBUG heat.engine.service [req-1d1bfbbc-12d8-4e39-9a10-fc7798c12961 - - - - -] Service 9002e690-d2e2-4b5c-9434-b0c2e759d530 is started service_manage_report /usr/lib/python3/dist-packages/heat/engine/service.py:2363
2026-02-09 00:30:26.225 32079 DEBUG heat.engine.service [req-d2a04658-8537-4f73-b97a-fc430fe7e6bd - - - - -] Service 401e4f13-62c7-4777-8c2d-6ea6135ebd7a is updated service_manage_report /usr/lib/python3/dist-packages/heat/engine/service.py:2370
2026-02-09 00:30:26.249 32077 DEBUG heat.engine.service [req-1d1bfbbc-12d8-4e39-9a10-fc7798c12961 - - - - -] Service 9002e690-d2e2-4b5c-9434-b0c2e759d530 is updated service_manage_report /usr/lib/python3/dist-packages/heat/engine/service.py:2370
2026-02-09 00:30:26.335 32078 DEBUG heat.engine.service [req-a9f96233-ca94-4c64-a98e-d8349bcd28dd - - - - -] Service bc6a9843-4e24-44ba-8f35-cd7ac36e0592 is started service_manage_report /usr/lib/python3/dist-packages/heat/engine/service.py:2363
2026-02-09 00:30:26.374 32078 DEBUG heat.engine.service [req-a9f96233-ca94-4c64-a98e-d8349bcd28dd - - - - -] Service bc6a9843-4e24-44ba-8f35-cd7ac36e0592 is updated service_manage_report /usr/lib/python3/dist-packages/heat/engine/service.py:2370
2026-02-09 00:31:26.119 32079 DEBUG heat.engine.service [req-2a85b83e-276e-4aa1-989c-f34ba908bc0f - - - - -] Service 401e4f13-62c7-4777-8c2d-6ea6135ebd7a is updated service_manage_report /usr/lib/python3/dist-packages/heat/engine/service.py:2370
2026-02-09 00:31:26.124 32080 DEBUG heat.engine.service [req-48f5e170-cb45-405f-8917-24620d413250 - - - - -] Service 96076681-bb11-42dc-a42d-7ea31679a85f is updated service_manage_report /usr/lib/python3/dist-packages/heat/engine/service.py:2370
2026-02-09 00:31:26.185 32077 DEBUG heat.engine.service [req-5de8029a-20f0-46dd-8724-9904d6258b29 - - - - -] Service 9002e690-d2e2-4b5c-9434-b0c2e759d530 is updated service_manage_report /usr/lib/python3/dist-packages/heat/engine/service.py:2370
2026-02-09 00:31:26.313 32078 DEBUG heat.engine.service [req-aeed5e73-2e4b-4fca-84c0-33bd6d121d10 - - - - -] Service bc6a9843-4e24-44ba-8f35-cd7ac36e0592 is updated service_manage_report /usr/lib/python3/dist-packages/heat/engine/service.py:2370
2026-02-09 00:32:26.112 32080 DEBUG heat.engine.service [req-10ce039a-a823-457e-a26a-004fe9a2d1ba - - - - -] Service 96076681-bb11-42dc-a42d-7ea31679a85f is updated service_manage_report /usr/lib/python3/dist-packages/heat/engine/service.py:2370
2026-02-09 00:32:26.116 32079 DEBUG heat.engine.service [req-f4481366-1385-452f-ad39-af0c95f4a5d2 - - - - -] Service 401e4f13-62c7-4777-8c2d-6ea6135ebd7a is updated service_manage_report /usr/lib/python3/dist-packages/heat/engine/service.py:2370
2026-02-09 00:32:26.186 32077 DEBUG heat.engine.service [req-1098d4d5-df26-4b29-95f0-3592b6ed203c - - - - -] Service 9002e690-d2e2-4b5c-9434-b0c2e759d530 is updated service_manage_report /usr/lib/python3/dist-packages/heat/engine/service.py:2370
2026-02-09 00:32:26.301 32078 DEBUG heat.engine.service [req-e5f5830a-cc6b-4362-9718-f42448452fc2 - - - - -] Service bc6a9843-4e24-44ba-8f35-cd7ac36e0592 is updated service_manage_report /usr/lib/python3/dist-packages/heat/engine/service.py:2370
2026-02-09 00:33:26.115 32080 DEBUG heat.engine.service [req-fa2ed85b-9a04-45cf-8000-58caa121277c - - - - -] Service 96076681-bb11-42dc-a42d-7ea31679a85f is updated service_manage_report /usr/lib/python3/dist-packages/heat/engine/service.py:2370
2026-02-09 00:33:26.122 32079 DEBUG heat.engine.service [req-15a9f59e-c311-4408-90bc-1bb476e79cb2 - - - - -] Service 401e4f13-62c7-4777-8c2d-6ea6135ebd7a is updated service_manage_report /usr/lib/python3/dist-packages/heat/engine/service.py:2370
2026-02-09 00:33:26.192 32077 DEBUG heat.engine.service [req-c639d249-35ed-4d7a-8a7b-b17bfee77e0b - - - - -] Service 9002e690-d2e2-4b5c-9434-b0c2e759d530 is updated service_manage_report /usr/lib/python3/dist-packages/heat/engine/service.py:2370
2026-02-09 00:33:26.299 32078 DEBUG heat.engine.service [req-5d9eb51f-c431-464e-8f4c-ae741b7fa0b1 - - - - -] Service bc6a9843-4e24-44ba-8f35-cd7ac36e0592 is updated service_manage_report /usr/lib/python3/dist-packages/heat/engine/service.py:2370
2026-02-09 00:34:26.111 32080 DEBUG heat.engine.service [req-2c0141b0-276d-4e0e-83f1-ce278c4473e7 - - - - -] Service 96076681-bb11-42dc-a42d-7ea31679a85f is updated service_manage_report /usr/lib/python3/dist-packages/heat/engine/service.py:2370
2026-02-09 00:34:26.117 32079 DEBUG heat.engine.service [req-e0ecd91b-b042-4dfa-97fd-859047092582 - - - - -] Service 401e4f13-62c7-4777-8c2d-6ea6135ebd7a is updated service_manage_report /usr/lib/python3/dist-packages/heat/engine/service.py:2370
2026-02-09 00:34:26.191 32077 DEBUG heat.engine.service [req-c7f118f9-4f68-4a17-8b23-0499042492d9 - - - - -] Service 9002e690-d2e2-4b5c-9434-b0c2e759d530 is updated service_manage_report /usr/lib/python3/dist-packages/heat/engine/service.py:2370
2026-02-09 00:34:26.295 32078 DEBUG heat.engine.service [req-f64818f1-9785-4ec9-bada-9f6b8730f5e6 - - - - -] Service bc6a9843-4e24-44ba-8f35-cd7ac36e0592 is updated service_manage_report /usr/lib/python3/dist-packages/heat/engine/service.py:2370
2026-02-09 00:35:26.125 32080 DEBUG heat.engine.service [req-61ba1f26-9529-402b-8104-025f69ebf819 - - - - -] Service 96076681-bb11-42dc-a42d-7ea31679a85f is updated service_manage_report /usr/lib/python3/dist-packages/heat/engine/service.py:2370
2026-02-09 00:35:26.145 32079 DEBUG heat.engine.service [req-6440bc06-114f-4dd9-bdeb-4b986ca11e41 - - - - -] Service 401e4f13-62c7-4777-8c2d-6ea6135ebd7a is updated service_manage_report /usr/lib/python3/dist-packages/heat/engine/service.py:2370
2026-02-09 00:35:26.205 32077 DEBUG heat.engine.service [req-1e9bc891-c56c-4729-b62a-6435675135cb - - - - -] Service 9002e690-d2e2-4b5c-9434-b0c2e759d530 is updated service_manage_report /usr/lib/python3/dist-packages/heat/engine/service.py:2370
2026-02-09 00:35:26.297 32078 DEBUG heat.engine.service [req-ae7486ef-0f3c-4588-8c4a-06fb99ea6d9d - - - - -] Service bc6a9843-4e24-44ba-8f35-cd7ac36e0592 is updated service_manage_report /usr/lib/python3/dist-packages/heat/engine/service.py:2370
2026-02-09 00:36:26.110 32080 DEBUG heat.engine.service [req-8946ca02-109e-4469-8f29-c99f70917df5 - - - - -] Service 96076681-bb11-42dc-a42d-7ea31679a85f is updated service_manage_report /usr/lib/python3/dist-packages/heat/engine/service.py:2370
2026-02-09 00:36:26.127 32079 DEBUG heat.engine.service [req-fbe0c93d-30fb-41c2-9f5d-72953630fb8d - - - - -] Service 401e4f13-62c7-4777-8c2d-6ea6135ebd7a is updated service_manage_report /usr/lib/python3/dist-packages/heat/engine/service.py:2370
2026-02-09 00:36:26.192 32077 DEBUG heat.engine.service [req-ed3a5dd6-b47a-4320-bf85-51b928abc55c - - - - -] Service 9002e690-d2e2-4b5c-9434-b0c2e759d530 is updated service_manage_report /usr/lib/python3/dist-packages/heat/engine/service.py:2370
2026-02-09 00:36:26.291 32078 DEBUG heat.engine.service [req-8e7dac60-0047-40fc-b144-6ee9f7061249 - - - - -] Service bc6a9843-4e24-44ba-8f35-cd7ac36e0592 is updated service_manage_report /usr/lib/python3/dist-packages/heat/engine/service.py:2370
2026-02-09 00:37:26.117 32080 DEBUG heat.engine.service [req-85610e86-9dff-4125-9721-a3503755346a - - - - -] Service 96076681-bb11-42dc-a42d-7ea31679a85f is updated service_manage_report /usr/lib/python3/dist-packages/heat/engine/service.py:2370
2026-02-09 00:37:26.123 32079 DEBUG heat.engine.service [req-fd1558c7-de0d-409b-82c6-fb6aa71d9e1b - - - - -] Service 401e4f13-62c7-4777-8c2d-6ea6135ebd7a is updated service_manage_report /usr/lib/python3/dist-packages/heat/engine/service.py:2370
2026-02-09 00:37:26.186 32077 DEBUG heat.engine.service [req-a9d007de-b1d0-498f-b600-83f17d2bf42d - - - - -] Service 9002e690-d2e2-4b5c-9434-b0c2e759d530 is updated service_manage_report /usr/lib/python3/dist-packages/heat/engine/service.py:2370
2026-02-09 00:37:26.298 32078 DEBUG heat.engine.service [req-22db2385-c5f5-4813-9012-ff8b8a0a6325 - - - - -] Service bc6a9843-4e24-44ba-8f35-cd7ac36e0592 is updated service_manage_report /usr/lib/python3/dist-packages/heat/engine/service.py:2370
2026-02-09 00:38:26.113 32080 DEBUG heat.engine.service [req-00d48ddf-d5ad-4255-aa63-fce504089208 - - - - -] Service 96076681-bb11-42dc-a42d-7ea31679a85f is updated service_manage_report /usr/lib/python3/dist-packages/heat/engine/service.py:2370
2026-02-09 00:38:26.118 32079 DEBUG heat.engine.service [req-070efa9f-c5b9-4a79-8c03-e7c35c4793fc - - - - -] Service 401e4f13-62c7-4777-8c2d-6ea6135ebd7a is updated service_manage_report /usr/lib/python3/dist-packages/heat/engine/service.py:2370
2026-02-09 00:38:26.192 32077 DEBUG heat.engine.service [req-2280f0d5-069f-4f19-9e7e-36c5d84b3cf2 - - - - -] Service 9002e690-d2e2-4b5c-9434-b0c2e759d530 is updated service_manage_report /usr/lib/python3/dist-packages/heat/engine/service.py:2370
2026-02-09 00:38:26.292 32078 DEBUG heat.engine.service [req-0c79cbdc-afa6-40af-8634-2dbf393e02d4 - - - - -] Service bc6a9843-4e24-44ba-8f35-cd7ac36e0592 is updated service_manage_report /usr/lib/python3/dist-packages/heat/engine/service.py:2370
2026-02-09 00:39:26.107 32080 DEBUG heat.engine.service [req-71c39b09-480f-4709-9a00-569d90e656aa - - - - -] Service 96076681-bb11-42dc-a42d-7ea31679a85f is updated service_manage_report /usr/lib/python3/dist-packages/heat/engine/service.py:2370
2026-02-09 00:39:26.127 32079 DEBUG heat.engine.service [req-06463429-98b9-4d9f-bcf7-b123726d7222 - - - - -] Service 401e4f13-62c7-4777-8c2d-6ea6135ebd7a is updated service_manage_report /usr/lib/python3/dist-packages/heat/engine/service.py:2370
2026-02-09 00:39:26.197 32077 DEBUG heat.engine.service [req-08daf2bd-0135-48ef-9a6f-0afe4bffc9df - - - - -] Service 9002e690-d2e2-4b5c-9434-b0c2e759d530 is updated service_manage_report /usr/lib/python3/dist-packages/heat/engine/service.py:2370
2026-02-09 00:39:26.325 32078 DEBUG heat.engine.service [req-69e0c7a8-f600-4ca1-b2e7-9bcc7aefcb0b - - - - -] Service bc6a9843-4e24-44ba-8f35-cd7ac36e0592 is updated service_manage_report /usr/lib/python3/dist-packages/heat/engine/service.py:2370
2026-02-09 00:40:26.117 32080 DEBUG heat.engine.service [req-6f103c75-146a-43d1-bead-881b5d4ecc43 - - - - -] Service 96076681-bb11-42dc-a42d-7ea31679a85f is updated service_manage_report /usr/lib/python3/dist-packages/heat/engine/service.py:2370
2026-02-09 00:40:26.119 32079 DEBUG heat.engine.service [req-33809559-0360-4b0a-927a-08530fc23cd3 - - - - -] Service 401e4f13-62c7-4777-8c2d-6ea6135ebd7a is updated service_manage_report /usr/lib/python3/dist-packages/heat/engine/service.py:2370
2026-02-09 00:40:26.202 32077 DEBUG heat.engine.service [req-5abd931c-1241-4ea3-ae41-8a3f7e5f16a1 - - - - -] Service 9002e690-d2e2-4b5c-9434-b0c2e759d530 is updated service_manage_report /usr/lib/python3/dist-packages/heat/engine/service.py:2370
2026-02-09 00:40:26.299 32078 DEBUG heat.engine.service [req-517f92eb-cf3e-41c1-b3f6-b0dc61ee733b - - - - -] Service bc6a9843-4e24-44ba-8f35-cd7ac36e0592 is updated service_manage_report /usr/lib/python3/dist-packages/heat/engine/service.py:2370
2026-02-09 00:40:27.049 32077 DEBUG heat.engine.service [-] Attempting to stop engine service... _stop_rpc_server /usr/lib/python3/dist-packages/heat/engine/service.py:437
2026-02-09 00:40:27.049 32079 DEBUG heat.engine.service [-] Attempting to stop engine service... _stop_rpc_server /usr/lib/python3/dist-packages/heat/engine/service.py:437
2026-02-09 00:40:27.049 32080 DEBUG heat.engine.service [-] Attempting to stop engine service... _stop_rpc_server /usr/lib/python3/dist-packages/heat/engine/service.py:437
2026-02-09 00:40:27.050 32078 DEBUG heat.engine.service [-] Attempting to stop engine service... _stop_rpc_server /usr/lib/python3/dist-packages/heat/engine/service.py:437
2026-02-09 00:40:27.060 31863 INFO oslo_service.service [-] Caught SIGTERM, stopping children
2026-02-09 00:40:27.060 31863 DEBUG oslo_concurrency.lockutils [-] Acquired lock "singleton_lock" lock /usr/lib/python3/dist-packages/oslo_concurrency/lockutils.py:294
2026-02-09 00:40:27.060 31863 DEBUG oslo_concurrency.lockutils [-] Releasing lock "singleton_lock" lock /usr/lib/python3/dist-packages/oslo_concurrency/lockutils.py:312
2026-02-09 00:40:27.061 31863 DEBUG oslo_service.service [-] Stop services. stop /usr/lib/python3/dist-packages/oslo_service/service.py:695
2026-02-09 00:40:27.061 31863 INFO heat.engine.service [-] All threads were gone, terminating engine
2026-02-09 00:40:27.061 31863 DEBUG oslo_service.service [-] Killing children. stop /usr/lib/python3/dist-packages/oslo_service/service.py:700
2026-02-09 00:40:27.081 31863 INFO oslo_service.service [-] Waiting on 4 children to exit
2026-02-09 00:40:27.082 31863 INFO oslo_service.service [-] Child 32077 killed by signal 15
2026-02-09 00:40:27.082 31863 INFO oslo_service.service [-] Child 32078 killed by signal 15
2026-02-09 00:40:27.083 31863 INFO oslo_service.service [-] Child 32079 killed by signal 15
2026-02-09 00:40:27.083 31863 INFO oslo_service.service [-] Child 32080 killed by signal 15
2026-02-09 00:40:28.816 38490 DEBUG oslo_concurrency.lockutils [-] Lock "context-manager" acquired by "neutron_lib.db.api._create_context_manager" :: waited 0.000s inner /usr/lib/python3/dist-packages/oslo_concurrency/lockutils.py:386
2026-02-09 00:40:28.816 38490 DEBUG oslo_concurrency.lockutils [-] Lock "context-manager" "released" by "neutron_lib.db.api._create_context_manager" :: held 0.001s inner /usr/lib/python3/dist-packages/oslo_concurrency/lockutils.py:400
2026-02-09 00:40:29.054 38490 WARNING heat.engine.environment [-] OS::Aodh::Alarm is DEPRECATED. Theshold alarm relies on ceilometer-api and has been deprecated in aodh since Ocata. Use OS::Aodh::GnocchiAggregationByResourcesAlarm instead.
2026-02-09 00:40:29.054 38490 WARNING heat.engine.environment [-] OS::Aodh::CombinationAlarm is HIDDEN. OS::Aodh::CombinationAlarm is deprecated and has been removed from Aodh, use OS::Aodh::CompositeAlarm instead.
2026-02-09 00:40:29.054 38490 WARNING heat.engine.environment [-] OS::Designate::Domain is HIDDEN. This resource has been removed, use OS::Designate::Zone instead.
2026-02-09 00:40:29.054 38490 WARNING heat.engine.environment [-] OS::Designate::Record is HIDDEN. This resource has been removed, use OS::Designate::RecordSet instead.
2026-02-09 00:40:29.054 38490 WARNING heat.engine.environment [-] OS::Glance::Image is DEPRECATED. Creating a Glance Image based on an existing URL location requires the Glance v1 API, which is deprecated.
2026-02-09 00:40:29.055 38490 WARNING heat.engine.environment [-] OS::Heat::HARestarter is HIDDEN. The HARestarter resource type has been removed. Existing stacks containing HARestarter resources can still be used, but the HARestarter resource will be a placeholder that does nothing.
2026-02-09 00:40:29.055 38490 WARNING heat.engine.environment [-] OS::Heat::SoftwareDeployments is HIDDEN. Please use OS::Heat::SoftwareDeploymentGroup instead.
2026-02-09 00:40:29.055 38490 WARNING heat.engine.environment [-] OS::Heat::StructuredDeployments is HIDDEN. Please use OS::Heat::StructuredDeploymentGroup instead.
2026-02-09 00:40:29.055 38490 WARNING heat.engine.environment [-] OS::Magnum::Bay is HIDDEN. Please use OS::Magnum::Cluster instead.
2026-02-09 00:40:29.055 38490 WARNING heat.engine.environment [-] OS::Magnum::BayModel is HIDDEN. Please use OS::Magnum::ClusterTemplate instead.
2026-02-09 00:40:29.056 38490 WARNING heat.engine.environment [-] OS::Neutron::ExtraRoute is UNSUPPORTED. Use this resource at your own risk.
2026-02-09 00:40:29.056 38490 WARNING heat.engine.environment [-] OS::Neutron::HealthMonitor is HIDDEN. Use LBaaS V2 instead.
2026-02-09 00:40:29.056 38490 WARNING heat.engine.environment [-] OS::Neutron::Pool is HIDDEN. Use LBaaS V2 instead.
2026-02-09 00:40:29.056 38490 WARNING heat.engine.environment [-] OS::Neutron::PoolMember is HIDDEN. Use LBaaS V2 instead.
2026-02-09 00:40:29.056 38490 WARNING heat.engine.environment [-] OS::Neutron::LoadBalancer is HIDDEN. Use LBaaS V2 instead.
2026-02-09 00:40:29.056 38490 WARNING heat.engine.environment [-] OS::Neutron::RouterGateway is HIDDEN. Use the `external_gateway_info` property in the router resource to set up the gateway.
2026-02-09 00:40:29.056 38490 WARNING heat.engine.environment [-] OS::Nova::FloatingIP is HIDDEN. Please use OS::Neutron::FloatingIP instead.
2026-02-09 00:40:29.057 38490 WARNING heat.engine.environment [-] OS::Nova::FloatingIPAssociation is HIDDEN. Please use OS::Neutron::FloatingIPAssociation instead.
2026-02-09 00:40:29.058 38490 INFO heat.engine.environment [-] Loading /etc/heat/environment.d/default.yaml
2026-02-09 00:40:29.059 38490 INFO heat.engine.environment [-] Registered: [Plugin](User:False) AWS::AutoScaling::AutoScalingGroup ->
2026-02-09 00:40:29.060 38490 INFO heat.engine.environment [-] Registered: [Plugin](User:False) AWS::AutoScaling::LaunchConfiguration ->
2026-02-09 00:40:29.060 38490 INFO heat.engine.environment [-] Registered: [Plugin](User:False) AWS::AutoScaling::ScalingPolicy ->
2026-02-09 00:40:29.060 38490 INFO heat.engine.environment [-] Registered: [Plugin](User:False) AWS::CloudFormation::Stack ->
2026-02-09 00:40:29.060 38490 INFO heat.engine.environment [-] Registered: [Plugin](User:False) AWS::CloudFormation::WaitCondition ->
2026-02-09 00:40:29.060 38490 INFO heat.engine.environment [-] Registered: [Plugin](User:False) AWS::CloudFormation::WaitConditionHandle ->
2026-02-09 00:40:29.060 38490 INFO heat.engine.environment [-] Registered: [Plugin](User:False) AWS::EC2::EIP ->
2026-02-09 00:40:29.060 38490 INFO heat.engine.environment [-] Registered: [Plugin](User:False) AWS::EC2::EIPAssociation ->
2026-02-09 00:40:29.060 38490 INFO heat.engine.environment [-] Registered: [Plugin](User:False) AWS::EC2::Instance ->
2026-02-09 00:40:29.060 38490 INFO heat.engine.environment [-] Registered: [Plugin](User:False) AWS::EC2::InternetGateway ->
2026-02-09 00:40:29.060 38490 INFO heat.engine.environment [-] Registered: [Plugin](User:False) AWS::EC2::VPCGatewayAttachment ->
2026-02-09 00:40:29.060 38490 INFO heat.engine.environment [-] Registered: [Plugin](User:False) AWS::EC2::NetworkInterface ->
2026-02-09 00:40:29.060 38490 INFO heat.engine.environment [-] Registered: [Plugin](User:False) AWS::EC2::RouteTable ->
2026-02-09 00:40:29.061 38490 INFO heat.engine.environment [-] Registered: [Plugin](User:False) AWS::EC2::SubnetRouteTableAssociation ->
2026-02-09 00:40:29.061 38490 INFO heat.engine.environment [-] Registered: [Plugin](User:False) AWS::EC2::SecurityGroup ->
2026-02-09 00:40:29.061 38490 INFO heat.engine.environment [-] Registered: [Plugin](User:False) AWS::EC2::Subnet ->
2026-02-09 00:40:29.061 38490 INFO heat.engine.environment [-] Registered: [Plugin](User:False) AWS::EC2::Volume ->
2026-02-09 00:40:29.061 38490 INFO heat.engine.environment [-] Registered: [Plugin](User:False) AWS::EC2::VolumeAttachment ->
2026-02-09 00:40:29.061 38490 INFO heat.engine.environment [-] Registered: [Plugin](User:False) AWS::EC2::VPC ->
2026-02-09 00:40:29.061 38490 INFO heat.engine.environment [-] Registered: [Plugin](User:False) AWS::IAM::User ->
2026-02-09 00:40:29.061 38490 INFO heat.engine.environment [-] Registered: [Plugin](User:False) AWS::IAM::AccessKey ->
2026-02-09 00:40:29.061 38490 INFO heat.engine.environment [-] Registered: [Plugin](User:False) AWS::ElasticLoadBalancing::LoadBalancer ->
2026-02-09 00:40:29.061 38490 INFO heat.engine.environment [-] Registered: [Plugin](User:False) AWS::S3::Bucket ->
2026-02-09 00:40:29.062 38490 INFO heat.engine.environment [-] Registered: [Plugin](User:False) OS::Aodh::Alarm ->
2026-02-09 00:40:29.062 38490 INFO heat.engine.environment [-] Registered: [Plugin](User:False) OS::Aodh::CombinationAlarm ->
2026-02-09 00:40:29.062 38490 INFO heat.engine.environment [-] Registered: [Plugin](User:False) OS::Aodh::EventAlarm ->
2026-02-09 00:40:29.062 38490 INFO heat.engine.environment [-] Registered: [Plugin](User:False) OS::Aodh::LBMemberHealthAlarm ->
2026-02-09 00:40:29.062 38490 INFO heat.engine.environment [-] Registered: [Plugin](User:False) OS::Aodh::CompositeAlarm ->
2026-02-09 00:40:29.062 38490 INFO heat.engine.environment [-] Registered: [Plugin](User:False) OS::Aodh::GnocchiResourcesAlarm ->
2026-02-09 00:40:29.062 38490 INFO heat.engine.environment [-] Registered: [Plugin](User:False) OS::Aodh::GnocchiAggregationByMetricsAlarm ->
2026-02-09 00:40:29.062 38490 INFO heat.engine.environment [-] Registered: [Plugin](User:False) OS::Aodh::GnocchiAggregationByResourcesAlarm ->
2026-02-09 00:40:29.062 38490 INFO heat.engine.environment [-] Registered: [Plugin](User:False) OS::Barbican::GenericContainer ->
2026-02-09 00:40:29.062 38490 INFO heat.engine.environment [-] Registered: [Plugin](User:False) OS::Barbican::CertificateContainer ->
2026-02-09 00:40:29.062 38490 INFO heat.engine.environment [-] Registered: [Plugin](User:False) OS::Barbican::RSAContainer ->
2026-02-09 00:40:29.062 38490 INFO heat.engine.environment [-] Registered: [Plugin](User:False) OS::Barbican::Order ->
2026-02-09 00:40:29.063 38490 INFO heat.engine.environment [-] Registered: [Plugin](User:False) OS::Barbican::Secret ->
2026-02-09 00:40:29.063 38490 INFO heat.engine.environment [-] Registered: [Plugin](User:False) OS::Blazar::Host ->
2026-02-09 00:40:29.063 38490 INFO heat.engine.environment [-] Registered: [Plugin](User:False) OS::Blazar::Lease ->
2026-02-09 00:40:29.063 38490 INFO heat.engine.environment [-] Registered: [Plugin](User:False) OS::Cinder::EncryptedVolumeType ->
2026-02-09 00:40:29.063 38490 INFO heat.engine.environment [-] Registered: [Plugin](User:False) OS::Cinder::QoSSpecs ->
2026-02-09 00:40:29.063 38490 INFO heat.engine.environment [-] Registered: [Plugin](User:False) OS::Cinder::QoSAssociation ->
2026-02-09 00:40:29.063 38490 INFO heat.engine.environment [-] Registered: [Plugin](User:False) OS::Cinder::Quota ->
2026-02-09 00:40:29.063 38490 INFO heat.engine.environment [-] Registered: [Plugin](User:False) OS::Cinder::Volume ->
2026-02-09 00:40:29.063 38490 INFO heat.engine.environment [-] Registered: [Plugin](User:False) OS::Cinder::VolumeAttachment ->
2026-02-09 00:40:29.063 38490 INFO heat.engine.environment [-] Registered: [Plugin](User:False) OS::Cinder::VolumeType ->
2026-02-09 00:40:29.063 38490 INFO heat.engine.environment [-] Registered: [Plugin](User:False) OS::Designate::Domain ->
2026-02-09 00:40:29.064 38490 INFO heat.engine.environment [-] Registered: [Plugin](User:False) OS::Designate::Record ->
2026-02-09 00:40:29.064 38490 INFO heat.engine.environment [-] Registered: [Plugin](User:False) OS::Designate::RecordSet ->
2026-02-09 00:40:29.064 38490 INFO heat.engine.environment [-] Registered: [Plugin](User:False) OS::Designate::Zone ->
2026-02-09 00:40:29.064 38490 INFO heat.engine.environment [-] Registered: [Plugin](User:False) OS::Glance::Image ->
2026-02-09 00:40:29.064 38490 INFO heat.engine.environment [-] Registered: [Plugin](User:False) OS::Glance::WebImage ->
2026-02-09 00:40:29.064 38490 INFO heat.engine.environment [-] Registered: [Plugin](User:False) OS::Heat::AccessPolicy ->
2026-02-09 00:40:29.064 38490 INFO heat.engine.environment [-] Registered: [Plugin](User:False) OS::Heat::AutoScalingGroup ->
2026-02-09 00:40:29.064 38490 INFO heat.engine.environment [-] Registered: [Plugin](User:False) OS::Heat::CloudConfig ->
2026-02-09 00:40:29.064 38490 INFO heat.engine.environment [-] Registered: [Plugin](User:False) OS::Heat::Delay ->
2026-02-09 00:40:29.064 38490 INFO heat.engine.environment [-] Registered: [Plugin](User:False) OS::Heat::DeployedServer ->
2026-02-09 00:40:29.064 38490 INFO heat.engine.environment [-] Registered: [Plugin](User:False) OS::Heat::HARestarter ->
2026-02-09 00:40:29.064 38490 INFO heat.engine.environment [-] Registered: [Plugin](User:False) OS::Heat::InstanceGroup ->
2026-02-09 00:40:29.065 38490 INFO heat.engine.environment [-] Registered: [Plugin](User:False) OS::Heat::MultipartMime ->
2026-02-09 00:40:29.065 38490 INFO heat.engine.environment [-] Registered: [Plugin](User:False) OS::Heat::None ->
2026-02-09 00:40:29.065 38490 INFO heat.engine.environment [-] Registered: [Plugin](User:False) OS::Heat::RandomString ->
2026-02-09 00:40:29.065 38490 INFO heat.engine.environment [-] Registered: [Plugin](User:False) OS::Heat::Stack ->
2026-02-09 00:40:29.065 38490 INFO heat.engine.environment [-] Registered: [Plugin](User:False) OS::Heat::ResourceChain ->
2026-02-09 00:40:29.065 38490 INFO heat.engine.environment [-] Registered: [Plugin](User:False) OS::Heat::ResourceGroup ->
2026-02-09 00:40:29.065 38490 INFO heat.engine.environment [-] Registered: [Plugin](User:False) OS::Heat::ScalingPolicy ->
2026-02-09 00:40:29.065 38490 INFO heat.engine.environment [-] Registered: [Plugin](User:False) OS::Heat::SoftwareComponent ->
2026-02-09 00:40:29.065 38490 INFO heat.engine.environment [-] Registered: [Plugin](User:False) OS::Heat::SoftwareConfig ->
2026-02-09 00:40:29.065 38490 INFO heat.engine.environment [-] Registered: [Plugin](User:False) OS::Heat::SoftwareDeployment ->
2026-02-09 00:40:29.065 38490 INFO heat.engine.environment [-] Registered: [Plugin](User:False) OS::Heat::SoftwareDeploymentGroup ->
2026-02-09 00:40:29.065 38490 INFO heat.engine.environment [-] Registered: [Plugin](User:False) OS::Heat::SoftwareDeployments ->
2026-02-09 00:40:29.066 38490 INFO heat.engine.environment [-] Registered: [Plugin](User:False) OS::Heat::StructuredConfig ->
2026-02-09 00:40:29.066 38490 INFO heat.engine.environment [-] Registered: [Plugin](User:False) OS::Heat::StructuredDeployment ->
2026-02-09 00:40:29.066 38490 INFO heat.engine.environment [-] Registered: [Plugin](User:False) OS::Heat::StructuredDeploymentGroup ->
2026-02-09 00:40:29.066 38490 INFO heat.engine.environment [-] Registered: [Plugin](User:False) OS::Heat::StructuredDeployments ->
2026-02-09 00:40:29.066 38490 INFO heat.engine.environment [-] Registered: [Plugin](User:False) OS::Heat::SwiftSignal ->
2026-02-09 00:40:29.066 38490 INFO heat.engine.environment [-] Registered: [Plugin](User:False) OS::Heat::SwiftSignalHandle ->
2026-02-09 00:40:29.066 38490 INFO heat.engine.environment [-] Registered: [Plugin](User:False) OS::Heat::TestResource ->
2026-02-09 00:40:29.066 38490 INFO heat.engine.environment [-] Registered: [Plugin](User:False) OS::Heat::Value ->
2026-02-09 00:40:29.066 38490 INFO heat.engine.environment [-] Registered: [Plugin](User:False) OS::Heat::WaitCondition ->
2026-02-09 00:40:29.066 38490 INFO heat.engine.environment [-] Registered: [Plugin](User:False) OS::Heat::WaitConditionHandle ->
2026-02-09 00:40:29.066 38490 INFO heat.engine.environment [-] Registered: [Plugin](User:False) OS::Heat::UpdateWaitConditionHandle ->
2026-02-09 00:40:29.066 38490 INFO heat.engine.environment [-] Registered: [Plugin](User:False) OS::Ironic::Port ->
2026-02-09 00:40:29.067 38490 INFO heat.engine.environment [-] Registered: [Plugin](User:False) OS::Keystone::Domain ->
2026-02-09 00:40:29.067 38490 INFO heat.engine.environment [-] Registered: [Plugin](User:False) OS::Keystone::Endpoint ->
2026-02-09 00:40:29.067 38490 INFO heat.engine.environment [-] Registered: [Plugin](User:False) OS::Keystone::Group ->
2026-02-09 00:40:29.067 38490 INFO heat.engine.environment [-] Registered: [Plugin](User:False) OS::Keystone::Project ->
2026-02-09 00:40:29.067 38490 INFO heat.engine.environment [-] Registered: [Plugin](User:False) OS::Keystone::Region ->
2026-02-09 00:40:29.067 38490 INFO heat.engine.environment [-] Registered: [Plugin](User:False) OS::Keystone::Role ->
2026-02-09 00:40:29.067 38490 INFO heat.engine.environment [-] Registered: [Plugin](User:False) OS::Keystone::UserRoleAssignment ->
2026-02-09 00:40:29.067 38490 INFO heat.engine.environment [-] Registered: [Plugin](User:False) OS::Keystone::GroupRoleAssignment ->
2026-02-09 00:40:29.067 38490 INFO heat.engine.environment [-] Registered: [Plugin](User:False) OS::Keystone::Service ->
2026-02-09 00:40:29.067 38490 INFO heat.engine.environment [-] Registered: [Plugin](User:False) OS::Keystone::User ->
2026-02-09 00:40:29.067 38490 INFO heat.engine.environment [-] Registered: [Plugin](User:False) OS::Magnum::Bay ->
2026-02-09 00:40:29.067 38490 INFO heat.engine.environment [-] Registered: [Plugin](User:False) OS::Magnum::BayModel ->
2026-02-09 00:40:29.068 38490 INFO heat.engine.environment [-] Registered: [Plugin](User:False) OS::Magnum::Cluster ->
2026-02-09 00:40:29.068 38490 INFO heat.engine.environment [-] Registered: [Plugin](User:False) OS::Magnum::ClusterTemplate ->
2026-02-09 00:40:29.068 38490 INFO heat.engine.environment [-] Registered: [Plugin](User:False) OS::Manila::SecurityService ->
2026-02-09 00:40:29.068 38490 INFO heat.engine.environment [-] Registered: [Plugin](User:False) OS::Manila::Share ->
2026-02-09 00:40:29.068 38490 INFO heat.engine.environment [-] Registered: [Plugin](User:False) OS::Manila::ShareNetwork ->
2026-02-09 00:40:29.068 38490 INFO heat.engine.environment [-] Registered: [Plugin](User:False) OS::Manila::ShareType ->
2026-02-09 00:40:29.068 38490 INFO heat.engine.environment [-] Registered: [Plugin](User:False) OS::Mistral::CronTrigger ->
2026-02-09 00:40:29.068 38490 INFO heat.engine.environment [-] Registered: [Plugin](User:False) OS::Mistral::ExternalResource ->
2026-02-09 00:40:29.068 38490 INFO heat.engine.environment [-] Registered: [Plugin](User:False) OS::Mistral::Workflow ->
2026-02-09 00:40:29.068 38490 INFO heat.engine.environment [-] Registered: [Plugin](User:False) OS::Monasca::AlarmDefinition ->
2026-02-09 00:40:29.068 38490 INFO heat.engine.environment [-] Registered: [Plugin](User:False) OS::Monasca::Notification ->
2026-02-09 00:40:29.068 38490 INFO heat.engine.environment [-] Registered: [Plugin](User:False) OS::Neutron::AddressScope ->
2026-02-09 00:40:29.069 38490 INFO heat.engine.environment [-] Registered: [Plugin](User:False) OS::Neutron::ExtraRoute ->
2026-02-09 00:40:29.069 38490 INFO heat.engine.environment [-] Registered: [Plugin](User:False) OS::Neutron::ExtraRouteSet ->
2026-02-09 00:40:29.069 38490 INFO heat.engine.environment [-] Registered: [Plugin](User:False) OS::Neutron::Firewall ->
2026-02-09 00:40:29.069 38490 INFO heat.engine.environment [-] Registered: [Plugin](User:False) OS::Neutron::FirewallPolicy ->
2026-02-09 00:40:29.069 38490 INFO heat.engine.environment [-] Registered: [Plugin](User:False) OS::Neutron::FirewallRule ->
2026-02-09 00:40:29.069 38490 INFO heat.engine.environment [-] Registered: [Plugin](User:False) OS::Neutron::FloatingIP ->
2026-02-09 00:40:29.069 38490 INFO heat.engine.environment [-] Registered: [Plugin](User:False) OS::Neutron::FloatingIPAssociation ->
2026-02-09 00:40:29.069 38490 INFO heat.engine.environment [-] Registered: [Plugin](User:False) OS::Neutron::L2Gateway ->
2026-02-09 00:40:29.069 38490 INFO heat.engine.environment [-] Registered: [Plugin](User:False) OS::Neutron::L2GatewayConnection ->
2026-02-09 00:40:29.069 38490 INFO heat.engine.environment [-] Registered: [Plugin](User:False) OS::Neutron::LBaaS::HealthMonitor ->
2026-02-09 00:40:29.070 38490 INFO heat.engine.environment [-] Registered: [Plugin](User:False) OS::Neutron::LBaaS::L7Policy ->
2026-02-09 00:40:29.070 38490 INFO heat.engine.environment [-] Registered: [Plugin](User:False) OS::Neutron::LBaaS::L7Rule ->
2026-02-09 00:40:29.070 38490 INFO heat.engine.environment [-] Registered: [Plugin](User:False) OS::Neutron::LBaaS::Listener ->
2026-02-09 00:40:29.070 38490 INFO heat.engine.environment [-] Registered: [Plugin](User:False) OS::Neutron::LBaaS::LoadBalancer ->
2026-02-09 00:40:29.070 38490 INFO heat.engine.environment [-] Registered: [Plugin](User:False) OS::Neutron::LBaaS::Pool ->
2026-02-09 00:40:29.070 38490 INFO heat.engine.environment [-] Registered: [Plugin](User:False) OS::Neutron::LBaaS::PoolMember ->
2026-02-09 00:40:29.070 38490 INFO heat.engine.environment [-] Registered: [Plugin](User:False) OS::Neutron::HealthMonitor ->
2026-02-09 00:40:29.070 38490 INFO heat.engine.environment [-] Registered: [Plugin](User:False) OS::Neutron::Pool ->
2026-02-09 00:40:29.070 38490 INFO heat.engine.environment [-] Registered: [Plugin](User:False) OS::Neutron::PoolMember ->
2026-02-09 00:40:29.070 38490 INFO heat.engine.environment [-] Registered: [Plugin](User:False) OS::Neutron::LoadBalancer ->
2026-02-09 00:40:29.070 38490 INFO heat.engine.environment [-] Registered: [Plugin](User:False) OS::Neutron::MeteringLabel ->
2026-02-09 00:40:29.071 38490 INFO heat.engine.environment [-] Registered: [Plugin](User:False) OS::Neutron::MeteringRule ->
2026-02-09 00:40:29.071 38490 INFO heat.engine.environment [-] Registered: [Plugin](User:False) OS::Neutron::Net ->
2026-02-09 00:40:29.071 38490 INFO heat.engine.environment [-] Registered: [Plugin](User:False) OS::Neutron::NetworkGateway ->
2026-02-09 00:40:29.071 38490 INFO heat.engine.environment [-] Registered: [Plugin](User:False) OS::Neutron::Port ->
2026-02-09 00:40:29.071 38490 INFO heat.engine.environment [-] Registered: [Plugin](User:False) OS::Neutron::ProviderNet ->
2026-02-09 00:40:29.071 38490 INFO heat.engine.environment [-] Registered: [Plugin](User:False) OS::Neutron::QoSPolicy ->
2026-02-09 00:40:29.071 38490 INFO heat.engine.environment [-] Registered: [Plugin](User:False) OS::Neutron::QoSBandwidthLimitRule ->
2026-02-09 00:40:29.071 38490 INFO heat.engine.environment [-] Registered: [Plugin](User:False) OS::Neutron::QoSDscpMarkingRule ->
2026-02-09 00:40:29.071 38490 INFO heat.engine.environment [-] Registered: [Plugin](User:False) OS::Neutron::QoSMinimumBandwidthRule ->
2026-02-09 00:40:29.071 38490 INFO heat.engine.environment [-] Registered: [Plugin](User:False) OS::Neutron::Quota ->
2026-02-09 00:40:29.071 38490 INFO heat.engine.environment [-] Registered: [Plugin](User:False) OS::Neutron::RBACPolicy ->
2026-02-09 00:40:29.071 38490 INFO heat.engine.environment [-] Registered: [Plugin](User:False) OS::Neutron::Router ->
2026-02-09 00:40:29.072 38490 INFO heat.engine.environment [-] Registered: [Plugin](User:False) OS::Neutron::RouterInterface ->
2026-02-09 00:40:29.072 38490 INFO heat.engine.environment [-] Registered: [Plugin](User:False) OS::Neutron::RouterGateway ->
2026-02-09 00:40:29.072 38490 INFO heat.engine.environment [-] Registered: [Plugin](User:False) OS::Neutron::SecurityGroup ->
2026-02-09 00:40:29.072 38490 INFO heat.engine.environment [-] Registered: [Plugin](User:False) OS::Neutron::SecurityGroupRule ->
2026-02-09 00:40:29.072 38490 INFO heat.engine.environment [-] Registered: [Plugin](User:False) OS::Neutron::Segment ->
2026-02-09 00:40:29.072 38490 INFO heat.engine.environment [-] Registered: [Plugin](User:False) OS::Neutron::FlowClassifier ->
2026-02-09 00:40:29.072 38490 INFO heat.engine.environment [-] Registered: [Plugin](User:False) OS::Neutron::PortChain ->
2026-02-09 00:40:29.072 38490 INFO heat.engine.environment [-] Registered: [Plugin](User:False) OS::Neutron::PortPair ->
2026-02-09 00:40:29.072 38490 INFO heat.engine.environment [-] Registered: [Plugin](User:False) OS::Neutron::PortPairGroup ->
2026-02-09 00:40:29.072 38490 INFO heat.engine.environment [-] Registered: [Plugin](User:False) OS::Neutron::Subnet ->
2026-02-09 00:40:29.072 38490 INFO heat.engine.environment [-] Registered: [Plugin](User:False) OS::Neutron::SubnetPool ->
2026-02-09 00:40:29.073 38490 INFO heat.engine.environment [-] Registered: [Plugin](User:False) OS::Neutron::TaaS::TapFlow ->
2026-02-09 00:40:29.073 38490 INFO heat.engine.environment [-] Registered: [Plugin](User:False) OS::Neutron::TaaS::TapService ->
2026-02-09 00:40:29.073 38490 INFO heat.engine.environment [-] Registered: [Plugin](User:False) OS::Neutron::Trunk ->
2026-02-09 00:40:29.073 38490 INFO heat.engine.environment [-] Registered: [Plugin](User:False) OS::Neutron::VPNService ->
2026-02-09 00:40:29.073 38490 INFO heat.engine.environment [-] Registered: [Plugin](User:False) OS::Neutron::IPsecSiteConnection ->
2026-02-09 00:40:29.073 38490 INFO heat.engine.environment [-] Registered: [Plugin](User:False) OS::Neutron::IKEPolicy ->
2026-02-09 00:40:29.073 38490 INFO heat.engine.environment [-] Registered: [Plugin](User:False) OS::Neutron::IPsecPolicy ->
2026-02-09 00:40:29.073 38490 INFO heat.engine.environment [-] Registered: [Plugin](User:False) OS::Nova::Flavor ->
2026-02-09 00:40:29.073 38490 INFO heat.engine.environment [-] Registered: [Plugin](User:False) OS::Nova::FloatingIP ->
2026-02-09 00:40:29.073 38490 INFO heat.engine.environment [-] Registered: [Plugin](User:False) OS::Nova::FloatingIPAssociation ->
2026-02-09 00:40:29.073 38490 INFO heat.engine.environment [-] Registered: [Plugin](User:False) OS::Nova::HostAggregate ->
2026-02-09 00:40:29.073 38490 INFO heat.engine.environment [-] Registered: [Plugin](User:False) OS::Nova::KeyPair ->
2026-02-09 00:40:29.074 38490 INFO heat.engine.environment [-] Registered: [Plugin](User:False) OS::Nova::Quota ->
2026-02-09 00:40:29.074 38490 INFO heat.engine.environment [-] Registered: [Plugin](User:False) OS::Nova::Server ->
2026-02-09 00:40:29.074 38490 INFO heat.engine.environment [-] Registered: [Plugin](User:False) OS::Nova::ServerGroup ->
2026-02-09 00:40:29.074 38490 INFO heat.engine.environment [-] Registered: [Plugin](User:False) OS::Octavia::Flavor ->
2026-02-09 00:40:29.074 38490 INFO heat.engine.environment [-] Registered: [Plugin](User:False) OS::Octavia::FlavorProfile ->
2026-02-09 00:40:29.074 38490 INFO heat.engine.environment [-] Registered: [Plugin](User:False) OS::Octavia::HealthMonitor ->
2026-02-09 00:40:29.074 38490 INFO heat.engine.environment [-] Registered: [Plugin](User:False) OS::Octavia::L7Policy ->
2026-02-09 00:40:29.074 38490 INFO heat.engine.environment [-] Registered: [Plugin](User:False) OS::Octavia::L7Rule ->
2026-02-09 00:40:29.074 38490 INFO heat.engine.environment [-] Registered: [Plugin](User:False) OS::Octavia::Listener ->
2026-02-09 00:40:29.074 38490 INFO heat.engine.environment [-] Registered: [Plugin](User:False) OS::Octavia::LoadBalancer ->
2026-02-09 00:40:29.074 38490 INFO heat.engine.environment [-] Registered: [Plugin](User:False) OS::Octavia::Pool ->
2026-02-09 00:40:29.075 38490 INFO heat.engine.environment [-] Registered: [Plugin](User:False) OS::Octavia::PoolMember ->
2026-02-09 00:40:29.075 38490 INFO heat.engine.environment [-] Registered: [Plugin](User:False) OS::Octavia::Quota ->
2026-02-09 00:40:29.075 38490 INFO heat.engine.environment [-] Registered: [Plugin](User:False) OS::Sahara::Cluster ->
2026-02-09 00:40:29.075 38490 INFO heat.engine.environment [-] Registered: [Plugin](User:False) OS::Sahara::DataSource ->
2026-02-09 00:40:29.075 38490 INFO heat.engine.environment [-] Registered: [Plugin](User:False) OS::Sahara::ImageRegistry ->
2026-02-09 00:40:29.075 38490 INFO heat.engine.environment [-] Registered: [Plugin](User:False) OS::Sahara::Job ->
2026-02-09 00:40:29.075 38490 INFO heat.engine.environment [-] Registered: [Plugin](User:False) OS::Sahara::JobBinary ->
2026-02-09 00:40:29.076 38490 INFO heat.engine.environment [-] Registered: [Plugin](User:False) OS::Sahara::NodeGroupTemplate ->
2026-02-09 00:40:29.076 38490 INFO heat.engine.environment [-] Registered: [Plugin](User:False) OS::Sahara::ClusterTemplate ->
2026-02-09 00:40:29.076 38490 INFO heat.engine.environment [-] Registered: [Plugin](User:False) OS::Senlin::Cluster ->
2026-02-09 00:40:29.076 38490 INFO heat.engine.environment [-] Registered: [Plugin](User:False) OS::Senlin::Node ->
2026-02-09 00:40:29.076 38490 INFO heat.engine.environment [-] Registered: [Plugin](User:False) OS::Senlin::Policy ->
2026-02-09 00:40:29.076 38490 INFO heat.engine.environment [-] Registered: [Plugin](User:False) OS::Senlin::Profile ->
2026-02-09 00:40:29.076 38490 INFO heat.engine.environment [-] Registered: [Plugin](User:False) OS::Senlin::Receiver ->
2026-02-09 00:40:29.077 38490 INFO heat.engine.environment [-] Registered: [Plugin](User:False) OS::Swift::Container ->
2026-02-09 00:40:29.077 38490 INFO heat.engine.environment [-] Registered: [Plugin](User:False) OS::Trove::Cluster ->
2026-02-09 00:40:29.077 38490 INFO heat.engine.environment [-] Registered: [Plugin](User:False) OS::Trove::Instance ->
2026-02-09 00:40:29.077 38490 INFO heat.engine.environment [-] Registered: [Plugin](User:False) OS::Vitrage::Template ->
2026-02-09 00:40:29.077 38490 INFO heat.engine.environment [-] Registered: [Plugin](User:False) OS::Zaqar::Queue ->
2026-02-09 00:40:29.077 38490 INFO heat.engine.environment [-] Registered: [Plugin](User:False) OS::Zaqar::SignedQueueURL ->
2026-02-09 00:40:29.077 38490 INFO heat.engine.environment [-] Registered: [Plugin](User:False) OS::Zaqar::Subscription ->
2026-02-09 00:40:29.078 38490 INFO heat.engine.environment [-] Registered: [Plugin](User:False) OS::Zaqar::MistralTrigger ->
2026-02-09 00:40:29.078 38490 INFO heat.engine.environment [-] Registered: [Wildcard Mapping](User:False) OS::Quantum* -> OS::Neutron*
2026-02-09 00:40:29.078 38490 INFO heat.engine.environment [-] Registered: [Template](User:False) AWS::CloudWatch::Alarm -> file:///etc/heat/templates/AWS_CloudWatch_Alarm.yaml
2026-02-09 00:40:29.078 38490 INFO heat.engine.environment [-] Registered: [Mapping](User:False) OS::Metering::Alarm -> OS::Aodh::Alarm
2026-02-09 00:40:29.078 38490 INFO heat.engine.environment [-] Registered: [Template](User:False) AWS::RDS::DBInstance -> file:///etc/heat/templates/AWS_RDS_DBInstance.yaml
2026-02-09 00:40:29.078 38490 INFO heat.engine.environment [-] Registered: [Mapping](User:False) OS::Ceilometer::Alarm -> OS::Aodh::Alarm
2026-02-09 00:40:29.078 38490 INFO heat.engine.environment [-] Registered: [Mapping](User:False) OS::Ceilometer::GnocchiResourcesAlarm -> OS::Aodh::GnocchiResourcesAlarm
2026-02-09 00:40:29.078 38490 INFO heat.engine.environment [-] Registered: [Mapping](User:False) OS::Ceilometer::GnocchiAggregationByMetricsAlarm -> OS::Aodh::GnocchiAggregationByMetricsAlarm
2026-02-09 00:40:29.078 38490 INFO heat.engine.environment [-] Registered: [Mapping](User:False) OS::Ceilometer::GnocchiAggregationByResourcesAlarm -> OS::Aodh::GnocchiAggregationByResourcesAlarm
2026-02-09 00:40:29.078 38490 INFO heat.engine.environment [-] Registered: [Mapping](User:False) OS::Ceilometer::CombinationAlarm -> OS::Aodh::CombinationAlarm
2026-02-09 00:40:29.087 38490 DEBUG oslo_concurrency.lockutils [-] Acquired lock "singleton_lock" lock /usr/lib/python3/dist-packages/oslo_concurrency/lockutils.py:294
2026-02-09 00:40:29.088 38490 DEBUG oslo_concurrency.lockutils [-] Releasing lock "singleton_lock" lock /usr/lib/python3/dist-packages/oslo_concurrency/lockutils.py:312
2026-02-09 00:40:29.088 38490 INFO oslo_service.service [-] Starting 4 workers
2026-02-09 00:40:29.092 38490 DEBUG oslo_service.service [-] Started child 38708 _start_child /usr/lib/python3/dist-packages/oslo_service/service.py:575
2026-02-09 00:40:29.097 38490 DEBUG oslo_service.service [-] Started child 38709 _start_child /usr/lib/python3/dist-packages/oslo_service/service.py:575
2026-02-09 00:40:29.099 38708 DEBUG heat.engine.service [-] Starting listener for engine 80c3a33f-dcdf-49eb-a0b7-1556ffbd4b58 start /usr/lib/python3/dist-packages/heat/engine/service.py:392
2026-02-09 00:40:29.102 38709 DEBUG heat.engine.service [-] Starting listener for engine 9a946e0c-de6c-4673-94b6-c8dc821a65b0 start /usr/lib/python3/dist-packages/heat/engine/service.py:392
2026-02-09 00:40:29.102 38490 DEBUG oslo_service.service [-] Started child 38710 _start_child /usr/lib/python3/dist-packages/oslo_service/service.py:575
2026-02-09 00:40:29.107 38710 DEBUG heat.engine.service [-] Starting listener for engine 82e491e0-e192-4095-b5e9-efaca9c7a118 start /usr/lib/python3/dist-packages/heat/engine/service.py:392
2026-02-09 00:40:29.107 38490 DEBUG oslo_service.service [-] Started child 38711 _start_child /usr/lib/python3/dist-packages/oslo_service/service.py:575
2026-02-09 00:40:29.109 38490 DEBUG oslo_service.service [-] Full set of CONF: wait /usr/lib/python3/dist-packages/oslo_service/service.py:649
2026-02-09 00:40:29.109 38490 DEBUG oslo_service.service [-] ******************************************************************************** log_opt_values /usr/lib/python3/dist-packages/oslo_config/cfg.py:2589
2026-02-09 00:40:29.109 38490 DEBUG oslo_service.service [-] Configuration options gathered from: log_opt_values /usr/lib/python3/dist-packages/oslo_config/cfg.py:2590
2026-02-09 00:40:29.109 38490 DEBUG oslo_service.service [-] command line args: ['--config-file=/etc/heat/heat.conf', '--log-file=/var/log/heat/heat-engine.log'] log_opt_values /usr/lib/python3/dist-packages/oslo_config/cfg.py:2591
2026-02-09 00:40:29.111 38490 DEBUG oslo_service.service [-] config files: ['/etc/heat/heat.conf'] log_opt_values /usr/lib/python3/dist-packages/oslo_config/cfg.py:2592
2026-02-09 00:40:29.111 38490 DEBUG oslo_service.service [-] ================================================================================ log_opt_values /usr/lib/python3/dist-packages/oslo_config/cfg.py:2594
2026-02-09 00:40:29.112 38490 DEBUG oslo_service.service [-] action_retry_limit = 5 log_opt_values /usr/lib/python3/dist-packages/oslo_config/cfg.py:2602
2026-02-09 00:40:29.112 38490 DEBUG oslo_service.service [-] allow_trusts_redelegation = False log_opt_values /usr/lib/python3/dist-packages/oslo_config/cfg.py:2602
2026-02-09 00:40:29.112 38490 DEBUG oslo_service.service [-] auth_encryption_key = **** log_opt_values /usr/lib/python3/dist-packages/oslo_config/cfg.py:2602
2026-02-09 00:40:29.112 38711 DEBUG heat.engine.service [-] Starting listener for engine bb3e1364-fa00-4d5d-8ee8-56d0b33a91e9 start /usr/lib/python3/dist-packages/heat/engine/service.py:392
2026-02-09 00:40:29.112 38490 DEBUG oslo_service.service [-] client_retry_limit = 2 log_opt_values /usr/lib/python3/dist-packages/oslo_config/cfg.py:2602
2026-02-09 00:40:29.112 38490 DEBUG oslo_service.service [-] cloud_backend = heat.engine.clients.OpenStackClients log_opt_values /usr/lib/python3/dist-packages/oslo_config/cfg.py:2602
2026-02-09 00:40:29.112 38490 DEBUG oslo_service.service [-] config_dir = [] log_opt_values /usr/lib/python3/dist-packages/oslo_config/cfg.py:2602
2026-02-09 00:40:29.113 38490 DEBUG oslo_service.service [-] config_file = ['/etc/heat/heat.conf'] log_opt_values /usr/lib/python3/dist-packages/oslo_config/cfg.py:2602
2026-02-09 00:40:29.113 38490 DEBUG oslo_service.service [-] config_source = [] log_opt_values /usr/lib/python3/dist-packages/oslo_config/cfg.py:2602
2026-02-09 00:40:29.113 38490 DEBUG oslo_service.service [-] control_exchange = heat log_opt_values /usr/lib/python3/dist-packages/oslo_config/cfg.py:2602
2026-02-09 00:40:29.113 38490 DEBUG oslo_service.service [-] convergence_engine = True log_opt_values /usr/lib/python3/dist-packages/oslo_config/cfg.py:2602
2026-02-09 00:40:29.113 38490 DEBUG oslo_service.service [-] debug = True log_opt_values /usr/lib/python3/dist-packages/oslo_config/cfg.py:2602
2026-02-09 00:40:29.113 38490 DEBUG oslo_service.service [-] default_deployment_signal_transport = CFN_SIGNAL log_opt_values /usr/lib/python3/dist-packages/oslo_config/cfg.py:2602
