2026-02-09 01:38:12.848 60816 DEBUG oslo_service.service [-] cache.enabled = False log_opt_values /usr/lib/python3/dist-packages/oslo_config/cfg.py:2609
2026-02-09 01:38:12.848 60816 DEBUG oslo_service.service [-] cache.expiration_time = 600 log_opt_values /usr/lib/python3/dist-packages/oslo_config/cfg.py:2609
2026-02-09 01:38:12.848 60816 DEBUG oslo_service.service [-] cache.memcache_dead_retry = 300 log_opt_values /usr/lib/python3/dist-packages/oslo_config/cfg.py:2609
2026-02-09 01:38:12.849 60816 DEBUG oslo_service.service [-] cache.memcache_pool_connection_get_timeout = 10 log_opt_values /usr/lib/python3/dist-packages/oslo_config/cfg.py:2609
2026-02-09 01:38:12.849 60816 DEBUG oslo_service.service [-] cache.memcache_pool_flush_on_reconnect = False log_opt_values /usr/lib/python3/dist-packages/oslo_config/cfg.py:2609
2026-02-09 01:38:12.849 60816 DEBUG oslo_service.service [-] cache.memcache_pool_maxsize = 10 log_opt_values /usr/lib/python3/dist-packages/oslo_config/cfg.py:2609
2026-02-09 01:38:12.849 60816 DEBUG oslo_service.service [-] cache.memcache_pool_unused_timeout = 60 log_opt_values /usr/lib/python3/dist-packages/oslo_config/cfg.py:2609
2026-02-09 01:38:12.849 60816 DEBUG oslo_service.service [-] cache.memcache_servers = ['localhost:11211'] log_opt_values /usr/lib/python3/dist-packages/oslo_config/cfg.py:2609
2026-02-09 01:38:12.849 60816 DEBUG oslo_service.service [-] cache.memcache_socket_timeout = 1.0 log_opt_values /usr/lib/python3/dist-packages/oslo_config/cfg.py:2609
2026-02-09 01:38:12.849 60816 DEBUG oslo_service.service [-] cache.proxies = [] log_opt_values /usr/lib/python3/dist-packages/oslo_config/cfg.py:2609
2026-02-09 01:38:12.849 60816 DEBUG oslo_service.service [-] cache.tls_allowed_ciphers = None log_opt_values /usr/lib/python3/dist-packages/oslo_config/cfg.py:2609
2026-02-09 01:38:12.849 60816 DEBUG oslo_service.service [-] cache.tls_cafile = None log_opt_values /usr/lib/python3/dist-packages/oslo_config/cfg.py:2609
2026-02-09 01:38:12.850 60816 DEBUG oslo_service.service [-] cache.tls_certfile = None log_opt_values /usr/lib/python3/dist-packages/oslo_config/cfg.py:2609
2026-02-09 01:38:12.850 60816 DEBUG oslo_service.service [-] cache.tls_enabled = False log_opt_values /usr/lib/python3/dist-packages/oslo_config/cfg.py:2609
2026-02-09 01:38:12.850 60816 DEBUG oslo_service.service [-] cache.tls_keyfile = None log_opt_values /usr/lib/python3/dist-packages/oslo_config/cfg.py:2609
2026-02-09 01:38:12.850 60816 DEBUG oslo_service.service [-] constraint_validation_cache.caching = True log_opt_values /usr/lib/python3/dist-packages/oslo_config/cfg.py:2609
2026-02-09 01:38:12.850 60816 DEBUG oslo_service.service [-] constraint_validation_cache.expiration_time = 60 log_opt_values /usr/lib/python3/dist-packages/oslo_config/cfg.py:2609
2026-02-09 01:38:12.850 60816 DEBUG oslo_service.service [-] service_extension_cache.caching = True log_opt_values /usr/lib/python3/dist-packages/oslo_config/cfg.py:2609
2026-02-09 01:38:12.850 60816 DEBUG oslo_service.service [-] service_extension_cache.expiration_time = 3600 log_opt_values /usr/lib/python3/dist-packages/oslo_config/cfg.py:2609
2026-02-09 01:38:12.850 60816 DEBUG oslo_service.service [-] resource_finder_cache.caching = True log_opt_values /usr/lib/python3/dist-packages/oslo_config/cfg.py:2609
2026-02-09 01:38:12.850 60816 DEBUG oslo_service.service [-] resource_finder_cache.expiration_time = 3600 log_opt_values /usr/lib/python3/dist-packages/oslo_config/cfg.py:2609
2026-02-09 01:38:12.851 60816 DEBUG oslo_service.service [-] yaql.limit_iterators = 200 log_opt_values /usr/lib/python3/dist-packages/oslo_config/cfg.py:2609
2026-02-09 01:38:12.851 60816 DEBUG oslo_service.service [-] yaql.memory_quota = 10000 log_opt_values /usr/lib/python3/dist-packages/oslo_config/cfg.py:2609
2026-02-09 01:38:12.852 60816 DEBUG oslo_service.service [-] ******************************************************************************** log_opt_values /usr/lib/python3/dist-packages/oslo_config/cfg.py:2613
2026-02-09 01:38:12.880 61050 DEBUG oslo_db.sqlalchemy.engines [req-0ecbed0a-eb9d-460f-8ed3-b73730e261c1 - - - - -] MySQL server mode set to STRICT_TRANS_TABLES,STRICT_ALL_TABLES,NO_ZERO_IN_DATE,NO_ZERO_DATE,ERROR_FOR_DIVISION_BY_ZERO,TRADITIONAL,NO_ENGINE_SUBSTITUTION _check_effective_sql_mode /usr/lib/python3/dist-packages/oslo_db/sqlalchemy/engines.py:314
2026-02-09 01:38:12.880 61048 DEBUG oslo_db.sqlalchemy.engines [req-6937f0d6-a7dc-407b-a4a8-691e8d733319 - - - - -] MySQL server mode set to STRICT_TRANS_TABLES,STRICT_ALL_TABLES,NO_ZERO_IN_DATE,NO_ZERO_DATE,ERROR_FOR_DIVISION_BY_ZERO,TRADITIONAL,NO_ENGINE_SUBSTITUTION _check_effective_sql_mode /usr/lib/python3/dist-packages/oslo_db/sqlalchemy/engines.py:314
2026-02-09 01:38:12.886 61051 DEBUG oslo_db.sqlalchemy.engines [req-2d337599-b286-4c94-88b1-6b8212f1254d - - - - -] MySQL server mode set to STRICT_TRANS_TABLES,STRICT_ALL_TABLES,NO_ZERO_IN_DATE,NO_ZERO_DATE,ERROR_FOR_DIVISION_BY_ZERO,TRADITIONAL,NO_ENGINE_SUBSTITUTION _check_effective_sql_mode /usr/lib/python3/dist-packages/oslo_db/sqlalchemy/engines.py:314
2026-02-09 01:38:12.899 61049 DEBUG oslo_db.sqlalchemy.engines [req-fa9e4647-554f-473a-b277-97acf0282648 - - - - -] MySQL server mode set to STRICT_TRANS_TABLES,STRICT_ALL_TABLES,NO_ZERO_IN_DATE,NO_ZERO_DATE,ERROR_FOR_DIVISION_BY_ZERO,TRADITIONAL,NO_ENGINE_SUBSTITUTION _check_effective_sql_mode /usr/lib/python3/dist-packages/oslo_db/sqlalchemy/engines.py:314
2026-02-09 01:38:12.938 61048 DEBUG heat.engine.service [req-6937f0d6-a7dc-407b-a4a8-691e8d733319 - - - - -] Service 078e0f89-6a3d-4844-9a77-5f0661cc154f was aborted service_manage_cleanup /usr/lib/python3/dist-packages/heat/engine/service.py:2391
2026-02-09 01:38:12.943 61050 DEBUG heat.engine.service [req-0ecbed0a-eb9d-460f-8ed3-b73730e261c1 - - - - -] Service 078e0f89-6a3d-4844-9a77-5f0661cc154f was aborted service_manage_cleanup /usr/lib/python3/dist-packages/heat/engine/service.py:2391
2026-02-09 01:38:12.960 61049 DEBUG heat.engine.service [req-fa9e4647-554f-473a-b277-97acf0282648 - - - - -] Service 078e0f89-6a3d-4844-9a77-5f0661cc154f was aborted service_manage_cleanup /usr/lib/python3/dist-packages/heat/engine/service.py:2391
2026-02-09 01:38:12.962 61051 DEBUG heat.engine.service [req-2d337599-b286-4c94-88b1-6b8212f1254d - - - - -] Service 078e0f89-6a3d-4844-9a77-5f0661cc154f was aborted service_manage_cleanup /usr/lib/python3/dist-packages/heat/engine/service.py:2391
2026-02-09 01:38:12.998 61048 DEBUG heat.engine.service [req-6937f0d6-a7dc-407b-a4a8-691e8d733319 - - - - -] Service 0c2b993b-849d-4377-9bab-7ef9da9f6897 was aborted service_manage_cleanup /usr/lib/python3/dist-packages/heat/engine/service.py:2391
2026-02-09 01:38:12.999 61050 DEBUG heat.engine.service [req-0ecbed0a-eb9d-460f-8ed3-b73730e261c1 - - - - -] Service 0c2b993b-849d-4377-9bab-7ef9da9f6897 was aborted service_manage_cleanup /usr/lib/python3/dist-packages/heat/engine/service.py:2391
2026-02-09 01:38:13.000 61049 DEBUG heat.engine.service [req-fa9e4647-554f-473a-b277-97acf0282648 - - - - -] Service 0c2b993b-849d-4377-9bab-7ef9da9f6897 was aborted service_manage_cleanup /usr/lib/python3/dist-packages/heat/engine/service.py:2391
2026-02-09 01:38:13.002 61051 DEBUG heat.engine.service [req-2d337599-b286-4c94-88b1-6b8212f1254d - - - - -] Service 0c2b993b-849d-4377-9bab-7ef9da9f6897 was aborted service_manage_cleanup /usr/lib/python3/dist-packages/heat/engine/service.py:2391
2026-02-09 01:38:13.031 61050 DEBUG heat.engine.service [req-0ecbed0a-eb9d-460f-8ed3-b73730e261c1 - - - - -] Service 47fff224-3cae-4c2b-ab25-0c662995ca4b was aborted service_manage_cleanup /usr/lib/python3/dist-packages/heat/engine/service.py:2391
2026-02-09 01:38:13.032 61049 DEBUG heat.engine.service [req-fa9e4647-554f-473a-b277-97acf0282648 - - - - -] Service 47fff224-3cae-4c2b-ab25-0c662995ca4b was aborted service_manage_cleanup /usr/lib/python3/dist-packages/heat/engine/service.py:2391
2026-02-09 01:38:13.033 61048 DEBUG heat.engine.service [req-6937f0d6-a7dc-407b-a4a8-691e8d733319 - - - - -] Service 47fff224-3cae-4c2b-ab25-0c662995ca4b was aborted service_manage_cleanup /usr/lib/python3/dist-packages/heat/engine/service.py:2391
2026-02-09 01:38:13.034 61051 DEBUG heat.engine.service [req-2d337599-b286-4c94-88b1-6b8212f1254d - - - - -] Service 47fff224-3cae-4c2b-ab25-0c662995ca4b was aborted service_manage_cleanup /usr/lib/python3/dist-packages/heat/engine/service.py:2391
2026-02-09 01:38:13.050 61050 DEBUG heat.engine.service [req-0ecbed0a-eb9d-460f-8ed3-b73730e261c1 - - - - -] Service 4bd5b168-9d6b-4541-a2e6-0da243dcddf1 was aborted service_manage_cleanup /usr/lib/python3/dist-packages/heat/engine/service.py:2391
2026-02-09 01:38:13.051 61048 DEBUG heat.engine.service [req-6937f0d6-a7dc-407b-a4a8-691e8d733319 - - - - -] Service 4bd5b168-9d6b-4541-a2e6-0da243dcddf1 was aborted service_manage_cleanup /usr/lib/python3/dist-packages/heat/engine/service.py:2391
2026-02-09 01:38:13.052 61049 DEBUG heat.engine.service [req-fa9e4647-554f-473a-b277-97acf0282648 - - - - -] Service 4bd5b168-9d6b-4541-a2e6-0da243dcddf1 was aborted service_manage_cleanup /usr/lib/python3/dist-packages/heat/engine/service.py:2391
2026-02-09 01:38:13.053 61051 DEBUG heat.engine.service [req-2d337599-b286-4c94-88b1-6b8212f1254d - - - - -] Service 4bd5b168-9d6b-4541-a2e6-0da243dcddf1 was aborted service_manage_cleanup /usr/lib/python3/dist-packages/heat/engine/service.py:2391
2026-02-09 01:38:13.063 61050 DEBUG heat.engine.service [req-0ecbed0a-eb9d-460f-8ed3-b73730e261c1 - - - - -] Service 615cb151-c08d-4aa7-974c-2e29104250f9 was aborted service_manage_cleanup /usr/lib/python3/dist-packages/heat/engine/service.py:2391
2026-02-09 01:38:13.064 61048 DEBUG heat.engine.service [req-6937f0d6-a7dc-407b-a4a8-691e8d733319 - - - - -] Service 615cb151-c08d-4aa7-974c-2e29104250f9 was aborted service_manage_cleanup /usr/lib/python3/dist-packages/heat/engine/service.py:2391
2026-02-09 01:38:13.064 61049 DEBUG heat.engine.service [req-fa9e4647-554f-473a-b277-97acf0282648 - - - - -] Service 615cb151-c08d-4aa7-974c-2e29104250f9 was aborted service_manage_cleanup /usr/lib/python3/dist-packages/heat/engine/service.py:2391
2026-02-09 01:38:13.070 61051 DEBUG heat.engine.service [req-2d337599-b286-4c94-88b1-6b8212f1254d - - - - -] Service 615cb151-c08d-4aa7-974c-2e29104250f9 was aborted service_manage_cleanup /usr/lib/python3/dist-packages/heat/engine/service.py:2391
2026-02-09 01:38:13.076 61050 DEBUG heat.engine.service [req-0ecbed0a-eb9d-460f-8ed3-b73730e261c1 - - - - -] Service 64c0de9b-8c03-4a67-ad85-afae79fd0547 was aborted service_manage_cleanup /usr/lib/python3/dist-packages/heat/engine/service.py:2391
2026-02-09 01:38:13.076 61049 DEBUG heat.engine.service [req-fa9e4647-554f-473a-b277-97acf0282648 - - - - -] Service 64c0de9b-8c03-4a67-ad85-afae79fd0547 was aborted service_manage_cleanup /usr/lib/python3/dist-packages/heat/engine/service.py:2391
2026-02-09 01:38:13.077 61048 DEBUG heat.engine.service [req-6937f0d6-a7dc-407b-a4a8-691e8d733319 - - - - -] Service 64c0de9b-8c03-4a67-ad85-afae79fd0547 was aborted service_manage_cleanup /usr/lib/python3/dist-packages/heat/engine/service.py:2391
2026-02-09 01:38:13.078 61051 DEBUG heat.engine.service [req-2d337599-b286-4c94-88b1-6b8212f1254d - - - - -] Service 64c0de9b-8c03-4a67-ad85-afae79fd0547 was aborted service_manage_cleanup /usr/lib/python3/dist-packages/heat/engine/service.py:2391
2026-02-09 01:38:13.089 61050 DEBUG heat.engine.service [req-0ecbed0a-eb9d-460f-8ed3-b73730e261c1 - - - - -] Service 77223f2c-cad6-43e7-8036-2e4bacfd6991 was aborted service_manage_cleanup /usr/lib/python3/dist-packages/heat/engine/service.py:2391
2026-02-09 01:38:13.091 61048 DEBUG heat.engine.service [req-6937f0d6-a7dc-407b-a4a8-691e8d733319 - - - - -] Service 77223f2c-cad6-43e7-8036-2e4bacfd6991 was aborted service_manage_cleanup /usr/lib/python3/dist-packages/heat/engine/service.py:2391
2026-02-09 01:38:13.096 61049 DEBUG heat.engine.service [req-fa9e4647-554f-473a-b277-97acf0282648 - - - - -] Service 77223f2c-cad6-43e7-8036-2e4bacfd6991 was aborted service_manage_cleanup /usr/lib/python3/dist-packages/heat/engine/service.py:2391
2026-02-09 01:38:13.097 61051 DEBUG heat.engine.service [req-2d337599-b286-4c94-88b1-6b8212f1254d - - - - -] Service 77223f2c-cad6-43e7-8036-2e4bacfd6991 was aborted service_manage_cleanup /usr/lib/python3/dist-packages/heat/engine/service.py:2391
2026-02-09 01:38:13.101 61050 DEBUG heat.engine.service [req-0ecbed0a-eb9d-460f-8ed3-b73730e261c1 - - - - -] Service 851d7ff4-5b67-44dd-b4eb-31470582fd49 was aborted service_manage_cleanup /usr/lib/python3/dist-packages/heat/engine/service.py:2391
2026-02-09 01:38:13.102 61048 DEBUG heat.engine.service [req-6937f0d6-a7dc-407b-a4a8-691e8d733319 - - - - -] Service 851d7ff4-5b67-44dd-b4eb-31470582fd49 was aborted service_manage_cleanup /usr/lib/python3/dist-packages/heat/engine/service.py:2391
2026-02-09 01:38:13.102 61049 DEBUG heat.engine.service [req-fa9e4647-554f-473a-b277-97acf0282648 - - - - -] Service 851d7ff4-5b67-44dd-b4eb-31470582fd49 was aborted service_manage_cleanup /usr/lib/python3/dist-packages/heat/engine/service.py:2391
2026-02-09 01:38:13.105 61051 DEBUG heat.engine.service [req-2d337599-b286-4c94-88b1-6b8212f1254d - - - - -] Service 851d7ff4-5b67-44dd-b4eb-31470582fd49 was aborted service_manage_cleanup /usr/lib/python3/dist-packages/heat/engine/service.py:2391
2026-02-09 01:38:13.114 61048 DEBUG heat.engine.service [req-6937f0d6-a7dc-407b-a4a8-691e8d733319 - - - - -] Service 8f98fcad-cafa-4920-ab3d-8a22c694ad61 was aborted service_manage_cleanup /usr/lib/python3/dist-packages/heat/engine/service.py:2391
2026-02-09 01:38:13.115 61050 DEBUG heat.engine.service [req-0ecbed0a-eb9d-460f-8ed3-b73730e261c1 - - - - -] Service 8f98fcad-cafa-4920-ab3d-8a22c694ad61 was aborted service_manage_cleanup /usr/lib/python3/dist-packages/heat/engine/service.py:2391
2026-02-09 01:38:13.116 61049 DEBUG heat.engine.service [req-fa9e4647-554f-473a-b277-97acf0282648 - - - - -] Service 8f98fcad-cafa-4920-ab3d-8a22c694ad61 was aborted service_manage_cleanup /usr/lib/python3/dist-packages/heat/engine/service.py:2391
2026-02-09 01:38:13.119 61051 DEBUG heat.engine.service [req-2d337599-b286-4c94-88b1-6b8212f1254d - - - - -] Service 8f98fcad-cafa-4920-ab3d-8a22c694ad61 was aborted service_manage_cleanup /usr/lib/python3/dist-packages/heat/engine/service.py:2391
2026-02-09 01:38:13.127 61049 DEBUG heat.engine.service [req-fa9e4647-554f-473a-b277-97acf0282648 - - - - -] Service cd2792be-2e5f-4d33-b775-b44d0d49b430 was aborted service_manage_cleanup /usr/lib/python3/dist-packages/heat/engine/service.py:2391
2026-02-09 01:38:13.128 61048 DEBUG heat.engine.service [req-6937f0d6-a7dc-407b-a4a8-691e8d733319 - - - - -] Service cd2792be-2e5f-4d33-b775-b44d0d49b430 was aborted service_manage_cleanup /usr/lib/python3/dist-packages/heat/engine/service.py:2391
2026-02-09 01:38:13.131 61051 DEBUG heat.engine.service [req-2d337599-b286-4c94-88b1-6b8212f1254d - - - - -] Service cd2792be-2e5f-4d33-b775-b44d0d49b430 was aborted service_manage_cleanup /usr/lib/python3/dist-packages/heat/engine/service.py:2391
2026-02-09 01:38:13.131 61050 DEBUG heat.engine.service [req-0ecbed0a-eb9d-460f-8ed3-b73730e261c1 - - - - -] Service cd2792be-2e5f-4d33-b775-b44d0d49b430 was aborted service_manage_cleanup /usr/lib/python3/dist-packages/heat/engine/service.py:2391
2026-02-09 01:38:13.141 61049 DEBUG heat.engine.service [req-fa9e4647-554f-473a-b277-97acf0282648 - - - - -] Service da0c9868-5f0d-4442-9ca8-1efc7b89dce9 was aborted service_manage_cleanup /usr/lib/python3/dist-packages/heat/engine/service.py:2391
2026-02-09 01:38:13.142 61048 DEBUG heat.engine.service [req-6937f0d6-a7dc-407b-a4a8-691e8d733319 - - - - -] Service da0c9868-5f0d-4442-9ca8-1efc7b89dce9 was aborted service_manage_cleanup /usr/lib/python3/dist-packages/heat/engine/service.py:2391
2026-02-09 01:38:13.142 61051 DEBUG heat.engine.service [req-2d337599-b286-4c94-88b1-6b8212f1254d - - - - -] Service da0c9868-5f0d-4442-9ca8-1efc7b89dce9 was aborted service_manage_cleanup /usr/lib/python3/dist-packages/heat/engine/service.py:2391
2026-02-09 01:38:13.144 61050 DEBUG heat.engine.service [req-0ecbed0a-eb9d-460f-8ed3-b73730e261c1 - - - - -] Service da0c9868-5f0d-4442-9ca8-1efc7b89dce9 was aborted service_manage_cleanup /usr/lib/python3/dist-packages/heat/engine/service.py:2391
2026-02-09 01:38:13.155 61048 DEBUG heat.engine.service [req-6937f0d6-a7dc-407b-a4a8-691e8d733319 - - - - -] Service eb9c8117-2d06-4262-afff-f5b3d376625f was aborted service_manage_cleanup /usr/lib/python3/dist-packages/heat/engine/service.py:2391
2026-02-09 01:38:13.155 61049 DEBUG heat.engine.service [req-fa9e4647-554f-473a-b277-97acf0282648 - - - - -] Service eb9c8117-2d06-4262-afff-f5b3d376625f was aborted service_manage_cleanup /usr/lib/python3/dist-packages/heat/engine/service.py:2391
2026-02-09 01:38:13.156 61051 DEBUG heat.engine.service [req-2d337599-b286-4c94-88b1-6b8212f1254d - - - - -] Service eb9c8117-2d06-4262-afff-f5b3d376625f was aborted service_manage_cleanup /usr/lib/python3/dist-packages/heat/engine/service.py:2391
2026-02-09 01:38:13.157 61050 DEBUG heat.engine.service [req-0ecbed0a-eb9d-460f-8ed3-b73730e261c1 - - - - -] Service eb9c8117-2d06-4262-afff-f5b3d376625f was aborted service_manage_cleanup /usr/lib/python3/dist-packages/heat/engine/service.py:2391
2026-02-09 01:38:13.179 61048 DEBUG heat.engine.service [req-e2d81626-65be-4cba-aaf1-1fa69e2393ff - - - - -] Service 04c23431-e804-428d-834e-6d4700dd4300 is started service_manage_report /usr/lib/python3/dist-packages/heat/engine/service.py:2363
2026-02-09 01:38:13.191 61049 DEBUG heat.engine.service [req-1883f6f9-0679-4e1b-ac86-49851ce73d57 - - - - -] Service 0521a449-2f75-47d5-9e6b-5760e00a584d is started service_manage_report /usr/lib/python3/dist-packages/heat/engine/service.py:2363
2026-02-09 01:38:13.196 61048 DEBUG heat.engine.service [req-e2d81626-65be-4cba-aaf1-1fa69e2393ff - - - - -] Service 04c23431-e804-428d-834e-6d4700dd4300 is updated service_manage_report /usr/lib/python3/dist-packages/heat/engine/service.py:2370
2026-02-09 01:38:13.197 61050 DEBUG heat.engine.service [req-1a2ec4a0-d718-4189-90c6-779c1bc2aaec - - - - -] Service 86ca6aca-12b2-40ca-a1c9-29599639e5df is started service_manage_report /usr/lib/python3/dist-packages/heat/engine/service.py:2363
2026-02-09 01:38:13.205 61051 DEBUG heat.engine.service [req-1f8bfe70-ca35-4f9b-b411-5f9202e34907 - - - - -] Service ad18308a-ed08-4f93-8f0b-32109a7be25e is started service_manage_report /usr/lib/python3/dist-packages/heat/engine/service.py:2363
2026-02-09 01:38:13.218 61049 DEBUG heat.engine.service [req-1883f6f9-0679-4e1b-ac86-49851ce73d57 - - - - -] Service 0521a449-2f75-47d5-9e6b-5760e00a584d is updated service_manage_report /usr/lib/python3/dist-packages/heat/engine/service.py:2370
2026-02-09 01:38:13.233 61050 DEBUG heat.engine.service [req-1a2ec4a0-d718-4189-90c6-779c1bc2aaec - - - - -] Service 86ca6aca-12b2-40ca-a1c9-29599639e5df is updated service_manage_report /usr/lib/python3/dist-packages/heat/engine/service.py:2370
2026-02-09 01:38:13.240 61051 DEBUG heat.engine.service [req-1f8bfe70-ca35-4f9b-b411-5f9202e34907 - - - - -] Service ad18308a-ed08-4f93-8f0b-32109a7be25e is updated service_manage_report /usr/lib/python3/dist-packages/heat/engine/service.py:2370
2026-02-09 01:39:13.461 61049 DEBUG heat.engine.service [req-8fef6f72-090a-4eb6-948a-3875d7b763b4 - - - - -] Service 0521a449-2f75-47d5-9e6b-5760e00a584d is updated service_manage_report /usr/lib/python3/dist-packages/heat/engine/service.py:2370
2026-02-09 01:39:13.480 61050 DEBUG heat.engine.service [req-511dd6e6-fad0-44db-b91b-3205d4beb18a - - - - -] Service 86ca6aca-12b2-40ca-a1c9-29599639e5df is updated service_manage_report /usr/lib/python3/dist-packages/heat/engine/service.py:2370
2026-02-09 01:39:13.480 61048 DEBUG heat.engine.service [req-7669abfd-510a-49ff-95ae-f901c5120bdc - - - - -] Service 04c23431-e804-428d-834e-6d4700dd4300 is updated service_manage_report /usr/lib/python3/dist-packages/heat/engine/service.py:2370
2026-02-09 01:39:13.480 61051 DEBUG heat.engine.service [req-dbc4a16d-bd4c-4701-8884-ebbff811863a - - - - -] Service ad18308a-ed08-4f93-8f0b-32109a7be25e is updated service_manage_report /usr/lib/python3/dist-packages/heat/engine/service.py:2370
2026-02-09 01:39:38.081 61049 DEBUG heat.engine.service [-] Attempting to stop engine service... _stop_rpc_server /usr/lib/python3/dist-packages/heat/engine/service.py:437
2026-02-09 01:39:38.081 61050 DEBUG heat.engine.service [-] Attempting to stop engine service... _stop_rpc_server /usr/lib/python3/dist-packages/heat/engine/service.py:437
2026-02-09 01:39:38.082 61051 DEBUG heat.engine.service [-] Attempting to stop engine service... _stop_rpc_server /usr/lib/python3/dist-packages/heat/engine/service.py:437
2026-02-09 01:39:38.081 61048 DEBUG heat.engine.service [-] Attempting to stop engine service... _stop_rpc_server /usr/lib/python3/dist-packages/heat/engine/service.py:437
2026-02-09 01:39:38.094 60816 INFO oslo_service.service [-] Caught SIGTERM, stopping children
2026-02-09 01:39:38.094 60816 DEBUG oslo_concurrency.lockutils [-] Acquired lock "singleton_lock" lock /usr/lib/python3/dist-packages/oslo_concurrency/lockutils.py:294
2026-02-09 01:39:38.095 60816 DEBUG oslo_concurrency.lockutils [-] Releasing lock "singleton_lock" lock /usr/lib/python3/dist-packages/oslo_concurrency/lockutils.py:312
2026-02-09 01:39:38.095 60816 DEBUG oslo_service.service [-] Stop services. stop /usr/lib/python3/dist-packages/oslo_service/service.py:695
2026-02-09 01:39:38.095 60816 INFO heat.engine.service [-] All threads were gone, terminating engine
2026-02-09 01:39:38.095 60816 DEBUG oslo_service.service [-] Killing children. stop /usr/lib/python3/dist-packages/oslo_service/service.py:700
2026-02-09 01:39:38.107 60816 INFO oslo_service.service [-] Waiting on 4 children to exit
2026-02-09 01:39:38.107 60816 INFO oslo_service.service [-] Child 61048 killed by signal 15
2026-02-09 01:39:38.108 60816 INFO oslo_service.service [-] Child 61049 killed by signal 15
2026-02-09 01:39:38.118 60816 INFO oslo_service.service [-] Child 61050 killed by signal 15
2026-02-09 01:39:38.118 60816 INFO oslo_service.service [-] Child 61051 killed by signal 15
2026-02-09 01:39:39.875 63829 DEBUG oslo_concurrency.lockutils [-] Lock "context-manager" acquired by "neutron_lib.db.api._create_context_manager" :: waited 0.000s inner /usr/lib/python3/dist-packages/oslo_concurrency/lockutils.py:386
2026-02-09 01:39:39.876 63829 DEBUG oslo_concurrency.lockutils [-] Lock "context-manager" "released" by "neutron_lib.db.api._create_context_manager" :: held 0.000s inner /usr/lib/python3/dist-packages/oslo_concurrency/lockutils.py:400
2026-02-09 01:39:42.312 63829 WARNING heat.engine.environment [-] OS::Aodh::Alarm is DEPRECATED. Theshold alarm relies on ceilometer-api and has been deprecated in aodh since Ocata. Use OS::Aodh::GnocchiAggregationByResourcesAlarm instead.
2026-02-09 01:39:42.313 63829 WARNING heat.engine.environment [-] OS::Aodh::CombinationAlarm is HIDDEN. OS::Aodh::CombinationAlarm is deprecated and has been removed from Aodh, use OS::Aodh::CompositeAlarm instead.
2026-02-09 01:39:42.313 63829 WARNING heat.engine.environment [-] OS::Designate::Domain is HIDDEN. This resource has been removed, use OS::Designate::Zone instead.
2026-02-09 01:39:42.313 63829 WARNING heat.engine.environment [-] OS::Designate::Record is HIDDEN. This resource has been removed, use OS::Designate::RecordSet instead.
2026-02-09 01:39:42.314 63829 WARNING heat.engine.environment [-] OS::Glance::Image is DEPRECATED. Creating a Glance Image based on an existing URL location requires the Glance v1 API, which is deprecated.
2026-02-09 01:39:42.314 63829 WARNING heat.engine.environment [-] OS::Heat::HARestarter is HIDDEN. The HARestarter resource type has been removed. Existing stacks containing HARestarter resources can still be used, but the HARestarter resource will be a placeholder that does nothing.
2026-02-09 01:39:42.314 63829 WARNING heat.engine.environment [-] OS::Heat::SoftwareDeployments is HIDDEN. Please use OS::Heat::SoftwareDeploymentGroup instead.
2026-02-09 01:39:42.314 63829 WARNING heat.engine.environment [-] OS::Heat::StructuredDeployments is HIDDEN. Please use OS::Heat::StructuredDeploymentGroup instead.
2026-02-09 01:39:42.314 63829 WARNING heat.engine.environment [-] OS::Magnum::Bay is HIDDEN. Please use OS::Magnum::Cluster instead.
2026-02-09 01:39:42.315 63829 WARNING heat.engine.environment [-] OS::Magnum::BayModel is HIDDEN. Please use OS::Magnum::ClusterTemplate instead.
2026-02-09 01:39:42.315 63829 WARNING heat.engine.environment [-] OS::Neutron::ExtraRoute is UNSUPPORTED. Use this resource at your own risk.
2026-02-09 01:39:42.315 63829 WARNING heat.engine.environment [-] OS::Neutron::HealthMonitor is HIDDEN. Use LBaaS V2 instead.
2026-02-09 01:39:42.315 63829 WARNING heat.engine.environment [-] OS::Neutron::Pool is HIDDEN. Use LBaaS V2 instead.
2026-02-09 01:39:42.315 63829 WARNING heat.engine.environment [-] OS::Neutron::PoolMember is HIDDEN. Use LBaaS V2 instead.
2026-02-09 01:39:42.315 63829 WARNING heat.engine.environment [-] OS::Neutron::LoadBalancer is HIDDEN. Use LBaaS V2 instead.
2026-02-09 01:39:42.315 63829 WARNING heat.engine.environment [-] OS::Neutron::RouterGateway is HIDDEN. Use the `external_gateway_info` property in the router resource to set up the gateway.
2026-02-09 01:39:42.316 63829 WARNING heat.engine.environment [-] OS::Nova::FloatingIP is HIDDEN. Please use OS::Neutron::FloatingIP instead.
2026-02-09 01:39:42.316 63829 WARNING heat.engine.environment [-] OS::Nova::FloatingIPAssociation is HIDDEN. Please use OS::Neutron::FloatingIPAssociation instead.
2026-02-09 01:39:42.318 63829 INFO heat.engine.environment [-] Loading /etc/heat/environment.d/default.yaml
2026-02-09 01:39:42.320 63829 INFO heat.engine.environment [-] Registered: [Plugin](User:False) AWS::AutoScaling::AutoScalingGroup ->
2026-02-09 01:39:42.320 63829 INFO heat.engine.environment [-] Registered: [Plugin](User:False) AWS::AutoScaling::LaunchConfiguration ->
2026-02-09 01:39:42.320 63829 INFO heat.engine.environment [-] Registered: [Plugin](User:False) AWS::AutoScaling::ScalingPolicy ->
2026-02-09 01:39:42.320 63829 INFO heat.engine.environment [-] Registered: [Plugin](User:False) AWS::CloudFormation::Stack ->
2026-02-09 01:39:42.320 63829 INFO heat.engine.environment [-] Registered: [Plugin](User:False) AWS::CloudFormation::WaitCondition ->
2026-02-09 01:39:42.320 63829 INFO heat.engine.environment [-] Registered: [Plugin](User:False) AWS::CloudFormation::WaitConditionHandle ->
2026-02-09 01:39:42.321 63829 INFO heat.engine.environment [-] Registered: [Plugin](User:False) AWS::EC2::EIP ->
2026-02-09 01:39:42.321 63829 INFO heat.engine.environment [-] Registered: [Plugin](User:False) AWS::EC2::EIPAssociation ->
2026-02-09 01:39:42.321 63829 INFO heat.engine.environment [-] Registered: [Plugin](User:False) AWS::EC2::Instance ->
2026-02-09 01:39:42.321 63829 INFO heat.engine.environment [-] Registered: [Plugin](User:False) AWS::EC2::InternetGateway ->
2026-02-09 01:39:42.321 63829 INFO heat.engine.environment [-] Registered: [Plugin](User:False) AWS::EC2::VPCGatewayAttachment ->
2026-02-09 01:39:42.321 63829 INFO heat.engine.environment [-] Registered: [Plugin](User:False) AWS::EC2::NetworkInterface ->
2026-02-09 01:39:42.321 63829 INFO heat.engine.environment [-] Registered: [Plugin](User:False) AWS::EC2::RouteTable ->
2026-02-09 01:39:42.321 63829 INFO heat.engine.environment [-] Registered: [Plugin](User:False) AWS::EC2::SubnetRouteTableAssociation ->
2026-02-09 01:39:42.321 63829 INFO heat.engine.environment [-] Registered: [Plugin](User:False) AWS::EC2::SecurityGroup ->
2026-02-09 01:39:42.321 63829 INFO heat.engine.environment [-] Registered: [Plugin](User:False) AWS::EC2::Subnet ->
2026-02-09 01:39:42.321 63829 INFO heat.engine.environment [-] Registered: [Plugin](User:False) AWS::EC2::Volume ->
2026-02-09 01:39:42.322 63829 INFO heat.engine.environment [-] Registered: [Plugin](User:False) AWS::EC2::VolumeAttachment ->
2026-02-09 01:39:42.322 63829 INFO heat.engine.environment [-] Registered: [Plugin](User:False) AWS::EC2::VPC ->
2026-02-09 01:39:42.322 63829 INFO heat.engine.environment [-] Registered: [Plugin](User:False) AWS::IAM::User ->
2026-02-09 01:39:42.322 63829 INFO heat.engine.environment [-] Registered: [Plugin](User:False) AWS::IAM::AccessKey ->
2026-02-09 01:39:42.322 63829 INFO heat.engine.environment [-] Registered: [Plugin](User:False) AWS::ElasticLoadBalancing::LoadBalancer ->
2026-02-09 01:39:42.322 63829 INFO heat.engine.environment [-] Registered: [Plugin](User:False) AWS::S3::Bucket ->
2026-02-09 01:39:42.322 63829 INFO heat.engine.environment [-] Registered: [Plugin](User:False) OS::Aodh::Alarm ->
2026-02-09 01:39:42.322 63829 INFO heat.engine.environment [-] Registered: [Plugin](User:False) OS::Aodh::CombinationAlarm ->
2026-02-09 01:39:42.322 63829 INFO heat.engine.environment [-] Registered: [Plugin](User:False) OS::Aodh::EventAlarm ->
2026-02-09 01:39:42.322 63829 INFO heat.engine.environment [-] Registered: [Plugin](User:False) OS::Aodh::LBMemberHealthAlarm ->
2026-02-09 01:39:42.322 63829 INFO heat.engine.environment [-] Registered: [Plugin](User:False) OS::Aodh::CompositeAlarm ->
2026-02-09 01:39:42.322 63829 INFO heat.engine.environment [-] Registered: [Plugin](User:False) OS::Aodh::GnocchiResourcesAlarm ->
2026-02-09 01:39:42.323 63829 INFO heat.engine.environment [-] Registered: [Plugin](User:False) OS::Aodh::GnocchiAggregationByMetricsAlarm ->
2026-02-09 01:39:42.323 63829 INFO heat.engine.environment [-] Registered: [Plugin](User:False) OS::Aodh::GnocchiAggregationByResourcesAlarm ->
2026-02-09 01:39:42.323 63829 INFO heat.engine.environment [-] Registered: [Plugin](User:False) OS::Barbican::GenericContainer ->
2026-02-09 01:39:42.323 63829 INFO heat.engine.environment [-] Registered: [Plugin](User:False) OS::Barbican::CertificateContainer ->
2026-02-09 01:39:42.323 63829 INFO heat.engine.environment [-] Registered: [Plugin](User:False) OS::Barbican::RSAContainer ->
2026-02-09 01:39:42.323 63829 INFO heat.engine.environment [-] Registered: [Plugin](User:False) OS::Barbican::Order ->
2026-02-09 01:39:42.323 63829 INFO heat.engine.environment [-] Registered: [Plugin](User:False) OS::Barbican::Secret ->
2026-02-09 01:39:42.323 63829 INFO heat.engine.environment [-] Registered: [Plugin](User:False) OS::Blazar::Host ->
2026-02-09 01:39:42.323 63829 INFO heat.engine.environment [-] Registered: [Plugin](User:False) OS::Blazar::Lease ->
2026-02-09 01:39:42.323 63829 INFO heat.engine.environment [-] Registered: [Plugin](User:False) OS::Cinder::EncryptedVolumeType ->
2026-02-09 01:39:42.323 63829 INFO heat.engine.environment [-] Registered: [Plugin](User:False) OS::Cinder::QoSSpecs ->
2026-02-09 01:39:42.323 63829 INFO heat.engine.environment [-] Registered: [Plugin](User:False) OS::Cinder::QoSAssociation ->
2026-02-09 01:39:42.324 63829 INFO heat.engine.environment [-] Registered: [Plugin](User:False) OS::Cinder::Quota ->
2026-02-09 01:39:42.324 63829 INFO heat.engine.environment [-] Registered: [Plugin](User:False) OS::Cinder::Volume ->
2026-02-09 01:39:42.324 63829 INFO heat.engine.environment [-] Registered: [Plugin](User:False) OS::Cinder::VolumeAttachment ->
2026-02-09 01:39:42.324 63829 INFO heat.engine.environment [-] Registered: [Plugin](User:False) OS::Cinder::VolumeType ->
2026-02-09 01:39:42.324 63829 INFO heat.engine.environment [-] Registered: [Plugin](User:False) OS::Designate::Domain ->
2026-02-09 01:39:42.324 63829 INFO heat.engine.environment [-] Registered: [Plugin](User:False) OS::Designate::Record ->
2026-02-09 01:39:42.324 63829 INFO heat.engine.environment [-] Registered: [Plugin](User:False) OS::Designate::RecordSet ->
2026-02-09 01:39:42.324 63829 INFO heat.engine.environment [-] Registered: [Plugin](User:False) OS::Designate::Zone ->
2026-02-09 01:39:42.324 63829 INFO heat.engine.environment [-] Registered: [Plugin](User:False) OS::Glance::Image ->
2026-02-09 01:39:42.324 63829 INFO heat.engine.environment [-] Registered: [Plugin](User:False) OS::Glance::WebImage ->
2026-02-09 01:39:42.324 63829 INFO heat.engine.environment [-] Registered: [Plugin](User:False) OS::Heat::AccessPolicy ->
2026-02-09 01:39:42.324 63829 INFO heat.engine.environment [-] Registered: [Plugin](User:False) OS::Heat::AutoScalingGroup ->
2026-02-09 01:39:42.325 63829 INFO heat.engine.environment [-] Registered: [Plugin](User:False) OS::Heat::CloudConfig ->
2026-02-09 01:39:42.325 63829 INFO heat.engine.environment [-] Registered: [Plugin](User:False) OS::Heat::Delay ->
2026-02-09 01:39:42.325 63829 INFO heat.engine.environment [-] Registered: [Plugin](User:False) OS::Heat::DeployedServer ->
2026-02-09 01:39:42.325 63829 INFO heat.engine.environment [-] Registered: [Plugin](User:False) OS::Heat::HARestarter ->
2026-02-09 01:39:42.325 63829 INFO heat.engine.environment [-] Registered: [Plugin](User:False) OS::Heat::InstanceGroup ->
2026-02-09 01:39:42.325 63829 INFO heat.engine.environment [-] Registered: [Plugin](User:False) OS::Heat::MultipartMime ->
2026-02-09 01:39:42.325 63829 INFO heat.engine.environment [-] Registered: [Plugin](User:False) OS::Heat::None ->
2026-02-09 01:39:42.325 63829 INFO heat.engine.environment [-] Registered: [Plugin](User:False) OS::Heat::RandomString ->
2026-02-09 01:39:42.325 63829 INFO heat.engine.environment [-] Registered: [Plugin](User:False) OS::Heat::Stack ->
2026-02-09 01:39:42.325 63829 INFO heat.engine.environment [-] Registered: [Plugin](User:False) OS::Heat::ResourceChain ->
2026-02-09 01:39:42.325 63829 INFO heat.engine.environment [-] Registered: [Plugin](User:False) OS::Heat::ResourceGroup ->
2026-02-09 01:39:42.325 63829 INFO heat.engine.environment [-] Registered: [Plugin](User:False) OS::Heat::ScalingPolicy ->
2026-02-09 01:39:42.326 63829 INFO heat.engine.environment [-] Registered: [Plugin](User:False) OS::Heat::SoftwareComponent ->
2026-02-09 01:39:42.326 63829 INFO heat.engine.environment [-] Registered: [Plugin](User:False) OS::Heat::SoftwareConfig ->
2026-02-09 01:39:42.326 63829 INFO heat.engine.environment [-] Registered: [Plugin](User:False) OS::Heat::SoftwareDeployment ->
2026-02-09 01:39:42.326 63829 INFO heat.engine.environment [-] Registered: [Plugin](User:False) OS::Heat::SoftwareDeploymentGroup ->
2026-02-09 01:39:42.326 63829 INFO heat.engine.environment [-] Registered: [Plugin](User:False) OS::Heat::SoftwareDeployments ->
2026-02-09 01:39:42.326 63829 INFO heat.engine.environment [-] Registered: [Plugin](User:False) OS::Heat::StructuredConfig ->
2026-02-09 01:39:42.326 63829 INFO heat.engine.environment [-] Registered: [Plugin](User:False) OS::Heat::StructuredDeployment ->
2026-02-09 01:39:42.326 63829 INFO heat.engine.environment [-] Registered: [Plugin](User:False) OS::Heat::StructuredDeploymentGroup ->
2026-02-09 01:39:42.326 63829 INFO heat.engine.environment [-] Registered: [Plugin](User:False) OS::Heat::StructuredDeployments ->
2026-02-09 01:39:42.326 63829 INFO heat.engine.environment [-] Registered: [Plugin](User:False) OS::Heat::SwiftSignal ->
2026-02-09 01:39:42.327 63829 INFO heat.engine.environment [-] Registered: [Plugin](User:False) OS::Heat::SwiftSignalHandle ->
2026-02-09 01:39:42.327 63829 INFO heat.engine.environment [-] Registered: [Plugin](User:False) OS::Heat::TestResource ->
2026-02-09 01:39:42.327 63829 INFO heat.engine.environment [-] Registered: [Plugin](User:False) OS::Heat::Value ->
2026-02-09 01:39:42.327 63829 INFO heat.engine.environment [-] Registered: [Plugin](User:False) OS::Heat::WaitCondition ->
2026-02-09 01:39:42.327 63829 INFO heat.engine.environment [-] Registered: [Plugin](User:False) OS::Heat::WaitConditionHandle ->
2026-02-09 01:39:42.327 63829 INFO heat.engine.environment [-] Registered: [Plugin](User:False) OS::Heat::UpdateWaitConditionHandle ->
2026-02-09 01:39:42.327 63829 INFO heat.engine.environment [-] Registered: [Plugin](User:False) OS::Ironic::Port ->
2026-02-09 01:39:42.327 63829 INFO heat.engine.environment [-] Registered: [Plugin](User:False) OS::Keystone::Domain ->
2026-02-09 01:39:42.327 63829 INFO heat.engine.environment [-] Registered: [Plugin](User:False) OS::Keystone::Endpoint ->
2026-02-09 01:39:42.327 63829 INFO heat.engine.environment [-] Registered: [Plugin](User:False) OS::Keystone::Group ->
2026-02-09 01:39:42.327 63829 INFO heat.engine.environment [-] Registered: [Plugin](User:False) OS::Keystone::Project ->
2026-02-09 01:39:42.327 63829 INFO heat.engine.environment [-] Registered: [Plugin](User:False) OS::Keystone::Region ->
2026-02-09 01:39:42.328 63829 INFO heat.engine.environment [-] Registered: [Plugin](User:False) OS::Keystone::Role ->
2026-02-09 01:39:42.328 63829 INFO heat.engine.environment [-] Registered: [Plugin](User:False) OS::Keystone::UserRoleAssignment ->
2026-02-09 01:39:42.328 63829 INFO heat.engine.environment [-] Registered: [Plugin](User:False) OS::Keystone::GroupRoleAssignment ->
2026-02-09 01:39:42.328 63829 INFO heat.engine.environment [-] Registered: [Plugin](User:False) OS::Keystone::Service ->
2026-02-09 01:39:42.328 63829 INFO heat.engine.environment [-] Registered: [Plugin](User:False) OS::Keystone::User ->
2026-02-09 01:39:42.328 63829 INFO heat.engine.environment [-] Registered: [Plugin](User:False) OS::Magnum::Bay ->
2026-02-09 01:39:42.328 63829 INFO heat.engine.environment [-] Registered: [Plugin](User:False) OS::Magnum::BayModel ->
2026-02-09 01:39:42.328 63829 INFO heat.engine.environment [-] Registered: [Plugin](User:False) OS::Magnum::Cluster ->
2026-02-09 01:39:42.328 63829 INFO heat.engine.environment [-] Registered: [Plugin](User:False) OS::Magnum::ClusterTemplate ->
2026-02-09 01:39:42.328 63829 INFO heat.engine.environment [-] Registered: [Plugin](User:False) OS::Manila::SecurityService ->
2026-02-09 01:39:42.328 63829 INFO heat.engine.environment [-] Registered: [Plugin](User:False) OS::Manila::Share ->
2026-02-09 01:39:42.329 63829 INFO heat.engine.environment [-] Registered: [Plugin](User:False) OS::Manila::ShareNetwork ->
2026-02-09 01:39:42.329 63829 INFO heat.engine.environment [-] Registered: [Plugin](User:False) OS::Manila::ShareType ->
2026-02-09 01:39:42.329 63829 INFO heat.engine.environment [-] Registered: [Plugin](User:False) OS::Mistral::CronTrigger ->
2026-02-09 01:39:42.329 63829 INFO heat.engine.environment [-] Registered: [Plugin](User:False) OS::Mistral::ExternalResource ->
2026-02-09 01:39:42.329 63829 INFO heat.engine.environment [-] Registered: [Plugin](User:False) OS::Mistral::Workflow ->
2026-02-09 01:39:42.329 63829 INFO heat.engine.environment [-] Registered: [Plugin](User:False) OS::Monasca::AlarmDefinition ->
2026-02-09 01:39:42.329 63829 INFO heat.engine.environment [-] Registered: [Plugin](User:False) OS::Monasca::Notification ->
2026-02-09 01:39:42.329 63829 INFO heat.engine.environment [-] Registered: [Plugin](User:False) OS::Neutron::AddressScope ->
2026-02-09 01:39:42.329 63829 INFO heat.engine.environment [-] Registered: [Plugin](User:False) OS::Neutron::ExtraRoute ->
2026-02-09 01:39:42.329 63829 INFO heat.engine.environment [-] Registered: [Plugin](User:False) OS::Neutron::ExtraRouteSet ->
2026-02-09 01:39:42.329 63829 INFO heat.engine.environment [-] Registered: [Plugin](User:False) OS::Neutron::Firewall ->
2026-02-09 01:39:42.329 63829 INFO heat.engine.environment [-] Registered: [Plugin](User:False) OS::Neutron::FirewallPolicy ->
2026-02-09 01:39:42.330 63829 INFO heat.engine.environment [-] Registered: [Plugin](User:False) OS::Neutron::FirewallRule ->
2026-02-09 01:39:42.330 63829 INFO heat.engine.environment [-] Registered: [Plugin](User:False) OS::Neutron::FloatingIP ->
2026-02-09 01:39:42.330 63829 INFO heat.engine.environment [-] Registered: [Plugin](User:False) OS::Neutron::FloatingIPAssociation ->
2026-02-09 01:39:42.330 63829 INFO heat.engine.environment [-] Registered: [Plugin](User:False) OS::Neutron::L2Gateway ->
2026-02-09 01:39:42.330 63829 INFO heat.engine.environment [-] Registered: [Plugin](User:False) OS::Neutron::L2GatewayConnection ->
2026-02-09 01:39:42.330 63829 INFO heat.engine.environment [-] Registered: [Plugin](User:False) OS::Neutron::LBaaS::HealthMonitor ->
2026-02-09 01:39:42.330 63829 INFO heat.engine.environment [-] Registered: [Plugin](User:False) OS::Neutron::LBaaS::L7Policy ->
2026-02-09 01:39:42.330 63829 INFO heat.engine.environment [-] Registered: [Plugin](User:False) OS::Neutron::LBaaS::L7Rule ->
2026-02-09 01:39:42.330 63829 INFO heat.engine.environment [-] Registered: [Plugin](User:False) OS::Neutron::LBaaS::Listener ->
2026-02-09 01:39:42.330 63829 INFO heat.engine.environment [-] Registered: [Plugin](User:False) OS::Neutron::LBaaS::LoadBalancer ->
2026-02-09 01:39:42.330 63829 INFO heat.engine.environment [-] Registered: [Plugin](User:False) OS::Neutron::LBaaS::Pool ->
2026-02-09 01:39:42.330 63829 INFO heat.engine.environment [-] Registered: [Plugin](User:False) OS::Neutron::LBaaS::PoolMember ->
2026-02-09 01:39:42.331 63829 INFO heat.engine.environment [-] Registered: [Plugin](User:False) OS::Neutron::HealthMonitor ->
2026-02-09 01:39:42.331 63829 INFO heat.engine.environment [-] Registered: [Plugin](User:False) OS::Neutron::Pool ->
2026-02-09 01:39:42.331 63829 INFO heat.engine.environment [-] Registered: [Plugin](User:False) OS::Neutron::PoolMember ->
2026-02-09 01:39:42.331 63829 INFO heat.engine.environment [-] Registered: [Plugin](User:False) OS::Neutron::LoadBalancer ->
2026-02-09 01:39:42.331 63829 INFO heat.engine.environment [-] Registered: [Plugin](User:False) OS::Neutron::MeteringLabel ->
2026-02-09 01:39:42.331 63829 INFO heat.engine.environment [-] Registered: [Plugin](User:False) OS::Neutron::MeteringRule ->
2026-02-09 01:39:42.331 63829 INFO heat.engine.environment [-] Registered: [Plugin](User:False) OS::Neutron::Net ->
2026-02-09 01:39:42.331 63829 INFO heat.engine.environment [-] Registered: [Plugin](User:False) OS::Neutron::NetworkGateway ->
2026-02-09 01:39:42.331 63829 INFO heat.engine.environment [-] Registered: [Plugin](User:False) OS::Neutron::Port ->
2026-02-09 01:39:42.331 63829 INFO heat.engine.environment [-] Registered: [Plugin](User:False) OS::Neutron::ProviderNet ->
2026-02-09 01:39:42.332 63829 INFO heat.engine.environment [-] Registered: [Plugin](User:False) OS::Neutron::QoSPolicy ->
2026-02-09 01:39:42.332 63829 INFO heat.engine.environment [-] Registered: [Plugin](User:False) OS::Neutron::QoSBandwidthLimitRule ->
2026-02-09 01:39:42.332 63829 INFO heat.engine.environment [-] Registered: [Plugin](User:False) OS::Neutron::QoSDscpMarkingRule ->
2026-02-09 01:39:42.332 63829 INFO heat.engine.environment [-] Registered: [Plugin](User:False) OS::Neutron::QoSMinimumBandwidthRule ->
2026-02-09 01:39:42.332 63829 INFO heat.engine.environment [-] Registered: [Plugin](User:False) OS::Neutron::Quota ->
2026-02-09 01:39:42.332 63829 INFO heat.engine.environment [-] Registered: [Plugin](User:False) OS::Neutron::RBACPolicy ->
2026-02-09 01:39:42.332 63829 INFO heat.engine.environment [-] Registered: [Plugin](User:False) OS::Neutron::Router ->
2026-02-09 01:39:42.332 63829 INFO heat.engine.environment [-] Registered: [Plugin](User:False) OS::Neutron::RouterInterface ->
2026-02-09 01:39:42.332 63829 INFO heat.engine.environment [-] Registered: [Plugin](User:False) OS::Neutron::RouterGateway ->
2026-02-09 01:39:42.332 63829 INFO heat.engine.environment [-] Registered: [Plugin](User:False) OS::Neutron::SecurityGroup ->
2026-02-09 01:39:42.333 63829 INFO heat.engine.environment [-] Registered: [Plugin](User:False) OS::Neutron::SecurityGroupRule ->
2026-02-09 01:39:42.333 63829 INFO heat.engine.environment [-] Registered: [Plugin](User:False) OS::Neutron::Segment ->
2026-02-09 01:39:42.333 63829 INFO heat.engine.environment [-] Registered: [Plugin](User:False) OS::Neutron::FlowClassifier ->
2026-02-09 01:39:42.333 63829 INFO heat.engine.environment [-] Registered: [Plugin](User:False) OS::Neutron::PortChain ->
2026-02-09 01:39:42.333 63829 INFO heat.engine.environment [-] Registered: [Plugin](User:False) OS::Neutron::PortPair ->
2026-02-09 01:39:42.333 63829 INFO heat.engine.environment [-] Registered: [Plugin](User:False) OS::Neutron::PortPairGroup ->
2026-02-09 01:39:42.333 63829 INFO heat.engine.environment [-] Registered: [Plugin](User:False) OS::Neutron::Subnet ->
2026-02-09 01:39:42.333 63829 INFO heat.engine.environment [-] Registered: [Plugin](User:False) OS::Neutron::SubnetPool ->
2026-02-09 01:39:42.333 63829 INFO heat.engine.environment [-] Registered: [Plugin](User:False) OS::Neutron::TaaS::TapFlow ->
2026-02-09 01:39:42.333 63829 INFO heat.engine.environment [-] Registered: [Plugin](User:False) OS::Neutron::TaaS::TapService ->
2026-02-09 01:39:42.333 63829 INFO heat.engine.environment [-] Registered: [Plugin](User:False) OS::Neutron::Trunk ->
2026-02-09 01:39:42.333 63829 INFO heat.engine.environment [-] Registered: [Plugin](User:False) OS::Neutron::VPNService ->
2026-02-09 01:39:42.334 63829 INFO heat.engine.environment [-] Registered: [Plugin](User:False) OS::Neutron::IPsecSiteConnection ->
2026-02-09 01:39:42.334 63829 INFO heat.engine.environment [-] Registered: [Plugin](User:False) OS::Neutron::IKEPolicy ->
2026-02-09 01:39:42.334 63829 INFO heat.engine.environment [-] Registered: [Plugin](User:False) OS::Neutron::IPsecPolicy ->
2026-02-09 01:39:42.334 63829 INFO heat.engine.environment [-] Registered: [Plugin](User:False) OS::Nova::Flavor ->
2026-02-09 01:39:42.334 63829 INFO heat.engine.environment [-] Registered: [Plugin](User:False) OS::Nova::FloatingIP ->
2026-02-09 01:39:42.334 63829 INFO heat.engine.environment [-] Registered: [Plugin](User:False) OS::Nova::FloatingIPAssociation ->
2026-02-09 01:39:42.334 63829 INFO heat.engine.environment [-] Registered: [Plugin](User:False) OS::Nova::HostAggregate ->
2026-02-09 01:39:42.334 63829 INFO heat.engine.environment [-] Registered: [Plugin](User:False) OS::Nova::KeyPair ->
2026-02-09 01:39:42.334 63829 INFO heat.engine.environment [-] Registered: [Plugin](User:False) OS::Nova::Quota ->
2026-02-09 01:39:42.334 63829 INFO heat.engine.environment [-] Registered: [Plugin](User:False) OS::Nova::Server ->
2026-02-09 01:39:42.334 63829 INFO heat.engine.environment [-] Registered: [Plugin](User:False) OS::Nova::ServerGroup ->
2026-02-09 01:39:42.334 63829 INFO heat.engine.environment [-] Registered: [Plugin](User:False) OS::Octavia::Flavor ->
2026-02-09 01:39:42.335 63829 INFO heat.engine.environment [-] Registered: [Plugin](User:False) OS::Octavia::FlavorProfile ->
2026-02-09 01:39:42.335 63829 INFO heat.engine.environment [-] Registered: [Plugin](User:False) OS::Octavia::HealthMonitor ->
2026-02-09 01:39:42.335 63829 INFO heat.engine.environment [-] Registered: [Plugin](User:False) OS::Octavia::L7Policy ->
2026-02-09 01:39:42.335 63829 INFO heat.engine.environment [-] Registered: [Plugin](User:False) OS::Octavia::L7Rule ->
2026-02-09 01:39:42.335 63829 INFO heat.engine.environment [-] Registered: [Plugin](User:False) OS::Octavia::Listener ->
2026-02-09 01:39:42.335 63829 INFO heat.engine.environment [-] Registered: [Plugin](User:False) OS::Octavia::LoadBalancer ->
2026-02-09 01:39:42.335 63829 INFO heat.engine.environment [-] Registered: [Plugin](User:False) OS::Octavia::Pool ->
2026-02-09 01:39:42.335 63829 INFO heat.engine.environment [-] Registered: [Plugin](User:False) OS::Octavia::PoolMember ->
2026-02-09 01:39:42.335 63829 INFO heat.engine.environment [-] Registered: [Plugin](User:False) OS::Octavia::Quota ->
2026-02-09 01:39:42.335 63829 INFO heat.engine.environment [-] Registered: [Plugin](User:False) OS::Sahara::Cluster ->
2026-02-09 01:39:42.335 63829 INFO heat.engine.environment [-] Registered: [Plugin](User:False) OS::Sahara::DataSource ->
2026-02-09 01:39:42.335 63829 INFO heat.engine.environment [-] Registered: [Plugin](User:False) OS::Sahara::ImageRegistry ->
2026-02-09 01:39:42.336 63829 INFO heat.engine.environment [-] Registered: [Plugin](User:False) OS::Sahara::Job ->
2026-02-09 01:39:42.336 63829 INFO heat.engine.environment [-] Registered: [Plugin](User:False) OS::Sahara::JobBinary ->
2026-02-09 01:39:42.336 63829 INFO heat.engine.environment [-] Registered: [Plugin](User:False) OS::Sahara::NodeGroupTemplate ->
2026-02-09 01:39:42.336 63829 INFO heat.engine.environment [-] Registered: [Plugin](User:False) OS::Sahara::ClusterTemplate ->
2026-02-09 01:39:42.336 63829 INFO heat.engine.environment [-] Registered: [Plugin](User:False) OS::Senlin::Cluster ->
2026-02-09 01:39:42.336 63829 INFO heat.engine.environment [-] Registered: [Plugin](User:False) OS::Senlin::Node ->
2026-02-09 01:39:42.336 63829 INFO heat.engine.environment [-] Registered: [Plugin](User:False) OS::Senlin::Policy ->
2026-02-09 01:39:42.336 63829 INFO heat.engine.environment [-] Registered: [Plugin](User:False) OS::Senlin::Profile ->
2026-02-09 01:39:42.336 63829 INFO heat.engine.environment [-] Registered: [Plugin](User:False) OS::Senlin::Receiver ->
2026-02-09 01:39:42.336 63829 INFO heat.engine.environment [-] Registered: [Plugin](User:False) OS::Swift::Container ->
2026-02-09 01:39:42.336 63829 INFO heat.engine.environment [-] Registered: [Plugin](User:False) OS::Trove::Cluster ->
2026-02-09 01:39:42.337 63829 INFO heat.engine.environment [-] Registered: [Plugin](User:False) OS::Trove::Instance ->
2026-02-09 01:39:42.337 63829 INFO heat.engine.environment [-] Registered: [Plugin](User:False) OS::Vitrage::Template ->
2026-02-09 01:39:42.337 63829 INFO heat.engine.environment [-] Registered: [Plugin](User:False) OS::Zaqar::Queue ->
2026-02-09 01:39:42.337 63829 INFO heat.engine.environment [-] Registered: [Plugin](User:False) OS::Zaqar::SignedQueueURL ->
2026-02-09 01:39:42.337 63829 INFO heat.engine.environment [-] Registered: [Plugin](User:False) OS::Zaqar::Subscription ->
2026-02-09 01:39:42.337 63829 INFO heat.engine.environment [-] Registered: [Plugin](User:False) OS::Zaqar::MistralTrigger ->
