2026-02-09 01:55:10.395 7 DEBUG oslo_service.service [-] ml2_type_gre.tunnel_id_ranges = [] log_opt_values /var/lib/kolla/venv/lib/python3.6/site-packages/oslo_config/cfg.py:2611
2026-02-09 01:55:10.395 7 DEBUG oslo_service.service [-] ml2_type_vlan.network_vlan_ranges = [] log_opt_values /var/lib/kolla/venv/lib/python3.6/site-packages/oslo_config/cfg.py:2611
2026-02-09 01:55:10.395 7 DEBUG oslo_service.service [-] ml2_type_vxlan.vni_ranges = [] log_opt_values /var/lib/kolla/venv/lib/python3.6/site-packages/oslo_config/cfg.py:2611
2026-02-09 01:55:10.395 7 DEBUG oslo_service.service [-] ml2_type_vxlan.vxlan_group = None log_opt_values /var/lib/kolla/venv/lib/python3.6/site-packages/oslo_config/cfg.py:2611
2026-02-09 01:55:10.395 7 DEBUG oslo_service.service [-] database.backend = sqlalchemy log_opt_values /var/lib/kolla/venv/lib/python3.6/site-packages/oslo_config/cfg.py:2611
2026-02-09 01:55:10.395 7 DEBUG oslo_service.service [-] database.connection = **** log_opt_values /var/lib/kolla/venv/lib/python3.6/site-packages/oslo_config/cfg.py:2611
2026-02-09 01:55:10.395 7 DEBUG oslo_service.service [-] database.connection_debug = 0 log_opt_values /var/lib/kolla/venv/lib/python3.6/site-packages/oslo_config/cfg.py:2611
2026-02-09 01:55:10.395 7 DEBUG oslo_service.service [-] database.connection_parameters = log_opt_values /var/lib/kolla/venv/lib/python3.6/site-packages/oslo_config/cfg.py:2611
2026-02-09 01:55:10.395 7 DEBUG oslo_service.service [-] database.connection_recycle_time = 10 log_opt_values /var/lib/kolla/venv/lib/python3.6/site-packages/oslo_config/cfg.py:2611
2026-02-09 01:55:10.395 7 DEBUG oslo_service.service [-] database.connection_trace = False log_opt_values /var/lib/kolla/venv/lib/python3.6/site-packages/oslo_config/cfg.py:2611
2026-02-09 01:55:10.395 7 DEBUG oslo_service.service [-] database.db_inc_retry_interval = True log_opt_values /var/lib/kolla/venv/lib/python3.6/site-packages/oslo_config/cfg.py:2611
2026-02-09 01:55:10.395 7 DEBUG oslo_service.service [-] database.db_max_retries = 20 log_opt_values /var/lib/kolla/venv/lib/python3.6/site-packages/oslo_config/cfg.py:2611
2026-02-09 01:55:10.395 7 DEBUG oslo_service.service [-] database.db_max_retry_interval = 10 log_opt_values /var/lib/kolla/venv/lib/python3.6/site-packages/oslo_config/cfg.py:2611
2026-02-09 01:55:10.395 7 DEBUG oslo_service.service [-] database.db_retry_interval = 1 log_opt_values /var/lib/kolla/venv/lib/python3.6/site-packages/oslo_config/cfg.py:2611
2026-02-09 01:55:10.396 7 DEBUG oslo_service.service [-] database.max_overflow = 50 log_opt_values /var/lib/kolla/venv/lib/python3.6/site-packages/oslo_config/cfg.py:2611
2026-02-09 01:55:10.396 7 DEBUG oslo_service.service [-] database.max_pool_size = 1 log_opt_values /var/lib/kolla/venv/lib/python3.6/site-packages/oslo_config/cfg.py:2611
2026-02-09 01:55:10.396 7 DEBUG oslo_service.service [-] database.max_retries = -1 log_opt_values /var/lib/kolla/venv/lib/python3.6/site-packages/oslo_config/cfg.py:2611
2026-02-09 01:55:10.396 7 DEBUG oslo_service.service [-] database.mysql_enable_ndb = False log_opt_values /var/lib/kolla/venv/lib/python3.6/site-packages/oslo_config/cfg.py:2611
2026-02-09 01:55:10.396 7 DEBUG oslo_service.service [-] database.mysql_sql_mode = TRADITIONAL log_opt_values /var/lib/kolla/venv/lib/python3.6/site-packages/oslo_config/cfg.py:2611
2026-02-09 01:55:10.396 7 DEBUG oslo_service.service [-] database.pool_timeout = None log_opt_values /var/lib/kolla/venv/lib/python3.6/site-packages/oslo_config/cfg.py:2611
2026-02-09 01:55:10.396 7 DEBUG oslo_service.service [-] database.retry_interval = 10 log_opt_values /var/lib/kolla/venv/lib/python3.6/site-packages/oslo_config/cfg.py:2611
2026-02-09 01:55:10.396 7 DEBUG oslo_service.service [-] database.slave_connection = **** log_opt_values /var/lib/kolla/venv/lib/python3.6/site-packages/oslo_config/cfg.py:2611
2026-02-09 01:55:10.396 7 DEBUG oslo_service.service [-] database.sqlite_synchronous = True log_opt_values /var/lib/kolla/venv/lib/python3.6/site-packages/oslo_config/cfg.py:2611
2026-02-09 01:55:10.396 7 DEBUG oslo_service.service [-] database.use_db_reconnect = False log_opt_values /var/lib/kolla/venv/lib/python3.6/site-packages/oslo_config/cfg.py:2611
2026-02-09 01:55:10.396 7 DEBUG oslo_service.service [-] ******************************************************************************** log_opt_values /var/lib/kolla/venv/lib/python3.6/site-packages/oslo_config/cfg.py:2613
2026-02-09 01:55:12.186 22 DEBUG neutron.wsgi [-] (22) accepted ('10.0.0.240', 45564) server /var/lib/kolla/venv/lib/python3.6/site-packages/eventlet/wsgi.py:1004
2026-02-09 01:55:12.193 22 INFO neutron.wsgi [-] 10.0.0.240 "GET / HTTP/1.1" status: 200 len: 228 time: 0.0052962
2026-02-09 01:55:14.321 23 DEBUG neutron.api.rpc.handlers.dhcp_rpc [req-987b20c8-e4bb-41fc-b89f-6ca8184f2cf6 - - - - -] get_active_networks_info from cn-jenkins-deploy-platform-ansible-os-5237-1 get_active_networks_info /var/lib/kolla/venv/lib/python3.6/site-packages/neutron/api/rpc/handlers/dhcp_rpc.py:159
2026-02-09 01:55:14.348 27 DEBUG neutron_lib.callbacks.manager [req-286080ba-d2a3-4878-9d37-9ab97157d494 - - - - -] Publish callbacks ['neutron.services.segments.db._update_segment_host_mapping_for_agent-8741318357824', 'neutron.services.l3_router.l3_router_plugin.DVRResourceOperationHandler.create_fip_agent_gw_ports-617405'] for agent (d854cf63-a08d-4fdd-a04e-96294b2e7f6a), after_create _notify_loop /var/lib/kolla/venv/lib/python3.6/site-packages/neutron_lib/callbacks/manager.py:177
2026-02-09 01:55:14.361 23 DEBUG neutron.scheduler.dhcp_agent_scheduler [req-987b20c8-e4bb-41fc-b89f-6ca8184f2cf6 - - - - -] No non-hosted networks auto_schedule_networks /var/lib/kolla/venv/lib/python3.6/site-packages/neutron/scheduler/dhcp_agent_scheduler.py:60
2026-02-09 01:55:32.559 28 DEBUG neutron_lib.callbacks.manager [req-af1972c9-1a0a-4551-8f1c-22d842fbc63a - - - - -] Publish callbacks ['neutron.services.segments.db._update_segment_host_mapping_for_agent-8741318357824', 'neutron.services.l3_router.l3_router_plugin.DVRResourceOperationHandler.create_fip_agent_gw_ports-617405'] for agent (f56ba3c1-29b1-437a-9fcf-5fd23dc402d0), after_create _notify_loop /var/lib/kolla/venv/lib/python3.6/site-packages/neutron_lib/callbacks/manager.py:177
2026-02-09 01:55:42.234 22 DEBUG neutron.wsgi [-] (22) accepted ('10.0.0.240', 41670) server /var/lib/kolla/venv/lib/python3.6/site-packages/eventlet/wsgi.py:1004
2026-02-09 01:55:42.238 22 INFO neutron.wsgi [-] 10.0.0.240 "GET / HTTP/1.1" status: 200 len: 228 time: 0.0030541
2026-02-09 01:55:44.332 26 DEBUG neutron_lib.callbacks.manager [req-76b39574-f7b2-41f1-bf3c-e8b85f35f0bc - - - - -] Publish callbacks ['neutron.services.segments.db._update_segment_host_mapping_for_agent-8741318357824', 'neutron.plugins.ml2.plugin.Ml2Plugin._retry_binding_revived_agents-1857555'] for agent (d854cf63-a08d-4fdd-a04e-96294b2e7f6a), after_update _notify_loop /var/lib/kolla/venv/lib/python3.6/site-packages/neutron_lib/callbacks/manager.py:177
2026-02-09 01:56:02.535 24 DEBUG neutron_lib.callbacks.manager [req-af1972c9-1a0a-4551-8f1c-22d842fbc63a - - - - -] Publish callbacks ['neutron.services.segments.db._update_segment_host_mapping_for_agent-8741318357824', 'neutron.plugins.ml2.plugin.Ml2Plugin._retry_binding_revived_agents-1857555'] for agent (f56ba3c1-29b1-437a-9fcf-5fd23dc402d0), after_update _notify_loop /var/lib/kolla/venv/lib/python3.6/site-packages/neutron_lib/callbacks/manager.py:177
2026-02-09 01:56:12.278 22 DEBUG neutron.wsgi [-] (22) accepted ('10.0.0.240', 44708) server /var/lib/kolla/venv/lib/python3.6/site-packages/eventlet/wsgi.py:1004
2026-02-09 01:56:12.281 22 INFO neutron.wsgi [-] 10.0.0.240 "GET / HTTP/1.1" status: 200 len: 228 time: 0.0026460
2026-02-09 01:56:14.322 23 DEBUG neutron_lib.callbacks.manager [req-fd365353-740c-4285-bd57-3d03d19237ad - - - - -] Publish callbacks ['neutron.services.segments.db._update_segment_host_mapping_for_agent-8741318357824', 'neutron.plugins.ml2.plugin.Ml2Plugin._retry_binding_revived_agents-1857555'] for agent (d854cf63-a08d-4fdd-a04e-96294b2e7f6a), after_update _notify_loop /var/lib/kolla/venv/lib/python3.6/site-packages/neutron_lib/callbacks/manager.py:177
2026-02-09 01:56:23.401 29 DEBUG neutron.db.agents_db [req-ffbc3c08-d537-4fcd-9e31-aa7466e62dfd - - - - -] Agent healthcheck: found 2 active agents agent_health_check /var/lib/kolla/venv/lib/python3.6/site-packages/neutron/db/agents_db.py:318
2026-02-09 01:56:32.536 25 DEBUG neutron_lib.callbacks.manager [req-af1972c9-1a0a-4551-8f1c-22d842fbc63a - - - - -] Publish callbacks ['neutron.services.segments.db._update_segment_host_mapping_for_agent-8741318357824', 'neutron.plugins.ml2.plugin.Ml2Plugin._retry_binding_revived_agents-1857555'] for agent (f56ba3c1-29b1-437a-9fcf-5fd23dc402d0), after_update _notify_loop /var/lib/kolla/venv/lib/python3.6/site-packages/neutron_lib/callbacks/manager.py:177
2026-02-09 01:56:42.321 22 DEBUG neutron.wsgi [-] (22) accepted ('10.0.0.240', 39426) server /var/lib/kolla/venv/lib/python3.6/site-packages/eventlet/wsgi.py:1004
2026-02-09 01:56:42.324 22 INFO neutron.wsgi [-] 10.0.0.240 "GET / HTTP/1.1" status: 200 len: 228 time: 0.0026691
2026-02-09 01:56:44.320 27 DEBUG neutron_lib.callbacks.manager [req-2edbf34a-689f-46ce-b0d0-5bd7b97be91f - - - - -] Publish callbacks ['neutron.services.segments.db._update_segment_host_mapping_for_agent-8741318357824', 'neutron.plugins.ml2.plugin.Ml2Plugin._retry_binding_revived_agents-1857555'] for agent (d854cf63-a08d-4fdd-a04e-96294b2e7f6a), after_update _notify_loop /var/lib/kolla/venv/lib/python3.6/site-packages/neutron_lib/callbacks/manager.py:177
2026-02-09 01:57:00.389 29 DEBUG neutron.db.agents_db [req-ffbc3c08-d537-4fcd-9e31-aa7466e62dfd - - - - -] Agent healthcheck: found 2 active agents agent_health_check /var/lib/kolla/venv/lib/python3.6/site-packages/neutron/db/agents_db.py:318
2026-02-09 01:57:02.531 28 DEBUG neutron_lib.callbacks.manager [req-af1972c9-1a0a-4551-8f1c-22d842fbc63a - - - - -] Publish callbacks ['neutron.services.segments.db._update_segment_host_mapping_for_agent-8741318357824', 'neutron.plugins.ml2.plugin.Ml2Plugin._retry_binding_revived_agents-1857555'] for agent (f56ba3c1-29b1-437a-9fcf-5fd23dc402d0), after_update _notify_loop /var/lib/kolla/venv/lib/python3.6/site-packages/neutron_lib/callbacks/manager.py:177
2026-02-09 01:57:12.373 22 DEBUG neutron.wsgi [-] (22) accepted ('10.0.0.240', 49772) server /var/lib/kolla/venv/lib/python3.6/site-packages/eventlet/wsgi.py:1004
2026-02-09 01:57:12.376 22 INFO neutron.wsgi [-] 10.0.0.240 "GET / HTTP/1.1" status: 200 len: 228 time: 0.0025551
2026-02-09 01:57:14.315 26 DEBUG neutron_lib.callbacks.manager [req-d5500686-10eb-4f87-9c03-5b586ad1d4e9 - - - - -] Publish callbacks ['neutron.services.segments.db._update_segment_host_mapping_for_agent-8741318357824', 'neutron.plugins.ml2.plugin.Ml2Plugin._retry_binding_revived_agents-1857555'] for agent (d854cf63-a08d-4fdd-a04e-96294b2e7f6a), after_update _notify_loop /var/lib/kolla/venv/lib/python3.6/site-packages/neutron_lib/callbacks/manager.py:177
2026-02-09 01:57:32.527 24 DEBUG neutron_lib.callbacks.manager [req-af1972c9-1a0a-4551-8f1c-22d842fbc63a - - - - -] Publish callbacks ['neutron.services.segments.db._update_segment_host_mapping_for_agent-8741318357824', 'neutron.plugins.ml2.plugin.Ml2Plugin._retry_binding_revived_agents-1857555'] for agent (f56ba3c1-29b1-437a-9fcf-5fd23dc402d0), after_update _notify_loop /var/lib/kolla/venv/lib/python3.6/site-packages/neutron_lib/callbacks/manager.py:177
2026-02-09 01:57:37.386 29 DEBUG neutron.db.agents_db [req-ffbc3c08-d537-4fcd-9e31-aa7466e62dfd - - - - -] Agent healthcheck: found 2 active agents agent_health_check /var/lib/kolla/venv/lib/python3.6/site-packages/neutron/db/agents_db.py:318
2026-02-09 01:57:42.414 22 DEBUG neutron.wsgi [-] (22) accepted ('10.0.0.240', 48012) server /var/lib/kolla/venv/lib/python3.6/site-packages/eventlet/wsgi.py:1004
2026-02-09 01:57:42.420 22 INFO neutron.wsgi [-] 10.0.0.240 "GET / HTTP/1.1" status: 200 len: 228 time: 0.0046139
2026-02-09 01:57:44.320 23 DEBUG neutron_lib.callbacks.manager [req-2d3e387a-a48c-41df-abaa-57d6f9ad3dc9 - - - - -] Publish callbacks ['neutron.services.segments.db._update_segment_host_mapping_for_agent-8741318357824', 'neutron.plugins.ml2.plugin.Ml2Plugin._retry_binding_revived_agents-1857555'] for agent (d854cf63-a08d-4fdd-a04e-96294b2e7f6a), after_update _notify_loop /var/lib/kolla/venv/lib/python3.6/site-packages/neutron_lib/callbacks/manager.py:177
2026-02-09 01:58:02.532 25 DEBUG neutron_lib.callbacks.manager [req-af1972c9-1a0a-4551-8f1c-22d842fbc63a - - - - -] Publish callbacks ['neutron.services.segments.db._update_segment_host_mapping_for_agent-8741318357824', 'neutron.plugins.ml2.plugin.Ml2Plugin._retry_binding_revived_agents-1857555'] for agent (f56ba3c1-29b1-437a-9fcf-5fd23dc402d0), after_update _notify_loop /var/lib/kolla/venv/lib/python3.6/site-packages/neutron_lib/callbacks/manager.py:177
2026-02-09 01:58:12.461 22 DEBUG neutron.wsgi [-] (22) accepted ('10.0.0.240', 54170) server /var/lib/kolla/venv/lib/python3.6/site-packages/eventlet/wsgi.py:1004
2026-02-09 01:58:12.465 22 INFO neutron.wsgi [-] 10.0.0.240 "GET / HTTP/1.1" status: 200 len: 228 time: 0.0030527
2026-02-09 01:58:14.328 27 DEBUG neutron_lib.callbacks.manager [req-56b229f3-8e97-4dfa-951f-97469730f1a1 - - - - -] Publish callbacks ['neutron.services.segments.db._update_segment_host_mapping_for_agent-8741318357824', 'neutron.plugins.ml2.plugin.Ml2Plugin._retry_binding_revived_agents-1857555'] for agent (d854cf63-a08d-4fdd-a04e-96294b2e7f6a), after_update _notify_loop /var/lib/kolla/venv/lib/python3.6/site-packages/neutron_lib/callbacks/manager.py:177
2026-02-09 01:58:14.386 29 DEBUG neutron.db.agents_db [req-ffbc3c08-d537-4fcd-9e31-aa7466e62dfd - - - - -] Agent healthcheck: found 2 active agents agent_health_check /var/lib/kolla/venv/lib/python3.6/site-packages/neutron/db/agents_db.py:318
2026-02-09 01:58:32.536 28 DEBUG neutron_lib.callbacks.manager [req-af1972c9-1a0a-4551-8f1c-22d842fbc63a - - - - -] Publish callbacks ['neutron.services.segments.db._update_segment_host_mapping_for_agent-8741318357824', 'neutron.plugins.ml2.plugin.Ml2Plugin._retry_binding_revived_agents-1857555'] for agent (f56ba3c1-29b1-437a-9fcf-5fd23dc402d0), after_update _notify_loop /var/lib/kolla/venv/lib/python3.6/site-packages/neutron_lib/callbacks/manager.py:177
2026-02-09 01:58:42.512 22 DEBUG neutron.wsgi [-] (22) accepted ('10.0.0.240', 44524) server /var/lib/kolla/venv/lib/python3.6/site-packages/eventlet/wsgi.py:1004
2026-02-09 01:58:42.516 22 INFO neutron.wsgi [-] 10.0.0.240 "GET / HTTP/1.1" status: 200 len: 228 time: 0.0027006
2026-02-09 01:58:44.324 26 DEBUG neutron_lib.callbacks.manager [req-bcd8eaac-1f26-4f64-b666-19069a8c5f3f - - - - -] Publish callbacks ['neutron.services.segments.db._update_segment_host_mapping_for_agent-8741318357824', 'neutron.plugins.ml2.plugin.Ml2Plugin._retry_binding_revived_agents-1857555'] for agent (d854cf63-a08d-4fdd-a04e-96294b2e7f6a), after_update _notify_loop /var/lib/kolla/venv/lib/python3.6/site-packages/neutron_lib/callbacks/manager.py:177
2026-02-09 01:58:51.382 29 DEBUG neutron.db.agents_db [req-ffbc3c08-d537-4fcd-9e31-aa7466e62dfd - - - - -] Agent healthcheck: found 2 active agents agent_health_check /var/lib/kolla/venv/lib/python3.6/site-packages/neutron/db/agents_db.py:318
2026-02-09 01:59:02.533 24 DEBUG neutron_lib.callbacks.manager [req-af1972c9-1a0a-4551-8f1c-22d842fbc63a - - - - -] Publish callbacks ['neutron.services.segments.db._update_segment_host_mapping_for_agent-8741318357824', 'neutron.plugins.ml2.plugin.Ml2Plugin._retry_binding_revived_agents-1857555'] for agent (f56ba3c1-29b1-437a-9fcf-5fd23dc402d0), after_update _notify_loop /var/lib/kolla/venv/lib/python3.6/site-packages/neutron_lib/callbacks/manager.py:177
2026-02-09 01:59:12.555 22 DEBUG neutron.wsgi [-] (22) accepted ('10.0.0.240', 58274) server /var/lib/kolla/venv/lib/python3.6/site-packages/eventlet/wsgi.py:1004
2026-02-09 01:59:12.559 22 INFO neutron.wsgi [-] 10.0.0.240 "GET / HTTP/1.1" status: 200 len: 228 time: 0.0025444
2026-02-09 01:59:14.323 23 DEBUG neutron_lib.callbacks.manager [req-71db98b4-b17d-4751-ba9d-6352ad08f215 - - - - -] Publish callbacks ['neutron.services.segments.db._update_segment_host_mapping_for_agent-8741318357824', 'neutron.plugins.ml2.plugin.Ml2Plugin._retry_binding_revived_agents-1857555'] for agent (d854cf63-a08d-4fdd-a04e-96294b2e7f6a), after_update _notify_loop /var/lib/kolla/venv/lib/python3.6/site-packages/neutron_lib/callbacks/manager.py:177
2026-02-09 01:59:28.378 29 DEBUG neutron.db.agents_db [req-ffbc3c08-d537-4fcd-9e31-aa7466e62dfd - - - - -] Agent healthcheck: found 2 active agents agent_health_check /var/lib/kolla/venv/lib/python3.6/site-packages/neutron/db/agents_db.py:318
2026-02-09 01:59:32.548 25 DEBUG neutron_lib.callbacks.manager [req-af1972c9-1a0a-4551-8f1c-22d842fbc63a - - - - -] Publish callbacks ['neutron.services.segments.db._update_segment_host_mapping_for_agent-8741318357824', 'neutron.plugins.ml2.plugin.Ml2Plugin._retry_binding_revived_agents-1857555'] for agent (f56ba3c1-29b1-437a-9fcf-5fd23dc402d0), after_update _notify_loop /var/lib/kolla/venv/lib/python3.6/site-packages/neutron_lib/callbacks/manager.py:177
2026-02-09 01:59:42.598 22 DEBUG neutron.wsgi [-] (22) accepted ('10.0.0.240', 53220) server /var/lib/kolla/venv/lib/python3.6/site-packages/eventlet/wsgi.py:1004
2026-02-09 01:59:42.601 22 INFO neutron.wsgi [-] 10.0.0.240 "GET / HTTP/1.1" status: 200 len: 228 time: 0.0024772
2026-02-09 01:59:44.319 27 DEBUG neutron_lib.callbacks.manager [req-80dd4a3e-1280-46a8-8cdf-8c37913d6ad9 - - - - -] Publish callbacks ['neutron.services.segments.db._update_segment_host_mapping_for_agent-8741318357824', 'neutron.plugins.ml2.plugin.Ml2Plugin._retry_binding_revived_agents-1857555'] for agent (d854cf63-a08d-4fdd-a04e-96294b2e7f6a), after_update _notify_loop /var/lib/kolla/venv/lib/python3.6/site-packages/neutron_lib/callbacks/manager.py:177
2026-02-09 02:00:02.539 28 DEBUG neutron_lib.callbacks.manager [req-af1972c9-1a0a-4551-8f1c-22d842fbc63a - - - - -] Publish callbacks ['neutron.services.segments.db._update_segment_host_mapping_for_agent-8741318357824', 'neutron.plugins.ml2.plugin.Ml2Plugin._retry_binding_revived_agents-1857555'] for agent (f56ba3c1-29b1-437a-9fcf-5fd23dc402d0), after_update _notify_loop /var/lib/kolla/venv/lib/python3.6/site-packages/neutron_lib/callbacks/manager.py:177
2026-02-09 02:00:05.388 29 DEBUG neutron.db.agents_db [req-ffbc3c08-d537-4fcd-9e31-aa7466e62dfd - - - - -] Agent healthcheck: found 2 active agents agent_health_check /var/lib/kolla/venv/lib/python3.6/site-packages/neutron/db/agents_db.py:318
2026-02-09 02:00:12.655 22 DEBUG neutron.wsgi [-] (22) accepted ('10.0.0.240', 56328) server /var/lib/kolla/venv/lib/python3.6/site-packages/eventlet/wsgi.py:1004
2026-02-09 02:00:12.661 22 INFO neutron.wsgi [-] 10.0.0.240 "GET / HTTP/1.1" status: 200 len: 228 time: 0.0047083
2026-02-09 02:00:14.330 26 DEBUG neutron_lib.callbacks.manager [req-fcde4e18-f389-4bf7-9bf3-37ee8a8e9f09 - - - - -] Publish callbacks ['neutron.services.segments.db._update_segment_host_mapping_for_agent-8741318357824', 'neutron.plugins.ml2.plugin.Ml2Plugin._retry_binding_revived_agents-1857555'] for agent (d854cf63-a08d-4fdd-a04e-96294b2e7f6a), after_update _notify_loop /var/lib/kolla/venv/lib/python3.6/site-packages/neutron_lib/callbacks/manager.py:177
2026-02-09 02:00:32.540 24 DEBUG neutron_lib.callbacks.manager [req-af1972c9-1a0a-4551-8f1c-22d842fbc63a - - - - -] Publish callbacks ['neutron.services.segments.db._update_segment_host_mapping_for_agent-8741318357824', 'neutron.plugins.ml2.plugin.Ml2Plugin._retry_binding_revived_agents-1857555'] for agent (f56ba3c1-29b1-437a-9fcf-5fd23dc402d0), after_update _notify_loop /var/lib/kolla/venv/lib/python3.6/site-packages/neutron_lib/callbacks/manager.py:177
2026-02-09 02:00:42.384 29 DEBUG neutron.db.agents_db [req-ffbc3c08-d537-4fcd-9e31-aa7466e62dfd - - - - -] Agent healthcheck: found 2 active agents agent_health_check /var/lib/kolla/venv/lib/python3.6/site-packages/neutron/db/agents_db.py:318
2026-02-09 02:00:42.700 22 DEBUG neutron.wsgi [-] (22) accepted ('10.0.0.240', 35786) server /var/lib/kolla/venv/lib/python3.6/site-packages/eventlet/wsgi.py:1004
2026-02-09 02:00:42.703 22 INFO neutron.wsgi [-] 10.0.0.240 "GET / HTTP/1.1" status: 200 len: 228 time: 0.0026135
2026-02-09 02:00:44.344 23 DEBUG neutron_lib.callbacks.manager [req-0c491d4b-037f-4eef-acbe-1037f7078eec - - - - -] Publish callbacks ['neutron.services.segments.db._update_segment_host_mapping_for_agent-8741318357824', 'neutron.plugins.ml2.plugin.Ml2Plugin._retry_binding_revived_agents-1857555'] for agent (d854cf63-a08d-4fdd-a04e-96294b2e7f6a), after_update _notify_loop /var/lib/kolla/venv/lib/python3.6/site-packages/neutron_lib/callbacks/manager.py:177
2026-02-09 02:01:02.542 25 DEBUG neutron_lib.callbacks.manager [req-af1972c9-1a0a-4551-8f1c-22d842fbc63a - - - - -] Publish callbacks ['neutron.services.segments.db._update_segment_host_mapping_for_agent-8741318357824', 'neutron.plugins.ml2.plugin.Ml2Plugin._retry_binding_revived_agents-1857555'] for agent (f56ba3c1-29b1-437a-9fcf-5fd23dc402d0), after_update _notify_loop /var/lib/kolla/venv/lib/python3.6/site-packages/neutron_lib/callbacks/manager.py:177
2026-02-09 02:01:12.744 22 DEBUG neutron.wsgi [-] (22) accepted ('10.0.0.240', 40376) server /var/lib/kolla/venv/lib/python3.6/site-packages/eventlet/wsgi.py:1004
2026-02-09 02:01:12.747 22 INFO neutron.wsgi [-] 10.0.0.240 "GET / HTTP/1.1" status: 200 len: 228 time: 0.0025370
2026-02-09 02:01:14.328 27 DEBUG neutron_lib.callbacks.manager [req-91aee7d6-7f7e-405e-b160-c3b5483b8fc9 - - - - -] Publish callbacks ['neutron.services.segments.db._update_segment_host_mapping_for_agent-8741318357824', 'neutron.plugins.ml2.plugin.Ml2Plugin._retry_binding_revived_agents-1857555'] for agent (d854cf63-a08d-4fdd-a04e-96294b2e7f6a), after_update _notify_loop /var/lib/kolla/venv/lib/python3.6/site-packages/neutron_lib/callbacks/manager.py:177
2026-02-09 02:01:19.395 29 DEBUG neutron.db.agents_db [req-ffbc3c08-d537-4fcd-9e31-aa7466e62dfd - - - - -] Agent healthcheck: found 2 active agents agent_health_check /var/lib/kolla/venv/lib/python3.6/site-packages/neutron/db/agents_db.py:318
2026-02-09 02:01:32.543 28 DEBUG neutron_lib.callbacks.manager [req-af1972c9-1a0a-4551-8f1c-22d842fbc63a - - - - -] Publish callbacks ['neutron.services.segments.db._update_segment_host_mapping_for_agent-8741318357824', 'neutron.plugins.ml2.plugin.Ml2Plugin._retry_binding_revived_agents-1857555'] for agent (f56ba3c1-29b1-437a-9fcf-5fd23dc402d0), after_update _notify_loop /var/lib/kolla/venv/lib/python3.6/site-packages/neutron_lib/callbacks/manager.py:177
2026-02-09 02:01:42.787 22 DEBUG neutron.wsgi [-] (22) accepted ('10.0.0.240', 39040) server /var/lib/kolla/venv/lib/python3.6/site-packages/eventlet/wsgi.py:1004
2026-02-09 02:01:42.790 22 INFO neutron.wsgi [-] 10.0.0.240 "GET / HTTP/1.1" status: 200 len: 228 time: 0.0024695
2026-02-09 02:01:44.332 26 DEBUG neutron_lib.callbacks.manager [req-80ce0a21-daf8-4a1c-8ab0-4f5ece3bc1b4 - - - - -] Publish callbacks ['neutron.services.segments.db._update_segment_host_mapping_for_agent-8741318357824', 'neutron.plugins.ml2.plugin.Ml2Plugin._retry_binding_revived_agents-1857555'] for agent (d854cf63-a08d-4fdd-a04e-96294b2e7f6a), after_update _notify_loop /var/lib/kolla/venv/lib/python3.6/site-packages/neutron_lib/callbacks/manager.py:177
2026-02-09 02:01:56.391 29 DEBUG neutron.db.agents_db [req-ffbc3c08-d537-4fcd-9e31-aa7466e62dfd - - - - -] Agent healthcheck: found 2 active agents agent_health_check /var/lib/kolla/venv/lib/python3.6/site-packages/neutron/db/agents_db.py:318
2026-02-09 02:02:02.549 24 DEBUG neutron_lib.callbacks.manager [req-af1972c9-1a0a-4551-8f1c-22d842fbc63a - - - - -] Publish callbacks ['neutron.services.segments.db._update_segment_host_mapping_for_agent-8741318357824', 'neutron.plugins.ml2.plugin.Ml2Plugin._retry_binding_revived_agents-1857555'] for agent (f56ba3c1-29b1-437a-9fcf-5fd23dc402d0), after_update _notify_loop /var/lib/kolla/venv/lib/python3.6/site-packages/neutron_lib/callbacks/manager.py:177
2026-02-09 02:02:12.829 22 DEBUG neutron.wsgi [-] (22) accepted ('10.0.0.240', 47084) server /var/lib/kolla/venv/lib/python3.6/site-packages/eventlet/wsgi.py:1004
2026-02-09 02:02:12.833 22 INFO neutron.wsgi [-] 10.0.0.240 "GET / HTTP/1.1" status: 200 len: 228 time: 0.0028543
2026-02-09 02:02:14.337 23 DEBUG neutron_lib.callbacks.manager [req-b1d5d002-cb56-4995-bfcb-4f2b4e4b8cde - - - - -] Publish callbacks ['neutron.services.segments.db._update_segment_host_mapping_for_agent-8741318357824', 'neutron.plugins.ml2.plugin.Ml2Plugin._retry_binding_revived_agents-1857555'] for agent (d854cf63-a08d-4fdd-a04e-96294b2e7f6a), after_update _notify_loop /var/lib/kolla/venv/lib/python3.6/site-packages/neutron_lib/callbacks/manager.py:177
2026-02-09 02:02:32.552 25 DEBUG neutron_lib.callbacks.manager [req-af1972c9-1a0a-4551-8f1c-22d842fbc63a - - - - -] Publish callbacks ['neutron.services.segments.db._update_segment_host_mapping_for_agent-8741318357824', 'neutron.plugins.ml2.plugin.Ml2Plugin._retry_binding_revived_agents-1857555'] for agent (f56ba3c1-29b1-437a-9fcf-5fd23dc402d0), after_update _notify_loop /var/lib/kolla/venv/lib/python3.6/site-packages/neutron_lib/callbacks/manager.py:177
2026-02-09 02:02:33.389 29 DEBUG neutron.db.agents_db [req-ffbc3c08-d537-4fcd-9e31-aa7466e62dfd - - - - -] Agent healthcheck: found 2 active agents agent_health_check /var/lib/kolla/venv/lib/python3.6/site-packages/neutron/db/agents_db.py:318
2026-02-09 02:02:42.879 22 DEBUG neutron.wsgi [-] (22) accepted ('10.0.0.240', 34700) server /var/lib/kolla/venv/lib/python3.6/site-packages/eventlet/wsgi.py:1004
2026-02-09 02:02:42.882 22 INFO neutron.wsgi [-] 10.0.0.240 "GET / HTTP/1.1" status: 200 len: 228 time: 0.0028710
2026-02-09 02:02:44.344 27 DEBUG neutron_lib.callbacks.manager [req-cbc14b3d-b31a-4dc1-82a5-332ed881da95 - - - - -] Publish callbacks ['neutron.services.segments.db._update_segment_host_mapping_for_agent-8741318357824', 'neutron.plugins.ml2.plugin.Ml2Plugin._retry_binding_revived_agents-1857555'] for agent (d854cf63-a08d-4fdd-a04e-96294b2e7f6a), after_update _notify_loop /var/lib/kolla/venv/lib/python3.6/site-packages/neutron_lib/callbacks/manager.py:177
2026-02-09 02:03:02.551 28 DEBUG neutron_lib.callbacks.manager [req-af1972c9-1a0a-4551-8f1c-22d842fbc63a - - - - -] Publish callbacks ['neutron.services.segments.db._update_segment_host_mapping_for_agent-8741318357824', 'neutron.plugins.ml2.plugin.Ml2Plugin._retry_binding_revived_agents-1857555'] for agent (f56ba3c1-29b1-437a-9fcf-5fd23dc402d0), after_update _notify_loop /var/lib/kolla/venv/lib/python3.6/site-packages/neutron_lib/callbacks/manager.py:177
2026-02-09 02:03:10.392 29 DEBUG neutron.db.agents_db [req-ffbc3c08-d537-4fcd-9e31-aa7466e62dfd - - - - -] Agent healthcheck: found 2 active agents agent_health_check /var/lib/kolla/venv/lib/python3.6/site-packages/neutron/db/agents_db.py:318
2026-02-09 02:03:12.934 22 DEBUG neutron.wsgi [-] (22) accepted ('10.0.0.240', 45110) server /var/lib/kolla/venv/lib/python3.6/site-packages/eventlet/wsgi.py:1004
2026-02-09 02:03:12.938 22 INFO neutron.wsgi [-] 10.0.0.240 "GET / HTTP/1.1" status: 200 len: 228 time: 0.0028176
2026-02-09 02:03:14.340 26 DEBUG neutron_lib.callbacks.manager [req-ad713335-ccf5-4728-b33b-6bb8111bc475 - - - - -] Publish callbacks ['neutron.services.segments.db._update_segment_host_mapping_for_agent-8741318357824', 'neutron.plugins.ml2.plugin.Ml2Plugin._retry_binding_revived_agents-1857555'] for agent (d854cf63-a08d-4fdd-a04e-96294b2e7f6a), after_update _notify_loop /var/lib/kolla/venv/lib/python3.6/site-packages/neutron_lib/callbacks/manager.py:177
2026-02-09 02:03:32.553 24 DEBUG neutron_lib.callbacks.manager [req-af1972c9-1a0a-4551-8f1c-22d842fbc63a - - - - -] Publish callbacks ['neutron.services.segments.db._update_segment_host_mapping_for_agent-8741318357824', 'neutron.plugins.ml2.plugin.Ml2Plugin._retry_binding_revived_agents-1857555'] for agent (f56ba3c1-29b1-437a-9fcf-5fd23dc402d0), after_update _notify_loop /var/lib/kolla/venv/lib/python3.6/site-packages/neutron_lib/callbacks/manager.py:177
2026-02-09 02:03:43.394 22 DEBUG neutron.wsgi [-] (22) accepted ('10.0.0.240', 33196) server /var/lib/kolla/venv/lib/python3.6/site-packages/eventlet/wsgi.py:1004
2026-02-09 02:03:43.397 22 INFO neutron.wsgi [-] 10.0.0.240 "GET / HTTP/1.1" status: 200 len: 228 time: 0.0023828
2026-02-09 02:03:44.342 23 DEBUG neutron_lib.callbacks.manager [req-55782e6d-6db5-421f-a922-749bf3f9734b - - - - -] Publish callbacks ['neutron.services.segments.db._update_segment_host_mapping_for_agent-8741318357824', 'neutron.plugins.ml2.plugin.Ml2Plugin._retry_binding_revived_agents-1857555'] for agent (d854cf63-a08d-4fdd-a04e-96294b2e7f6a), after_update _notify_loop /var/lib/kolla/venv/lib/python3.6/site-packages/neutron_lib/callbacks/manager.py:177
2026-02-09 02:03:47.389 29 DEBUG neutron.db.agents_db [req-ffbc3c08-d537-4fcd-9e31-aa7466e62dfd - - - - -] Agent healthcheck: found 2 active agents agent_health_check /var/lib/kolla/venv/lib/python3.6/site-packages/neutron/db/agents_db.py:318
2026-02-09 02:03:55.594 7 INFO oslo_service.service [-] Caught SIGTERM, stopping children
2026-02-09 02:03:55.595 7 DEBUG oslo_concurrency.lockutils [-] Acquired lock "singleton_lock" lock /var/lib/kolla/venv/lib/python3.6/site-packages/oslo_concurrency/lockutils.py:294
2026-02-09 02:03:55.595 7 DEBUG oslo_concurrency.lockutils [-] Releasing lock "singleton_lock" lock /var/lib/kolla/venv/lib/python3.6/site-packages/oslo_concurrency/lockutils.py:312
2026-02-09 02:03:55.595 7 DEBUG oslo_service.service [-] Stop services. stop /var/lib/kolla/venv/lib/python3.6/site-packages/oslo_service/service.py:695
2026-02-09 02:03:55.595 7 DEBUG neutron.service [-] calling RpcWorker stop() stop /var/lib/kolla/venv/lib/python3.6/site-packages/neutron/service.py:138
2026-02-09 02:03:55.595 7 DEBUG neutron.service [-] calling RpcWorker stop() stop /var/lib/kolla/venv/lib/python3.6/site-packages/neutron/service.py:138
2026-02-09 02:03:55.595 7 DEBUG oslo_service.service [-] Killing children. stop /var/lib/kolla/venv/lib/python3.6/site-packages/oslo_service/service.py:700
2026-02-09 02:03:55.595 7 INFO oslo_service.service [-] Waiting on 8 children to exit
2026-02-09 02:03:55.596 22 INFO neutron.wsgi [-] (22) wsgi exited, is_accepting=True
2026-02-09 02:03:55.596 24 DEBUG neutron.service [-] calling RpcWorker stop() stop /var/lib/kolla/venv/lib/python3.6/site-packages/neutron/service.py:138
2026-02-09 02:03:55.596 23 DEBUG neutron.service [-] calling RpcWorker stop() stop /var/lib/kolla/venv/lib/python3.6/site-packages/neutron/service.py:138
2026-02-09 02:03:55.596 22 DEBUG oslo_concurrency.lockutils [req-aef2f368-da8d-4d72-82eb-d9b9c3cfa372 - - - - -] Acquired lock "singleton_lock" lock /var/lib/kolla/venv/lib/python3.6/site-packages/oslo_concurrency/lockutils.py:294
2026-02-09 02:03:55.597 22 DEBUG oslo_concurrency.lockutils [req-aef2f368-da8d-4d72-82eb-d9b9c3cfa372 - - - - -] Releasing lock "singleton_lock" lock /var/lib/kolla/venv/lib/python3.6/site-packages/oslo_concurrency/lockutils.py:312
2026-02-09 02:03:55.596 23 DEBUG neutron.service [-] calling stop on stop /var/lib/kolla/venv/lib/python3.6/site-packages/neutron/service.py:141
2026-02-09 02:03:55.598 25 DEBUG neutron.service [-] calling RpcWorker stop() stop /var/lib/kolla/venv/lib/python3.6/site-packages/neutron/service.py:138
2026-02-09 02:03:55.596 24 DEBUG neutron.service [-] calling stop on stop /var/lib/kolla/venv/lib/python3.6/site-packages/neutron/service.py:141
2026-02-09 02:03:55.599 25 DEBUG neutron.service [-] calling stop on stop /var/lib/kolla/venv/lib/python3.6/site-packages/neutron/service.py:141
2026-02-09 02:03:55.601 29 DEBUG neutron.service [-] calling RpcWorker stop() stop /var/lib/kolla/venv/lib/python3.6/site-packages/neutron/service.py:138
2026-02-09 02:03:55.602 29 DEBUG neutron.service [-] calling stop on stop /var/lib/kolla/venv/lib/python3.6/site-packages/neutron/service.py:141
2026-02-09 02:03:55.603 7 INFO oslo_service.service [-] Child 22 exited with status 0
2026-02-09 02:03:55.607 27 DEBUG neutron.service [-] calling RpcWorker stop() stop /var/lib/kolla/venv/lib/python3.6/site-packages/neutron/service.py:138
2026-02-09 02:03:55.607 27 DEBUG neutron.service [-] calling stop on stop /var/lib/kolla/venv/lib/python3.6/site-packages/neutron/service.py:141
2026-02-09 02:03:55.610 26 DEBUG neutron.service [-] calling RpcWorker stop() stop /var/lib/kolla/venv/lib/python3.6/site-packages/neutron/service.py:138
2026-02-09 02:03:55.610 26 DEBUG neutron.service [-] calling stop on stop /var/lib/kolla/venv/lib/python3.6/site-packages/neutron/service.py:141
2026-02-09 02:03:55.618 28 DEBUG neutron.service [-] calling RpcWorker stop() stop /var/lib/kolla/venv/lib/python3.6/site-packages/neutron/service.py:138
2026-02-09 02:03:55.618 28 DEBUG neutron.service [-] calling stop on stop /var/lib/kolla/venv/lib/python3.6/site-packages/neutron/service.py:141
2026-02-09 02:03:57.543 26 DEBUG oslo_concurrency.lockutils [req-aef2f368-da8d-4d72-82eb-d9b9c3cfa372 - - - - -] Acquired lock "singleton_lock" lock /var/lib/kolla/venv/lib/python3.6/site-packages/oslo_concurrency/lockutils.py:294
2026-02-09 02:03:57.544 26 DEBUG oslo_concurrency.lockutils [req-aef2f368-da8d-4d72-82eb-d9b9c3cfa372 - - - - -] Releasing lock "singleton_lock" lock /var/lib/kolla/venv/lib/python3.6/site-packages/oslo_concurrency/lockutils.py:312
2026-02-09 02:03:57.544 26 DEBUG neutron.service [req-aef2f368-da8d-4d72-82eb-d9b9c3cfa372 - - - - -] calling RpcWorker wait() _wait /var/lib/kolla/venv/lib/python3.6/site-packages/neutron/service.py:128
2026-02-09 02:03:57.544 26 DEBUG neutron.service [req-aef2f368-da8d-4d72-82eb-d9b9c3cfa372 - - - - -] calling wait on _wait /var/lib/kolla/venv/lib/python3.6/site-packages/neutron/service.py:131
2026-02-09 02:03:57.553 26 WARNING amqp [req-aef2f368-da8d-4d72-82eb-d9b9c3cfa372 - - - - -] Received method (60, 30) during closing channel 1. This method will be ignored
2026-02-09 02:03:57.554 26 DEBUG neutron.service [req-aef2f368-da8d-4d72-82eb-d9b9c3cfa372 - - - - -] returning from RpcWorker wait() _wait /var/lib/kolla/venv/lib/python3.6/site-packages/neutron/service.py:135
2026-02-09 02:03:57.559 7 INFO oslo_service.service [-] Child 26 exited with status 0
2026-02-09 02:04:00.340 23 DEBUG neutron.service [-] calling stop on stop /var/lib/kolla/venv/lib/python3.6/site-packages/neutron/service.py:141
2026-02-09 02:04:00.354 24 DEBUG neutron.service [-] calling stop on stop /var/lib/kolla/venv/lib/python3.6/site-packages/neutron/service.py:141
2026-02-09 02:04:00.356 24 DEBUG neutron.service [-] calling stop on stop /var/lib/kolla/venv/lib/python3.6/site-packages/neutron/service.py:141
2026-02-09 02:04:00.356 23 DEBUG neutron.service [-] calling stop on stop /var/lib/kolla/venv/lib/python3.6/site-packages/neutron/service.py:141
2026-02-09 02:04:00.357 27 DEBUG oslo_concurrency.lockutils [req-aef2f368-da8d-4d72-82eb-d9b9c3cfa372 - - - - -] Acquired lock "singleton_lock" lock /var/lib/kolla/venv/lib/python3.6/site-packages/oslo_concurrency/lockutils.py:294
2026-02-09 02:04:00.357 27 DEBUG oslo_concurrency.lockutils [req-aef2f368-da8d-4d72-82eb-d9b9c3cfa372 - - - - -] Releasing lock "singleton_lock" lock /var/lib/kolla/venv/lib/python3.6/site-packages/oslo_concurrency/lockutils.py:312
2026-02-09 02:04:00.358 27 DEBUG neutron.service [req-aef2f368-da8d-4d72-82eb-d9b9c3cfa372 - - - - -] calling RpcWorker wait() _wait /var/lib/kolla/venv/lib/python3.6/site-packages/neutron/service.py:128
2026-02-09 02:04:00.358 27 DEBUG neutron.service [req-aef2f368-da8d-4d72-82eb-d9b9c3cfa372 - - - - -] calling wait on _wait /var/lib/kolla/venv/lib/python3.6/site-packages/neutron/service.py:131
2026-02-09 02:04:00.358 28 DEBUG oslo_concurrency.lockutils [req-aef2f368-da8d-4d72-82eb-d9b9c3cfa372 - - - - -] Acquired lock "singleton_lock" lock /var/lib/kolla/venv/lib/python3.6/site-packages/oslo_concurrency/lockutils.py:294
2026-02-09 02:04:00.359 28 DEBUG oslo_concurrency.lockutils [req-aef2f368-da8d-4d72-82eb-d9b9c3cfa372 - - - - -] Releasing lock "singleton_lock" lock /var/lib/kolla/venv/lib/python3.6/site-packages/oslo_concurrency/lockutils.py:312
2026-02-09 02:04:00.359 28 DEBUG neutron.service [req-aef2f368-da8d-4d72-82eb-d9b9c3cfa372 - - - - -] calling RpcWorker wait() _wait /var/lib/kolla/venv/lib/python3.6/site-packages/neutron/service.py:128
2026-02-09 02:04:00.359 28 DEBUG neutron.service [req-aef2f368-da8d-4d72-82eb-d9b9c3cfa372 - - - - -] calling wait on _wait /var/lib/kolla/venv/lib/python3.6/site-packages/neutron/service.py:131
2026-02-09 02:04:00.371 25 DEBUG neutron.service [-] calling stop on stop /var/lib/kolla/venv/lib/python3.6/site-packages/neutron/service.py:141
2026-02-09 02:04:00.381 27 WARNING amqp [req-aef2f368-da8d-4d72-82eb-d9b9c3cfa372 - - - - -] Received method (60, 30) during closing channel 1. This method will be ignored
2026-02-09 02:04:00.383 27 DEBUG neutron.service [req-aef2f368-da8d-4d72-82eb-d9b9c3cfa372 - - - - -] returning from RpcWorker wait() _wait /var/lib/kolla/venv/lib/python3.6/site-packages/neutron/service.py:135
2026-02-09 02:04:00.387 7 INFO oslo_service.service [-] Child 27 exited with status 0
2026-02-09 02:04:00.388 28 WARNING amqp [req-aef2f368-da8d-4d72-82eb-d9b9c3cfa372 - - - - -] Received method (60, 30) during closing channel 1. This method will be ignored
2026-02-09 02:04:00.389 28 DEBUG neutron.service [req-aef2f368-da8d-4d72-82eb-d9b9c3cfa372 - - - - -] returning from RpcWorker wait() _wait /var/lib/kolla/venv/lib/python3.6/site-packages/neutron/service.py:135
2026-02-09 02:04:00.393 7 INFO oslo_service.service [-] Child 28 exited with status 0
2026-02-09 02:04:00.406 29 DEBUG oslo_concurrency.lockutils [req-aef2f368-da8d-4d72-82eb-d9b9c3cfa372 - - - - -] Acquired lock "singleton_lock" lock /var/lib/kolla/venv/lib/python3.6/site-packages/oslo_concurrency/lockutils.py:294
2026-02-09 02:04:00.407 29 DEBUG oslo_concurrency.lockutils [req-aef2f368-da8d-4d72-82eb-d9b9c3cfa372 - - - - -] Releasing lock "singleton_lock" lock /var/lib/kolla/venv/lib/python3.6/site-packages/oslo_concurrency/lockutils.py:312
2026-02-09 02:04:00.407 29 DEBUG neutron.service [req-aef2f368-da8d-4d72-82eb-d9b9c3cfa372 - - - - -] calling RpcWorker wait() _wait /var/lib/kolla/venv/lib/python3.6/site-packages/neutron/service.py:128
2026-02-09 02:04:00.407 29 DEBUG neutron.service [req-aef2f368-da8d-4d72-82eb-d9b9c3cfa372 - - - - -] calling wait on _wait /var/lib/kolla/venv/lib/python3.6/site-packages/neutron/service.py:131
2026-02-09 02:04:00.417 29 WARNING amqp [req-aef2f368-da8d-4d72-82eb-d9b9c3cfa372 - - - - -] Received method (60, 30) during closing channel 1. This method will be ignored
2026-02-09 02:04:00.417 29 DEBUG neutron.service [req-aef2f368-da8d-4d72-82eb-d9b9c3cfa372 - - - - -] returning from RpcWorker wait() _wait /var/lib/kolla/venv/lib/python3.6/site-packages/neutron/service.py:135
2026-02-09 02:04:00.422 7 INFO oslo_service.service [-] Child 29 exited with status 0
2026-02-09 02:04:00.752 24 DEBUG neutron.service [-] calling stop on stop /var/lib/kolla/venv/lib/python3.6/site-packages/neutron/service.py:141
2026-02-09 02:04:02.535 23 DEBUG neutron.service [-] calling stop on stop /var/lib/kolla/venv/lib/python3.6/site-packages/neutron/service.py:141
2026-02-09 02:04:02.555 25 DEBUG neutron_lib.callbacks.manager [req-af1972c9-1a0a-4551-8f1c-22d842fbc63a - - - - -] Publish callbacks ['neutron.services.segments.db._update_segment_host_mapping_for_agent-8741318357824', 'neutron.plugins.ml2.plugin.Ml2Plugin._retry_binding_revived_agents-1857555'] for agent (f56ba3c1-29b1-437a-9fcf-5fd23dc402d0), after_update _notify_loop /var/lib/kolla/venv/lib/python3.6/site-packages/neutron_lib/callbacks/manager.py:177
2026-02-09 02:04:08.525 6 INFO neutron.common.config [-] Logging enabled!
2026-02-09 02:04:08.525 6 INFO neutron.common.config [-] /var/lib/kolla/venv/bin/neutron-server version 20.5.1.dev23
2026-02-09 02:04:08.525 6 DEBUG neutron.common.config [-] command line: /var/lib/kolla/venv/bin/neutron-server --config-file /etc/neutron/neutron.conf --config-file /etc/neutron/ContrailPlugin.ini --config-file /etc/neutron/api-paste.ini setup_logging /var/lib/kolla/venv/lib/python3.6/site-packages/neutron/common/config.py:115
2026-02-09 02:04:08.529 6 INFO neutron.common.config [-] Logging enabled!
2026-02-09 02:04:08.530 6 INFO neutron.common.config [-] /var/lib/kolla/venv/bin/neutron-server version 20.5.1.dev23
2026-02-09 02:04:08.530 6 DEBUG neutron.common.config [-] command line: /var/lib/kolla/venv/bin/neutron-server --config-file /etc/neutron/neutron.conf --config-file /etc/neutron/ContrailPlugin.ini --config-file /etc/neutron/api-paste.ini setup_logging /var/lib/kolla/venv/lib/python3.6/site-packages/neutron/common/config.py:115
2026-02-09 02:04:08.531 6 DEBUG neutron.common.config [-] ******************************************************************************** log_opt_values /var/lib/kolla/venv/lib/python3.6/site-packages/oslo_config/cfg.py:2589
2026-02-09 02:04:08.531 6 DEBUG neutron.common.config [-] Configuration options gathered from: log_opt_values /var/lib/kolla/venv/lib/python3.6/site-packages/oslo_config/cfg.py:2590
2026-02-09 02:04:08.531 6 DEBUG neutron.common.config [-] command line args: ['--config-file', '/etc/neutron/neutron.conf', '--config-file', '/etc/neutron/ContrailPlugin.ini', '--config-file', '/etc/neutron/api-paste.ini'] log_opt_values /var/lib/kolla/venv/lib/python3.6/site-packages/oslo_config/cfg.py:2591
2026-02-09 02:04:08.535 6 DEBUG neutron.common.config [-] config files: ['/etc/neutron/neutron.conf', '/etc/neutron/ContrailPlugin.ini', '/etc/neutron/api-paste.ini'] log_opt_values /var/lib/kolla/venv/lib/python3.6/site-packages/oslo_config/cfg.py:2593
2026-02-09 02:04:08.535 6 DEBUG neutron.common.config [-] ================================================================================ log_opt_values /var/lib/kolla/venv/lib/python3.6/site-packages/oslo_config/cfg.py:2594
2026-02-09 02:04:08.535 6 DEBUG neutron.common.config [-] allow_bulk = True log_opt_values /var/lib/kolla/venv/lib/python3.6/site-packages/oslo_config/cfg.py:2603
2026-02-09 02:04:08.535 6 WARNING oslo_config.cfg [-] Deprecated: Option "allow_overlapping_ips" from group "DEFAULT" is deprecated for removal. Its value may be silently ignored in the future.
2026-02-09 02:04:08.535 6 DEBUG neutron.common.config [-] allow_overlapping_ips = True log_opt_values /var/lib/kolla/venv/lib/python3.6/site-packages/oslo_config/cfg.py:2603
2026-02-09 02:04:08.536 6 DEBUG neutron.common.config [-] api_extensions_path = /opt/plugin/site-packages/neutron_plugin_contrail/extensions:/opt/plugin/site-packages/neutron_lbaas/extensions log_opt_values /var/lib/kolla/venv/lib/python3.6/site-packages/oslo_config/cfg.py:2603
2026-02-09 02:04:08.536 6 DEBUG neutron.common.config [-] api_paste_config = /etc/neutron/api-paste.ini log_opt_values /var/lib/kolla/venv/lib/python3.6/site-packages/oslo_config/cfg.py:2603
2026-02-09 02:04:08.536 6 DEBUG neutron.common.config [-] api_workers = 1 log_opt_values /var/lib/kolla/venv/lib/python3.6/site-packages/oslo_config/cfg.py:2603
2026-02-09 02:04:08.536 6 DEBUG neutron.common.config [-] auth_strategy = keystone log_opt_values /var/lib/kolla/venv/lib/python3.6/site-packages/oslo_config/cfg.py:2603
2026-02-09 02:04:08.536 6 DEBUG neutron.common.config [-] backlog = 4096 log_opt_values /var/lib/kolla/venv/lib/python3.6/site-packages/oslo_config/cfg.py:2603
2026-02-09 02:04:08.537 6 DEBUG neutron.common.config [-] base_mac = fa:16:3e:00:00:00 log_opt_values /var/lib/kolla/venv/lib/python3.6/site-packages/oslo_config/cfg.py:2603
2026-02-09 02:04:08.537 6 DEBUG neutron.common.config [-] bind_host = 10.0.0.240 log_opt_values /var/lib/kolla/venv/lib/python3.6/site-packages/oslo_config/cfg.py:2603
2026-02-09 02:04:08.537 6 DEBUG neutron.common.config [-] bind_port = 9696 log_opt_values /var/lib/kolla/venv/lib/python3.6/site-packages/oslo_config/cfg.py:2603
2026-02-09 02:04:08.537 6 DEBUG neutron.common.config [-] client_socket_timeout = 900 log_opt_values /var/lib/kolla/venv/lib/python3.6/site-packages/oslo_config/cfg.py:2603
2026-02-09 02:04:08.537 6 DEBUG neutron.common.config [-] config_dir = [] log_opt_values /var/lib/kolla/venv/lib/python3.6/site-packages/oslo_config/cfg.py:2603
2026-02-09 02:04:08.537 6 DEBUG neutron.common.config [-] config_file = ['/etc/neutron/neutron.conf', '/etc/neutron/ContrailPlugin.ini', '/etc/neutron/api-paste.ini'] log_opt_values /var/lib/kolla/venv/lib/python3.6/site-packages/oslo_config/cfg.py:2603
2026-02-09 02:04:08.537 6 DEBUG neutron.common.config [-] config_source = [] log_opt_values /var/lib/kolla/venv/lib/python3.6/site-packages/oslo_config/cfg.py:2603
2026-02-09 02:04:08.537 6 DEBUG neutron.common.config [-] control_exchange = neutron log_opt_values /var/lib/kolla/venv/lib/python3.6/site-packages/oslo_config/cfg.py:2603
2026-02-09 02:04:08.538 6 DEBUG neutron.common.config [-] core_plugin = neutron_plugin_contrail.plugins.opencontrail.contrail_plugin.NeutronPluginContrailCoreV2 log_opt_values /var/lib/kolla/venv/lib/python3.6/site-packages/oslo_config/cfg.py:2603
2026-02-09 02:04:08.538 6 DEBUG neutron.common.config [-] debug = True log_opt_values /var/lib/kolla/venv/lib/python3.6/site-packages/oslo_config/cfg.py:2603
2026-02-09 02:04:08.538 6 DEBUG neutron.common.config [-] default_availability_zones = [] log_opt_values /var/lib/kolla/venv/lib/python3.6/site-packages/oslo_config/cfg.py:2603
2026-02-09 02:04:08.538 6 DEBUG neutron.common.config [-] default_log_levels = ['amqp=WARN', 'amqplib=WARN', 'boto=WARN', 'qpid=WARN', 'sqlalchemy=WARN', 'suds=INFO', 'oslo.messaging=INFO', 'oslo_messaging=INFO', 'iso8601=WARN', 'requests.packages.urllib3.connectionpool=WARN', 'urllib3.connectionpool=WARN', 'websocket=WARN', 'requests.packages.urllib3.util.retry=WARN', 'urllib3.util.retry=WARN', 'keystonemiddleware=WARN', 'routes.middleware=WARN', 'stevedore=WARN', 'taskflow=WARN', 'keystoneauth=WARN', 'oslo.cache=INFO', 'oslo_policy=INFO', 'dogpile.core.dogpile=INFO', 'OFPHandler=INFO', 'OfctlService=INFO', 'os_ken.base.app_manager=INFO', 'os_ken.controller.controller=INFO'] log_opt_values /var/lib/kolla/venv/lib/python3.6/site-packages/oslo_config/cfg.py:2603
2026-02-09 02:04:08.538 6 DEBUG neutron.common.config [-] dhcp_agent_notification = True log_opt_values /var/lib/kolla/venv/lib/python3.6/site-packages/oslo_config/cfg.py:2603
2026-02-09 02:04:08.538 6 DEBUG neutron.common.config [-] dhcp_lease_duration = 86400 log_opt_values /var/lib/kolla/venv/lib/python3.6/site-packages/oslo_config/cfg.py:2603
2026-02-09 02:04:08.538 6 DEBUG neutron.common.config [-] dns_domain = openstacklocal log_opt_values /var/lib/kolla/venv/lib/python3.6/site-packages/oslo_config/cfg.py:2603
2026-02-09 02:04:08.539 6 DEBUG neutron.common.config [-] enable_traditional_dhcp = True log_opt_values /var/lib/kolla/venv/lib/python3.6/site-packages/oslo_config/cfg.py:2603
2026-02-09 02:04:08.539 6 DEBUG neutron.common.config [-] external_dns_driver = None log_opt_values /var/lib/kolla/venv/lib/python3.6/site-packages/oslo_config/cfg.py:2603
2026-02-09 02:04:08.539 6 DEBUG neutron.common.config [-] filter_validation = True log_opt_values /var/lib/kolla/venv/lib/python3.6/site-packages/oslo_config/cfg.py:2603
2026-02-09 02:04:08.539 6 DEBUG neutron.common.config [-] global_physnet_mtu = 1500 log_opt_values /var/lib/kolla/venv/lib/python3.6/site-packages/oslo_config/cfg.py:2603
2026-02-09 02:04:08.539 6 DEBUG neutron.common.config [-] host = cn-jenkins-deploy-platform-ansible-os-5237-1 log_opt_values /var/lib/kolla/venv/lib/python3.6/site-packages/oslo_config/cfg.py:2603
2026-02-09 02:04:08.539 6 DEBUG neutron.common.config [-] http_retries = 3 log_opt_values /var/lib/kolla/venv/lib/python3.6/site-packages/oslo_config/cfg.py:2603
2026-02-09 02:04:08.539 6 DEBUG neutron.common.config [-] instance_format = [instance: %(uuid)s] log_opt_values /var/lib/kolla/venv/lib/python3.6/site-packages/oslo_config/cfg.py:2603
2026-02-09 02:04:08.539 6 DEBUG neutron.common.config [-] instance_uuid_format = [instance: %(uuid)s] log_opt_values /var/lib/kolla/venv/lib/python3.6/site-packages/oslo_config/cfg.py:2603
2026-02-09 02:04:08.540 6 DEBUG neutron.common.config [-] ipam_driver = internal log_opt_values /var/lib/kolla/venv/lib/python3.6/site-packages/oslo_config/cfg.py:2603
2026-02-09 02:04:08.540 6 DEBUG neutron.common.config [-] ipv6_pd_enabled = False log_opt_values /var/lib/kolla/venv/lib/python3.6/site-packages/oslo_config/cfg.py:2603
2026-02-09 02:04:08.540 6 DEBUG neutron.common.config [-] log_config_append = None log_opt_values /var/lib/kolla/venv/lib/python3.6/site-packages/oslo_config/cfg.py:2603
2026-02-09 02:04:08.540 6 DEBUG neutron.common.config [-] log_date_format = %Y-%m-%d %H:%M:%S log_opt_values /var/lib/kolla/venv/lib/python3.6/site-packages/oslo_config/cfg.py:2603
2026-02-09 02:04:08.541 6 DEBUG neutron.common.config [-] log_dir = /var/log/kolla/neutron log_opt_values /var/lib/kolla/venv/lib/python3.6/site-packages/oslo_config/cfg.py:2603
2026-02-09 02:04:08.542 6 DEBUG neutron.common.config [-] log_file = None log_opt_values /var/lib/kolla/venv/lib/python3.6/site-packages/oslo_config/cfg.py:2603
2026-02-09 02:04:08.542 6 DEBUG neutron.common.config [-] log_rotate_interval = 1 log_opt_values /var/lib/kolla/venv/lib/python3.6/site-packages/oslo_config/cfg.py:2603
2026-02-09 02:04:08.542 6 DEBUG neutron.common.config [-] log_rotate_interval_type = days log_opt_values /var/lib/kolla/venv/lib/python3.6/site-packages/oslo_config/cfg.py:2603
2026-02-09 02:04:08.542 6 DEBUG neutron.common.config [-] log_rotation_type = none log_opt_values /var/lib/kolla/venv/lib/python3.6/site-packages/oslo_config/cfg.py:2603
