2026-02-05 00:42:58.742 128852 DEBUG oslo_service.service [req-d14b1aa8-2b3b-4715-b9a9-cbaabf9e3164 - - - - -] ironic.connect_retries = None log_opt_values /usr/lib/python3/dist-packages/oslo_config/cfg.py:2609
2026-02-05 00:42:58.742 128852 DEBUG oslo_service.service [req-d14b1aa8-2b3b-4715-b9a9-cbaabf9e3164 - - - - -] ironic.connect_retry_delay = None log_opt_values /usr/lib/python3/dist-packages/oslo_config/cfg.py:2609
2026-02-05 00:42:58.742 128852 DEBUG oslo_service.service [req-d14b1aa8-2b3b-4715-b9a9-cbaabf9e3164 - - - - -] ironic.endpoint_override = None log_opt_values /usr/lib/python3/dist-packages/oslo_config/cfg.py:2609
2026-02-05 00:42:58.742 128852 DEBUG oslo_service.service [req-d14b1aa8-2b3b-4715-b9a9-cbaabf9e3164 - - - - -] ironic.insecure = False log_opt_values /usr/lib/python3/dist-packages/oslo_config/cfg.py:2609
2026-02-05 00:42:58.743 128852 DEBUG oslo_service.service [req-d14b1aa8-2b3b-4715-b9a9-cbaabf9e3164 - - - - -] ironic.keyfile = None log_opt_values /usr/lib/python3/dist-packages/oslo_config/cfg.py:2609
2026-02-05 00:42:58.743 128852 DEBUG oslo_service.service [req-d14b1aa8-2b3b-4715-b9a9-cbaabf9e3164 - - - - -] ironic.max_version = None log_opt_values /usr/lib/python3/dist-packages/oslo_config/cfg.py:2609
2026-02-05 00:42:58.743 128852 DEBUG oslo_service.service [req-d14b1aa8-2b3b-4715-b9a9-cbaabf9e3164 - - - - -] ironic.min_version = None log_opt_values /usr/lib/python3/dist-packages/oslo_config/cfg.py:2609
2026-02-05 00:42:58.743 128852 DEBUG oslo_service.service [req-d14b1aa8-2b3b-4715-b9a9-cbaabf9e3164 - - - - -] ironic.partition_key = None log_opt_values /usr/lib/python3/dist-packages/oslo_config/cfg.py:2609
2026-02-05 00:42:58.743 128852 DEBUG oslo_service.service [req-d14b1aa8-2b3b-4715-b9a9-cbaabf9e3164 - - - - -] ironic.peer_list = [] log_opt_values /usr/lib/python3/dist-packages/oslo_config/cfg.py:2609
2026-02-05 00:42:58.743 128852 DEBUG oslo_service.service [req-d14b1aa8-2b3b-4715-b9a9-cbaabf9e3164 - - - - -] ironic.region_name = None log_opt_values /usr/lib/python3/dist-packages/oslo_config/cfg.py:2609
2026-02-05 00:42:58.743 128852 DEBUG oslo_service.service [req-d14b1aa8-2b3b-4715-b9a9-cbaabf9e3164 - - - - -] ironic.serial_console_state_timeout = 10 log_opt_values /usr/lib/python3/dist-packages/oslo_config/cfg.py:2609
2026-02-05 00:42:58.744 128852 DEBUG oslo_service.service [req-d14b1aa8-2b3b-4715-b9a9-cbaabf9e3164 - - - - -] ironic.service_name = None log_opt_values /usr/lib/python3/dist-packages/oslo_config/cfg.py:2609
2026-02-05 00:42:58.744 128852 DEBUG oslo_service.service [req-d14b1aa8-2b3b-4715-b9a9-cbaabf9e3164 - - - - -] ironic.service_type = baremetal log_opt_values /usr/lib/python3/dist-packages/oslo_config/cfg.py:2609
2026-02-05 00:42:58.744 128852 DEBUG oslo_service.service [req-d14b1aa8-2b3b-4715-b9a9-cbaabf9e3164 - - - - -] ironic.split_loggers = False log_opt_values /usr/lib/python3/dist-packages/oslo_config/cfg.py:2609
2026-02-05 00:42:58.744 128852 DEBUG oslo_service.service [req-d14b1aa8-2b3b-4715-b9a9-cbaabf9e3164 - - - - -] ironic.status_code_retries = None log_opt_values /usr/lib/python3/dist-packages/oslo_config/cfg.py:2609
2026-02-05 00:42:58.744 128852 DEBUG oslo_service.service [req-d14b1aa8-2b3b-4715-b9a9-cbaabf9e3164 - - - - -] ironic.status_code_retry_delay = None log_opt_values /usr/lib/python3/dist-packages/oslo_config/cfg.py:2609
2026-02-05 00:42:58.744 128852 DEBUG oslo_service.service [req-d14b1aa8-2b3b-4715-b9a9-cbaabf9e3164 - - - - -] ironic.timeout = None log_opt_values /usr/lib/python3/dist-packages/oslo_config/cfg.py:2609
2026-02-05 00:42:58.745 128852 DEBUG oslo_service.service [req-d14b1aa8-2b3b-4715-b9a9-cbaabf9e3164 - - - - -] ironic.valid_interfaces = ['internal', 'public'] log_opt_values /usr/lib/python3/dist-packages/oslo_config/cfg.py:2609
2026-02-05 00:42:58.745 128852 DEBUG oslo_service.service [req-d14b1aa8-2b3b-4715-b9a9-cbaabf9e3164 - - - - -] ironic.version = None log_opt_values /usr/lib/python3/dist-packages/oslo_config/cfg.py:2609
2026-02-05 00:42:58.745 128852 DEBUG oslo_service.service [req-d14b1aa8-2b3b-4715-b9a9-cbaabf9e3164 - - - - -] key_manager.backend = barbican log_opt_values /usr/lib/python3/dist-packages/oslo_config/cfg.py:2609
2026-02-05 00:42:58.745 128852 DEBUG oslo_service.service [req-d14b1aa8-2b3b-4715-b9a9-cbaabf9e3164 - - - - -] key_manager.fixed_key = **** log_opt_values /usr/lib/python3/dist-packages/oslo_config/cfg.py:2609
2026-02-05 00:42:58.745 128852 DEBUG oslo_service.service [req-d14b1aa8-2b3b-4715-b9a9-cbaabf9e3164 - - - - -] barbican.auth_endpoint = http://localhost/identity/v3 log_opt_values /usr/lib/python3/dist-packages/oslo_config/cfg.py:2609
2026-02-05 00:42:58.745 128852 DEBUG oslo_service.service [req-d14b1aa8-2b3b-4715-b9a9-cbaabf9e3164 - - - - -] barbican.barbican_api_version = None log_opt_values /usr/lib/python3/dist-packages/oslo_config/cfg.py:2609
2026-02-05 00:42:58.746 128852 DEBUG oslo_service.service [req-d14b1aa8-2b3b-4715-b9a9-cbaabf9e3164 - - - - -] barbican.barbican_endpoint = None log_opt_values /usr/lib/python3/dist-packages/oslo_config/cfg.py:2609
2026-02-05 00:42:58.746 128852 DEBUG oslo_service.service [req-d14b1aa8-2b3b-4715-b9a9-cbaabf9e3164 - - - - -] barbican.barbican_endpoint_type = public log_opt_values /usr/lib/python3/dist-packages/oslo_config/cfg.py:2609
2026-02-05 00:42:58.746 128852 DEBUG oslo_service.service [req-d14b1aa8-2b3b-4715-b9a9-cbaabf9e3164 - - - - -] barbican.barbican_region_name = None log_opt_values /usr/lib/python3/dist-packages/oslo_config/cfg.py:2609
2026-02-05 00:42:58.746 128852 DEBUG oslo_service.service [req-d14b1aa8-2b3b-4715-b9a9-cbaabf9e3164 - - - - -] barbican.cafile = None log_opt_values /usr/lib/python3/dist-packages/oslo_config/cfg.py:2609
2026-02-05 00:42:58.746 128852 DEBUG oslo_service.service [req-d14b1aa8-2b3b-4715-b9a9-cbaabf9e3164 - - - - -] barbican.certfile = None log_opt_values /usr/lib/python3/dist-packages/oslo_config/cfg.py:2609
2026-02-05 00:42:58.746 128852 DEBUG oslo_service.service [req-d14b1aa8-2b3b-4715-b9a9-cbaabf9e3164 - - - - -] barbican.collect_timing = False log_opt_values /usr/lib/python3/dist-packages/oslo_config/cfg.py:2609
2026-02-05 00:42:58.747 128852 DEBUG oslo_service.service [req-d14b1aa8-2b3b-4715-b9a9-cbaabf9e3164 - - - - -] barbican.insecure = False log_opt_values /usr/lib/python3/dist-packages/oslo_config/cfg.py:2609
2026-02-05 00:42:58.747 128852 DEBUG oslo_service.service [req-d14b1aa8-2b3b-4715-b9a9-cbaabf9e3164 - - - - -] barbican.keyfile = None log_opt_values /usr/lib/python3/dist-packages/oslo_config/cfg.py:2609
2026-02-05 00:42:58.747 128852 DEBUG oslo_service.service [req-d14b1aa8-2b3b-4715-b9a9-cbaabf9e3164 - - - - -] barbican.number_of_retries = 60 log_opt_values /usr/lib/python3/dist-packages/oslo_config/cfg.py:2609
2026-02-05 00:42:58.747 128852 DEBUG oslo_service.service [req-d14b1aa8-2b3b-4715-b9a9-cbaabf9e3164 - - - - -] barbican.retry_delay = 1 log_opt_values /usr/lib/python3/dist-packages/oslo_config/cfg.py:2609
2026-02-05 00:42:58.747 128852 DEBUG oslo_service.service [req-d14b1aa8-2b3b-4715-b9a9-cbaabf9e3164 - - - - -] barbican.send_service_user_token = False log_opt_values /usr/lib/python3/dist-packages/oslo_config/cfg.py:2609
2026-02-05 00:42:58.747 128852 DEBUG oslo_service.service [req-d14b1aa8-2b3b-4715-b9a9-cbaabf9e3164 - - - - -] barbican.split_loggers = False log_opt_values /usr/lib/python3/dist-packages/oslo_config/cfg.py:2609
2026-02-05 00:42:58.747 128852 DEBUG oslo_service.service [req-d14b1aa8-2b3b-4715-b9a9-cbaabf9e3164 - - - - -] barbican.timeout = None log_opt_values /usr/lib/python3/dist-packages/oslo_config/cfg.py:2609
2026-02-05 00:42:58.748 128852 DEBUG oslo_service.service [req-d14b1aa8-2b3b-4715-b9a9-cbaabf9e3164 - - - - -] barbican.verify_ssl = True log_opt_values /usr/lib/python3/dist-packages/oslo_config/cfg.py:2609
2026-02-05 00:42:58.748 128852 DEBUG oslo_service.service [req-d14b1aa8-2b3b-4715-b9a9-cbaabf9e3164 - - - - -] barbican.verify_ssl_path = None log_opt_values /usr/lib/python3/dist-packages/oslo_config/cfg.py:2609
2026-02-05 00:42:58.748 128852 DEBUG oslo_service.service [req-d14b1aa8-2b3b-4715-b9a9-cbaabf9e3164 - - - - -] barbican_service_user.auth_section = None log_opt_values /usr/lib/python3/dist-packages/oslo_config/cfg.py:2609
2026-02-05 00:42:58.748 128852 DEBUG oslo_service.service [req-d14b1aa8-2b3b-4715-b9a9-cbaabf9e3164 - - - - -] barbican_service_user.auth_type = None log_opt_values /usr/lib/python3/dist-packages/oslo_config/cfg.py:2609
2026-02-05 00:42:58.748 128852 DEBUG oslo_service.service [req-d14b1aa8-2b3b-4715-b9a9-cbaabf9e3164 - - - - -] barbican_service_user.cafile = None log_opt_values /usr/lib/python3/dist-packages/oslo_config/cfg.py:2609
2026-02-05 00:42:58.748 128852 DEBUG oslo_service.service [req-d14b1aa8-2b3b-4715-b9a9-cbaabf9e3164 - - - - -] barbican_service_user.certfile = None log_opt_values /usr/lib/python3/dist-packages/oslo_config/cfg.py:2609
2026-02-05 00:42:58.749 128852 DEBUG oslo_service.service [req-d14b1aa8-2b3b-4715-b9a9-cbaabf9e3164 - - - - -] barbican_service_user.collect_timing = False log_opt_values /usr/lib/python3/dist-packages/oslo_config/cfg.py:2609
2026-02-05 00:42:58.749 128852 DEBUG oslo_service.service [req-d14b1aa8-2b3b-4715-b9a9-cbaabf9e3164 - - - - -] barbican_service_user.insecure = False log_opt_values /usr/lib/python3/dist-packages/oslo_config/cfg.py:2609
2026-02-05 00:42:58.749 128852 DEBUG oslo_service.service [req-d14b1aa8-2b3b-4715-b9a9-cbaabf9e3164 - - - - -] barbican_service_user.keyfile = None log_opt_values /usr/lib/python3/dist-packages/oslo_config/cfg.py:2609
2026-02-05 00:42:58.749 128852 DEBUG oslo_service.service [req-d14b1aa8-2b3b-4715-b9a9-cbaabf9e3164 - - - - -] barbican_service_user.split_loggers = False log_opt_values /usr/lib/python3/dist-packages/oslo_config/cfg.py:2609
2026-02-05 00:42:58.749 128852 DEBUG oslo_service.service [req-d14b1aa8-2b3b-4715-b9a9-cbaabf9e3164 - - - - -] barbican_service_user.timeout = None log_opt_values /usr/lib/python3/dist-packages/oslo_config/cfg.py:2609
2026-02-05 00:42:58.749 128852 DEBUG oslo_service.service [req-d14b1aa8-2b3b-4715-b9a9-cbaabf9e3164 - - - - -] vault.approle_role_id = None log_opt_values /usr/lib/python3/dist-packages/oslo_config/cfg.py:2609
2026-02-05 00:42:58.749 128852 DEBUG oslo_service.service [req-d14b1aa8-2b3b-4715-b9a9-cbaabf9e3164 - - - - -] vault.approle_secret_id = None log_opt_values /usr/lib/python3/dist-packages/oslo_config/cfg.py:2609
2026-02-05 00:42:58.749 129159 DEBUG oslo_messaging._drivers.amqpdriver [-] Listener is running poll /usr/lib/python3/dist-packages/oslo_messaging/_drivers/amqpdriver.py:343
2026-02-05 00:42:58.749 129156 DEBUG oslo_messaging._drivers.amqpdriver [-] Listener is running poll /usr/lib/python3/dist-packages/oslo_messaging/_drivers/amqpdriver.py:343
2026-02-05 00:42:58.750 128852 DEBUG oslo_service.service [req-d14b1aa8-2b3b-4715-b9a9-cbaabf9e3164 - - - - -] vault.cafile = None log_opt_values /usr/lib/python3/dist-packages/oslo_config/cfg.py:2609
2026-02-05 00:42:58.750 129159 DEBUG oslo_messaging._drivers.amqpdriver [-] AMQPListener connection consume poll /usr/lib/python3/dist-packages/oslo_messaging/_drivers/amqpdriver.py:357
2026-02-05 00:42:58.750 129156 DEBUG oslo_messaging._drivers.amqpdriver [-] AMQPListener connection consume poll /usr/lib/python3/dist-packages/oslo_messaging/_drivers/amqpdriver.py:357
2026-02-05 00:42:58.750 128852 DEBUG oslo_service.service [req-d14b1aa8-2b3b-4715-b9a9-cbaabf9e3164 - - - - -] vault.certfile = None log_opt_values /usr/lib/python3/dist-packages/oslo_config/cfg.py:2609
2026-02-05 00:42:58.750 128852 DEBUG oslo_service.service [req-d14b1aa8-2b3b-4715-b9a9-cbaabf9e3164 - - - - -] vault.collect_timing = False log_opt_values /usr/lib/python3/dist-packages/oslo_config/cfg.py:2609
2026-02-05 00:42:58.750 128852 DEBUG oslo_service.service [req-d14b1aa8-2b3b-4715-b9a9-cbaabf9e3164 - - - - -] vault.insecure = False log_opt_values /usr/lib/python3/dist-packages/oslo_config/cfg.py:2609
2026-02-05 00:42:58.750 128852 DEBUG oslo_service.service [req-d14b1aa8-2b3b-4715-b9a9-cbaabf9e3164 - - - - -] vault.keyfile = None log_opt_values /usr/lib/python3/dist-packages/oslo_config/cfg.py:2609
2026-02-05 00:42:58.750 129159 DEBUG nova.service [req-3248e77e-4ba3-4b8d-8224-bc36932b07d0 - - - - -] Join ServiceGroup membership for this service conductor start /usr/lib/python3/dist-packages/nova/service.py:199
2026-02-05 00:42:58.750 128852 DEBUG oslo_service.service [req-d14b1aa8-2b3b-4715-b9a9-cbaabf9e3164 - - - - -] vault.kv_mountpoint = secret log_opt_values /usr/lib/python3/dist-packages/oslo_config/cfg.py:2609
2026-02-05 00:42:58.751 128852 DEBUG oslo_service.service [req-d14b1aa8-2b3b-4715-b9a9-cbaabf9e3164 - - - - -] vault.kv_version = 2 log_opt_values /usr/lib/python3/dist-packages/oslo_config/cfg.py:2609
2026-02-05 00:42:58.751 129159 DEBUG nova.servicegroup.drivers.db [req-3248e77e-4ba3-4b8d-8224-bc36932b07d0 - - - - -] DB_Driver: join new ServiceGroup member juju-311893-0-lxd-7 to the conductor group, service = join /usr/lib/python3/dist-packages/nova/servicegroup/drivers/db.py:44
2026-02-05 00:42:58.750 129156 DEBUG nova.service [req-4b6216f7-f573-4c01-94ca-bcc3aefba428 - - - - -] Join ServiceGroup membership for this service conductor start /usr/lib/python3/dist-packages/nova/service.py:199
2026-02-05 00:42:58.751 128852 DEBUG oslo_service.service [req-d14b1aa8-2b3b-4715-b9a9-cbaabf9e3164 - - - - -] vault.namespace = None log_opt_values /usr/lib/python3/dist-packages/oslo_config/cfg.py:2609
2026-02-05 00:42:58.751 128852 DEBUG oslo_service.service [req-d14b1aa8-2b3b-4715-b9a9-cbaabf9e3164 - - - - -] vault.root_token_id = None log_opt_values /usr/lib/python3/dist-packages/oslo_config/cfg.py:2609
2026-02-05 00:42:58.751 128852 DEBUG oslo_service.service [req-d14b1aa8-2b3b-4715-b9a9-cbaabf9e3164 - - - - -] vault.split_loggers = False log_opt_values /usr/lib/python3/dist-packages/oslo_config/cfg.py:2609
2026-02-05 00:42:58.751 129156 DEBUG nova.servicegroup.drivers.db [req-4b6216f7-f573-4c01-94ca-bcc3aefba428 - - - - -] DB_Driver: join new ServiceGroup member juju-311893-0-lxd-7 to the conductor group, service = join /usr/lib/python3/dist-packages/nova/servicegroup/drivers/db.py:44
2026-02-05 00:42:58.751 128852 DEBUG oslo_service.service [req-d14b1aa8-2b3b-4715-b9a9-cbaabf9e3164 - - - - -] vault.ssl_ca_crt_file = None log_opt_values /usr/lib/python3/dist-packages/oslo_config/cfg.py:2609
2026-02-05 00:42:58.751 128852 DEBUG oslo_service.service [req-d14b1aa8-2b3b-4715-b9a9-cbaabf9e3164 - - - - -] vault.timeout = None log_opt_values /usr/lib/python3/dist-packages/oslo_config/cfg.py:2609
2026-02-05 00:42:58.751 128852 DEBUG oslo_service.service [req-d14b1aa8-2b3b-4715-b9a9-cbaabf9e3164 - - - - -] vault.use_ssl = False log_opt_values /usr/lib/python3/dist-packages/oslo_config/cfg.py:2609
2026-02-05 00:42:58.752 128852 DEBUG oslo_service.service [req-d14b1aa8-2b3b-4715-b9a9-cbaabf9e3164 - - - - -] vault.vault_url = http://127.0.0.1:8200 log_opt_values /usr/lib/python3/dist-packages/oslo_config/cfg.py:2609
2026-02-05 00:42:58.752 128852 DEBUG oslo_service.service [req-d14b1aa8-2b3b-4715-b9a9-cbaabf9e3164 - - - - -] keystone.cafile = None log_opt_values /usr/lib/python3/dist-packages/oslo_config/cfg.py:2609
2026-02-05 00:42:58.752 128852 DEBUG oslo_service.service [req-d14b1aa8-2b3b-4715-b9a9-cbaabf9e3164 - - - - -] keystone.certfile = None log_opt_values /usr/lib/python3/dist-packages/oslo_config/cfg.py:2609
2026-02-05 00:42:58.752 128852 DEBUG oslo_service.service [req-d14b1aa8-2b3b-4715-b9a9-cbaabf9e3164 - - - - -] keystone.collect_timing = False log_opt_values /usr/lib/python3/dist-packages/oslo_config/cfg.py:2609
2026-02-05 00:42:58.752 128852 DEBUG oslo_service.service [req-d14b1aa8-2b3b-4715-b9a9-cbaabf9e3164 - - - - -] keystone.connect_retries = None log_opt_values /usr/lib/python3/dist-packages/oslo_config/cfg.py:2609
2026-02-05 00:42:58.752 128852 DEBUG oslo_service.service [req-d14b1aa8-2b3b-4715-b9a9-cbaabf9e3164 - - - - -] keystone.connect_retry_delay = None log_opt_values /usr/lib/python3/dist-packages/oslo_config/cfg.py:2609
2026-02-05 00:42:58.753 128852 DEBUG oslo_service.service [req-d14b1aa8-2b3b-4715-b9a9-cbaabf9e3164 - - - - -] keystone.endpoint_override = None log_opt_values /usr/lib/python3/dist-packages/oslo_config/cfg.py:2609
2026-02-05 00:42:58.753 128852 DEBUG oslo_service.service [req-d14b1aa8-2b3b-4715-b9a9-cbaabf9e3164 - - - - -] keystone.insecure = False log_opt_values /usr/lib/python3/dist-packages/oslo_config/cfg.py:2609
2026-02-05 00:42:58.753 128852 DEBUG oslo_service.service [req-d14b1aa8-2b3b-4715-b9a9-cbaabf9e3164 - - - - -] keystone.keyfile = None log_opt_values /usr/lib/python3/dist-packages/oslo_config/cfg.py:2609
2026-02-05 00:42:58.753 128852 DEBUG oslo_service.service [req-d14b1aa8-2b3b-4715-b9a9-cbaabf9e3164 - - - - -] keystone.max_version = None log_opt_values /usr/lib/python3/dist-packages/oslo_config/cfg.py:2609
2026-02-05 00:42:58.753 128852 DEBUG oslo_service.service [req-d14b1aa8-2b3b-4715-b9a9-cbaabf9e3164 - - - - -] keystone.min_version = None log_opt_values /usr/lib/python3/dist-packages/oslo_config/cfg.py:2609
2026-02-05 00:42:58.753 129156 DEBUG oslo_messaging._drivers.amqpdriver [-] AMQPListener connection timeout poll /usr/lib/python3/dist-packages/oslo_messaging/_drivers/amqpdriver.py:360
2026-02-05 00:42:58.753 128852 DEBUG oslo_service.service [req-d14b1aa8-2b3b-4715-b9a9-cbaabf9e3164 - - - - -] keystone.region_name = None log_opt_values /usr/lib/python3/dist-packages/oslo_config/cfg.py:2609
2026-02-05 00:42:58.753 129159 DEBUG oslo_messaging._drivers.amqpdriver [-] AMQPListener connection timeout poll /usr/lib/python3/dist-packages/oslo_messaging/_drivers/amqpdriver.py:360
2026-02-05 00:42:58.753 129156 DEBUG oslo_messaging._drivers.amqpdriver [-] Listener is running poll /usr/lib/python3/dist-packages/oslo_messaging/_drivers/amqpdriver.py:343
2026-02-05 00:42:58.754 128852 DEBUG oslo_service.service [req-d14b1aa8-2b3b-4715-b9a9-cbaabf9e3164 - - - - -] keystone.service_name = None log_opt_values /usr/lib/python3/dist-packages/oslo_config/cfg.py:2609
2026-02-05 00:42:58.754 129156 DEBUG oslo_messaging._drivers.amqpdriver [-] AMQPListener connection consume poll /usr/lib/python3/dist-packages/oslo_messaging/_drivers/amqpdriver.py:357
2026-02-05 00:42:58.754 129159 DEBUG oslo_messaging._drivers.amqpdriver [-] Listener is running poll /usr/lib/python3/dist-packages/oslo_messaging/_drivers/amqpdriver.py:343
2026-02-05 00:42:58.754 129159 DEBUG oslo_messaging._drivers.amqpdriver [-] AMQPListener connection consume poll /usr/lib/python3/dist-packages/oslo_messaging/_drivers/amqpdriver.py:357
2026-02-05 00:42:58.754 128852 DEBUG oslo_service.service [req-d14b1aa8-2b3b-4715-b9a9-cbaabf9e3164 - - - - -] keystone.service_type = identity log_opt_values /usr/lib/python3/dist-packages/oslo_config/cfg.py:2609
2026-02-05 00:42:58.754 128852 DEBUG oslo_service.service [req-d14b1aa8-2b3b-4715-b9a9-cbaabf9e3164 - - - - -] keystone.split_loggers = False log_opt_values /usr/lib/python3/dist-packages/oslo_config/cfg.py:2609
2026-02-05 00:42:58.754 128852 DEBUG oslo_service.service [req-d14b1aa8-2b3b-4715-b9a9-cbaabf9e3164 - - - - -] keystone.status_code_retries = None log_opt_values /usr/lib/python3/dist-packages/oslo_config/cfg.py:2609
2026-02-05 00:42:58.754 128852 DEBUG oslo_service.service [req-d14b1aa8-2b3b-4715-b9a9-cbaabf9e3164 - - - - -] keystone.status_code_retry_delay = None log_opt_values /usr/lib/python3/dist-packages/oslo_config/cfg.py:2609
2026-02-05 00:42:58.754 128852 DEBUG oslo_service.service [req-d14b1aa8-2b3b-4715-b9a9-cbaabf9e3164 - - - - -] keystone.timeout = None log_opt_values /usr/lib/python3/dist-packages/oslo_config/cfg.py:2609
2026-02-05 00:42:58.755 128852 DEBUG oslo_service.service [req-d14b1aa8-2b3b-4715-b9a9-cbaabf9e3164 - - - - -] keystone.valid_interfaces = ['internal', 'public'] log_opt_values /usr/lib/python3/dist-packages/oslo_config/cfg.py:2609
2026-02-05 00:42:58.755 128852 DEBUG oslo_service.service [req-d14b1aa8-2b3b-4715-b9a9-cbaabf9e3164 - - - - -] keystone.version = None log_opt_values /usr/lib/python3/dist-packages/oslo_config/cfg.py:2609
2026-02-05 00:42:58.755 128852 DEBUG oslo_service.service [req-d14b1aa8-2b3b-4715-b9a9-cbaabf9e3164 - - - - -] libvirt.connection_uri = log_opt_values /usr/lib/python3/dist-packages/oslo_config/cfg.py:2609
2026-02-05 00:42:58.755 128852 DEBUG oslo_service.service [req-d14b1aa8-2b3b-4715-b9a9-cbaabf9e3164 - - - - -] libvirt.cpu_mode = None log_opt_values /usr/lib/python3/dist-packages/oslo_config/cfg.py:2609
2026-02-05 00:42:58.755 128852 DEBUG oslo_service.service [req-d14b1aa8-2b3b-4715-b9a9-cbaabf9e3164 - - - - -] libvirt.cpu_model_extra_flags = [] log_opt_values /usr/lib/python3/dist-packages/oslo_config/cfg.py:2609
2026-02-05 00:42:58.755 128852 DEBUG oslo_service.service [req-d14b1aa8-2b3b-4715-b9a9-cbaabf9e3164 - - - - -] libvirt.cpu_models = [] log_opt_values /usr/lib/python3/dist-packages/oslo_config/cfg.py:2609
2026-02-05 00:42:58.756 128852 DEBUG oslo_service.service [req-d14b1aa8-2b3b-4715-b9a9-cbaabf9e3164 - - - - -] libvirt.device_detach_attempts = 8 log_opt_values /usr/lib/python3/dist-packages/oslo_config/cfg.py:2609
2026-02-05 00:42:58.756 128852 DEBUG oslo_service.service [req-d14b1aa8-2b3b-4715-b9a9-cbaabf9e3164 - - - - -] libvirt.device_detach_timeout = 20 log_opt_values /usr/lib/python3/dist-packages/oslo_config/cfg.py:2609
2026-02-05 00:42:58.756 128852 DEBUG oslo_service.service [req-d14b1aa8-2b3b-4715-b9a9-cbaabf9e3164 - - - - -] libvirt.disk_cachemodes = [] log_opt_values /usr/lib/python3/dist-packages/oslo_config/cfg.py:2609
2026-02-05 00:42:58.756 128852 DEBUG oslo_service.service [req-d14b1aa8-2b3b-4715-b9a9-cbaabf9e3164 - - - - -] libvirt.disk_prefix = None log_opt_values /usr/lib/python3/dist-packages/oslo_config/cfg.py:2609
2026-02-05 00:42:58.756 128852 DEBUG oslo_service.service [req-d14b1aa8-2b3b-4715-b9a9-cbaabf9e3164 - - - - -] libvirt.enabled_perf_events = [] log_opt_values /usr/lib/python3/dist-packages/oslo_config/cfg.py:2609
2026-02-05 00:42:58.756 128852 DEBUG oslo_service.service [req-d14b1aa8-2b3b-4715-b9a9-cbaabf9e3164 - - - - -] libvirt.file_backed_memory = 0 log_opt_values /usr/lib/python3/dist-packages/oslo_config/cfg.py:2609
2026-02-05 00:42:58.757 128852 DEBUG oslo_service.service [req-d14b1aa8-2b3b-4715-b9a9-cbaabf9e3164 - - - - -] libvirt.gid_maps = [] log_opt_values /usr/lib/python3/dist-packages/oslo_config/cfg.py:2609
2026-02-05 00:42:58.757 128852 DEBUG oslo_service.service [req-d14b1aa8-2b3b-4715-b9a9-cbaabf9e3164 - - - - -] libvirt.hw_disk_discard = None log_opt_values /usr/lib/python3/dist-packages/oslo_config/cfg.py:2609
2026-02-05 00:42:58.757 128852 DEBUG oslo_service.service [req-d14b1aa8-2b3b-4715-b9a9-cbaabf9e3164 - - - - -] libvirt.hw_machine_type = None log_opt_values /usr/lib/python3/dist-packages/oslo_config/cfg.py:2609
2026-02-05 00:42:58.757 128852 DEBUG oslo_service.service [req-d14b1aa8-2b3b-4715-b9a9-cbaabf9e3164 - - - - -] libvirt.images_rbd_ceph_conf = log_opt_values /usr/lib/python3/dist-packages/oslo_config/cfg.py:2609
2026-02-05 00:42:58.757 128852 DEBUG oslo_service.service [req-d14b1aa8-2b3b-4715-b9a9-cbaabf9e3164 - - - - -] libvirt.images_rbd_glance_copy_poll_interval = 15 log_opt_values /usr/lib/python3/dist-packages/oslo_config/cfg.py:2609
2026-02-05 00:42:58.757 128852 DEBUG oslo_service.service [req-d14b1aa8-2b3b-4715-b9a9-cbaabf9e3164 - - - - -] libvirt.images_rbd_glance_copy_timeout = 600 log_opt_values /usr/lib/python3/dist-packages/oslo_config/cfg.py:2609
2026-02-05 00:42:58.758 128852 DEBUG oslo_service.service [req-d14b1aa8-2b3b-4715-b9a9-cbaabf9e3164 - - - - -] libvirt.images_rbd_glance_store_name = log_opt_values /usr/lib/python3/dist-packages/oslo_config/cfg.py:2609
2026-02-05 00:42:58.758 128852 DEBUG oslo_service.service [req-d14b1aa8-2b3b-4715-b9a9-cbaabf9e3164 - - - - -] libvirt.images_rbd_pool = rbd log_opt_values /usr/lib/python3/dist-packages/oslo_config/cfg.py:2609
2026-02-05 00:42:58.758 128852 DEBUG oslo_service.service [req-d14b1aa8-2b3b-4715-b9a9-cbaabf9e3164 - - - - -] libvirt.images_type = default log_opt_values /usr/lib/python3/dist-packages/oslo_config/cfg.py:2609
2026-02-05 00:42:58.758 128852 DEBUG oslo_service.service [req-d14b1aa8-2b3b-4715-b9a9-cbaabf9e3164 - - - - -] libvirt.images_volume_group = None log_opt_values /usr/lib/python3/dist-packages/oslo_config/cfg.py:2609
2026-02-05 00:42:58.758 128852 DEBUG oslo_service.service [req-d14b1aa8-2b3b-4715-b9a9-cbaabf9e3164 - - - - -] libvirt.inject_key = False log_opt_values /usr/lib/python3/dist-packages/oslo_config/cfg.py:2609
2026-02-05 00:42:58.758 128852 DEBUG oslo_service.service [req-d14b1aa8-2b3b-4715-b9a9-cbaabf9e3164 - - - - -] libvirt.inject_partition = -2 log_opt_values /usr/lib/python3/dist-packages/oslo_config/cfg.py:2609
2026-02-05 00:42:58.759 128852 DEBUG oslo_service.service [req-d14b1aa8-2b3b-4715-b9a9-cbaabf9e3164 - - - - -] libvirt.inject_password = False log_opt_values /usr/lib/python3/dist-packages/oslo_config/cfg.py:2609
2026-02-05 00:42:58.759 128852 DEBUG oslo_service.service [req-d14b1aa8-2b3b-4715-b9a9-cbaabf9e3164 - - - - -] libvirt.iscsi_iface = None log_opt_values /usr/lib/python3/dist-packages/oslo_config/cfg.py:2609
2026-02-05 00:42:58.759 128852 DEBUG oslo_service.service [req-d14b1aa8-2b3b-4715-b9a9-cbaabf9e3164 - - - - -] libvirt.iser_use_multipath = False log_opt_values /usr/lib/python3/dist-packages/oslo_config/cfg.py:2609
2026-02-05 00:42:58.759 128852 DEBUG oslo_service.service [req-d14b1aa8-2b3b-4715-b9a9-cbaabf9e3164 - - - - -] libvirt.live_migration_bandwidth = 0 log_opt_values /usr/lib/python3/dist-packages/oslo_config/cfg.py:2609
2026-02-05 00:42:58.759 128852 DEBUG oslo_service.service [req-d14b1aa8-2b3b-4715-b9a9-cbaabf9e3164 - - - - -] libvirt.live_migration_completion_timeout = 800 log_opt_values /usr/lib/python3/dist-packages/oslo_config/cfg.py:2609
2026-02-05 00:42:58.759 128852 DEBUG oslo_service.service [req-d14b1aa8-2b3b-4715-b9a9-cbaabf9e3164 - - - - -] libvirt.live_migration_downtime = 500 log_opt_values /usr/lib/python3/dist-packages/oslo_config/cfg.py:2609
2026-02-05 00:42:58.759 128852 DEBUG oslo_service.service [req-d14b1aa8-2b3b-4715-b9a9-cbaabf9e3164 - - - - -] libvirt.live_migration_downtime_delay = 75 log_opt_values /usr/lib/python3/dist-packages/oslo_config/cfg.py:2609
2026-02-05 00:42:58.760 128852 DEBUG oslo_service.service [req-d14b1aa8-2b3b-4715-b9a9-cbaabf9e3164 - - - - -] libvirt.live_migration_downtime_steps = 10 log_opt_values /usr/lib/python3/dist-packages/oslo_config/cfg.py:2609
2026-02-05 00:42:58.760 128852 DEBUG oslo_service.service [req-d14b1aa8-2b3b-4715-b9a9-cbaabf9e3164 - - - - -] libvirt.live_migration_inbound_addr = None log_opt_values /usr/lib/python3/dist-packages/oslo_config/cfg.py:2609
2026-02-05 00:42:58.760 128852 DEBUG oslo_service.service [req-d14b1aa8-2b3b-4715-b9a9-cbaabf9e3164 - - - - -] libvirt.live_migration_permit_auto_converge = False log_opt_values /usr/lib/python3/dist-packages/oslo_config/cfg.py:2609
2026-02-05 00:42:58.760 129157 DEBUG oslo_messaging._drivers.amqpdriver [-] Listener is running poll /usr/lib/python3/dist-packages/oslo_messaging/_drivers/amqpdriver.py:343
2026-02-05 00:42:58.760 128852 DEBUG oslo_service.service [req-d14b1aa8-2b3b-4715-b9a9-cbaabf9e3164 - - - - -] libvirt.live_migration_permit_post_copy = False log_opt_values /usr/lib/python3/dist-packages/oslo_config/cfg.py:2609
2026-02-05 00:42:58.760 129157 DEBUG oslo_messaging._drivers.amqpdriver [-] AMQPListener connection consume poll /usr/lib/python3/dist-packages/oslo_messaging/_drivers/amqpdriver.py:357
2026-02-05 00:42:58.760 128852 DEBUG oslo_service.service [req-d14b1aa8-2b3b-4715-b9a9-cbaabf9e3164 - - - - -] libvirt.live_migration_scheme = None log_opt_values /usr/lib/python3/dist-packages/oslo_config/cfg.py:2609
2026-02-05 00:42:58.760 128852 DEBUG oslo_service.service [req-d14b1aa8-2b3b-4715-b9a9-cbaabf9e3164 - - - - -] libvirt.live_migration_timeout_action = abort log_opt_values /usr/lib/python3/dist-packages/oslo_config/cfg.py:2609
2026-02-05 00:42:58.761 128852 DEBUG oslo_service.service [req-d14b1aa8-2b3b-4715-b9a9-cbaabf9e3164 - - - - -] libvirt.live_migration_tunnelled = False log_opt_values /usr/lib/python3/dist-packages/oslo_config/cfg.py:2609
2026-02-05 00:42:58.761 128852 DEBUG oslo_service.service [req-d14b1aa8-2b3b-4715-b9a9-cbaabf9e3164 - - - - -] libvirt.live_migration_uri = None log_opt_values /usr/lib/python3/dist-packages/oslo_config/cfg.py:2609
2026-02-05 00:42:58.761 128852 DEBUG oslo_service.service [req-d14b1aa8-2b3b-4715-b9a9-cbaabf9e3164 - - - - -] libvirt.live_migration_with_native_tls = False log_opt_values /usr/lib/python3/dist-packages/oslo_config/cfg.py:2609
2026-02-05 00:42:58.761 128852 DEBUG oslo_service.service [req-d14b1aa8-2b3b-4715-b9a9-cbaabf9e3164 - - - - -] libvirt.max_queues = None log_opt_values /usr/lib/python3/dist-packages/oslo_config/cfg.py:2609
2026-02-05 00:42:58.761 128852 DEBUG oslo_service.service [req-d14b1aa8-2b3b-4715-b9a9-cbaabf9e3164 - - - - -] libvirt.mem_stats_period_seconds = 10 log_opt_values /usr/lib/python3/dist-packages/oslo_config/cfg.py:2609
2026-02-05 00:42:58.761 129157 DEBUG nova.service [req-55067ee1-baaa-4f6e-a995-5186f48f1a27 - - - - -] Join ServiceGroup membership for this service conductor start /usr/lib/python3/dist-packages/nova/service.py:199
2026-02-05 00:42:58.761 128852 DEBUG oslo_service.service [req-d14b1aa8-2b3b-4715-b9a9-cbaabf9e3164 - - - - -] libvirt.nfs_mount_options = None log_opt_values /usr/lib/python3/dist-packages/oslo_config/cfg.py:2609
2026-02-05 00:42:58.761 129157 DEBUG nova.servicegroup.drivers.db [req-55067ee1-baaa-4f6e-a995-5186f48f1a27 - - - - -] DB_Driver: join new ServiceGroup member juju-311893-0-lxd-7 to the conductor group, service = join /usr/lib/python3/dist-packages/nova/servicegroup/drivers/db.py:44
2026-02-05 00:42:58.762 128852 DEBUG oslo_service.service [req-d14b1aa8-2b3b-4715-b9a9-cbaabf9e3164 - - - - -] libvirt.nfs_mount_point_base = /var/lib/nova/mnt log_opt_values /usr/lib/python3/dist-packages/oslo_config/cfg.py:2609
2026-02-05 00:42:58.762 128852 DEBUG oslo_service.service [req-d14b1aa8-2b3b-4715-b9a9-cbaabf9e3164 - - - - -] libvirt.num_aoe_discover_tries = 3 log_opt_values /usr/lib/python3/dist-packages/oslo_config/cfg.py:2609
2026-02-05 00:42:58.762 128852 DEBUG oslo_service.service [req-d14b1aa8-2b3b-4715-b9a9-cbaabf9e3164 - - - - -] libvirt.num_iser_scan_tries = 5 log_opt_values /usr/lib/python3/dist-packages/oslo_config/cfg.py:2609
2026-02-05 00:42:58.762 128852 DEBUG oslo_service.service [req-d14b1aa8-2b3b-4715-b9a9-cbaabf9e3164 - - - - -] libvirt.num_memory_encrypted_guests = None log_opt_values /usr/lib/python3/dist-packages/oslo_config/cfg.py:2609
2026-02-05 00:42:58.762 128852 DEBUG oslo_service.service [req-d14b1aa8-2b3b-4715-b9a9-cbaabf9e3164 - - - - -] libvirt.num_nvme_discover_tries = 5 log_opt_values /usr/lib/python3/dist-packages/oslo_config/cfg.py:2609
2026-02-05 00:42:58.762 128852 DEBUG oslo_service.service [req-d14b1aa8-2b3b-4715-b9a9-cbaabf9e3164 - - - - -] libvirt.num_pcie_ports = 0 log_opt_values /usr/lib/python3/dist-packages/oslo_config/cfg.py:2609
2026-02-05 00:42:58.762 128852 DEBUG oslo_service.service [req-d14b1aa8-2b3b-4715-b9a9-cbaabf9e3164 - - - - -] libvirt.num_volume_scan_tries = 5 log_opt_values /usr/lib/python3/dist-packages/oslo_config/cfg.py:2609
2026-02-05 00:42:58.763 128852 DEBUG oslo_service.service [req-d14b1aa8-2b3b-4715-b9a9-cbaabf9e3164 - - - - -] libvirt.pmem_namespaces = [] log_opt_values /usr/lib/python3/dist-packages/oslo_config/cfg.py:2609
2026-02-05 00:42:58.763 128852 DEBUG oslo_service.service [req-d14b1aa8-2b3b-4715-b9a9-cbaabf9e3164 - - - - -] libvirt.quobyte_client_cfg = None log_opt_values /usr/lib/python3/dist-packages/oslo_config/cfg.py:2609
2026-02-05 00:42:58.763 128852 DEBUG oslo_service.service [req-d14b1aa8-2b3b-4715-b9a9-cbaabf9e3164 - - - - -] libvirt.quobyte_mount_point_base = /var/lib/nova/mnt log_opt_values /usr/lib/python3/dist-packages/oslo_config/cfg.py:2609
2026-02-05 00:42:58.763 128852 DEBUG oslo_service.service [req-d14b1aa8-2b3b-4715-b9a9-cbaabf9e3164 - - - - -] libvirt.rbd_connect_timeout = 5 log_opt_values /usr/lib/python3/dist-packages/oslo_config/cfg.py:2609
2026-02-05 00:42:58.763 128852 DEBUG oslo_service.service [req-d14b1aa8-2b3b-4715-b9a9-cbaabf9e3164 - - - - -] libvirt.rbd_destroy_volume_retries = 12 log_opt_values /usr/lib/python3/dist-packages/oslo_config/cfg.py:2609
2026-02-05 00:42:58.763 128852 DEBUG oslo_service.service [req-d14b1aa8-2b3b-4715-b9a9-cbaabf9e3164 - - - - -] libvirt.rbd_destroy_volume_retry_interval = 5 log_opt_values /usr/lib/python3/dist-packages/oslo_config/cfg.py:2609
2026-02-05 00:42:58.764 128852 DEBUG oslo_service.service [req-d14b1aa8-2b3b-4715-b9a9-cbaabf9e3164 - - - - -] libvirt.rbd_secret_uuid = None log_opt_values /usr/lib/python3/dist-packages/oslo_config/cfg.py:2609
2026-02-05 00:42:58.764 128852 DEBUG oslo_service.service [req-d14b1aa8-2b3b-4715-b9a9-cbaabf9e3164 - - - - -] libvirt.rbd_user = None log_opt_values /usr/lib/python3/dist-packages/oslo_config/cfg.py:2609
2026-02-05 00:42:58.764 128852 DEBUG oslo_service.service [req-d14b1aa8-2b3b-4715-b9a9-cbaabf9e3164 - - - - -] libvirt.realtime_scheduler_priority = 1 log_opt_values /usr/lib/python3/dist-packages/oslo_config/cfg.py:2609
2026-02-05 00:42:58.764 128852 DEBUG oslo_service.service [req-d14b1aa8-2b3b-4715-b9a9-cbaabf9e3164 - - - - -] libvirt.remote_filesystem_transport = ssh log_opt_values /usr/lib/python3/dist-packages/oslo_config/cfg.py:2609
2026-02-05 00:42:58.764 128852 DEBUG oslo_service.service [req-d14b1aa8-2b3b-4715-b9a9-cbaabf9e3164 - - - - -] libvirt.rescue_image_id = None log_opt_values /usr/lib/python3/dist-packages/oslo_config/cfg.py:2609
2026-02-05 00:42:58.764 128852 DEBUG oslo_service.service [req-d14b1aa8-2b3b-4715-b9a9-cbaabf9e3164 - - - - -] libvirt.rescue_kernel_id = None log_opt_values /usr/lib/python3/dist-packages/oslo_config/cfg.py:2609
2026-02-05 00:42:58.765 128852 DEBUG oslo_service.service [req-d14b1aa8-2b3b-4715-b9a9-cbaabf9e3164 - - - - -] libvirt.rescue_ramdisk_id = None log_opt_values /usr/lib/python3/dist-packages/oslo_config/cfg.py:2609
2026-02-05 00:42:58.765 128852 DEBUG oslo_service.service [req-d14b1aa8-2b3b-4715-b9a9-cbaabf9e3164 - - - - -] libvirt.rng_dev_path = /dev/urandom log_opt_values /usr/lib/python3/dist-packages/oslo_config/cfg.py:2609
2026-02-05 00:42:58.765 128852 DEBUG oslo_service.service [req-d14b1aa8-2b3b-4715-b9a9-cbaabf9e3164 - - - - -] libvirt.rx_queue_size = None log_opt_values /usr/lib/python3/dist-packages/oslo_config/cfg.py:2609
2026-02-05 00:42:58.765 128852 DEBUG oslo_service.service [req-d14b1aa8-2b3b-4715-b9a9-cbaabf9e3164 - - - - -] libvirt.smbfs_mount_options = log_opt_values /usr/lib/python3/dist-packages/oslo_config/cfg.py:2609
2026-02-05 00:42:58.765 128852 DEBUG oslo_service.service [req-d14b1aa8-2b3b-4715-b9a9-cbaabf9e3164 - - - - -] libvirt.smbfs_mount_point_base = /var/lib/nova/mnt log_opt_values /usr/lib/python3/dist-packages/oslo_config/cfg.py:2609
2026-02-05 00:42:58.765 128852 DEBUG oslo_service.service [req-d14b1aa8-2b3b-4715-b9a9-cbaabf9e3164 - - - - -] libvirt.snapshot_compression = False log_opt_values /usr/lib/python3/dist-packages/oslo_config/cfg.py:2609
2026-02-05 00:42:58.765 129157 DEBUG oslo_messaging._drivers.amqpdriver [-] AMQPListener connection timeout poll /usr/lib/python3/dist-packages/oslo_messaging/_drivers/amqpdriver.py:360
2026-02-05 00:42:58.765 129158 DEBUG oslo_messaging._drivers.amqpdriver [-] Listener is running poll /usr/lib/python3/dist-packages/oslo_messaging/_drivers/amqpdriver.py:343
2026-02-05 00:42:58.766 128852 DEBUG oslo_service.service [req-d14b1aa8-2b3b-4715-b9a9-cbaabf9e3164 - - - - -] libvirt.snapshot_image_format = None log_opt_values /usr/lib/python3/dist-packages/oslo_config/cfg.py:2609
2026-02-05 00:42:58.766 129157 DEBUG oslo_messaging._drivers.amqpdriver [-] Listener is running poll /usr/lib/python3/dist-packages/oslo_messaging/_drivers/amqpdriver.py:343
2026-02-05 00:42:58.766 129158 DEBUG oslo_messaging._drivers.amqpdriver [-] AMQPListener connection consume poll /usr/lib/python3/dist-packages/oslo_messaging/_drivers/amqpdriver.py:357
2026-02-05 00:42:58.766 128852 DEBUG oslo_service.service [req-d14b1aa8-2b3b-4715-b9a9-cbaabf9e3164 - - - - -] libvirt.snapshots_directory = /var/lib/nova/instances/snapshots log_opt_values /usr/lib/python3/dist-packages/oslo_config/cfg.py:2609
2026-02-05 00:42:58.766 129157 DEBUG oslo_messaging._drivers.amqpdriver [-] AMQPListener connection consume poll /usr/lib/python3/dist-packages/oslo_messaging/_drivers/amqpdriver.py:357
2026-02-05 00:42:58.766 128852 DEBUG oslo_service.service [req-d14b1aa8-2b3b-4715-b9a9-cbaabf9e3164 - - - - -] libvirt.sparse_logical_volumes = False log_opt_values /usr/lib/python3/dist-packages/oslo_config/cfg.py:2609
2026-02-05 00:42:58.766 128852 DEBUG oslo_service.service [req-d14b1aa8-2b3b-4715-b9a9-cbaabf9e3164 - - - - -] libvirt.swtpm_enabled = False log_opt_values /usr/lib/python3/dist-packages/oslo_config/cfg.py:2609
2026-02-05 00:42:58.766 128852 DEBUG oslo_service.service [req-d14b1aa8-2b3b-4715-b9a9-cbaabf9e3164 - - - - -] libvirt.swtpm_group = tss log_opt_values /usr/lib/python3/dist-packages/oslo_config/cfg.py:2609
2026-02-05 00:42:58.766 128852 DEBUG oslo_service.service [req-d14b1aa8-2b3b-4715-b9a9-cbaabf9e3164 - - - - -] libvirt.swtpm_user = tss log_opt_values /usr/lib/python3/dist-packages/oslo_config/cfg.py:2609
2026-02-05 00:42:58.766 129158 DEBUG nova.service [req-fb56ec3c-635a-4f60-98af-f507e03ab441 - - - - -] Join ServiceGroup membership for this service conductor start /usr/lib/python3/dist-packages/nova/service.py:199
2026-02-05 00:42:58.767 128852 DEBUG oslo_service.service [req-d14b1aa8-2b3b-4715-b9a9-cbaabf9e3164 - - - - -] libvirt.sysinfo_serial = unique log_opt_values /usr/lib/python3/dist-packages/oslo_config/cfg.py:2609
2026-02-05 00:42:58.767 128852 DEBUG oslo_service.service [req-d14b1aa8-2b3b-4715-b9a9-cbaabf9e3164 - - - - -] libvirt.tx_queue_size = None log_opt_values /usr/lib/python3/dist-packages/oslo_config/cfg.py:2609
2026-02-05 00:42:58.767 129158 DEBUG nova.servicegroup.drivers.db [req-fb56ec3c-635a-4f60-98af-f507e03ab441 - - - - -] DB_Driver: join new ServiceGroup member juju-311893-0-lxd-7 to the conductor group, service = join /usr/lib/python3/dist-packages/nova/servicegroup/drivers/db.py:44
2026-02-05 00:42:58.767 128852 DEBUG oslo_service.service [req-d14b1aa8-2b3b-4715-b9a9-cbaabf9e3164 - - - - -] libvirt.uid_maps = [] log_opt_values /usr/lib/python3/dist-packages/oslo_config/cfg.py:2609
2026-02-05 00:42:58.767 128852 DEBUG oslo_service.service [req-d14b1aa8-2b3b-4715-b9a9-cbaabf9e3164 - - - - -] libvirt.use_virtio_for_bridges = True log_opt_values /usr/lib/python3/dist-packages/oslo_config/cfg.py:2609
2026-02-05 00:42:58.767 128852 DEBUG oslo_service.service [req-d14b1aa8-2b3b-4715-b9a9-cbaabf9e3164 - - - - -] libvirt.virt_type = kvm log_opt_values /usr/lib/python3/dist-packages/oslo_config/cfg.py:2609
2026-02-05 00:42:58.767 128852 DEBUG oslo_service.service [req-d14b1aa8-2b3b-4715-b9a9-cbaabf9e3164 - - - - -] libvirt.volume_clear = zero log_opt_values /usr/lib/python3/dist-packages/oslo_config/cfg.py:2609
2026-02-05 00:42:58.767 128852 DEBUG oslo_service.service [req-d14b1aa8-2b3b-4715-b9a9-cbaabf9e3164 - - - - -] libvirt.volume_clear_size = 0 log_opt_values /usr/lib/python3/dist-packages/oslo_config/cfg.py:2609
2026-02-05 00:42:58.768 128852 DEBUG oslo_service.service [req-d14b1aa8-2b3b-4715-b9a9-cbaabf9e3164 - - - - -] libvirt.volume_use_multipath = False log_opt_values /usr/lib/python3/dist-packages/oslo_config/cfg.py:2609
2026-02-05 00:42:58.768 128852 DEBUG oslo_service.service [req-d14b1aa8-2b3b-4715-b9a9-cbaabf9e3164 - - - - -] libvirt.vzstorage_cache_path = None log_opt_values /usr/lib/python3/dist-packages/oslo_config/cfg.py:2609
2026-02-05 00:42:58.768 128852 DEBUG oslo_service.service [req-d14b1aa8-2b3b-4715-b9a9-cbaabf9e3164 - - - - -] libvirt.vzstorage_log_path = /var/log/vstorage/%(cluster_name)s/nova.log.gz log_opt_values /usr/lib/python3/dist-packages/oslo_config/cfg.py:2609
2026-02-05 00:42:58.768 128852 DEBUG oslo_service.service [req-d14b1aa8-2b3b-4715-b9a9-cbaabf9e3164 - - - - -] libvirt.vzstorage_mount_group = qemu log_opt_values /usr/lib/python3/dist-packages/oslo_config/cfg.py:2609
2026-02-05 00:42:58.768 128852 DEBUG oslo_service.service [req-d14b1aa8-2b3b-4715-b9a9-cbaabf9e3164 - - - - -] libvirt.vzstorage_mount_opts = [] log_opt_values /usr/lib/python3/dist-packages/oslo_config/cfg.py:2609
2026-02-05 00:42:58.768 128852 DEBUG oslo_service.service [req-d14b1aa8-2b3b-4715-b9a9-cbaabf9e3164 - - - - -] libvirt.vzstorage_mount_perms = 0770 log_opt_values /usr/lib/python3/dist-packages/oslo_config/cfg.py:2609
2026-02-05 00:42:58.769 128852 DEBUG oslo_service.service [req-d14b1aa8-2b3b-4715-b9a9-cbaabf9e3164 - - - - -] libvirt.vzstorage_mount_point_base = /var/lib/nova/mnt log_opt_values /usr/lib/python3/dist-packages/oslo_config/cfg.py:2609
2026-02-05 00:42:58.769 129158 DEBUG oslo_messaging._drivers.amqpdriver [-] AMQPListener connection timeout poll /usr/lib/python3/dist-packages/oslo_messaging/_drivers/amqpdriver.py:360
2026-02-05 00:42:58.769 129158 DEBUG oslo_messaging._drivers.amqpdriver [-] Listener is running poll /usr/lib/python3/dist-packages/oslo_messaging/_drivers/amqpdriver.py:343
2026-02-05 00:42:58.769 128852 DEBUG oslo_service.service [req-d14b1aa8-2b3b-4715-b9a9-cbaabf9e3164 - - - - -] libvirt.vzstorage_mount_user = stack log_opt_values /usr/lib/python3/dist-packages/oslo_config/cfg.py:2609
2026-02-05 00:42:58.769 129158 DEBUG oslo_messaging._drivers.amqpdriver [-] AMQPListener connection consume poll /usr/lib/python3/dist-packages/oslo_messaging/_drivers/amqpdriver.py:357
2026-02-05 00:42:58.770 128852 DEBUG oslo_service.service [req-d14b1aa8-2b3b-4715-b9a9-cbaabf9e3164 - - - - -] libvirt.wait_soft_reboot_seconds = 120 log_opt_values /usr/lib/python3/dist-packages/oslo_config/cfg.py:2609
2026-02-05 00:42:58.770 128852 DEBUG oslo_service.service [req-d14b1aa8-2b3b-4715-b9a9-cbaabf9e3164 - - - - -] neutron.auth_section = None log_opt_values /usr/lib/python3/dist-packages/oslo_config/cfg.py:2609
2026-02-05 00:42:58.770 128852 DEBUG oslo_service.service [req-d14b1aa8-2b3b-4715-b9a9-cbaabf9e3164 - - - - -] neutron.auth_type = password log_opt_values /usr/lib/python3/dist-packages/oslo_config/cfg.py:2609
2026-02-05 00:42:58.770 128852 DEBUG oslo_service.service [req-d14b1aa8-2b3b-4715-b9a9-cbaabf9e3164 - - - - -] neutron.cafile = None log_opt_values /usr/lib/python3/dist-packages/oslo_config/cfg.py:2609
2026-02-05 00:42:58.770 128852 DEBUG oslo_service.service [req-d14b1aa8-2b3b-4715-b9a9-cbaabf9e3164 - - - - -] neutron.certfile = None log_opt_values /usr/lib/python3/dist-packages/oslo_config/cfg.py:2609
2026-02-05 00:42:58.770 128852 DEBUG oslo_service.service [req-d14b1aa8-2b3b-4715-b9a9-cbaabf9e3164 - - - - -] neutron.collect_timing = False log_opt_values /usr/lib/python3/dist-packages/oslo_config/cfg.py:2609
2026-02-05 00:42:58.771 128852 DEBUG oslo_service.service [req-d14b1aa8-2b3b-4715-b9a9-cbaabf9e3164 - - - - -] neutron.connect_retries = None log_opt_values /usr/lib/python3/dist-packages/oslo_config/cfg.py:2609
2026-02-05 00:42:58.771 128852 DEBUG oslo_service.service [req-d14b1aa8-2b3b-4715-b9a9-cbaabf9e3164 - - - - -] neutron.connect_retry_delay = None log_opt_values /usr/lib/python3/dist-packages/oslo_config/cfg.py:2609
2026-02-05 00:42:58.771 128852 DEBUG oslo_service.service [req-d14b1aa8-2b3b-4715-b9a9-cbaabf9e3164 - - - - -] neutron.default_floating_pool = nova log_opt_values /usr/lib/python3/dist-packages/oslo_config/cfg.py:2609
2026-02-05 00:42:58.772 128852 DEBUG oslo_service.service [req-d14b1aa8-2b3b-4715-b9a9-cbaabf9e3164 - - - - -] neutron.endpoint_override = None log_opt_values /usr/lib/python3/dist-packages/oslo_config/cfg.py:2609
2026-02-05 00:42:58.772 128852 DEBUG oslo_service.service [req-d14b1aa8-2b3b-4715-b9a9-cbaabf9e3164 - - - - -] neutron.extension_sync_interval = 600 log_opt_values /usr/lib/python3/dist-packages/oslo_config/cfg.py:2609
2026-02-05 00:42:58.772 128852 DEBUG oslo_service.service [req-d14b1aa8-2b3b-4715-b9a9-cbaabf9e3164 - - - - -] neutron.http_retries = 3 log_opt_values /usr/lib/python3/dist-packages/oslo_config/cfg.py:2609
2026-02-05 00:42:58.772 128852 DEBUG oslo_service.service [req-d14b1aa8-2b3b-4715-b9a9-cbaabf9e3164 - - - - -] neutron.insecure = False log_opt_values /usr/lib/python3/dist-packages/oslo_config/cfg.py:2609
2026-02-05 00:42:58.772 128852 DEBUG oslo_service.service [req-d14b1aa8-2b3b-4715-b9a9-cbaabf9e3164 - - - - -] neutron.keyfile = None log_opt_values /usr/lib/python3/dist-packages/oslo_config/cfg.py:2609
2026-02-05 00:42:58.772 128852 DEBUG oslo_service.service [req-d14b1aa8-2b3b-4715-b9a9-cbaabf9e3164 - - - - -] neutron.max_version = None log_opt_values /usr/lib/python3/dist-packages/oslo_config/cfg.py:2609
2026-02-05 00:42:58.773 128852 DEBUG oslo_service.service [req-d14b1aa8-2b3b-4715-b9a9-cbaabf9e3164 - - - - -] neutron.metadata_proxy_shared_secret = **** log_opt_values /usr/lib/python3/dist-packages/oslo_config/cfg.py:2609
2026-02-05 00:42:58.773 128852 DEBUG oslo_service.service [req-d14b1aa8-2b3b-4715-b9a9-cbaabf9e3164 - - - - -] neutron.min_version = None log_opt_values /usr/lib/python3/dist-packages/oslo_config/cfg.py:2609
2026-02-05 00:42:58.773 128852 DEBUG oslo_service.service [req-d14b1aa8-2b3b-4715-b9a9-cbaabf9e3164 - - - - -] neutron.ovs_bridge = br-int log_opt_values /usr/lib/python3/dist-packages/oslo_config/cfg.py:2609
2026-02-05 00:42:58.773 128852 DEBUG oslo_service.service [req-d14b1aa8-2b3b-4715-b9a9-cbaabf9e3164 - - - - -] neutron.physnets = [] log_opt_values /usr/lib/python3/dist-packages/oslo_config/cfg.py:2609
2026-02-05 00:42:58.773 128852 DEBUG oslo_service.service [req-d14b1aa8-2b3b-4715-b9a9-cbaabf9e3164 - - - - -] neutron.region_name = RegionOne log_opt_values /usr/lib/python3/dist-packages/oslo_config/cfg.py:2609
2026-02-05 00:42:58.773 128852 DEBUG oslo_service.service [req-d14b1aa8-2b3b-4715-b9a9-cbaabf9e3164 - - - - -] neutron.service_metadata_proxy = True log_opt_values /usr/lib/python3/dist-packages/oslo_config/cfg.py:2609
2026-02-05 00:42:58.773 128852 DEBUG oslo_service.service [req-d14b1aa8-2b3b-4715-b9a9-cbaabf9e3164 - - - - -] neutron.service_name = None log_opt_values /usr/lib/python3/dist-packages/oslo_config/cfg.py:2609
2026-02-05 00:42:58.774 128852 DEBUG oslo_service.service [req-d14b1aa8-2b3b-4715-b9a9-cbaabf9e3164 - - - - -] neutron.service_type = network log_opt_values /usr/lib/python3/dist-packages/oslo_config/cfg.py:2609
2026-02-05 00:42:58.774 128852 DEBUG oslo_service.service [req-d14b1aa8-2b3b-4715-b9a9-cbaabf9e3164 - - - - -] neutron.split_loggers = False log_opt_values /usr/lib/python3/dist-packages/oslo_config/cfg.py:2609
2026-02-05 00:42:58.774 128852 DEBUG oslo_service.service [req-d14b1aa8-2b3b-4715-b9a9-cbaabf9e3164 - - - - -] neutron.status_code_retries = None log_opt_values /usr/lib/python3/dist-packages/oslo_config/cfg.py:2609
2026-02-05 00:42:58.774 128852 DEBUG oslo_service.service [req-d14b1aa8-2b3b-4715-b9a9-cbaabf9e3164 - - - - -] neutron.status_code_retry_delay = None log_opt_values /usr/lib/python3/dist-packages/oslo_config/cfg.py:2609
2026-02-05 00:42:58.774 128852 DEBUG oslo_service.service [req-d14b1aa8-2b3b-4715-b9a9-cbaabf9e3164 - - - - -] neutron.timeout = None log_opt_values /usr/lib/python3/dist-packages/oslo_config/cfg.py:2609
2026-02-05 00:42:58.774 128852 DEBUG oslo_service.service [req-d14b1aa8-2b3b-4715-b9a9-cbaabf9e3164 - - - - -] neutron.valid_interfaces = ['internal', 'public'] log_opt_values /usr/lib/python3/dist-packages/oslo_config/cfg.py:2609
2026-02-05 00:42:58.775 128852 DEBUG oslo_service.service [req-d14b1aa8-2b3b-4715-b9a9-cbaabf9e3164 - - - - -] neutron.version = None log_opt_values /usr/lib/python3/dist-packages/oslo_config/cfg.py:2609
2026-02-05 00:42:58.775 128852 DEBUG oslo_service.service [req-d14b1aa8-2b3b-4715-b9a9-cbaabf9e3164 - - - - -] notifications.bdms_in_notifications = False log_opt_values /usr/lib/python3/dist-packages/oslo_config/cfg.py:2609
2026-02-05 00:42:58.775 128852 DEBUG oslo_service.service [req-d14b1aa8-2b3b-4715-b9a9-cbaabf9e3164 - - - - -] notifications.default_level = INFO log_opt_values /usr/lib/python3/dist-packages/oslo_config/cfg.py:2609
2026-02-05 00:42:58.775 128852 DEBUG oslo_service.service [req-d14b1aa8-2b3b-4715-b9a9-cbaabf9e3164 - - - - -] notifications.notification_format = unversioned log_opt_values /usr/lib/python3/dist-packages/oslo_config/cfg.py:2609
2026-02-05 00:42:58.775 128852 DEBUG oslo_service.service [req-d14b1aa8-2b3b-4715-b9a9-cbaabf9e3164 - - - - -] notifications.notify_on_state_change = None log_opt_values /usr/lib/python3/dist-packages/oslo_config/cfg.py:2609
2026-02-05 00:42:58.775 128852 DEBUG oslo_service.service [req-d14b1aa8-2b3b-4715-b9a9-cbaabf9e3164 - - - - -] notifications.versioned_notifications_topics = ['versioned_notifications'] log_opt_values /usr/lib/python3/dist-packages/oslo_config/cfg.py:2609
2026-02-05 00:42:58.776 128852 DEBUG oslo_service.service [req-d14b1aa8-2b3b-4715-b9a9-cbaabf9e3164 - - - - -] pci.alias = [] log_opt_values /usr/lib/python3/dist-packages/oslo_config/cfg.py:2609
2026-02-05 00:42:58.776 128852 DEBUG oslo_service.service [req-d14b1aa8-2b3b-4715-b9a9-cbaabf9e3164 - - - - -] pci.passthrough_whitelist = [] log_opt_values /usr/lib/python3/dist-packages/oslo_config/cfg.py:2609
2026-02-05 00:42:58.776 128852 DEBUG oslo_service.service [req-d14b1aa8-2b3b-4715-b9a9-cbaabf9e3164 - - - - -] placement.auth_section = None log_opt_values /usr/lib/python3/dist-packages/oslo_config/cfg.py:2609
2026-02-05 00:42:58.776 128852 DEBUG oslo_service.service [req-d14b1aa8-2b3b-4715-b9a9-cbaabf9e3164 - - - - -] placement.auth_type = password log_opt_values /usr/lib/python3/dist-packages/oslo_config/cfg.py:2609
