2026-02-05 00:41:13.761 112532 DEBUG oslo_service.service [req-a887718d-2f8f-4249-a58d-9e98d513cea3 - - - - -] api.glance_link_prefix = None log_opt_values /usr/lib/python3/dist-packages/oslo_config/cfg.py:2609
2026-02-05 00:41:13.761 112532 DEBUG oslo_service.service [req-a887718d-2f8f-4249-a58d-9e98d513cea3 - - - - -] api.instance_list_cells_batch_fixed_size = 100 log_opt_values /usr/lib/python3/dist-packages/oslo_config/cfg.py:2609
2026-02-05 00:41:13.761 112532 DEBUG oslo_service.service [req-a887718d-2f8f-4249-a58d-9e98d513cea3 - - - - -] api.instance_list_cells_batch_strategy = distributed log_opt_values /usr/lib/python3/dist-packages/oslo_config/cfg.py:2609
2026-02-05 00:41:13.761 112532 DEBUG oslo_service.service [req-a887718d-2f8f-4249-a58d-9e98d513cea3 - - - - -] api.instance_list_per_project_cells = False log_opt_values /usr/lib/python3/dist-packages/oslo_config/cfg.py:2609
2026-02-05 00:41:13.762 112532 DEBUG oslo_service.service [req-a887718d-2f8f-4249-a58d-9e98d513cea3 - - - - -] api.list_records_by_skipping_down_cells = True log_opt_values /usr/lib/python3/dist-packages/oslo_config/cfg.py:2609
2026-02-05 00:41:13.762 112532 DEBUG oslo_service.service [req-a887718d-2f8f-4249-a58d-9e98d513cea3 - - - - -] api.local_metadata_per_cell = False log_opt_values /usr/lib/python3/dist-packages/oslo_config/cfg.py:2609
2026-02-05 00:41:13.762 112532 DEBUG oslo_service.service [req-a887718d-2f8f-4249-a58d-9e98d513cea3 - - - - -] api.max_limit = 1000 log_opt_values /usr/lib/python3/dist-packages/oslo_config/cfg.py:2609
2026-02-05 00:41:13.762 112532 DEBUG oslo_service.service [req-a887718d-2f8f-4249-a58d-9e98d513cea3 - - - - -] api.metadata_cache_expiration = 15 log_opt_values /usr/lib/python3/dist-packages/oslo_config/cfg.py:2609
2026-02-05 00:41:13.762 112532 DEBUG oslo_service.service [req-a887718d-2f8f-4249-a58d-9e98d513cea3 - - - - -] api.neutron_default_tenant_id = default log_opt_values /usr/lib/python3/dist-packages/oslo_config/cfg.py:2609
2026-02-05 00:41:13.765 112532 DEBUG oslo_service.service [req-a887718d-2f8f-4249-a58d-9e98d513cea3 - - - - -] api.use_forwarded_for = False log_opt_values /usr/lib/python3/dist-packages/oslo_config/cfg.py:2609
2026-02-05 00:41:13.767 112532 DEBUG oslo_service.service [req-a887718d-2f8f-4249-a58d-9e98d513cea3 - - - - -] api.use_neutron_default_nets = False log_opt_values /usr/lib/python3/dist-packages/oslo_config/cfg.py:2609
2026-02-05 00:41:13.768 112532 DEBUG oslo_service.service [req-a887718d-2f8f-4249-a58d-9e98d513cea3 - - - - -] api.vendordata_dynamic_connect_timeout = 5 log_opt_values /usr/lib/python3/dist-packages/oslo_config/cfg.py:2609
2026-02-05 00:41:13.770 112532 DEBUG oslo_service.service [req-a887718d-2f8f-4249-a58d-9e98d513cea3 - - - - -] api.vendordata_dynamic_failure_fatal = False log_opt_values /usr/lib/python3/dist-packages/oslo_config/cfg.py:2609
2026-02-05 00:41:13.770 112532 DEBUG oslo_service.service [req-a887718d-2f8f-4249-a58d-9e98d513cea3 - - - - -] api.vendordata_dynamic_read_timeout = 5 log_opt_values /usr/lib/python3/dist-packages/oslo_config/cfg.py:2609
2026-02-05 00:41:13.770 112532 DEBUG oslo_service.service [req-a887718d-2f8f-4249-a58d-9e98d513cea3 - - - - -] api.vendordata_dynamic_ssl_certfile = log_opt_values /usr/lib/python3/dist-packages/oslo_config/cfg.py:2609
2026-02-05 00:41:13.771 112532 DEBUG oslo_service.service [req-a887718d-2f8f-4249-a58d-9e98d513cea3 - - - - -] api.vendordata_dynamic_targets = [] log_opt_values /usr/lib/python3/dist-packages/oslo_config/cfg.py:2609
2026-02-05 00:41:13.771 112532 DEBUG oslo_service.service [req-a887718d-2f8f-4249-a58d-9e98d513cea3 - - - - -] api.vendordata_jsonfile_path = None log_opt_values /usr/lib/python3/dist-packages/oslo_config/cfg.py:2609
2026-02-05 00:41:13.772 112532 DEBUG oslo_service.service [req-a887718d-2f8f-4249-a58d-9e98d513cea3 - - - - -] api.vendordata_providers = ['StaticJSON'] log_opt_values /usr/lib/python3/dist-packages/oslo_config/cfg.py:2609
2026-02-05 00:41:13.773 112532 DEBUG oslo_service.service [req-a887718d-2f8f-4249-a58d-9e98d513cea3 - - - - -] cache.backend = dogpile.cache.null log_opt_values /usr/lib/python3/dist-packages/oslo_config/cfg.py:2609
2026-02-05 00:41:13.774 112532 DEBUG oslo_service.service [req-a887718d-2f8f-4249-a58d-9e98d513cea3 - - - - -] cache.backend_argument = **** log_opt_values /usr/lib/python3/dist-packages/oslo_config/cfg.py:2609
2026-02-05 00:41:13.775 112532 DEBUG oslo_service.service [req-a887718d-2f8f-4249-a58d-9e98d513cea3 - - - - -] cache.config_prefix = cache.oslo log_opt_values /usr/lib/python3/dist-packages/oslo_config/cfg.py:2609
2026-02-05 00:41:13.775 112532 DEBUG oslo_service.service [req-a887718d-2f8f-4249-a58d-9e98d513cea3 - - - - -] cache.debug_cache_backend = False log_opt_values /usr/lib/python3/dist-packages/oslo_config/cfg.py:2609
2026-02-05 00:41:13.775 112532 DEBUG oslo_service.service [req-a887718d-2f8f-4249-a58d-9e98d513cea3 - - - - -] cache.enabled = False log_opt_values /usr/lib/python3/dist-packages/oslo_config/cfg.py:2609
2026-02-05 00:41:13.778 112532 DEBUG oslo_service.service [req-a887718d-2f8f-4249-a58d-9e98d513cea3 - - - - -] cache.expiration_time = 600 log_opt_values /usr/lib/python3/dist-packages/oslo_config/cfg.py:2609
2026-02-05 00:41:13.778 112532 DEBUG oslo_service.service [req-a887718d-2f8f-4249-a58d-9e98d513cea3 - - - - -] cache.memcache_dead_retry = 300 log_opt_values /usr/lib/python3/dist-packages/oslo_config/cfg.py:2609
2026-02-05 00:41:13.778 112532 DEBUG oslo_service.service [req-a887718d-2f8f-4249-a58d-9e98d513cea3 - - - - -] cache.memcache_pool_connection_get_timeout = 10 log_opt_values /usr/lib/python3/dist-packages/oslo_config/cfg.py:2609
2026-02-05 00:41:13.778 112532 DEBUG oslo_service.service [req-a887718d-2f8f-4249-a58d-9e98d513cea3 - - - - -] cache.memcache_pool_flush_on_reconnect = False log_opt_values /usr/lib/python3/dist-packages/oslo_config/cfg.py:2609
2026-02-05 00:41:13.779 112532 DEBUG oslo_service.service [req-a887718d-2f8f-4249-a58d-9e98d513cea3 - - - - -] cache.memcache_pool_maxsize = 10 log_opt_values /usr/lib/python3/dist-packages/oslo_config/cfg.py:2609
2026-02-05 00:41:13.780 112532 DEBUG oslo_service.service [req-a887718d-2f8f-4249-a58d-9e98d513cea3 - - - - -] cache.memcache_pool_unused_timeout = 60 log_opt_values /usr/lib/python3/dist-packages/oslo_config/cfg.py:2609
2026-02-05 00:41:13.780 112532 DEBUG oslo_service.service [req-a887718d-2f8f-4249-a58d-9e98d513cea3 - - - - -] cache.memcache_servers = ['localhost:11211'] log_opt_values /usr/lib/python3/dist-packages/oslo_config/cfg.py:2609
2026-02-05 00:41:13.781 112532 DEBUG oslo_service.service [req-a887718d-2f8f-4249-a58d-9e98d513cea3 - - - - -] cache.memcache_socket_timeout = 1.0 log_opt_values /usr/lib/python3/dist-packages/oslo_config/cfg.py:2609
2026-02-05 00:41:13.781 112532 DEBUG oslo_service.service [req-a887718d-2f8f-4249-a58d-9e98d513cea3 - - - - -] cache.proxies = [] log_opt_values /usr/lib/python3/dist-packages/oslo_config/cfg.py:2609
2026-02-05 00:41:13.782 112532 DEBUG oslo_service.service [req-a887718d-2f8f-4249-a58d-9e98d513cea3 - - - - -] cache.tls_allowed_ciphers = None log_opt_values /usr/lib/python3/dist-packages/oslo_config/cfg.py:2609
2026-02-05 00:41:13.782 112532 DEBUG oslo_service.service [req-a887718d-2f8f-4249-a58d-9e98d513cea3 - - - - -] cache.tls_cafile = None log_opt_values /usr/lib/python3/dist-packages/oslo_config/cfg.py:2609
2026-02-05 00:41:13.782 112532 DEBUG oslo_service.service [req-a887718d-2f8f-4249-a58d-9e98d513cea3 - - - - -] cache.tls_certfile = None log_opt_values /usr/lib/python3/dist-packages/oslo_config/cfg.py:2609
2026-02-05 00:41:13.783 112532 DEBUG oslo_service.service [req-a887718d-2f8f-4249-a58d-9e98d513cea3 - - - - -] cache.tls_enabled = False log_opt_values /usr/lib/python3/dist-packages/oslo_config/cfg.py:2609
2026-02-05 00:41:13.783 112532 DEBUG oslo_service.service [req-a887718d-2f8f-4249-a58d-9e98d513cea3 - - - - -] cache.tls_keyfile = None log_opt_values /usr/lib/python3/dist-packages/oslo_config/cfg.py:2609
2026-02-05 00:41:13.786 114050 DEBUG nova.service [req-e71af9f5-b17d-4329-969a-325bad2abc43 - - - - -] Creating RPC server for service conductor start /usr/lib/python3/dist-packages/nova/service.py:182
2026-02-05 00:41:13.783 112532 DEBUG oslo_service.service [req-a887718d-2f8f-4249-a58d-9e98d513cea3 - - - - -] cinder.auth_section = None log_opt_values /usr/lib/python3/dist-packages/oslo_config/cfg.py:2609
2026-02-05 00:41:13.789 112532 DEBUG oslo_service.service [req-a887718d-2f8f-4249-a58d-9e98d513cea3 - - - - -] cinder.auth_type = None log_opt_values /usr/lib/python3/dist-packages/oslo_config/cfg.py:2609
2026-02-05 00:41:13.793 112532 DEBUG oslo_service.service [req-a887718d-2f8f-4249-a58d-9e98d513cea3 - - - - -] cinder.cafile = None log_opt_values /usr/lib/python3/dist-packages/oslo_config/cfg.py:2609
2026-02-05 00:41:13.794 112532 DEBUG oslo_service.service [req-a887718d-2f8f-4249-a58d-9e98d513cea3 - - - - -] cinder.catalog_info = volumev3::publicURL log_opt_values /usr/lib/python3/dist-packages/oslo_config/cfg.py:2609
2026-02-05 00:41:13.794 112532 DEBUG oslo_service.service [req-a887718d-2f8f-4249-a58d-9e98d513cea3 - - - - -] cinder.certfile = None log_opt_values /usr/lib/python3/dist-packages/oslo_config/cfg.py:2609
2026-02-05 00:41:13.795 112532 DEBUG oslo_service.service [req-a887718d-2f8f-4249-a58d-9e98d513cea3 - - - - -] cinder.collect_timing = False log_opt_values /usr/lib/python3/dist-packages/oslo_config/cfg.py:2609
2026-02-05 00:41:13.795 112532 DEBUG oslo_service.service [req-a887718d-2f8f-4249-a58d-9e98d513cea3 - - - - -] cinder.cross_az_attach = True log_opt_values /usr/lib/python3/dist-packages/oslo_config/cfg.py:2609
2026-02-05 00:41:13.795 114049 DEBUG nova.service [req-68913e34-f6c3-447d-aa4c-01bc30d3386e - - - - -] Creating RPC server for service conductor start /usr/lib/python3/dist-packages/nova/service.py:182
2026-02-05 00:41:13.795 112532 DEBUG oslo_service.service [req-a887718d-2f8f-4249-a58d-9e98d513cea3 - - - - -] cinder.debug = False log_opt_values /usr/lib/python3/dist-packages/oslo_config/cfg.py:2609
2026-02-05 00:41:13.795 112532 DEBUG oslo_service.service [req-a887718d-2f8f-4249-a58d-9e98d513cea3 - - - - -] cinder.endpoint_template = None log_opt_values /usr/lib/python3/dist-packages/oslo_config/cfg.py:2609
2026-02-05 00:41:13.796 112532 DEBUG oslo_service.service [req-a887718d-2f8f-4249-a58d-9e98d513cea3 - - - - -] cinder.http_retries = 3 log_opt_values /usr/lib/python3/dist-packages/oslo_config/cfg.py:2609
2026-02-05 00:41:13.797 112532 DEBUG oslo_service.service [req-a887718d-2f8f-4249-a58d-9e98d513cea3 - - - - -] cinder.insecure = False log_opt_values /usr/lib/python3/dist-packages/oslo_config/cfg.py:2609
2026-02-05 00:41:13.798 112532 DEBUG oslo_service.service [req-a887718d-2f8f-4249-a58d-9e98d513cea3 - - - - -] cinder.keyfile = None log_opt_values /usr/lib/python3/dist-packages/oslo_config/cfg.py:2609
2026-02-05 00:41:13.798 112532 DEBUG oslo_service.service [req-a887718d-2f8f-4249-a58d-9e98d513cea3 - - - - -] cinder.os_region_name = None log_opt_values /usr/lib/python3/dist-packages/oslo_config/cfg.py:2609
2026-02-05 00:41:13.798 112532 DEBUG oslo_service.service [req-a887718d-2f8f-4249-a58d-9e98d513cea3 - - - - -] cinder.split_loggers = False log_opt_values /usr/lib/python3/dist-packages/oslo_config/cfg.py:2609
2026-02-05 00:41:13.798 112532 DEBUG oslo_service.service [req-a887718d-2f8f-4249-a58d-9e98d513cea3 - - - - -] cinder.timeout = None log_opt_values /usr/lib/python3/dist-packages/oslo_config/cfg.py:2609
2026-02-05 00:41:13.799 112532 DEBUG oslo_service.service [req-a887718d-2f8f-4249-a58d-9e98d513cea3 - - - - -] compute.consecutive_build_service_disable_threshold = 10 log_opt_values /usr/lib/python3/dist-packages/oslo_config/cfg.py:2609
2026-02-05 00:41:13.800 114043 DEBUG nova.service [req-ce2d91ab-4f57-45f6-a277-18e7f6f37b39 - - - - -] Creating RPC server for service conductor start /usr/lib/python3/dist-packages/nova/service.py:182
2026-02-05 00:41:13.800 112532 DEBUG oslo_service.service [req-a887718d-2f8f-4249-a58d-9e98d513cea3 - - - - -] compute.cpu_dedicated_set = None log_opt_values /usr/lib/python3/dist-packages/oslo_config/cfg.py:2609
2026-02-05 00:41:13.801 112532 DEBUG oslo_service.service [req-a887718d-2f8f-4249-a58d-9e98d513cea3 - - - - -] compute.cpu_shared_set = None log_opt_values /usr/lib/python3/dist-packages/oslo_config/cfg.py:2609
2026-02-05 00:41:13.801 112532 DEBUG oslo_service.service [req-a887718d-2f8f-4249-a58d-9e98d513cea3 - - - - -] compute.image_type_exclude_list = [] log_opt_values /usr/lib/python3/dist-packages/oslo_config/cfg.py:2609
2026-02-05 00:41:13.802 112532 DEBUG oslo_service.service [req-a887718d-2f8f-4249-a58d-9e98d513cea3 - - - - -] compute.live_migration_wait_for_vif_plug = True log_opt_values /usr/lib/python3/dist-packages/oslo_config/cfg.py:2609
2026-02-05 00:41:13.802 112532 DEBUG oslo_service.service [req-a887718d-2f8f-4249-a58d-9e98d513cea3 - - - - -] compute.max_concurrent_disk_ops = 0 log_opt_values /usr/lib/python3/dist-packages/oslo_config/cfg.py:2609
2026-02-05 00:41:13.803 112532 DEBUG oslo_service.service [req-a887718d-2f8f-4249-a58d-9e98d513cea3 - - - - -] compute.max_disk_devices_to_attach = -1 log_opt_values /usr/lib/python3/dist-packages/oslo_config/cfg.py:2609
2026-02-05 00:41:13.803 112532 DEBUG oslo_service.service [req-a887718d-2f8f-4249-a58d-9e98d513cea3 - - - - -] compute.packing_host_numa_cells_allocation_strategy = True log_opt_values /usr/lib/python3/dist-packages/oslo_config/cfg.py:2609
2026-02-05 00:41:13.805 112532 DEBUG oslo_service.service [req-a887718d-2f8f-4249-a58d-9e98d513cea3 - - - - -] compute.provider_config_location = /etc/nova/provider_config/ log_opt_values /usr/lib/python3/dist-packages/oslo_config/cfg.py:2609
2026-02-05 00:41:13.805 112532 DEBUG oslo_service.service [req-a887718d-2f8f-4249-a58d-9e98d513cea3 - - - - -] compute.resource_provider_association_refresh = 300 log_opt_values /usr/lib/python3/dist-packages/oslo_config/cfg.py:2609
2026-02-05 00:41:13.805 112532 DEBUG oslo_service.service [req-a887718d-2f8f-4249-a58d-9e98d513cea3 - - - - -] compute.shutdown_retry_interval = 10 log_opt_values /usr/lib/python3/dist-packages/oslo_config/cfg.py:2609
2026-02-05 00:41:13.805 112532 DEBUG oslo_service.service [req-a887718d-2f8f-4249-a58d-9e98d513cea3 - - - - -] compute.vmdk_allowed_types = ['streamOptimized', 'monolithicSparse'] log_opt_values /usr/lib/python3/dist-packages/oslo_config/cfg.py:2609
2026-02-05 00:41:13.806 112532 DEBUG oslo_service.service [req-a887718d-2f8f-4249-a58d-9e98d513cea3 - - - - -] conductor.workers = 4 log_opt_values /usr/lib/python3/dist-packages/oslo_config/cfg.py:2609
2026-02-05 00:41:13.806 112532 DEBUG oslo_service.service [req-a887718d-2f8f-4249-a58d-9e98d513cea3 - - - - -] console.allowed_origins = [] log_opt_values /usr/lib/python3/dist-packages/oslo_config/cfg.py:2609
2026-02-05 00:41:13.806 114056 DEBUG nova.service [req-d221b18a-257b-4c96-930e-e98be685684c - - - - -] Creating RPC server for service conductor start /usr/lib/python3/dist-packages/nova/service.py:182
2026-02-05 00:41:13.807 112532 DEBUG oslo_service.service [req-a887718d-2f8f-4249-a58d-9e98d513cea3 - - - - -] console.ssl_ciphers = None log_opt_values /usr/lib/python3/dist-packages/oslo_config/cfg.py:2609
2026-02-05 00:41:13.807 112532 DEBUG oslo_service.service [req-a887718d-2f8f-4249-a58d-9e98d513cea3 - - - - -] console.ssl_minimum_version = default log_opt_values /usr/lib/python3/dist-packages/oslo_config/cfg.py:2609
2026-02-05 00:41:13.807 112532 DEBUG oslo_service.service [req-a887718d-2f8f-4249-a58d-9e98d513cea3 - - - - -] consoleauth.token_ttl = 600 log_opt_values /usr/lib/python3/dist-packages/oslo_config/cfg.py:2609
2026-02-05 00:41:13.808 112532 DEBUG oslo_service.service [req-a887718d-2f8f-4249-a58d-9e98d513cea3 - - - - -] cyborg.cafile = None log_opt_values /usr/lib/python3/dist-packages/oslo_config/cfg.py:2609
2026-02-05 00:41:13.808 112532 DEBUG oslo_service.service [req-a887718d-2f8f-4249-a58d-9e98d513cea3 - - - - -] cyborg.certfile = None log_opt_values /usr/lib/python3/dist-packages/oslo_config/cfg.py:2609
2026-02-05 00:41:13.808 112532 DEBUG oslo_service.service [req-a887718d-2f8f-4249-a58d-9e98d513cea3 - - - - -] cyborg.collect_timing = False log_opt_values /usr/lib/python3/dist-packages/oslo_config/cfg.py:2609
2026-02-05 00:41:13.808 112532 DEBUG oslo_service.service [req-a887718d-2f8f-4249-a58d-9e98d513cea3 - - - - -] cyborg.connect_retries = None log_opt_values /usr/lib/python3/dist-packages/oslo_config/cfg.py:2609
2026-02-05 00:41:13.808 112532 DEBUG oslo_service.service [req-a887718d-2f8f-4249-a58d-9e98d513cea3 - - - - -] cyborg.connect_retry_delay = None log_opt_values /usr/lib/python3/dist-packages/oslo_config/cfg.py:2609
2026-02-05 00:41:13.809 112532 DEBUG oslo_service.service [req-a887718d-2f8f-4249-a58d-9e98d513cea3 - - - - -] cyborg.endpoint_override = None log_opt_values /usr/lib/python3/dist-packages/oslo_config/cfg.py:2609
2026-02-05 00:41:13.809 112532 DEBUG oslo_service.service [req-a887718d-2f8f-4249-a58d-9e98d513cea3 - - - - -] cyborg.insecure = False log_opt_values /usr/lib/python3/dist-packages/oslo_config/cfg.py:2609
2026-02-05 00:41:13.809 112532 DEBUG oslo_service.service [req-a887718d-2f8f-4249-a58d-9e98d513cea3 - - - - -] cyborg.keyfile = None log_opt_values /usr/lib/python3/dist-packages/oslo_config/cfg.py:2609
2026-02-05 00:41:13.813 112532 DEBUG oslo_service.service [req-a887718d-2f8f-4249-a58d-9e98d513cea3 - - - - -] cyborg.max_version = None log_opt_values /usr/lib/python3/dist-packages/oslo_config/cfg.py:2609
2026-02-05 00:41:13.814 112532 DEBUG oslo_service.service [req-a887718d-2f8f-4249-a58d-9e98d513cea3 - - - - -] cyborg.min_version = None log_opt_values /usr/lib/python3/dist-packages/oslo_config/cfg.py:2609
2026-02-05 00:41:13.815 112532 DEBUG oslo_service.service [req-a887718d-2f8f-4249-a58d-9e98d513cea3 - - - - -] cyborg.region_name = None log_opt_values /usr/lib/python3/dist-packages/oslo_config/cfg.py:2609
2026-02-05 00:41:13.816 112532 DEBUG oslo_service.service [req-a887718d-2f8f-4249-a58d-9e98d513cea3 - - - - -] cyborg.service_name = None log_opt_values /usr/lib/python3/dist-packages/oslo_config/cfg.py:2609
2026-02-05 00:41:13.816 112532 DEBUG oslo_service.service [req-a887718d-2f8f-4249-a58d-9e98d513cea3 - - - - -] cyborg.service_type = accelerator log_opt_values /usr/lib/python3/dist-packages/oslo_config/cfg.py:2609
2026-02-05 00:41:13.816 112532 DEBUG oslo_service.service [req-a887718d-2f8f-4249-a58d-9e98d513cea3 - - - - -] cyborg.split_loggers = False log_opt_values /usr/lib/python3/dist-packages/oslo_config/cfg.py:2609
2026-02-05 00:41:13.816 112532 DEBUG oslo_service.service [req-a887718d-2f8f-4249-a58d-9e98d513cea3 - - - - -] cyborg.status_code_retries = None log_opt_values /usr/lib/python3/dist-packages/oslo_config/cfg.py:2609
2026-02-05 00:41:13.817 112532 DEBUG oslo_service.service [req-a887718d-2f8f-4249-a58d-9e98d513cea3 - - - - -] cyborg.status_code_retry_delay = None log_opt_values /usr/lib/python3/dist-packages/oslo_config/cfg.py:2609
2026-02-05 00:41:13.817 112532 DEBUG oslo_service.service [req-a887718d-2f8f-4249-a58d-9e98d513cea3 - - - - -] cyborg.timeout = None log_opt_values /usr/lib/python3/dist-packages/oslo_config/cfg.py:2609
2026-02-05 00:41:13.817 112532 DEBUG oslo_service.service [req-a887718d-2f8f-4249-a58d-9e98d513cea3 - - - - -] cyborg.valid_interfaces = ['internal', 'public'] log_opt_values /usr/lib/python3/dist-packages/oslo_config/cfg.py:2609
2026-02-05 00:41:13.817 112532 DEBUG oslo_service.service [req-a887718d-2f8f-4249-a58d-9e98d513cea3 - - - - -] cyborg.version = None log_opt_values /usr/lib/python3/dist-packages/oslo_config/cfg.py:2609
2026-02-05 00:41:13.818 112532 DEBUG oslo_service.service [req-a887718d-2f8f-4249-a58d-9e98d513cea3 - - - - -] database.backend = sqlalchemy log_opt_values /usr/lib/python3/dist-packages/oslo_config/cfg.py:2609
2026-02-05 00:41:13.818 112532 DEBUG oslo_service.service [req-a887718d-2f8f-4249-a58d-9e98d513cea3 - - - - -] database.connection = **** log_opt_values /usr/lib/python3/dist-packages/oslo_config/cfg.py:2609
2026-02-05 00:41:13.818 112532 DEBUG oslo_service.service [req-a887718d-2f8f-4249-a58d-9e98d513cea3 - - - - -] database.connection_debug = 0 log_opt_values /usr/lib/python3/dist-packages/oslo_config/cfg.py:2609
2026-02-05 00:41:13.818 112532 DEBUG oslo_service.service [req-a887718d-2f8f-4249-a58d-9e98d513cea3 - - - - -] database.connection_parameters = log_opt_values /usr/lib/python3/dist-packages/oslo_config/cfg.py:2609
2026-02-05 00:41:13.818 112532 DEBUG oslo_service.service [req-a887718d-2f8f-4249-a58d-9e98d513cea3 - - - - -] database.connection_recycle_time = 3600 log_opt_values /usr/lib/python3/dist-packages/oslo_config/cfg.py:2609
2026-02-05 00:41:13.819 112532 DEBUG oslo_service.service [req-a887718d-2f8f-4249-a58d-9e98d513cea3 - - - - -] database.connection_trace = False log_opt_values /usr/lib/python3/dist-packages/oslo_config/cfg.py:2609
2026-02-05 00:41:13.819 112532 DEBUG oslo_service.service [req-a887718d-2f8f-4249-a58d-9e98d513cea3 - - - - -] database.db_inc_retry_interval = True log_opt_values /usr/lib/python3/dist-packages/oslo_config/cfg.py:2609
2026-02-05 00:41:13.819 112532 DEBUG oslo_service.service [req-a887718d-2f8f-4249-a58d-9e98d513cea3 - - - - -] database.db_max_retries = 20 log_opt_values /usr/lib/python3/dist-packages/oslo_config/cfg.py:2609
2026-02-05 00:41:13.819 112532 DEBUG oslo_service.service [req-a887718d-2f8f-4249-a58d-9e98d513cea3 - - - - -] database.db_max_retry_interval = 10 log_opt_values /usr/lib/python3/dist-packages/oslo_config/cfg.py:2609
2026-02-05 00:41:13.819 112532 DEBUG oslo_service.service [req-a887718d-2f8f-4249-a58d-9e98d513cea3 - - - - -] database.db_retry_interval = 1 log_opt_values /usr/lib/python3/dist-packages/oslo_config/cfg.py:2609
2026-02-05 00:41:13.820 112532 DEBUG oslo_service.service [req-a887718d-2f8f-4249-a58d-9e98d513cea3 - - - - -] database.max_overflow = 50 log_opt_values /usr/lib/python3/dist-packages/oslo_config/cfg.py:2609
2026-02-05 00:41:13.820 112532 DEBUG oslo_service.service [req-a887718d-2f8f-4249-a58d-9e98d513cea3 - - - - -] database.max_pool_size = 4 log_opt_values /usr/lib/python3/dist-packages/oslo_config/cfg.py:2609
2026-02-05 00:41:13.820 112532 DEBUG oslo_service.service [req-a887718d-2f8f-4249-a58d-9e98d513cea3 - - - - -] database.max_retries = 10 log_opt_values /usr/lib/python3/dist-packages/oslo_config/cfg.py:2609
2026-02-05 00:41:13.821 112532 DEBUG oslo_service.service [req-a887718d-2f8f-4249-a58d-9e98d513cea3 - - - - -] database.mysql_enable_ndb = False log_opt_values /usr/lib/python3/dist-packages/oslo_config/cfg.py:2609
2026-02-05 00:41:13.821 112532 DEBUG oslo_service.service [req-a887718d-2f8f-4249-a58d-9e98d513cea3 - - - - -] database.mysql_sql_mode = TRADITIONAL log_opt_values /usr/lib/python3/dist-packages/oslo_config/cfg.py:2609
2026-02-05 00:41:13.820 114050 DEBUG oslo_messaging._drivers.amqpdriver [-] Listener is running poll /usr/lib/python3/dist-packages/oslo_messaging/_drivers/amqpdriver.py:343
2026-02-05 00:41:13.821 112532 DEBUG oslo_service.service [req-a887718d-2f8f-4249-a58d-9e98d513cea3 - - - - -] database.pool_timeout = None log_opt_values /usr/lib/python3/dist-packages/oslo_config/cfg.py:2609
2026-02-05 00:41:13.822 112532 DEBUG oslo_service.service [req-a887718d-2f8f-4249-a58d-9e98d513cea3 - - - - -] database.retry_interval = 10 log_opt_values /usr/lib/python3/dist-packages/oslo_config/cfg.py:2609
2026-02-05 00:41:13.822 112532 DEBUG oslo_service.service [req-a887718d-2f8f-4249-a58d-9e98d513cea3 - - - - -] database.slave_connection = **** log_opt_values /usr/lib/python3/dist-packages/oslo_config/cfg.py:2609
2026-02-05 00:41:13.821 114050 DEBUG oslo_messaging._drivers.amqpdriver [-] AMQPListener connection consume poll /usr/lib/python3/dist-packages/oslo_messaging/_drivers/amqpdriver.py:357
2026-02-05 00:41:13.822 112532 DEBUG oslo_service.service [req-a887718d-2f8f-4249-a58d-9e98d513cea3 - - - - -] database.sqlite_synchronous = True log_opt_values /usr/lib/python3/dist-packages/oslo_config/cfg.py:2609
2026-02-05 00:41:13.823 112532 DEBUG oslo_service.service [req-a887718d-2f8f-4249-a58d-9e98d513cea3 - - - - -] database.use_db_reconnect = False log_opt_values /usr/lib/python3/dist-packages/oslo_config/cfg.py:2609
2026-02-05 00:41:13.823 112532 DEBUG oslo_service.service [req-a887718d-2f8f-4249-a58d-9e98d513cea3 - - - - -] api_database.backend = sqlalchemy log_opt_values /usr/lib/python3/dist-packages/oslo_config/cfg.py:2609
2026-02-05 00:41:13.823 112532 DEBUG oslo_service.service [req-a887718d-2f8f-4249-a58d-9e98d513cea3 - - - - -] api_database.connection = **** log_opt_values /usr/lib/python3/dist-packages/oslo_config/cfg.py:2609
2026-02-05 00:41:13.824 112532 DEBUG oslo_service.service [req-a887718d-2f8f-4249-a58d-9e98d513cea3 - - - - -] api_database.connection_debug = 0 log_opt_values /usr/lib/python3/dist-packages/oslo_config/cfg.py:2609
2026-02-05 00:41:13.824 112532 DEBUG oslo_service.service [req-a887718d-2f8f-4249-a58d-9e98d513cea3 - - - - -] api_database.connection_parameters = log_opt_values /usr/lib/python3/dist-packages/oslo_config/cfg.py:2609
2026-02-05 00:41:13.824 112532 DEBUG oslo_service.service [req-a887718d-2f8f-4249-a58d-9e98d513cea3 - - - - -] api_database.connection_recycle_time = 3600 log_opt_values /usr/lib/python3/dist-packages/oslo_config/cfg.py:2609
2026-02-05 00:41:13.825 112532 DEBUG oslo_service.service [req-a887718d-2f8f-4249-a58d-9e98d513cea3 - - - - -] api_database.connection_trace = False log_opt_values /usr/lib/python3/dist-packages/oslo_config/cfg.py:2609
2026-02-05 00:41:13.825 112532 DEBUG oslo_service.service [req-a887718d-2f8f-4249-a58d-9e98d513cea3 - - - - -] api_database.db_inc_retry_interval = True log_opt_values /usr/lib/python3/dist-packages/oslo_config/cfg.py:2609
2026-02-05 00:41:13.825 112532 DEBUG oslo_service.service [req-a887718d-2f8f-4249-a58d-9e98d513cea3 - - - - -] api_database.db_max_retries = 20 log_opt_values /usr/lib/python3/dist-packages/oslo_config/cfg.py:2609
2026-02-05 00:41:13.826 112532 DEBUG oslo_service.service [req-a887718d-2f8f-4249-a58d-9e98d513cea3 - - - - -] api_database.db_max_retry_interval = 10 log_opt_values /usr/lib/python3/dist-packages/oslo_config/cfg.py:2609
2026-02-05 00:41:13.826 112532 DEBUG oslo_service.service [req-a887718d-2f8f-4249-a58d-9e98d513cea3 - - - - -] api_database.db_retry_interval = 1 log_opt_values /usr/lib/python3/dist-packages/oslo_config/cfg.py:2609
2026-02-05 00:41:13.826 114049 DEBUG oslo_messaging._drivers.amqpdriver [-] Listener is running poll /usr/lib/python3/dist-packages/oslo_messaging/_drivers/amqpdriver.py:343
2026-02-05 00:41:13.826 114049 DEBUG oslo_messaging._drivers.amqpdriver [-] AMQPListener connection consume poll /usr/lib/python3/dist-packages/oslo_messaging/_drivers/amqpdriver.py:357
2026-02-05 00:41:13.826 114050 DEBUG nova.service [req-e71af9f5-b17d-4329-969a-325bad2abc43 - - - - -] Join ServiceGroup membership for this service conductor start /usr/lib/python3/dist-packages/nova/service.py:199
2026-02-05 00:41:13.826 112532 DEBUG oslo_service.service [req-a887718d-2f8f-4249-a58d-9e98d513cea3 - - - - -] api_database.max_overflow = 50 log_opt_values /usr/lib/python3/dist-packages/oslo_config/cfg.py:2609
2026-02-05 00:41:13.826 112532 DEBUG oslo_service.service [req-a887718d-2f8f-4249-a58d-9e98d513cea3 - - - - -] api_database.max_pool_size = 4 log_opt_values /usr/lib/python3/dist-packages/oslo_config/cfg.py:2609
2026-02-05 00:41:13.827 114049 DEBUG nova.service [req-68913e34-f6c3-447d-aa4c-01bc30d3386e - - - - -] Join ServiceGroup membership for this service conductor start /usr/lib/python3/dist-packages/nova/service.py:199
2026-02-05 00:41:13.827 112532 DEBUG oslo_service.service [req-a887718d-2f8f-4249-a58d-9e98d513cea3 - - - - -] api_database.max_retries = 10 log_opt_values /usr/lib/python3/dist-packages/oslo_config/cfg.py:2609
2026-02-05 00:41:13.827 114049 DEBUG nova.servicegroup.drivers.db [req-68913e34-f6c3-447d-aa4c-01bc30d3386e - - - - -] DB_Driver: join new ServiceGroup member juju-311893-0-lxd-7 to the conductor group, service = join /usr/lib/python3/dist-packages/nova/servicegroup/drivers/db.py:44
2026-02-05 00:41:13.827 112532 DEBUG oslo_service.service [req-a887718d-2f8f-4249-a58d-9e98d513cea3 - - - - -] api_database.mysql_enable_ndb = False log_opt_values /usr/lib/python3/dist-packages/oslo_config/cfg.py:2609
2026-02-05 00:41:13.827 112532 DEBUG oslo_service.service [req-a887718d-2f8f-4249-a58d-9e98d513cea3 - - - - -] api_database.mysql_sql_mode = TRADITIONAL log_opt_values /usr/lib/python3/dist-packages/oslo_config/cfg.py:2609
2026-02-05 00:41:13.828 112532 DEBUG oslo_service.service [req-a887718d-2f8f-4249-a58d-9e98d513cea3 - - - - -] api_database.pool_timeout = None log_opt_values /usr/lib/python3/dist-packages/oslo_config/cfg.py:2609
2026-02-05 00:41:13.828 112532 DEBUG oslo_service.service [req-a887718d-2f8f-4249-a58d-9e98d513cea3 - - - - -] api_database.retry_interval = 10 log_opt_values /usr/lib/python3/dist-packages/oslo_config/cfg.py:2609
2026-02-05 00:41:13.828 112532 DEBUG oslo_service.service [req-a887718d-2f8f-4249-a58d-9e98d513cea3 - - - - -] api_database.slave_connection = **** log_opt_values /usr/lib/python3/dist-packages/oslo_config/cfg.py:2609
2026-02-05 00:41:13.828 112532 DEBUG oslo_service.service [req-a887718d-2f8f-4249-a58d-9e98d513cea3 - - - - -] api_database.sqlite_synchronous = True log_opt_values /usr/lib/python3/dist-packages/oslo_config/cfg.py:2609
2026-02-05 00:41:13.829 112532 DEBUG oslo_service.service [req-a887718d-2f8f-4249-a58d-9e98d513cea3 - - - - -] devices.enabled_mdev_types = [] log_opt_values /usr/lib/python3/dist-packages/oslo_config/cfg.py:2609
2026-02-05 00:41:13.826 114050 DEBUG nova.servicegroup.drivers.db [req-e71af9f5-b17d-4329-969a-325bad2abc43 - - - - -] DB_Driver: join new ServiceGroup member juju-311893-0-lxd-7 to the conductor group, service = join /usr/lib/python3/dist-packages/nova/servicegroup/drivers/db.py:44
2026-02-05 00:41:13.829 112532 DEBUG oslo_service.service [req-a887718d-2f8f-4249-a58d-9e98d513cea3 - - - - -] ephemeral_storage_encryption.cipher = aes-xts-plain64 log_opt_values /usr/lib/python3/dist-packages/oslo_config/cfg.py:2609
2026-02-05 00:41:13.829 114049 DEBUG oslo_messaging._drivers.amqpdriver [-] AMQPListener connection timeout poll /usr/lib/python3/dist-packages/oslo_messaging/_drivers/amqpdriver.py:360
2026-02-05 00:41:13.829 114049 DEBUG oslo_messaging._drivers.amqpdriver [-] Listener is running poll /usr/lib/python3/dist-packages/oslo_messaging/_drivers/amqpdriver.py:343
2026-02-05 00:41:13.829 114049 DEBUG oslo_messaging._drivers.amqpdriver [-] AMQPListener connection consume poll /usr/lib/python3/dist-packages/oslo_messaging/_drivers/amqpdriver.py:357
2026-02-05 00:41:13.829 112532 DEBUG oslo_service.service [req-a887718d-2f8f-4249-a58d-9e98d513cea3 - - - - -] ephemeral_storage_encryption.enabled = False log_opt_values /usr/lib/python3/dist-packages/oslo_config/cfg.py:2609
2026-02-05 00:41:13.829 114056 DEBUG oslo_messaging._drivers.amqpdriver [-] Listener is running poll /usr/lib/python3/dist-packages/oslo_messaging/_drivers/amqpdriver.py:343
2026-02-05 00:41:13.830 114056 DEBUG oslo_messaging._drivers.amqpdriver [-] AMQPListener connection consume poll /usr/lib/python3/dist-packages/oslo_messaging/_drivers/amqpdriver.py:357
2026-02-05 00:41:13.830 112532 DEBUG oslo_service.service [req-a887718d-2f8f-4249-a58d-9e98d513cea3 - - - - -] ephemeral_storage_encryption.key_size = 512 log_opt_values /usr/lib/python3/dist-packages/oslo_config/cfg.py:2609
2026-02-05 00:41:13.830 112532 DEBUG oslo_service.service [req-a887718d-2f8f-4249-a58d-9e98d513cea3 - - - - -] glance.api_servers = None log_opt_values /usr/lib/python3/dist-packages/oslo_config/cfg.py:2609
2026-02-05 00:41:13.830 114056 DEBUG nova.service [req-d221b18a-257b-4c96-930e-e98be685684c - - - - -] Join ServiceGroup membership for this service conductor start /usr/lib/python3/dist-packages/nova/service.py:199
2026-02-05 00:41:13.830 114050 DEBUG oslo_messaging._drivers.amqpdriver [-] AMQPListener connection timeout poll /usr/lib/python3/dist-packages/oslo_messaging/_drivers/amqpdriver.py:360
2026-02-05 00:41:13.830 112532 DEBUG oslo_service.service [req-a887718d-2f8f-4249-a58d-9e98d513cea3 - - - - -] glance.cafile = None log_opt_values /usr/lib/python3/dist-packages/oslo_config/cfg.py:2609
2026-02-05 00:41:13.831 114056 DEBUG nova.servicegroup.drivers.db [req-d221b18a-257b-4c96-930e-e98be685684c - - - - -] DB_Driver: join new ServiceGroup member juju-311893-0-lxd-7 to the conductor group, service = join /usr/lib/python3/dist-packages/nova/servicegroup/drivers/db.py:44
2026-02-05 00:41:13.831 114050 DEBUG oslo_messaging._drivers.amqpdriver [-] Listener is running poll /usr/lib/python3/dist-packages/oslo_messaging/_drivers/amqpdriver.py:343
2026-02-05 00:41:13.831 114050 DEBUG oslo_messaging._drivers.amqpdriver [-] AMQPListener connection consume poll /usr/lib/python3/dist-packages/oslo_messaging/_drivers/amqpdriver.py:357
2026-02-05 00:41:13.831 112532 DEBUG oslo_service.service [req-a887718d-2f8f-4249-a58d-9e98d513cea3 - - - - -] glance.certfile = None log_opt_values /usr/lib/python3/dist-packages/oslo_config/cfg.py:2609
2026-02-05 00:41:13.831 112532 DEBUG oslo_service.service [req-a887718d-2f8f-4249-a58d-9e98d513cea3 - - - - -] glance.collect_timing = False log_opt_values /usr/lib/python3/dist-packages/oslo_config/cfg.py:2609
2026-02-05 00:41:13.831 112532 DEBUG oslo_service.service [req-a887718d-2f8f-4249-a58d-9e98d513cea3 - - - - -] glance.connect_retries = None log_opt_values /usr/lib/python3/dist-packages/oslo_config/cfg.py:2609
2026-02-05 00:41:13.831 112532 DEBUG oslo_service.service [req-a887718d-2f8f-4249-a58d-9e98d513cea3 - - - - -] glance.connect_retry_delay = None log_opt_values /usr/lib/python3/dist-packages/oslo_config/cfg.py:2609
2026-02-05 00:41:13.831 112532 DEBUG oslo_service.service [req-a887718d-2f8f-4249-a58d-9e98d513cea3 - - - - -] glance.debug = False log_opt_values /usr/lib/python3/dist-packages/oslo_config/cfg.py:2609
2026-02-05 00:41:13.832 112532 DEBUG oslo_service.service [req-a887718d-2f8f-4249-a58d-9e98d513cea3 - - - - -] glance.default_trusted_certificate_ids = [] log_opt_values /usr/lib/python3/dist-packages/oslo_config/cfg.py:2609
2026-02-05 00:41:13.832 112532 DEBUG oslo_service.service [req-a887718d-2f8f-4249-a58d-9e98d513cea3 - - - - -] glance.enable_certificate_validation = False log_opt_values /usr/lib/python3/dist-packages/oslo_config/cfg.py:2609
2026-02-05 00:41:13.832 112532 DEBUG oslo_service.service [req-a887718d-2f8f-4249-a58d-9e98d513cea3 - - - - -] glance.enable_rbd_download = False log_opt_values /usr/lib/python3/dist-packages/oslo_config/cfg.py:2609
2026-02-05 00:41:13.832 112532 DEBUG oslo_service.service [req-a887718d-2f8f-4249-a58d-9e98d513cea3 - - - - -] glance.endpoint_override = None log_opt_values /usr/lib/python3/dist-packages/oslo_config/cfg.py:2609
2026-02-05 00:41:13.832 112532 DEBUG oslo_service.service [req-a887718d-2f8f-4249-a58d-9e98d513cea3 - - - - -] glance.insecure = False log_opt_values /usr/lib/python3/dist-packages/oslo_config/cfg.py:2609
2026-02-05 00:41:13.833 112532 DEBUG oslo_service.service [req-a887718d-2f8f-4249-a58d-9e98d513cea3 - - - - -] glance.keyfile = None log_opt_values /usr/lib/python3/dist-packages/oslo_config/cfg.py:2609
2026-02-05 00:41:13.833 112532 DEBUG oslo_service.service [req-a887718d-2f8f-4249-a58d-9e98d513cea3 - - - - -] glance.max_version = None log_opt_values /usr/lib/python3/dist-packages/oslo_config/cfg.py:2609
2026-02-05 00:41:13.833 112532 DEBUG oslo_service.service [req-a887718d-2f8f-4249-a58d-9e98d513cea3 - - - - -] glance.min_version = None log_opt_values /usr/lib/python3/dist-packages/oslo_config/cfg.py:2609
2026-02-05 00:41:13.833 112532 DEBUG oslo_service.service [req-a887718d-2f8f-4249-a58d-9e98d513cea3 - - - - -] glance.num_retries = 3 log_opt_values /usr/lib/python3/dist-packages/oslo_config/cfg.py:2609
2026-02-05 00:41:13.834 114056 DEBUG oslo_messaging._drivers.amqpdriver [-] AMQPListener connection timeout poll /usr/lib/python3/dist-packages/oslo_messaging/_drivers/amqpdriver.py:360
2026-02-05 00:41:13.834 114056 DEBUG oslo_messaging._drivers.amqpdriver [-] Listener is running poll /usr/lib/python3/dist-packages/oslo_messaging/_drivers/amqpdriver.py:343
2026-02-05 00:41:13.834 114056 DEBUG oslo_messaging._drivers.amqpdriver [-] AMQPListener connection consume poll /usr/lib/python3/dist-packages/oslo_messaging/_drivers/amqpdriver.py:357
2026-02-05 00:41:13.833 112532 DEBUG oslo_service.service [req-a887718d-2f8f-4249-a58d-9e98d513cea3 - - - - -] glance.rbd_ceph_conf = log_opt_values /usr/lib/python3/dist-packages/oslo_config/cfg.py:2609
2026-02-05 00:41:13.835 112532 DEBUG oslo_service.service [req-a887718d-2f8f-4249-a58d-9e98d513cea3 - - - - -] glance.rbd_connect_timeout = 5 log_opt_values /usr/lib/python3/dist-packages/oslo_config/cfg.py:2609
2026-02-05 00:41:13.835 112532 DEBUG oslo_service.service [req-a887718d-2f8f-4249-a58d-9e98d513cea3 - - - - -] glance.rbd_pool = log_opt_values /usr/lib/python3/dist-packages/oslo_config/cfg.py:2609
2026-02-05 00:41:13.835 112532 DEBUG oslo_service.service [req-a887718d-2f8f-4249-a58d-9e98d513cea3 - - - - -] glance.rbd_user = log_opt_values /usr/lib/python3/dist-packages/oslo_config/cfg.py:2609
2026-02-05 00:41:13.835 112532 DEBUG oslo_service.service [req-a887718d-2f8f-4249-a58d-9e98d513cea3 - - - - -] glance.region_name = None log_opt_values /usr/lib/python3/dist-packages/oslo_config/cfg.py:2609
2026-02-05 00:41:13.836 112532 DEBUG oslo_service.service [req-a887718d-2f8f-4249-a58d-9e98d513cea3 - - - - -] glance.service_name = None log_opt_values /usr/lib/python3/dist-packages/oslo_config/cfg.py:2609
2026-02-05 00:41:13.836 112532 DEBUG oslo_service.service [req-a887718d-2f8f-4249-a58d-9e98d513cea3 - - - - -] glance.service_type = image log_opt_values /usr/lib/python3/dist-packages/oslo_config/cfg.py:2609
2026-02-05 00:41:13.836 112532 DEBUG oslo_service.service [req-a887718d-2f8f-4249-a58d-9e98d513cea3 - - - - -] glance.split_loggers = False log_opt_values /usr/lib/python3/dist-packages/oslo_config/cfg.py:2609
2026-02-05 00:41:13.837 112532 DEBUG oslo_service.service [req-a887718d-2f8f-4249-a58d-9e98d513cea3 - - - - -] glance.status_code_retries = None log_opt_values /usr/lib/python3/dist-packages/oslo_config/cfg.py:2609
2026-02-05 00:41:13.837 112532 DEBUG oslo_service.service [req-a887718d-2f8f-4249-a58d-9e98d513cea3 - - - - -] glance.status_code_retry_delay = None log_opt_values /usr/lib/python3/dist-packages/oslo_config/cfg.py:2609
2026-02-05 00:41:13.837 112532 DEBUG oslo_service.service [req-a887718d-2f8f-4249-a58d-9e98d513cea3 - - - - -] glance.timeout = None log_opt_values /usr/lib/python3/dist-packages/oslo_config/cfg.py:2609
2026-02-05 00:41:13.838 112532 DEBUG oslo_service.service [req-a887718d-2f8f-4249-a58d-9e98d513cea3 - - - - -] glance.valid_interfaces = ['internal', 'public'] log_opt_values /usr/lib/python3/dist-packages/oslo_config/cfg.py:2609
2026-02-05 00:41:13.838 112532 DEBUG oslo_service.service [req-a887718d-2f8f-4249-a58d-9e98d513cea3 - - - - -] glance.verify_glance_signatures = False log_opt_values /usr/lib/python3/dist-packages/oslo_config/cfg.py:2609
2026-02-05 00:41:13.838 112532 DEBUG oslo_service.service [req-a887718d-2f8f-4249-a58d-9e98d513cea3 - - - - -] glance.version = None log_opt_values /usr/lib/python3/dist-packages/oslo_config/cfg.py:2609
2026-02-05 00:41:13.838 112532 DEBUG oslo_service.service [req-a887718d-2f8f-4249-a58d-9e98d513cea3 - - - - -] guestfs.debug = False log_opt_values /usr/lib/python3/dist-packages/oslo_config/cfg.py:2609
2026-02-05 00:41:13.838 114043 DEBUG oslo_messaging._drivers.amqpdriver [-] Listener is running poll /usr/lib/python3/dist-packages/oslo_messaging/_drivers/amqpdriver.py:343
2026-02-05 00:41:13.839 114043 DEBUG oslo_messaging._drivers.amqpdriver [-] AMQPListener connection consume poll /usr/lib/python3/dist-packages/oslo_messaging/_drivers/amqpdriver.py:357
2026-02-05 00:41:13.839 112532 DEBUG oslo_service.service [req-a887718d-2f8f-4249-a58d-9e98d513cea3 - - - - -] hyperv.config_drive_cdrom = False log_opt_values /usr/lib/python3/dist-packages/oslo_config/cfg.py:2609
2026-02-05 00:41:13.839 112532 DEBUG oslo_service.service [req-a887718d-2f8f-4249-a58d-9e98d513cea3 - - - - -] hyperv.config_drive_inject_password = False log_opt_values /usr/lib/python3/dist-packages/oslo_config/cfg.py:2609
2026-02-05 00:41:13.839 112532 DEBUG oslo_service.service [req-a887718d-2f8f-4249-a58d-9e98d513cea3 - - - - -] hyperv.dynamic_memory_ratio = 1.0 log_opt_values /usr/lib/python3/dist-packages/oslo_config/cfg.py:2609
2026-02-05 00:41:13.839 114043 DEBUG nova.service [req-ce2d91ab-4f57-45f6-a277-18e7f6f37b39 - - - - -] Join ServiceGroup membership for this service conductor start /usr/lib/python3/dist-packages/nova/service.py:199
2026-02-05 00:41:13.839 112532 DEBUG oslo_service.service [req-a887718d-2f8f-4249-a58d-9e98d513cea3 - - - - -] hyperv.enable_instance_metrics_collection = False log_opt_values /usr/lib/python3/dist-packages/oslo_config/cfg.py:2609
2026-02-05 00:41:13.840 114043 DEBUG nova.servicegroup.drivers.db [req-ce2d91ab-4f57-45f6-a277-18e7f6f37b39 - - - - -] DB_Driver: join new ServiceGroup member juju-311893-0-lxd-7 to the conductor group, service = join /usr/lib/python3/dist-packages/nova/servicegroup/drivers/db.py:44
2026-02-05 00:41:13.840 112532 DEBUG oslo_service.service [req-a887718d-2f8f-4249-a58d-9e98d513cea3 - - - - -] hyperv.enable_remotefx = False log_opt_values /usr/lib/python3/dist-packages/oslo_config/cfg.py:2609
2026-02-05 00:41:13.840 112532 DEBUG oslo_service.service [req-a887718d-2f8f-4249-a58d-9e98d513cea3 - - - - -] hyperv.instances_path_share = log_opt_values /usr/lib/python3/dist-packages/oslo_config/cfg.py:2609
2026-02-05 00:41:13.840 112532 DEBUG oslo_service.service [req-a887718d-2f8f-4249-a58d-9e98d513cea3 - - - - -] hyperv.iscsi_initiator_list = [] log_opt_values /usr/lib/python3/dist-packages/oslo_config/cfg.py:2609
2026-02-05 00:41:13.841 112532 DEBUG oslo_service.service [req-a887718d-2f8f-4249-a58d-9e98d513cea3 - - - - -] hyperv.limit_cpu_features = False log_opt_values /usr/lib/python3/dist-packages/oslo_config/cfg.py:2609
2026-02-05 00:41:13.841 112532 DEBUG oslo_service.service [req-a887718d-2f8f-4249-a58d-9e98d513cea3 - - - - -] hyperv.mounted_disk_query_retry_count = 10 log_opt_values /usr/lib/python3/dist-packages/oslo_config/cfg.py:2609
2026-02-05 00:41:13.841 112532 DEBUG oslo_service.service [req-a887718d-2f8f-4249-a58d-9e98d513cea3 - - - - -] hyperv.mounted_disk_query_retry_interval = 5 log_opt_values /usr/lib/python3/dist-packages/oslo_config/cfg.py:2609
2026-02-05 00:41:13.842 112532 DEBUG oslo_service.service [req-a887718d-2f8f-4249-a58d-9e98d513cea3 - - - - -] hyperv.power_state_check_timeframe = 60 log_opt_values /usr/lib/python3/dist-packages/oslo_config/cfg.py:2609
2026-02-05 00:41:13.842 114043 DEBUG oslo_messaging._drivers.amqpdriver [-] AMQPListener connection timeout poll /usr/lib/python3/dist-packages/oslo_messaging/_drivers/amqpdriver.py:360
2026-02-05 00:41:13.842 112532 DEBUG oslo_service.service [req-a887718d-2f8f-4249-a58d-9e98d513cea3 - - - - -] hyperv.power_state_event_polling_interval = 2 log_opt_values /usr/lib/python3/dist-packages/oslo_config/cfg.py:2609
2026-02-05 00:41:13.842 114043 DEBUG oslo_messaging._drivers.amqpdriver [-] Listener is running poll /usr/lib/python3/dist-packages/oslo_messaging/_drivers/amqpdriver.py:343
2026-02-05 00:41:13.842 112532 DEBUG oslo_service.service [req-a887718d-2f8f-4249-a58d-9e98d513cea3 - - - - -] hyperv.qemu_img_cmd = qemu-img.exe log_opt_values /usr/lib/python3/dist-packages/oslo_config/cfg.py:2609
2026-02-05 00:41:13.842 114043 DEBUG oslo_messaging._drivers.amqpdriver [-] AMQPListener connection consume poll /usr/lib/python3/dist-packages/oslo_messaging/_drivers/amqpdriver.py:357
2026-02-05 00:41:13.842 112532 DEBUG oslo_service.service [req-a887718d-2f8f-4249-a58d-9e98d513cea3 - - - - -] hyperv.use_multipath_io = False log_opt_values /usr/lib/python3/dist-packages/oslo_config/cfg.py:2609
2026-02-05 00:41:13.842 112532 DEBUG oslo_service.service [req-a887718d-2f8f-4249-a58d-9e98d513cea3 - - - - -] hyperv.volume_attach_retry_count = 10 log_opt_values /usr/lib/python3/dist-packages/oslo_config/cfg.py:2609
2026-02-05 00:41:13.843 112532 DEBUG oslo_service.service [req-a887718d-2f8f-4249-a58d-9e98d513cea3 - - - - -] hyperv.volume_attach_retry_interval = 5 log_opt_values /usr/lib/python3/dist-packages/oslo_config/cfg.py:2609
2026-02-05 00:41:13.843 112532 DEBUG oslo_service.service [req-a887718d-2f8f-4249-a58d-9e98d513cea3 - - - - -] hyperv.vswitch_name = None log_opt_values /usr/lib/python3/dist-packages/oslo_config/cfg.py:2609
2026-02-05 00:41:13.843 112532 DEBUG oslo_service.service [req-a887718d-2f8f-4249-a58d-9e98d513cea3 - - - - -] hyperv.wait_soft_reboot_seconds = 60 log_opt_values /usr/lib/python3/dist-packages/oslo_config/cfg.py:2609
2026-02-05 00:41:13.843 112532 DEBUG oslo_service.service [req-a887718d-2f8f-4249-a58d-9e98d513cea3 - - - - -] mks.enabled = False log_opt_values /usr/lib/python3/dist-packages/oslo_config/cfg.py:2609
2026-02-05 00:41:13.844 112532 DEBUG oslo_service.service [req-a887718d-2f8f-4249-a58d-9e98d513cea3 - - - - -] mks.mksproxy_base_url = http://127.0.0.1:6090/ log_opt_values /usr/lib/python3/dist-packages/oslo_config/cfg.py:2609
2026-02-05 00:41:13.844 112532 DEBUG oslo_service.service [req-a887718d-2f8f-4249-a58d-9e98d513cea3 - - - - -] image_cache.manager_interval = 2400 log_opt_values /usr/lib/python3/dist-packages/oslo_config/cfg.py:2609
2026-02-05 00:41:13.844 112532 DEBUG oslo_service.service [req-a887718d-2f8f-4249-a58d-9e98d513cea3 - - - - -] image_cache.precache_concurrency = 1 log_opt_values /usr/lib/python3/dist-packages/oslo_config/cfg.py:2609
2026-02-05 00:41:13.845 112532 DEBUG oslo_service.service [req-a887718d-2f8f-4249-a58d-9e98d513cea3 - - - - -] image_cache.remove_unused_base_images = True log_opt_values /usr/lib/python3/dist-packages/oslo_config/cfg.py:2609
2026-02-05 00:41:13.845 112532 DEBUG oslo_service.service [req-a887718d-2f8f-4249-a58d-9e98d513cea3 - - - - -] image_cache.remove_unused_original_minimum_age_seconds = 86400 log_opt_values /usr/lib/python3/dist-packages/oslo_config/cfg.py:2609
2026-02-05 00:41:13.845 112532 DEBUG oslo_service.service [req-a887718d-2f8f-4249-a58d-9e98d513cea3 - - - - -] image_cache.remove_unused_resized_minimum_age_seconds = 3600 log_opt_values /usr/lib/python3/dist-packages/oslo_config/cfg.py:2609
2026-02-05 00:41:13.846 112532 DEBUG oslo_service.service [req-a887718d-2f8f-4249-a58d-9e98d513cea3 - - - - -] image_cache.subdirectory_name = _base log_opt_values /usr/lib/python3/dist-packages/oslo_config/cfg.py:2609
2026-02-05 00:41:13.846 112532 DEBUG oslo_service.service [req-a887718d-2f8f-4249-a58d-9e98d513cea3 - - - - -] ironic.api_max_retries = 60 log_opt_values /usr/lib/python3/dist-packages/oslo_config/cfg.py:2609
2026-02-05 00:41:13.846 112532 DEBUG oslo_service.service [req-a887718d-2f8f-4249-a58d-9e98d513cea3 - - - - -] ironic.api_retry_interval = 2 log_opt_values /usr/lib/python3/dist-packages/oslo_config/cfg.py:2609
2026-02-05 00:41:13.846 112532 DEBUG oslo_service.service [req-a887718d-2f8f-4249-a58d-9e98d513cea3 - - - - -] ironic.auth_section = None log_opt_values /usr/lib/python3/dist-packages/oslo_config/cfg.py:2609
2026-02-05 00:41:13.846 112532 DEBUG oslo_service.service [req-a887718d-2f8f-4249-a58d-9e98d513cea3 - - - - -] ironic.auth_type = None log_opt_values /usr/lib/python3/dist-packages/oslo_config/cfg.py:2609
2026-02-05 00:41:13.846 112532 DEBUG oslo_service.service [req-a887718d-2f8f-4249-a58d-9e98d513cea3 - - - - -] ironic.cafile = None log_opt_values /usr/lib/python3/dist-packages/oslo_config/cfg.py:2609
2026-02-05 00:41:13.847 112532 DEBUG oslo_service.service [req-a887718d-2f8f-4249-a58d-9e98d513cea3 - - - - -] ironic.certfile = None log_opt_values /usr/lib/python3/dist-packages/oslo_config/cfg.py:2609
2026-02-05 00:41:13.847 112532 DEBUG oslo_service.service [req-a887718d-2f8f-4249-a58d-9e98d513cea3 - - - - -] ironic.collect_timing = False log_opt_values /usr/lib/python3/dist-packages/oslo_config/cfg.py:2609
2026-02-05 00:41:13.847 112532 DEBUG oslo_service.service [req-a887718d-2f8f-4249-a58d-9e98d513cea3 - - - - -] ironic.connect_retries = None log_opt_values /usr/lib/python3/dist-packages/oslo_config/cfg.py:2609
2026-02-05 00:41:13.847 112532 DEBUG oslo_service.service [req-a887718d-2f8f-4249-a58d-9e98d513cea3 - - - - -] ironic.connect_retry_delay = None log_opt_values /usr/lib/python3/dist-packages/oslo_config/cfg.py:2609
2026-02-05 00:41:13.847 112532 DEBUG oslo_service.service [req-a887718d-2f8f-4249-a58d-9e98d513cea3 - - - - -] ironic.endpoint_override = None log_opt_values /usr/lib/python3/dist-packages/oslo_config/cfg.py:2609
2026-02-05 00:41:13.848 112532 DEBUG oslo_service.service [req-a887718d-2f8f-4249-a58d-9e98d513cea3 - - - - -] ironic.insecure = False log_opt_values /usr/lib/python3/dist-packages/oslo_config/cfg.py:2609
2026-02-05 00:41:13.848 112532 DEBUG oslo_service.service [req-a887718d-2f8f-4249-a58d-9e98d513cea3 - - - - -] ironic.keyfile = None log_opt_values /usr/lib/python3/dist-packages/oslo_config/cfg.py:2609
2026-02-05 00:41:13.848 112532 DEBUG oslo_service.service [req-a887718d-2f8f-4249-a58d-9e98d513cea3 - - - - -] ironic.max_version = None log_opt_values /usr/lib/python3/dist-packages/oslo_config/cfg.py:2609
2026-02-05 00:41:13.848 112532 DEBUG oslo_service.service [req-a887718d-2f8f-4249-a58d-9e98d513cea3 - - - - -] ironic.min_version = None log_opt_values /usr/lib/python3/dist-packages/oslo_config/cfg.py:2609
2026-02-05 00:41:13.848 112532 DEBUG oslo_service.service [req-a887718d-2f8f-4249-a58d-9e98d513cea3 - - - - -] ironic.partition_key = None log_opt_values /usr/lib/python3/dist-packages/oslo_config/cfg.py:2609
