2026-02-05 01:25:00.438 39366 DEBUG heat.engine.service [req-523cd373-f8ab-480a-aade-b32afad70605 - - - - -] Service 89a49605-6a7f-4ea4-99d0-19e10abe832b is updated service_manage_report /usr/lib/python3/dist-packages/heat/engine/service.py:2370
2026-02-05 01:25:00.485 39365 DEBUG heat.engine.service [req-d53dd18b-c452-492a-b948-17c460a7633d - - - - -] Service fe1174d9-1f0d-4c80-8570-6f401c2f03c2 is updated service_manage_report /usr/lib/python3/dist-packages/heat/engine/service.py:2370
2026-02-05 01:25:00.529 39367 DEBUG heat.engine.service [req-15babfdf-a174-4a4a-a877-830b60ea7220 - - - - -] Service 7188a02f-a138-4ccf-bf23-be7b3992cae8 is updated service_manage_report /usr/lib/python3/dist-packages/heat/engine/service.py:2370
2026-02-05 01:26:00.367 39368 DEBUG heat.engine.service [req-bdcdff69-f812-4cd6-a5a3-874424be270a - - - - -] Service 0cf676bd-22e6-4279-ac29-32d77a111d5f is updated service_manage_report /usr/lib/python3/dist-packages/heat/engine/service.py:2370
2026-02-05 01:26:00.434 39366 DEBUG heat.engine.service [req-84c01495-4f26-42aa-a9f1-62ebc645e703 - - - - -] Service 89a49605-6a7f-4ea4-99d0-19e10abe832b is updated service_manage_report /usr/lib/python3/dist-packages/heat/engine/service.py:2370
2026-02-05 01:26:00.492 39365 DEBUG heat.engine.service [req-e4158042-b8b8-459b-a02e-2b3d680ad6b2 - - - - -] Service fe1174d9-1f0d-4c80-8570-6f401c2f03c2 is updated service_manage_report /usr/lib/python3/dist-packages/heat/engine/service.py:2370
2026-02-05 01:26:00.523 39367 DEBUG heat.engine.service [req-1da1f8b9-b239-4c9e-b534-cc9afc028bac - - - - -] Service 7188a02f-a138-4ccf-bf23-be7b3992cae8 is updated service_manage_report /usr/lib/python3/dist-packages/heat/engine/service.py:2370
2026-02-05 01:27:00.375 39368 DEBUG heat.engine.service [req-6ea2c6d4-9088-4a76-8d0d-a1d3484d809f - - - - -] Service 0cf676bd-22e6-4279-ac29-32d77a111d5f is updated service_manage_report /usr/lib/python3/dist-packages/heat/engine/service.py:2370
2026-02-05 01:27:00.440 39366 DEBUG heat.engine.service [req-65fe19c2-3ff4-413c-ab01-82cbf8f7c541 - - - - -] Service 89a49605-6a7f-4ea4-99d0-19e10abe832b is updated service_manage_report /usr/lib/python3/dist-packages/heat/engine/service.py:2370
2026-02-05 01:27:00.496 39365 DEBUG heat.engine.service [req-a1dfdd37-a1fc-409c-ab2e-6001033b2577 - - - - -] Service fe1174d9-1f0d-4c80-8570-6f401c2f03c2 is updated service_manage_report /usr/lib/python3/dist-packages/heat/engine/service.py:2370
2026-02-05 01:27:00.527 39367 DEBUG heat.engine.service [req-b24c5f57-b70b-4f94-a589-ba69f91961fc - - - - -] Service 7188a02f-a138-4ccf-bf23-be7b3992cae8 is updated service_manage_report /usr/lib/python3/dist-packages/heat/engine/service.py:2370
2026-02-05 01:28:00.374 39368 DEBUG heat.engine.service [req-12bff783-4bab-46fe-8d3f-e6a9d3d15506 - - - - -] Service 0cf676bd-22e6-4279-ac29-32d77a111d5f is updated service_manage_report /usr/lib/python3/dist-packages/heat/engine/service.py:2370
2026-02-05 01:28:00.438 39366 DEBUG heat.engine.service [req-d9a52273-a9ad-487e-86ba-528fc4befee5 - - - - -] Service 89a49605-6a7f-4ea4-99d0-19e10abe832b is updated service_manage_report /usr/lib/python3/dist-packages/heat/engine/service.py:2370
2026-02-05 01:28:00.502 39365 DEBUG heat.engine.service [req-5083a7cd-91c5-43b5-87a8-e57c53f7961b - - - - -] Service fe1174d9-1f0d-4c80-8570-6f401c2f03c2 is updated service_manage_report /usr/lib/python3/dist-packages/heat/engine/service.py:2370
2026-02-05 01:28:00.532 39367 DEBUG heat.engine.service [req-e84a7103-5530-45a8-8d47-0852cfc4e392 - - - - -] Service 7188a02f-a138-4ccf-bf23-be7b3992cae8 is updated service_manage_report /usr/lib/python3/dist-packages/heat/engine/service.py:2370
2026-02-05 01:29:00.369 39368 DEBUG heat.engine.service [req-4fb333e1-80a9-4d88-a7f4-46e59dab6a8c - - - - -] Service 0cf676bd-22e6-4279-ac29-32d77a111d5f is updated service_manage_report /usr/lib/python3/dist-packages/heat/engine/service.py:2370
2026-02-05 01:29:00.432 39366 DEBUG heat.engine.service [req-a2748aac-1990-4f81-a55d-d7501f721a43 - - - - -] Service 89a49605-6a7f-4ea4-99d0-19e10abe832b is updated service_manage_report /usr/lib/python3/dist-packages/heat/engine/service.py:2370
2026-02-05 01:29:00.496 39365 DEBUG heat.engine.service [req-a51c2208-2e41-4c5b-8720-f33093dae11c - - - - -] Service fe1174d9-1f0d-4c80-8570-6f401c2f03c2 is updated service_manage_report /usr/lib/python3/dist-packages/heat/engine/service.py:2370
2026-02-05 01:29:00.541 39367 DEBUG heat.engine.service [req-cb456e79-f04c-4642-b5bc-1690f5e0f4a9 - - - - -] Service 7188a02f-a138-4ccf-bf23-be7b3992cae8 is updated service_manage_report /usr/lib/python3/dist-packages/heat/engine/service.py:2370
2026-02-05 01:30:00.374 39368 DEBUG heat.engine.service [req-b69afbfb-26e3-4aa4-af0b-b433cb2276f4 - - - - -] Service 0cf676bd-22e6-4279-ac29-32d77a111d5f is updated service_manage_report /usr/lib/python3/dist-packages/heat/engine/service.py:2370
2026-02-05 01:30:00.436 39366 DEBUG heat.engine.service [req-79a17264-1450-4dcd-8048-71c21c44fc3d - - - - -] Service 89a49605-6a7f-4ea4-99d0-19e10abe832b is updated service_manage_report /usr/lib/python3/dist-packages/heat/engine/service.py:2370
2026-02-05 01:30:00.502 39365 DEBUG heat.engine.service [req-6fad5dd3-f1b1-4850-93bb-f1d37417c06f - - - - -] Service fe1174d9-1f0d-4c80-8570-6f401c2f03c2 is updated service_manage_report /usr/lib/python3/dist-packages/heat/engine/service.py:2370
2026-02-05 01:30:00.533 39367 DEBUG heat.engine.service [req-7969a716-7d7f-4717-aa3c-b9853b195892 - - - - -] Service 7188a02f-a138-4ccf-bf23-be7b3992cae8 is updated service_manage_report /usr/lib/python3/dist-packages/heat/engine/service.py:2370
2026-02-05 01:31:00.377 39368 DEBUG heat.engine.service [req-84a3e079-67c5-48f7-9f89-71ecc60c52c6 - - - - -] Service 0cf676bd-22e6-4279-ac29-32d77a111d5f is updated service_manage_report /usr/lib/python3/dist-packages/heat/engine/service.py:2370
2026-02-05 01:31:00.440 39366 DEBUG heat.engine.service [req-f1dd7eae-cb8f-41e9-a7f1-cac7360f29c6 - - - - -] Service 89a49605-6a7f-4ea4-99d0-19e10abe832b is updated service_manage_report /usr/lib/python3/dist-packages/heat/engine/service.py:2370
2026-02-05 01:31:00.497 39365 DEBUG heat.engine.service [req-e7caf7d4-89aa-4ef9-bc19-3426d4a1471a - - - - -] Service fe1174d9-1f0d-4c80-8570-6f401c2f03c2 is updated service_manage_report /usr/lib/python3/dist-packages/heat/engine/service.py:2370
2026-02-05 01:31:00.538 39367 DEBUG heat.engine.service [req-9e49b039-e3a7-42bf-8f9d-df620ff68a86 - - - - -] Service 7188a02f-a138-4ccf-bf23-be7b3992cae8 is updated service_manage_report /usr/lib/python3/dist-packages/heat/engine/service.py:2370
2026-02-05 01:32:00.381 39368 DEBUG heat.engine.service [req-6dabb124-9047-4751-a42e-46ea2f6c3633 - - - - -] Service 0cf676bd-22e6-4279-ac29-32d77a111d5f is updated service_manage_report /usr/lib/python3/dist-packages/heat/engine/service.py:2370
2026-02-05 01:32:00.444 39366 DEBUG heat.engine.service [req-62678158-cd08-40b4-a094-ef71f8f1880a - - - - -] Service 89a49605-6a7f-4ea4-99d0-19e10abe832b is updated service_manage_report /usr/lib/python3/dist-packages/heat/engine/service.py:2370
2026-02-05 01:32:00.502 39365 DEBUG heat.engine.service [req-64ffd019-cd74-4901-afce-acdf9f3d382e - - - - -] Service fe1174d9-1f0d-4c80-8570-6f401c2f03c2 is updated service_manage_report /usr/lib/python3/dist-packages/heat/engine/service.py:2370
2026-02-05 01:32:00.543 39367 DEBUG heat.engine.service [req-3c05e578-caa2-4955-9acf-ef3f17d6d2ca - - - - -] Service 7188a02f-a138-4ccf-bf23-be7b3992cae8 is updated service_manage_report /usr/lib/python3/dist-packages/heat/engine/service.py:2370
2026-02-05 01:33:00.390 39368 DEBUG heat.engine.service [req-2c68f006-3c76-494b-a6f5-aed95fed63a4 - - - - -] Service 0cf676bd-22e6-4279-ac29-32d77a111d5f is updated service_manage_report /usr/lib/python3/dist-packages/heat/engine/service.py:2370
2026-02-05 01:33:00.449 39366 DEBUG heat.engine.service [req-9db71070-89e9-4369-ab74-8ac623520bff - - - - -] Service 89a49605-6a7f-4ea4-99d0-19e10abe832b is updated service_manage_report /usr/lib/python3/dist-packages/heat/engine/service.py:2370
2026-02-05 01:33:00.507 39365 DEBUG heat.engine.service [req-9f349004-56bf-4a36-bda5-595de48f3c45 - - - - -] Service fe1174d9-1f0d-4c80-8570-6f401c2f03c2 is updated service_manage_report /usr/lib/python3/dist-packages/heat/engine/service.py:2370
2026-02-05 01:33:00.551 39367 DEBUG heat.engine.service [req-40f76d08-a37e-4678-b831-7dcc7db8176f - - - - -] Service 7188a02f-a138-4ccf-bf23-be7b3992cae8 is updated service_manage_report /usr/lib/python3/dist-packages/heat/engine/service.py:2370
2026-02-05 01:34:00.382 39368 DEBUG heat.engine.service [req-f246c9fb-7a12-4e73-94d3-14f056e587d7 - - - - -] Service 0cf676bd-22e6-4279-ac29-32d77a111d5f is updated service_manage_report /usr/lib/python3/dist-packages/heat/engine/service.py:2370
2026-02-05 01:34:00.456 39366 DEBUG heat.engine.service [req-a1f90bfd-5886-4221-9a4d-23a42e5a498e - - - - -] Service 89a49605-6a7f-4ea4-99d0-19e10abe832b is updated service_manage_report /usr/lib/python3/dist-packages/heat/engine/service.py:2370
2026-02-05 01:34:00.511 39365 DEBUG heat.engine.service [req-29c3a3a7-cbcc-47a3-8204-090fd3ae0831 - - - - -] Service fe1174d9-1f0d-4c80-8570-6f401c2f03c2 is updated service_manage_report /usr/lib/python3/dist-packages/heat/engine/service.py:2370
2026-02-05 01:34:00.546 39367 DEBUG heat.engine.service [req-999b2100-b95b-4155-8504-13e8024db3ff - - - - -] Service 7188a02f-a138-4ccf-bf23-be7b3992cae8 is updated service_manage_report /usr/lib/python3/dist-packages/heat/engine/service.py:2370
2026-02-05 01:35:00.387 39368 DEBUG heat.engine.service [req-fe8b3964-9a2f-481e-a0c9-c90336e43828 - - - - -] Service 0cf676bd-22e6-4279-ac29-32d77a111d5f is updated service_manage_report /usr/lib/python3/dist-packages/heat/engine/service.py:2370
2026-02-05 01:35:00.452 39366 DEBUG heat.engine.service [req-d1216eb7-3a4a-4c10-82bb-054f99e13cf6 - - - - -] Service 89a49605-6a7f-4ea4-99d0-19e10abe832b is updated service_manage_report /usr/lib/python3/dist-packages/heat/engine/service.py:2370
2026-02-05 01:35:00.514 39365 DEBUG heat.engine.service [req-a89fd4bb-db6c-4a1d-a6ee-5e8df9094b45 - - - - -] Service fe1174d9-1f0d-4c80-8570-6f401c2f03c2 is updated service_manage_report /usr/lib/python3/dist-packages/heat/engine/service.py:2370
2026-02-05 01:35:00.550 39367 DEBUG heat.engine.service [req-d334fcd9-d00e-4c96-8d63-a5ae8c0b7219 - - - - -] Service 7188a02f-a138-4ccf-bf23-be7b3992cae8 is updated service_manage_report /usr/lib/python3/dist-packages/heat/engine/service.py:2370
2026-02-05 01:36:00.683 39368 DEBUG heat.engine.service [req-b0879edc-fa61-4ca2-9b5d-5a24ddcab03e - - - - -] Service 0cf676bd-22e6-4279-ac29-32d77a111d5f is updated service_manage_report /usr/lib/python3/dist-packages/heat/engine/service.py:2370
2026-02-05 01:36:00.706 39365 DEBUG heat.engine.service [req-508730dc-2029-4411-b849-75021103835a - - - - -] Service fe1174d9-1f0d-4c80-8570-6f401c2f03c2 is updated service_manage_report /usr/lib/python3/dist-packages/heat/engine/service.py:2370
2026-02-05 01:36:00.706 39366 DEBUG heat.engine.service [req-a5a2dc72-c18f-4866-954d-dea4fb881295 - - - - -] Service 89a49605-6a7f-4ea4-99d0-19e10abe832b is updated service_manage_report /usr/lib/python3/dist-packages/heat/engine/service.py:2370
2026-02-05 01:36:00.706 39367 DEBUG heat.engine.service [req-c5ff462d-8abe-4f26-b94c-bf4498113010 - - - - -] Service 7188a02f-a138-4ccf-bf23-be7b3992cae8 is updated service_manage_report /usr/lib/python3/dist-packages/heat/engine/service.py:2370
2026-02-05 01:36:04.776 39367 DEBUG heat.engine.service [-] Attempting to stop engine service... _stop_rpc_server /usr/lib/python3/dist-packages/heat/engine/service.py:437
2026-02-05 01:36:04.776 39365 DEBUG heat.engine.service [-] Attempting to stop engine service... _stop_rpc_server /usr/lib/python3/dist-packages/heat/engine/service.py:437
2026-02-05 01:36:04.776 39366 DEBUG heat.engine.service [-] Attempting to stop engine service... _stop_rpc_server /usr/lib/python3/dist-packages/heat/engine/service.py:437
2026-02-05 01:36:04.778 39368 DEBUG heat.engine.service [-] Attempting to stop engine service... _stop_rpc_server /usr/lib/python3/dist-packages/heat/engine/service.py:437
2026-02-05 01:36:04.781 39149 INFO oslo_service.service [-] Caught SIGTERM, stopping children
2026-02-05 01:36:04.782 39149 DEBUG oslo_concurrency.lockutils [-] Acquired lock "singleton_lock" lock /usr/lib/python3/dist-packages/oslo_concurrency/lockutils.py:294
2026-02-05 01:36:04.782 39149 DEBUG oslo_concurrency.lockutils [-] Releasing lock "singleton_lock" lock /usr/lib/python3/dist-packages/oslo_concurrency/lockutils.py:312
2026-02-05 01:36:04.782 39149 DEBUG oslo_service.service [-] Stop services. stop /usr/lib/python3/dist-packages/oslo_service/service.py:695
2026-02-05 01:36:04.782 39149 INFO heat.engine.service [-] All threads were gone, terminating engine
2026-02-05 01:36:04.783 39149 DEBUG oslo_service.service [-] Killing children. stop /usr/lib/python3/dist-packages/oslo_service/service.py:700
2026-02-05 01:36:04.794 39149 INFO oslo_service.service [-] Waiting on 4 children to exit
2026-02-05 01:36:04.795 39149 INFO oslo_service.service [-] Child 39365 killed by signal 15
2026-02-05 01:36:04.802 39149 INFO oslo_service.service [-] Child 39367 killed by signal 15
2026-02-05 01:36:04.803 39149 INFO oslo_service.service [-] Child 39368 killed by signal 15
2026-02-05 01:36:04.809 39149 INFO oslo_service.service [-] Child 39366 killed by signal 15
2026-02-05 01:36:06.921 60474 DEBUG oslo_concurrency.lockutils [-] Lock "context-manager" acquired by "neutron_lib.db.api._create_context_manager" :: waited 0.000s inner /usr/lib/python3/dist-packages/oslo_concurrency/lockutils.py:386
2026-02-05 01:36:06.921 60474 DEBUG oslo_concurrency.lockutils [-] Lock "context-manager" "released" by "neutron_lib.db.api._create_context_manager" :: held 0.001s inner /usr/lib/python3/dist-packages/oslo_concurrency/lockutils.py:400
2026-02-05 01:36:07.178 60474 WARNING heat.engine.environment [-] OS::Aodh::Alarm is DEPRECATED. Theshold alarm relies on ceilometer-api and has been deprecated in aodh since Ocata. Use OS::Aodh::GnocchiAggregationByResourcesAlarm instead.
2026-02-05 01:36:07.178 60474 WARNING heat.engine.environment [-] OS::Aodh::CombinationAlarm is HIDDEN. OS::Aodh::CombinationAlarm is deprecated and has been removed from Aodh, use OS::Aodh::CompositeAlarm instead.
2026-02-05 01:36:07.179 60474 WARNING heat.engine.environment [-] OS::Designate::Domain is HIDDEN. This resource has been removed, use OS::Designate::Zone instead.
2026-02-05 01:36:07.179 60474 WARNING heat.engine.environment [-] OS::Designate::Record is HIDDEN. This resource has been removed, use OS::Designate::RecordSet instead.
2026-02-05 01:36:07.179 60474 WARNING heat.engine.environment [-] OS::Glance::Image is DEPRECATED. Creating a Glance Image based on an existing URL location requires the Glance v1 API, which is deprecated.
2026-02-05 01:36:07.179 60474 WARNING heat.engine.environment [-] OS::Heat::HARestarter is HIDDEN. The HARestarter resource type has been removed. Existing stacks containing HARestarter resources can still be used, but the HARestarter resource will be a placeholder that does nothing.
2026-02-05 01:36:07.179 60474 WARNING heat.engine.environment [-] OS::Heat::SoftwareDeployments is HIDDEN. Please use OS::Heat::SoftwareDeploymentGroup instead.
2026-02-05 01:36:07.180 60474 WARNING heat.engine.environment [-] OS::Heat::StructuredDeployments is HIDDEN. Please use OS::Heat::StructuredDeploymentGroup instead.
2026-02-05 01:36:07.180 60474 WARNING heat.engine.environment [-] OS::Magnum::Bay is HIDDEN. Please use OS::Magnum::Cluster instead.
2026-02-05 01:36:07.180 60474 WARNING heat.engine.environment [-] OS::Magnum::BayModel is HIDDEN. Please use OS::Magnum::ClusterTemplate instead.
2026-02-05 01:36:07.180 60474 WARNING heat.engine.environment [-] OS::Neutron::ExtraRoute is UNSUPPORTED. Use this resource at your own risk.
2026-02-05 01:36:07.180 60474 WARNING heat.engine.environment [-] OS::Neutron::HealthMonitor is HIDDEN. Use LBaaS V2 instead.
2026-02-05 01:36:07.181 60474 WARNING heat.engine.environment [-] OS::Neutron::Pool is HIDDEN. Use LBaaS V2 instead.
2026-02-05 01:36:07.181 60474 WARNING heat.engine.environment [-] OS::Neutron::PoolMember is HIDDEN. Use LBaaS V2 instead.
2026-02-05 01:36:07.181 60474 WARNING heat.engine.environment [-] OS::Neutron::LoadBalancer is HIDDEN. Use LBaaS V2 instead.
2026-02-05 01:36:07.181 60474 WARNING heat.engine.environment [-] OS::Neutron::RouterGateway is HIDDEN. Use the `external_gateway_info` property in the router resource to set up the gateway.
2026-02-05 01:36:07.181 60474 WARNING heat.engine.environment [-] OS::Nova::FloatingIP is HIDDEN. Please use OS::Neutron::FloatingIP instead.
2026-02-05 01:36:07.181 60474 WARNING heat.engine.environment [-] OS::Nova::FloatingIPAssociation is HIDDEN. Please use OS::Neutron::FloatingIPAssociation instead.
2026-02-05 01:36:07.183 60474 INFO heat.engine.environment [-] Loading /etc/heat/environment.d/default.yaml
2026-02-05 01:36:07.183 60474 INFO heat.engine.environment [-] Registered: [Plugin](User:False) AWS::AutoScaling::AutoScalingGroup ->
2026-02-05 01:36:07.184 60474 INFO heat.engine.environment [-] Registered: [Plugin](User:False) AWS::AutoScaling::LaunchConfiguration ->
2026-02-05 01:36:07.184 60474 INFO heat.engine.environment [-] Registered: [Plugin](User:False) AWS::AutoScaling::ScalingPolicy ->
2026-02-05 01:36:07.184 60474 INFO heat.engine.environment [-] Registered: [Plugin](User:False) AWS::CloudFormation::Stack ->
2026-02-05 01:36:07.184 60474 INFO heat.engine.environment [-] Registered: [Plugin](User:False) AWS::CloudFormation::WaitCondition ->
2026-02-05 01:36:07.184 60474 INFO heat.engine.environment [-] Registered: [Plugin](User:False) AWS::CloudFormation::WaitConditionHandle ->
2026-02-05 01:36:07.184 60474 INFO heat.engine.environment [-] Registered: [Plugin](User:False) AWS::EC2::EIP ->
2026-02-05 01:36:07.184 60474 INFO heat.engine.environment [-] Registered: [Plugin](User:False) AWS::EC2::EIPAssociation ->
2026-02-05 01:36:07.184 60474 INFO heat.engine.environment [-] Registered: [Plugin](User:False) AWS::EC2::Instance ->
2026-02-05 01:36:07.184 60474 INFO heat.engine.environment [-] Registered: [Plugin](User:False) AWS::EC2::InternetGateway ->
2026-02-05 01:36:07.184 60474 INFO heat.engine.environment [-] Registered: [Plugin](User:False) AWS::EC2::VPCGatewayAttachment ->
2026-02-05 01:36:07.184 60474 INFO heat.engine.environment [-] Registered: [Plugin](User:False) AWS::EC2::NetworkInterface ->
2026-02-05 01:36:07.184 60474 INFO heat.engine.environment [-] Registered: [Plugin](User:False) AWS::EC2::RouteTable ->
2026-02-05 01:36:07.185 60474 INFO heat.engine.environment [-] Registered: [Plugin](User:False) AWS::EC2::SubnetRouteTableAssociation ->
2026-02-05 01:36:07.185 60474 INFO heat.engine.environment [-] Registered: [Plugin](User:False) AWS::EC2::SecurityGroup ->
2026-02-05 01:36:07.185 60474 INFO heat.engine.environment [-] Registered: [Plugin](User:False) AWS::EC2::Subnet ->
2026-02-05 01:36:07.185 60474 INFO heat.engine.environment [-] Registered: [Plugin](User:False) AWS::EC2::Volume ->
2026-02-05 01:36:07.185 60474 INFO heat.engine.environment [-] Registered: [Plugin](User:False) AWS::EC2::VolumeAttachment ->
2026-02-05 01:36:07.185 60474 INFO heat.engine.environment [-] Registered: [Plugin](User:False) AWS::EC2::VPC ->
2026-02-05 01:36:07.185 60474 INFO heat.engine.environment [-] Registered: [Plugin](User:False) AWS::IAM::User ->
2026-02-05 01:36:07.185 60474 INFO heat.engine.environment [-] Registered: [Plugin](User:False) AWS::IAM::AccessKey ->
2026-02-05 01:36:07.185 60474 INFO heat.engine.environment [-] Registered: [Plugin](User:False) AWS::ElasticLoadBalancing::LoadBalancer ->
2026-02-05 01:36:07.185 60474 INFO heat.engine.environment [-] Registered: [Plugin](User:False) AWS::S3::Bucket ->
2026-02-05 01:36:07.185 60474 INFO heat.engine.environment [-] Registered: [Plugin](User:False) OS::Aodh::Alarm ->
2026-02-05 01:36:07.186 60474 INFO heat.engine.environment [-] Registered: [Plugin](User:False) OS::Aodh::CombinationAlarm ->
2026-02-05 01:36:07.186 60474 INFO heat.engine.environment [-] Registered: [Plugin](User:False) OS::Aodh::EventAlarm ->
2026-02-05 01:36:07.186 60474 INFO heat.engine.environment [-] Registered: [Plugin](User:False) OS::Aodh::LBMemberHealthAlarm ->
2026-02-05 01:36:07.186 60474 INFO heat.engine.environment [-] Registered: [Plugin](User:False) OS::Aodh::CompositeAlarm ->
2026-02-05 01:36:07.186 60474 INFO heat.engine.environment [-] Registered: [Plugin](User:False) OS::Aodh::GnocchiResourcesAlarm ->
2026-02-05 01:36:07.186 60474 INFO heat.engine.environment [-] Registered: [Plugin](User:False) OS::Aodh::GnocchiAggregationByMetricsAlarm ->
2026-02-05 01:36:07.186 60474 INFO heat.engine.environment [-] Registered: [Plugin](User:False) OS::Aodh::GnocchiAggregationByResourcesAlarm ->
2026-02-05 01:36:07.186 60474 INFO heat.engine.environment [-] Registered: [Plugin](User:False) OS::Barbican::GenericContainer ->
2026-02-05 01:36:07.186 60474 INFO heat.engine.environment [-] Registered: [Plugin](User:False) OS::Barbican::CertificateContainer ->
2026-02-05 01:36:07.186 60474 INFO heat.engine.environment [-] Registered: [Plugin](User:False) OS::Barbican::RSAContainer ->
2026-02-05 01:36:07.186 60474 INFO heat.engine.environment [-] Registered: [Plugin](User:False) OS::Barbican::Order ->
2026-02-05 01:36:07.186 60474 INFO heat.engine.environment [-] Registered: [Plugin](User:False) OS::Barbican::Secret ->
2026-02-05 01:36:07.187 60474 INFO heat.engine.environment [-] Registered: [Plugin](User:False) OS::Blazar::Host ->
2026-02-05 01:36:07.187 60474 INFO heat.engine.environment [-] Registered: [Plugin](User:False) OS::Blazar::Lease ->
2026-02-05 01:36:07.187 60474 INFO heat.engine.environment [-] Registered: [Plugin](User:False) OS::Cinder::EncryptedVolumeType ->
2026-02-05 01:36:07.187 60474 INFO heat.engine.environment [-] Registered: [Plugin](User:False) OS::Cinder::QoSSpecs ->
2026-02-05 01:36:07.187 60474 INFO heat.engine.environment [-] Registered: [Plugin](User:False) OS::Cinder::QoSAssociation ->
2026-02-05 01:36:07.187 60474 INFO heat.engine.environment [-] Registered: [Plugin](User:False) OS::Cinder::Quota ->
2026-02-05 01:36:07.187 60474 INFO heat.engine.environment [-] Registered: [Plugin](User:False) OS::Cinder::Volume ->
2026-02-05 01:36:07.187 60474 INFO heat.engine.environment [-] Registered: [Plugin](User:False) OS::Cinder::VolumeAttachment ->
2026-02-05 01:36:07.187 60474 INFO heat.engine.environment [-] Registered: [Plugin](User:False) OS::Cinder::VolumeType ->
2026-02-05 01:36:07.187 60474 INFO heat.engine.environment [-] Registered: [Plugin](User:False) OS::Designate::Domain ->
2026-02-05 01:36:07.187 60474 INFO heat.engine.environment [-] Registered: [Plugin](User:False) OS::Designate::Record ->
2026-02-05 01:36:07.187 60474 INFO heat.engine.environment [-] Registered: [Plugin](User:False) OS::Designate::RecordSet ->
2026-02-05 01:36:07.188 60474 INFO heat.engine.environment [-] Registered: [Plugin](User:False) OS::Designate::Zone ->
2026-02-05 01:36:07.188 60474 INFO heat.engine.environment [-] Registered: [Plugin](User:False) OS::Glance::Image ->
2026-02-05 01:36:07.188 60474 INFO heat.engine.environment [-] Registered: [Plugin](User:False) OS::Glance::WebImage ->
2026-02-05 01:36:07.188 60474 INFO heat.engine.environment [-] Registered: [Plugin](User:False) OS::Heat::AccessPolicy ->
2026-02-05 01:36:07.188 60474 INFO heat.engine.environment [-] Registered: [Plugin](User:False) OS::Heat::AutoScalingGroup ->
2026-02-05 01:36:07.188 60474 INFO heat.engine.environment [-] Registered: [Plugin](User:False) OS::Heat::CloudConfig ->
2026-02-05 01:36:07.188 60474 INFO heat.engine.environment [-] Registered: [Plugin](User:False) OS::Heat::Delay ->
2026-02-05 01:36:07.188 60474 INFO heat.engine.environment [-] Registered: [Plugin](User:False) OS::Heat::DeployedServer ->
2026-02-05 01:36:07.188 60474 INFO heat.engine.environment [-] Registered: [Plugin](User:False) OS::Heat::HARestarter ->
2026-02-05 01:36:07.188 60474 INFO heat.engine.environment [-] Registered: [Plugin](User:False) OS::Heat::InstanceGroup ->
2026-02-05 01:36:07.188 60474 INFO heat.engine.environment [-] Registered: [Plugin](User:False) OS::Heat::MultipartMime ->
2026-02-05 01:36:07.188 60474 INFO heat.engine.environment [-] Registered: [Plugin](User:False) OS::Heat::None ->
2026-02-05 01:36:07.189 60474 INFO heat.engine.environment [-] Registered: [Plugin](User:False) OS::Heat::RandomString ->
2026-02-05 01:36:07.189 60474 INFO heat.engine.environment [-] Registered: [Plugin](User:False) OS::Heat::Stack ->
2026-02-05 01:36:07.189 60474 INFO heat.engine.environment [-] Registered: [Plugin](User:False) OS::Heat::ResourceChain ->
2026-02-05 01:36:07.189 60474 INFO heat.engine.environment [-] Registered: [Plugin](User:False) OS::Heat::ResourceGroup ->
2026-02-05 01:36:07.189 60474 INFO heat.engine.environment [-] Registered: [Plugin](User:False) OS::Heat::ScalingPolicy ->
2026-02-05 01:36:07.189 60474 INFO heat.engine.environment [-] Registered: [Plugin](User:False) OS::Heat::SoftwareComponent ->
2026-02-05 01:36:07.189 60474 INFO heat.engine.environment [-] Registered: [Plugin](User:False) OS::Heat::SoftwareConfig ->
2026-02-05 01:36:07.189 60474 INFO heat.engine.environment [-] Registered: [Plugin](User:False) OS::Heat::SoftwareDeployment ->
2026-02-05 01:36:07.189 60474 INFO heat.engine.environment [-] Registered: [Plugin](User:False) OS::Heat::SoftwareDeploymentGroup ->
2026-02-05 01:36:07.189 60474 INFO heat.engine.environment [-] Registered: [Plugin](User:False) OS::Heat::SoftwareDeployments ->
2026-02-05 01:36:07.190 60474 INFO heat.engine.environment [-] Registered: [Plugin](User:False) OS::Heat::StructuredConfig ->
2026-02-05 01:36:07.190 60474 INFO heat.engine.environment [-] Registered: [Plugin](User:False) OS::Heat::StructuredDeployment ->
2026-02-05 01:36:07.190 60474 INFO heat.engine.environment [-] Registered: [Plugin](User:False) OS::Heat::StructuredDeploymentGroup ->
2026-02-05 01:36:07.190 60474 INFO heat.engine.environment [-] Registered: [Plugin](User:False) OS::Heat::StructuredDeployments ->
2026-02-05 01:36:07.190 60474 INFO heat.engine.environment [-] Registered: [Plugin](User:False) OS::Heat::SwiftSignal ->
2026-02-05 01:36:07.190 60474 INFO heat.engine.environment [-] Registered: [Plugin](User:False) OS::Heat::SwiftSignalHandle ->
2026-02-05 01:36:07.190 60474 INFO heat.engine.environment [-] Registered: [Plugin](User:False) OS::Heat::TestResource ->
2026-02-05 01:36:07.190 60474 INFO heat.engine.environment [-] Registered: [Plugin](User:False) OS::Heat::Value ->
2026-02-05 01:36:07.190 60474 INFO heat.engine.environment [-] Registered: [Plugin](User:False) OS::Heat::WaitCondition ->
2026-02-05 01:36:07.190 60474 INFO heat.engine.environment [-] Registered: [Plugin](User:False) OS::Heat::WaitConditionHandle ->
2026-02-05 01:36:07.191 60474 INFO heat.engine.environment [-] Registered: [Plugin](User:False) OS::Heat::UpdateWaitConditionHandle ->
2026-02-05 01:36:07.191 60474 INFO heat.engine.environment [-] Registered: [Plugin](User:False) OS::Ironic::Port ->
2026-02-05 01:36:07.191 60474 INFO heat.engine.environment [-] Registered: [Plugin](User:False) OS::Keystone::Domain ->
2026-02-05 01:36:07.191 60474 INFO heat.engine.environment [-] Registered: [Plugin](User:False) OS::Keystone::Endpoint ->
2026-02-05 01:36:07.191 60474 INFO heat.engine.environment [-] Registered: [Plugin](User:False) OS::Keystone::Group ->
2026-02-05 01:36:07.191 60474 INFO heat.engine.environment [-] Registered: [Plugin](User:False) OS::Keystone::Project ->
2026-02-05 01:36:07.191 60474 INFO heat.engine.environment [-] Registered: [Plugin](User:False) OS::Keystone::Region ->
2026-02-05 01:36:07.191 60474 INFO heat.engine.environment [-] Registered: [Plugin](User:False) OS::Keystone::Role ->
2026-02-05 01:36:07.191 60474 INFO heat.engine.environment [-] Registered: [Plugin](User:False) OS::Keystone::UserRoleAssignment ->
2026-02-05 01:36:07.191 60474 INFO heat.engine.environment [-] Registered: [Plugin](User:False) OS::Keystone::GroupRoleAssignment ->
2026-02-05 01:36:07.191 60474 INFO heat.engine.environment [-] Registered: [Plugin](User:False) OS::Keystone::Service ->
2026-02-05 01:36:07.192 60474 INFO heat.engine.environment [-] Registered: [Plugin](User:False) OS::Keystone::User ->
2026-02-05 01:36:07.192 60474 INFO heat.engine.environment [-] Registered: [Plugin](User:False) OS::Magnum::Bay ->
2026-02-05 01:36:07.192 60474 INFO heat.engine.environment [-] Registered: [Plugin](User:False) OS::Magnum::BayModel ->
2026-02-05 01:36:07.192 60474 INFO heat.engine.environment [-] Registered: [Plugin](User:False) OS::Magnum::Cluster ->
2026-02-05 01:36:07.192 60474 INFO heat.engine.environment [-] Registered: [Plugin](User:False) OS::Magnum::ClusterTemplate ->
2026-02-05 01:36:07.192 60474 INFO heat.engine.environment [-] Registered: [Plugin](User:False) OS::Manila::SecurityService ->
2026-02-05 01:36:07.192 60474 INFO heat.engine.environment [-] Registered: [Plugin](User:False) OS::Manila::Share ->
2026-02-05 01:36:07.192 60474 INFO heat.engine.environment [-] Registered: [Plugin](User:False) OS::Manila::ShareNetwork ->
2026-02-05 01:36:07.192 60474 INFO heat.engine.environment [-] Registered: [Plugin](User:False) OS::Manila::ShareType ->
2026-02-05 01:36:07.192 60474 INFO heat.engine.environment [-] Registered: [Plugin](User:False) OS::Mistral::CronTrigger ->
2026-02-05 01:36:07.192 60474 INFO heat.engine.environment [-] Registered: [Plugin](User:False) OS::Mistral::ExternalResource ->
2026-02-05 01:36:07.192 60474 INFO heat.engine.environment [-] Registered: [Plugin](User:False) OS::Mistral::Workflow ->
2026-02-05 01:36:07.193 60474 INFO heat.engine.environment [-] Registered: [Plugin](User:False) OS::Monasca::AlarmDefinition ->
2026-02-05 01:36:07.193 60474 INFO heat.engine.environment [-] Registered: [Plugin](User:False) OS::Monasca::Notification ->
2026-02-05 01:36:07.193 60474 INFO heat.engine.environment [-] Registered: [Plugin](User:False) OS::Neutron::AddressScope ->
2026-02-05 01:36:07.193 60474 INFO heat.engine.environment [-] Registered: [Plugin](User:False) OS::Neutron::ExtraRoute ->
2026-02-05 01:36:07.193 60474 INFO heat.engine.environment [-] Registered: [Plugin](User:False) OS::Neutron::ExtraRouteSet ->
2026-02-05 01:36:07.193 60474 INFO heat.engine.environment [-] Registered: [Plugin](User:False) OS::Neutron::Firewall ->
2026-02-05 01:36:07.193 60474 INFO heat.engine.environment [-] Registered: [Plugin](User:False) OS::Neutron::FirewallPolicy ->
2026-02-05 01:36:07.193 60474 INFO heat.engine.environment [-] Registered: [Plugin](User:False) OS::Neutron::FirewallRule ->
2026-02-05 01:36:07.193 60474 INFO heat.engine.environment [-] Registered: [Plugin](User:False) OS::Neutron::FloatingIP ->
2026-02-05 01:36:07.193 60474 INFO heat.engine.environment [-] Registered: [Plugin](User:False) OS::Neutron::FloatingIPAssociation ->
2026-02-05 01:36:07.193 60474 INFO heat.engine.environment [-] Registered: [Plugin](User:False) OS::Neutron::L2Gateway ->
2026-02-05 01:36:07.193 60474 INFO heat.engine.environment [-] Registered: [Plugin](User:False) OS::Neutron::L2GatewayConnection ->
2026-02-05 01:36:07.194 60474 INFO heat.engine.environment [-] Registered: [Plugin](User:False) OS::Neutron::LBaaS::HealthMonitor ->
2026-02-05 01:36:07.194 60474 INFO heat.engine.environment [-] Registered: [Plugin](User:False) OS::Neutron::LBaaS::L7Policy ->
2026-02-05 01:36:07.194 60474 INFO heat.engine.environment [-] Registered: [Plugin](User:False) OS::Neutron::LBaaS::L7Rule ->
2026-02-05 01:36:07.194 60474 INFO heat.engine.environment [-] Registered: [Plugin](User:False) OS::Neutron::LBaaS::Listener ->
2026-02-05 01:36:07.194 60474 INFO heat.engine.environment [-] Registered: [Plugin](User:False) OS::Neutron::LBaaS::LoadBalancer ->
2026-02-05 01:36:07.194 60474 INFO heat.engine.environment [-] Registered: [Plugin](User:False) OS::Neutron::LBaaS::Pool ->
2026-02-05 01:36:07.194 60474 INFO heat.engine.environment [-] Registered: [Plugin](User:False) OS::Neutron::LBaaS::PoolMember ->
2026-02-05 01:36:07.194 60474 INFO heat.engine.environment [-] Registered: [Plugin](User:False) OS::Neutron::HealthMonitor ->
2026-02-05 01:36:07.194 60474 INFO heat.engine.environment [-] Registered: [Plugin](User:False) OS::Neutron::Pool ->
2026-02-05 01:36:07.194 60474 INFO heat.engine.environment [-] Registered: [Plugin](User:False) OS::Neutron::PoolMember ->
2026-02-05 01:36:07.194 60474 INFO heat.engine.environment [-] Registered: [Plugin](User:False) OS::Neutron::LoadBalancer ->
2026-02-05 01:36:07.195 60474 INFO heat.engine.environment [-] Registered: [Plugin](User:False) OS::Neutron::MeteringLabel ->
2026-02-05 01:36:07.195 60474 INFO heat.engine.environment [-] Registered: [Plugin](User:False) OS::Neutron::MeteringRule ->
2026-02-05 01:36:07.195 60474 INFO heat.engine.environment [-] Registered: [Plugin](User:False) OS::Neutron::Net ->
2026-02-05 01:36:07.195 60474 INFO heat.engine.environment [-] Registered: [Plugin](User:False) OS::Neutron::NetworkGateway ->
2026-02-05 01:36:07.195 60474 INFO heat.engine.environment [-] Registered: [Plugin](User:False) OS::Neutron::Port ->
2026-02-05 01:36:07.195 60474 INFO heat.engine.environment [-] Registered: [Plugin](User:False) OS::Neutron::ProviderNet ->
2026-02-05 01:36:07.195 60474 INFO heat.engine.environment [-] Registered: [Plugin](User:False) OS::Neutron::QoSPolicy ->
2026-02-05 01:36:07.195 60474 INFO heat.engine.environment [-] Registered: [Plugin](User:False) OS::Neutron::QoSBandwidthLimitRule ->
2026-02-05 01:36:07.195 60474 INFO heat.engine.environment [-] Registered: [Plugin](User:False) OS::Neutron::QoSDscpMarkingRule ->
2026-02-05 01:36:07.195 60474 INFO heat.engine.environment [-] Registered: [Plugin](User:False) OS::Neutron::QoSMinimumBandwidthRule ->
2026-02-05 01:36:07.195 60474 INFO heat.engine.environment [-] Registered: [Plugin](User:False) OS::Neutron::Quota ->
2026-02-05 01:36:07.195 60474 INFO heat.engine.environment [-] Registered: [Plugin](User:False) OS::Neutron::RBACPolicy ->
2026-02-05 01:36:07.196 60474 INFO heat.engine.environment [-] Registered: [Plugin](User:False) OS::Neutron::Router ->
2026-02-05 01:36:07.196 60474 INFO heat.engine.environment [-] Registered: [Plugin](User:False) OS::Neutron::RouterInterface ->
2026-02-05 01:36:07.196 60474 INFO heat.engine.environment [-] Registered: [Plugin](User:False) OS::Neutron::RouterGateway ->
2026-02-05 01:36:07.196 60474 INFO heat.engine.environment [-] Registered: [Plugin](User:False) OS::Neutron::SecurityGroup ->
2026-02-05 01:36:07.196 60474 INFO heat.engine.environment [-] Registered: [Plugin](User:False) OS::Neutron::SecurityGroupRule ->
2026-02-05 01:36:07.196 60474 INFO heat.engine.environment [-] Registered: [Plugin](User:False) OS::Neutron::Segment ->
2026-02-05 01:36:07.196 60474 INFO heat.engine.environment [-] Registered: [Plugin](User:False) OS::Neutron::FlowClassifier ->
2026-02-05 01:36:07.196 60474 INFO heat.engine.environment [-] Registered: [Plugin](User:False) OS::Neutron::PortChain ->
2026-02-05 01:36:07.196 60474 INFO heat.engine.environment [-] Registered: [Plugin](User:False) OS::Neutron::PortPair ->
2026-02-05 01:36:07.196 60474 INFO heat.engine.environment [-] Registered: [Plugin](User:False) OS::Neutron::PortPairGroup ->
2026-02-05 01:36:07.196 60474 INFO heat.engine.environment [-] Registered: [Plugin](User:False) OS::Neutron::Subnet ->
2026-02-05 01:36:07.196 60474 INFO heat.engine.environment [-] Registered: [Plugin](User:False) OS::Neutron::SubnetPool ->
2026-02-05 01:36:07.197 60474 INFO heat.engine.environment [-] Registered: [Plugin](User:False) OS::Neutron::TaaS::TapFlow ->
2026-02-05 01:36:07.197 60474 INFO heat.engine.environment [-] Registered: [Plugin](User:False) OS::Neutron::TaaS::TapService ->
2026-02-05 01:36:07.197 60474 INFO heat.engine.environment [-] Registered: [Plugin](User:False) OS::Neutron::Trunk ->
2026-02-05 01:36:07.197 60474 INFO heat.engine.environment [-] Registered: [Plugin](User:False) OS::Neutron::VPNService ->
2026-02-05 01:36:07.197 60474 INFO heat.engine.environment [-] Registered: [Plugin](User:False) OS::Neutron::IPsecSiteConnection ->
2026-02-05 01:36:07.197 60474 INFO heat.engine.environment [-] Registered: [Plugin](User:False) OS::Neutron::IKEPolicy ->
2026-02-05 01:36:07.197 60474 INFO heat.engine.environment [-] Registered: [Plugin](User:False) OS::Neutron::IPsecPolicy ->
2026-02-05 01:36:07.197 60474 INFO heat.engine.environment [-] Registered: [Plugin](User:False) OS::Nova::Flavor ->
2026-02-05 01:36:07.197 60474 INFO heat.engine.environment [-] Registered: [Plugin](User:False) OS::Nova::FloatingIP ->
2026-02-05 01:36:07.197 60474 INFO heat.engine.environment [-] Registered: [Plugin](User:False) OS::Nova::FloatingIPAssociation ->
2026-02-05 01:36:07.197 60474 INFO heat.engine.environment [-] Registered: [Plugin](User:False) OS::Nova::HostAggregate ->
2026-02-05 01:36:07.198 60474 INFO heat.engine.environment [-] Registered: [Plugin](User:False) OS::Nova::KeyPair ->
2026-02-05 01:36:07.198 60474 INFO heat.engine.environment [-] Registered: [Plugin](User:False) OS::Nova::Quota ->
2026-02-05 01:36:07.198 60474 INFO heat.engine.environment [-] Registered: [Plugin](User:False) OS::Nova::Server ->
2026-02-05 01:36:07.198 60474 INFO heat.engine.environment [-] Registered: [Plugin](User:False) OS::Nova::ServerGroup ->
2026-02-05 01:36:07.198 60474 INFO heat.engine.environment [-] Registered: [Plugin](User:False) OS::Octavia::Flavor ->
2026-02-05 01:36:07.198 60474 INFO heat.engine.environment [-] Registered: [Plugin](User:False) OS::Octavia::FlavorProfile ->
2026-02-05 01:36:07.198 60474 INFO heat.engine.environment [-] Registered: [Plugin](User:False) OS::Octavia::HealthMonitor ->
2026-02-05 01:36:07.198 60474 INFO heat.engine.environment [-] Registered: [Plugin](User:False) OS::Octavia::L7Policy ->
2026-02-05 01:36:07.198 60474 INFO heat.engine.environment [-] Registered: [Plugin](User:False) OS::Octavia::L7Rule ->
2026-02-05 01:36:07.198 60474 INFO heat.engine.environment [-] Registered: [Plugin](User:False) OS::Octavia::Listener ->
2026-02-05 01:36:07.198 60474 INFO heat.engine.environment [-] Registered: [Plugin](User:False) OS::Octavia::LoadBalancer ->
2026-02-05 01:36:07.198 60474 INFO heat.engine.environment [-] Registered: [Plugin](User:False) OS::Octavia::Pool ->
2026-02-05 01:36:07.199 60474 INFO heat.engine.environment [-] Registered: [Plugin](User:False) OS::Octavia::PoolMember ->
2026-02-05 01:36:07.199 60474 INFO heat.engine.environment [-] Registered: [Plugin](User:False) OS::Octavia::Quota ->
2026-02-05 01:36:07.199 60474 INFO heat.engine.environment [-] Registered: [Plugin](User:False) OS::Sahara::Cluster ->
2026-02-05 01:36:07.199 60474 INFO heat.engine.environment [-] Registered: [Plugin](User:False) OS::Sahara::DataSource ->
2026-02-05 01:36:07.199 60474 INFO heat.engine.environment [-] Registered: [Plugin](User:False) OS::Sahara::ImageRegistry ->
2026-02-05 01:36:07.199 60474 INFO heat.engine.environment [-] Registered: [Plugin](User:False) OS::Sahara::Job ->
2026-02-05 01:36:07.199 60474 INFO heat.engine.environment [-] Registered: [Plugin](User:False) OS::Sahara::JobBinary ->
2026-02-05 01:36:07.199 60474 INFO heat.engine.environment [-] Registered: [Plugin](User:False) OS::Sahara::NodeGroupTemplate ->
2026-02-05 01:36:07.199 60474 INFO heat.engine.environment [-] Registered: [Plugin](User:False) OS::Sahara::ClusterTemplate ->
2026-02-05 01:36:07.199 60474 INFO heat.engine.environment [-] Registered: [Plugin](User:False) OS::Senlin::Cluster ->
2026-02-05 01:36:07.199 60474 INFO heat.engine.environment [-] Registered: [Plugin](User:False) OS::Senlin::Node ->
2026-02-05 01:36:07.199 60474 INFO heat.engine.environment [-] Registered: [Plugin](User:False) OS::Senlin::Policy ->
2026-02-05 01:36:07.200 60474 INFO heat.engine.environment [-] Registered: [Plugin](User:False) OS::Senlin::Profile ->
2026-02-05 01:36:07.200 60474 INFO heat.engine.environment [-] Registered: [Plugin](User:False) OS::Senlin::Receiver ->
2026-02-05 01:36:07.200 60474 INFO heat.engine.environment [-] Registered: [Plugin](User:False) OS::Swift::Container ->
2026-02-05 01:36:07.200 60474 INFO heat.engine.environment [-] Registered: [Plugin](User:False) OS::Trove::Cluster ->
2026-02-05 01:36:07.200 60474 INFO heat.engine.environment [-] Registered: [Plugin](User:False) OS::Trove::Instance ->
2026-02-05 01:36:07.200 60474 INFO heat.engine.environment [-] Registered: [Plugin](User:False) OS::Vitrage::Template ->
2026-02-05 01:36:07.200 60474 INFO heat.engine.environment [-] Registered: [Plugin](User:False) OS::Zaqar::Queue ->
2026-02-05 01:36:07.200 60474 INFO heat.engine.environment [-] Registered: [Plugin](User:False) OS::Zaqar::SignedQueueURL ->
2026-02-05 01:36:07.200 60474 INFO heat.engine.environment [-] Registered: [Plugin](User:False) OS::Zaqar::Subscription ->
2026-02-05 01:36:07.201 60474 INFO heat.engine.environment [-] Registered: [Plugin](User:False) OS::Zaqar::MistralTrigger ->
2026-02-05 01:36:07.201 60474 INFO heat.engine.environment [-] Registered: [Wildcard Mapping](User:False) OS::Quantum* -> OS::Neutron*
2026-02-05 01:36:07.201 60474 INFO heat.engine.environment [-] Registered: [Template](User:False) AWS::CloudWatch::Alarm -> file:///etc/heat/templates/AWS_CloudWatch_Alarm.yaml
2026-02-05 01:36:07.201 60474 INFO heat.engine.environment [-] Registered: [Mapping](User:False) OS::Metering::Alarm -> OS::Aodh::Alarm
2026-02-05 01:36:07.201 60474 INFO heat.engine.environment [-] Registered: [Template](User:False) AWS::RDS::DBInstance -> file:///etc/heat/templates/AWS_RDS_DBInstance.yaml
2026-02-05 01:36:07.201 60474 INFO heat.engine.environment [-] Registered: [Mapping](User:False) OS::Ceilometer::Alarm -> OS::Aodh::Alarm
2026-02-05 01:36:07.201 60474 INFO heat.engine.environment [-] Registered: [Mapping](User:False) OS::Ceilometer::GnocchiResourcesAlarm -> OS::Aodh::GnocchiResourcesAlarm
2026-02-05 01:36:07.201 60474 INFO heat.engine.environment [-] Registered: [Mapping](User:False) OS::Ceilometer::GnocchiAggregationByMetricsAlarm -> OS::Aodh::GnocchiAggregationByMetricsAlarm
2026-02-05 01:36:07.202 60474 INFO heat.engine.environment [-] Registered: [Mapping](User:False) OS::Ceilometer::GnocchiAggregationByResourcesAlarm -> OS::Aodh::GnocchiAggregationByResourcesAlarm
2026-02-05 01:36:07.202 60474 INFO heat.engine.environment [-] Registered: [Mapping](User:False) OS::Ceilometer::CombinationAlarm -> OS::Aodh::CombinationAlarm
2026-02-05 01:36:07.212 60474 DEBUG oslo_concurrency.lockutils [-] Acquired lock "singleton_lock" lock /usr/lib/python3/dist-packages/oslo_concurrency/lockutils.py:294
2026-02-05 01:36:07.212 60474 DEBUG oslo_concurrency.lockutils [-] Releasing lock "singleton_lock" lock /usr/lib/python3/dist-packages/oslo_concurrency/lockutils.py:312
2026-02-05 01:36:07.212 60474 INFO oslo_service.service [-] Starting 4 workers
2026-02-05 01:36:07.217 60474 DEBUG oslo_service.service [-] Started child 60690 _start_child /usr/lib/python3/dist-packages/oslo_service/service.py:575
2026-02-05 01:36:07.223 60690 DEBUG heat.engine.service [-] Starting listener for engine 1909d4e7-ad48-4b14-9969-20cc2e5f7702 start /usr/lib/python3/dist-packages/heat/engine/service.py:392
2026-02-05 01:36:07.223 60474 DEBUG oslo_service.service [-] Started child 60691 _start_child /usr/lib/python3/dist-packages/oslo_service/service.py:575
2026-02-05 01:36:07.230 60691 DEBUG heat.engine.service [-] Starting listener for engine eaa7eacd-b8d1-4960-acd7-3b6c394f681f start /usr/lib/python3/dist-packages/heat/engine/service.py:392
2026-02-05 01:36:07.229 60474 DEBUG oslo_service.service [-] Started child 60692 _start_child /usr/lib/python3/dist-packages/oslo_service/service.py:575
2026-02-05 01:36:07.235 60474 DEBUG oslo_service.service [-] Started child 60693 _start_child /usr/lib/python3/dist-packages/oslo_service/service.py:575
2026-02-05 01:36:07.237 60474 DEBUG oslo_service.service [-] Full set of CONF: wait /usr/lib/python3/dist-packages/oslo_service/service.py:649
2026-02-05 01:36:07.238 60474 DEBUG oslo_service.service [-] ******************************************************************************** log_opt_values /usr/lib/python3/dist-packages/oslo_config/cfg.py:2589
2026-02-05 01:36:07.238 60474 DEBUG oslo_service.service [-] Configuration options gathered from: log_opt_values /usr/lib/python3/dist-packages/oslo_config/cfg.py:2590
2026-02-05 01:36:07.238 60474 DEBUG oslo_service.service [-] command line args: ['--config-file=/etc/heat/heat.conf', '--log-file=/var/log/heat/heat-engine.log'] log_opt_values /usr/lib/python3/dist-packages/oslo_config/cfg.py:2591
2026-02-05 01:36:07.240 60474 DEBUG oslo_service.service [-] config files: ['/etc/heat/heat.conf'] log_opt_values /usr/lib/python3/dist-packages/oslo_config/cfg.py:2592
2026-02-05 01:36:07.240 60474 DEBUG oslo_service.service [-] ================================================================================ log_opt_values /usr/lib/python3/dist-packages/oslo_config/cfg.py:2594
2026-02-05 01:36:07.240 60474 DEBUG oslo_service.service [-] action_retry_limit = 5 log_opt_values /usr/lib/python3/dist-packages/oslo_config/cfg.py:2602
2026-02-05 01:36:07.240 60474 DEBUG oslo_service.service [-] allow_trusts_redelegation = False log_opt_values /usr/lib/python3/dist-packages/oslo_config/cfg.py:2602
2026-02-05 01:36:07.240 60474 DEBUG oslo_service.service [-] auth_encryption_key = **** log_opt_values /usr/lib/python3/dist-packages/oslo_config/cfg.py:2602
2026-02-05 01:36:07.242 60693 DEBUG heat.engine.service [-] Starting listener for engine 2afb74be-5d47-4202-9617-d7da8d7e02c0 start /usr/lib/python3/dist-packages/heat/engine/service.py:392
2026-02-05 01:36:07.241 60474 DEBUG oslo_service.service [-] client_retry_limit = 2 log_opt_values /usr/lib/python3/dist-packages/oslo_config/cfg.py:2602
2026-02-05 01:36:07.244 60474 DEBUG oslo_service.service [-] cloud_backend = heat.engine.clients.OpenStackClients log_opt_values /usr/lib/python3/dist-packages/oslo_config/cfg.py:2602
2026-02-05 01:36:07.244 60474 DEBUG oslo_service.service [-] config_dir = [] log_opt_values /usr/lib/python3/dist-packages/oslo_config/cfg.py:2602
2026-02-05 01:36:07.244 60474 DEBUG oslo_service.service [-] config_file = ['/etc/heat/heat.conf'] log_opt_values /usr/lib/python3/dist-packages/oslo_config/cfg.py:2602
2026-02-05 01:36:07.245 60474 DEBUG oslo_service.service [-] config_source = [] log_opt_values /usr/lib/python3/dist-packages/oslo_config/cfg.py:2602
2026-02-05 01:36:07.245 60474 DEBUG oslo_service.service [-] control_exchange = heat log_opt_values /usr/lib/python3/dist-packages/oslo_config/cfg.py:2602
2026-02-05 01:36:07.245 60474 DEBUG oslo_service.service [-] convergence_engine = True log_opt_values /usr/lib/python3/dist-packages/oslo_config/cfg.py:2602
2026-02-05 01:36:07.245 60474 DEBUG oslo_service.service [-] debug = True log_opt_values /usr/lib/python3/dist-packages/oslo_config/cfg.py:2602
2026-02-05 01:36:07.245 60474 DEBUG oslo_service.service [-] default_deployment_signal_transport = CFN_SIGNAL log_opt_values /usr/lib/python3/dist-packages/oslo_config/cfg.py:2602
2026-02-05 01:36:07.245 60474 DEBUG oslo_service.service [-] default_log_levels = ['amqp=WARN', 'amqplib=WARN', 'boto=WARN', 'qpid=WARN', 'sqlalchemy=WARN', 'suds=INFO', 'oslo.messaging=INFO', 'oslo_messaging=INFO', 'iso8601=WARN', 'requests.packages.urllib3.connectionpool=WARN', 'urllib3.connectionpool=WARN', 'websocket=WARN', 'requests.packages.urllib3.util.retry=WARN', 'urllib3.util.retry=WARN', 'keystonemiddleware=WARN', 'routes.middleware=WARN', 'stevedore=WARN', 'taskflow=WARN', 'keystoneauth=WARN', 'oslo.cache=INFO', 'oslo_policy=INFO', 'dogpile.core.dogpile=INFO'] log_opt_values /usr/lib/python3/dist-packages/oslo_config/cfg.py:2602
2026-02-05 01:36:07.246 60474 DEBUG oslo_service.service [-] default_notification_level = INFO log_opt_values /usr/lib/python3/dist-packages/oslo_config/cfg.py:2602
2026-02-05 01:36:07.246 60474 DEBUG oslo_service.service [-] default_publisher_id = None log_opt_values /usr/lib/python3/dist-packages/oslo_config/cfg.py:2602
2026-02-05 01:36:07.246 60474 DEBUG oslo_service.service [-] default_software_config_transport = POLL_SERVER_CFN log_opt_values /usr/lib/python3/dist-packages/oslo_config/cfg.py:2602
2026-02-05 01:36:07.246 60474 DEBUG oslo_service.service [-] default_user_data_format = HEAT_CFNTOOLS log_opt_values /usr/lib/python3/dist-packages/oslo_config/cfg.py:2602
2026-02-05 01:36:07.247 60474 WARNING oslo_config.cfg [-] Deprecated: Option "deferred_auth_method" from group "DEFAULT" is deprecated for removal (Stored password based deferred auth is broken when used with keystone v3 and is not supported.). Its value may be silently ignored in the future.
2026-02-05 01:36:07.247 60474 DEBUG oslo_service.service [-] deferred_auth_method = trusts log_opt_values /usr/lib/python3/dist-packages/oslo_config/cfg.py:2602
2026-02-05 01:36:07.247 60474 DEBUG oslo_service.service [-] enable_cloud_watch_lite = False log_opt_values /usr/lib/python3/dist-packages/oslo_config/cfg.py:2602
2026-02-05 01:36:07.247 60474 DEBUG oslo_service.service [-] enable_stack_abandon = False log_opt_values /usr/lib/python3/dist-packages/oslo_config/cfg.py:2602
2026-02-05 01:36:07.247 60474 DEBUG oslo_service.service [-] enable_stack_adopt = False log_opt_values /usr/lib/python3/dist-packages/oslo_config/cfg.py:2602
2026-02-05 01:36:07.247 60692 DEBUG heat.engine.service [-] Starting listener for engine 2dcfeeed-8327-4c53-8734-18c0bad7039f start /usr/lib/python3/dist-packages/heat/engine/service.py:392
2026-02-05 01:36:07.247 60474 DEBUG oslo_service.service [-] encrypt_parameters_and_properties = False log_opt_values /usr/lib/python3/dist-packages/oslo_config/cfg.py:2602
