2026-02-05 01:40:57.980 67986 DEBUG oslo_service.service [-] heat_api_cfn.tcp_keepidle = 600 log_opt_values /usr/lib/python3/dist-packages/oslo_config/cfg.py:2609
2026-02-05 01:40:57.980 67986 DEBUG oslo_service.service [-] heat_api_cfn.workers = 4 log_opt_values /usr/lib/python3/dist-packages/oslo_config/cfg.py:2609
2026-02-05 01:40:57.980 67986 DEBUG oslo_service.service [-] heat_api_cloudwatch.backlog = 4096 log_opt_values /usr/lib/python3/dist-packages/oslo_config/cfg.py:2609
2026-02-05 01:40:57.980 67986 DEBUG oslo_service.service [-] heat_api_cloudwatch.bind_host = 0.0.0.0 log_opt_values /usr/lib/python3/dist-packages/oslo_config/cfg.py:2609
2026-02-05 01:40:57.980 67986 DEBUG oslo_service.service [-] heat_api_cloudwatch.bind_port = 8003 log_opt_values /usr/lib/python3/dist-packages/oslo_config/cfg.py:2609
2026-02-05 01:40:57.980 67986 DEBUG oslo_service.service [-] heat_api_cloudwatch.cert_file = None log_opt_values /usr/lib/python3/dist-packages/oslo_config/cfg.py:2609
2026-02-05 01:40:57.980 67986 DEBUG oslo_service.service [-] heat_api_cloudwatch.key_file = None log_opt_values /usr/lib/python3/dist-packages/oslo_config/cfg.py:2609
2026-02-05 01:40:57.980 67986 DEBUG oslo_service.service [-] heat_api_cloudwatch.max_header_line = 16384 log_opt_values /usr/lib/python3/dist-packages/oslo_config/cfg.py:2609
2026-02-05 01:40:57.981 67986 DEBUG oslo_service.service [-] heat_api_cloudwatch.tcp_keepidle = 600 log_opt_values /usr/lib/python3/dist-packages/oslo_config/cfg.py:2609
2026-02-05 01:40:57.982 67986 DEBUG oslo_service.service [-] heat_api_cloudwatch.workers = 1 log_opt_values /usr/lib/python3/dist-packages/oslo_config/cfg.py:2609
2026-02-05 01:40:57.982 67986 DEBUG oslo_service.service [-] eventlet_opts.client_socket_timeout = 900 log_opt_values /usr/lib/python3/dist-packages/oslo_config/cfg.py:2609
2026-02-05 01:40:57.982 67986 DEBUG oslo_service.service [-] eventlet_opts.wsgi_keep_alive = True log_opt_values /usr/lib/python3/dist-packages/oslo_config/cfg.py:2609
2026-02-05 01:40:57.982 67986 DEBUG oslo_service.service [-] paste_deploy.api_paste_config = /etc/heat/api-paste.ini log_opt_values /usr/lib/python3/dist-packages/oslo_config/cfg.py:2609
2026-02-05 01:40:57.982 67986 DEBUG oslo_service.service [-] paste_deploy.flavor = None log_opt_values /usr/lib/python3/dist-packages/oslo_config/cfg.py:2609
2026-02-05 01:40:57.982 67986 DEBUG oslo_service.service [-] auth_password.allowed_auth_uris = [] log_opt_values /usr/lib/python3/dist-packages/oslo_config/cfg.py:2609
2026-02-05 01:40:57.982 67986 DEBUG oslo_service.service [-] auth_password.multi_cloud = False log_opt_values /usr/lib/python3/dist-packages/oslo_config/cfg.py:2609
2026-02-05 01:40:57.983 67986 DEBUG oslo_service.service [-] revision.heat_revision = unknown log_opt_values /usr/lib/python3/dist-packages/oslo_config/cfg.py:2609
2026-02-05 01:40:57.983 67986 DEBUG oslo_service.service [-] volumes.backups_enabled = True log_opt_values /usr/lib/python3/dist-packages/oslo_config/cfg.py:2609
2026-02-05 01:40:57.983 67986 DEBUG oslo_service.service [-] noauth.token_response = log_opt_values /usr/lib/python3/dist-packages/oslo_config/cfg.py:2609
2026-02-05 01:40:57.983 67986 DEBUG oslo_service.service [-] clients.ca_file = None log_opt_values /usr/lib/python3/dist-packages/oslo_config/cfg.py:2609
2026-02-05 01:40:57.983 67986 DEBUG oslo_service.service [-] clients.cert_file = None log_opt_values /usr/lib/python3/dist-packages/oslo_config/cfg.py:2609
2026-02-05 01:40:57.983 67986 DEBUG oslo_service.service [-] clients.endpoint_type = publicURL log_opt_values /usr/lib/python3/dist-packages/oslo_config/cfg.py:2609
2026-02-05 01:40:57.983 67986 DEBUG oslo_service.service [-] clients.insecure = False log_opt_values /usr/lib/python3/dist-packages/oslo_config/cfg.py:2609
2026-02-05 01:40:57.984 67986 DEBUG oslo_service.service [-] clients.key_file = None log_opt_values /usr/lib/python3/dist-packages/oslo_config/cfg.py:2609
2026-02-05 01:40:57.984 67986 DEBUG oslo_service.service [-] clients_aodh.ca_file = None log_opt_values /usr/lib/python3/dist-packages/oslo_config/cfg.py:2609
2026-02-05 01:40:57.984 67986 DEBUG oslo_service.service [-] clients_aodh.cert_file = None log_opt_values /usr/lib/python3/dist-packages/oslo_config/cfg.py:2609
2026-02-05 01:40:57.984 67986 DEBUG oslo_service.service [-] clients_aodh.endpoint_type = None log_opt_values /usr/lib/python3/dist-packages/oslo_config/cfg.py:2609
2026-02-05 01:40:57.984 67986 DEBUG oslo_service.service [-] clients_aodh.insecure = None log_opt_values /usr/lib/python3/dist-packages/oslo_config/cfg.py:2609
2026-02-05 01:40:57.984 67986 DEBUG oslo_service.service [-] clients_aodh.key_file = None log_opt_values /usr/lib/python3/dist-packages/oslo_config/cfg.py:2609
2026-02-05 01:40:57.984 67986 DEBUG oslo_service.service [-] clients_barbican.ca_file = None log_opt_values /usr/lib/python3/dist-packages/oslo_config/cfg.py:2609
2026-02-05 01:40:57.984 67986 DEBUG oslo_service.service [-] clients_barbican.cert_file = None log_opt_values /usr/lib/python3/dist-packages/oslo_config/cfg.py:2609
2026-02-05 01:40:57.984 67986 DEBUG oslo_service.service [-] clients_barbican.endpoint_type = None log_opt_values /usr/lib/python3/dist-packages/oslo_config/cfg.py:2609
2026-02-05 01:40:57.985 67986 DEBUG oslo_service.service [-] clients_barbican.insecure = None log_opt_values /usr/lib/python3/dist-packages/oslo_config/cfg.py:2609
2026-02-05 01:40:57.985 67986 DEBUG oslo_service.service [-] clients_barbican.key_file = None log_opt_values /usr/lib/python3/dist-packages/oslo_config/cfg.py:2609
2026-02-05 01:40:57.985 67986 DEBUG oslo_service.service [-] clients_cinder.ca_file = None log_opt_values /usr/lib/python3/dist-packages/oslo_config/cfg.py:2609
2026-02-05 01:40:57.985 67986 DEBUG oslo_service.service [-] clients_cinder.cert_file = None log_opt_values /usr/lib/python3/dist-packages/oslo_config/cfg.py:2609
2026-02-05 01:40:57.985 67986 DEBUG oslo_service.service [-] clients_cinder.endpoint_type = None log_opt_values /usr/lib/python3/dist-packages/oslo_config/cfg.py:2609
2026-02-05 01:40:57.985 67986 DEBUG oslo_service.service [-] clients_cinder.http_log_debug = False log_opt_values /usr/lib/python3/dist-packages/oslo_config/cfg.py:2609
2026-02-05 01:40:57.985 67986 DEBUG oslo_service.service [-] clients_cinder.insecure = None log_opt_values /usr/lib/python3/dist-packages/oslo_config/cfg.py:2609
2026-02-05 01:40:57.985 67986 DEBUG oslo_service.service [-] clients_cinder.key_file = None log_opt_values /usr/lib/python3/dist-packages/oslo_config/cfg.py:2609
2026-02-05 01:40:57.985 67986 DEBUG oslo_service.service [-] clients_designate.ca_file = None log_opt_values /usr/lib/python3/dist-packages/oslo_config/cfg.py:2609
2026-02-05 01:40:57.986 67986 DEBUG oslo_service.service [-] clients_designate.cert_file = None log_opt_values /usr/lib/python3/dist-packages/oslo_config/cfg.py:2609
2026-02-05 01:40:57.986 67986 DEBUG oslo_service.service [-] clients_designate.endpoint_type = None log_opt_values /usr/lib/python3/dist-packages/oslo_config/cfg.py:2609
2026-02-05 01:40:57.986 67986 DEBUG oslo_service.service [-] clients_designate.insecure = None log_opt_values /usr/lib/python3/dist-packages/oslo_config/cfg.py:2609
2026-02-05 01:40:57.987 67986 DEBUG oslo_service.service [-] clients_designate.key_file = None log_opt_values /usr/lib/python3/dist-packages/oslo_config/cfg.py:2609
2026-02-05 01:40:57.987 67986 DEBUG oslo_service.service [-] clients_glance.ca_file = None log_opt_values /usr/lib/python3/dist-packages/oslo_config/cfg.py:2609
2026-02-05 01:40:57.987 67986 DEBUG oslo_service.service [-] clients_glance.cert_file = None log_opt_values /usr/lib/python3/dist-packages/oslo_config/cfg.py:2609
2026-02-05 01:40:57.988 67986 DEBUG oslo_service.service [-] clients_glance.endpoint_type = None log_opt_values /usr/lib/python3/dist-packages/oslo_config/cfg.py:2609
2026-02-05 01:40:57.988 67986 DEBUG oslo_service.service [-] clients_glance.insecure = None log_opt_values /usr/lib/python3/dist-packages/oslo_config/cfg.py:2609
2026-02-05 01:40:57.988 67986 DEBUG oslo_service.service [-] clients_glance.key_file = None log_opt_values /usr/lib/python3/dist-packages/oslo_config/cfg.py:2609
2026-02-05 01:40:57.988 67986 DEBUG oslo_service.service [-] clients_heat.ca_file = None log_opt_values /usr/lib/python3/dist-packages/oslo_config/cfg.py:2609
2026-02-05 01:40:57.988 67986 DEBUG oslo_service.service [-] clients_heat.cert_file = None log_opt_values /usr/lib/python3/dist-packages/oslo_config/cfg.py:2609
2026-02-05 01:40:57.988 67986 DEBUG oslo_service.service [-] clients_heat.endpoint_type = None log_opt_values /usr/lib/python3/dist-packages/oslo_config/cfg.py:2609
2026-02-05 01:40:57.988 67986 DEBUG oslo_service.service [-] clients_heat.insecure = None log_opt_values /usr/lib/python3/dist-packages/oslo_config/cfg.py:2609
2026-02-05 01:40:57.989 67986 DEBUG oslo_service.service [-] clients_heat.key_file = None log_opt_values /usr/lib/python3/dist-packages/oslo_config/cfg.py:2609
2026-02-05 01:40:57.989 67986 DEBUG oslo_service.service [-] clients_heat.url = log_opt_values /usr/lib/python3/dist-packages/oslo_config/cfg.py:2609
2026-02-05 01:40:57.989 67986 DEBUG oslo_service.service [-] clients_keystone.auth_uri = http://252.241.92.149:5050 log_opt_values /usr/lib/python3/dist-packages/oslo_config/cfg.py:2609
2026-02-05 01:40:57.989 67986 DEBUG oslo_service.service [-] clients_keystone.ca_file = None log_opt_values /usr/lib/python3/dist-packages/oslo_config/cfg.py:2609
2026-02-05 01:40:57.989 67986 DEBUG oslo_service.service [-] clients_keystone.cert_file = None log_opt_values /usr/lib/python3/dist-packages/oslo_config/cfg.py:2609
2026-02-05 01:40:57.989 67986 DEBUG oslo_service.service [-] clients_keystone.endpoint_type = None log_opt_values /usr/lib/python3/dist-packages/oslo_config/cfg.py:2609
2026-02-05 01:40:57.989 67986 DEBUG oslo_service.service [-] clients_keystone.insecure = None log_opt_values /usr/lib/python3/dist-packages/oslo_config/cfg.py:2609
2026-02-05 01:40:57.989 67986 DEBUG oslo_service.service [-] clients_keystone.key_file = None log_opt_values /usr/lib/python3/dist-packages/oslo_config/cfg.py:2609
2026-02-05 01:40:57.990 67986 DEBUG oslo_service.service [-] clients_magnum.ca_file = None log_opt_values /usr/lib/python3/dist-packages/oslo_config/cfg.py:2609
2026-02-05 01:40:57.990 67986 DEBUG oslo_service.service [-] clients_magnum.cert_file = None log_opt_values /usr/lib/python3/dist-packages/oslo_config/cfg.py:2609
2026-02-05 01:40:57.990 67986 DEBUG oslo_service.service [-] clients_magnum.endpoint_type = None log_opt_values /usr/lib/python3/dist-packages/oslo_config/cfg.py:2609
2026-02-05 01:40:57.990 67986 DEBUG oslo_service.service [-] clients_magnum.insecure = None log_opt_values /usr/lib/python3/dist-packages/oslo_config/cfg.py:2609
2026-02-05 01:40:57.990 67986 DEBUG oslo_service.service [-] clients_magnum.key_file = None log_opt_values /usr/lib/python3/dist-packages/oslo_config/cfg.py:2609
2026-02-05 01:40:57.990 67986 DEBUG oslo_service.service [-] clients_manila.ca_file = None log_opt_values /usr/lib/python3/dist-packages/oslo_config/cfg.py:2609
2026-02-05 01:40:57.990 67986 DEBUG oslo_service.service [-] clients_manila.cert_file = None log_opt_values /usr/lib/python3/dist-packages/oslo_config/cfg.py:2609
2026-02-05 01:40:57.990 67986 DEBUG oslo_service.service [-] clients_manila.endpoint_type = None log_opt_values /usr/lib/python3/dist-packages/oslo_config/cfg.py:2609
2026-02-05 01:40:57.990 67986 DEBUG oslo_service.service [-] clients_manila.insecure = None log_opt_values /usr/lib/python3/dist-packages/oslo_config/cfg.py:2609
2026-02-05 01:40:57.991 67986 DEBUG oslo_service.service [-] clients_manila.key_file = None log_opt_values /usr/lib/python3/dist-packages/oslo_config/cfg.py:2609
2026-02-05 01:40:57.991 67986 DEBUG oslo_service.service [-] clients_mistral.ca_file = None log_opt_values /usr/lib/python3/dist-packages/oslo_config/cfg.py:2609
2026-02-05 01:40:57.991 67986 DEBUG oslo_service.service [-] clients_mistral.cert_file = None log_opt_values /usr/lib/python3/dist-packages/oslo_config/cfg.py:2609
2026-02-05 01:40:57.991 67986 DEBUG oslo_service.service [-] clients_mistral.endpoint_type = None log_opt_values /usr/lib/python3/dist-packages/oslo_config/cfg.py:2609
2026-02-05 01:40:57.991 67986 DEBUG oslo_service.service [-] clients_mistral.insecure = None log_opt_values /usr/lib/python3/dist-packages/oslo_config/cfg.py:2609
2026-02-05 01:40:57.991 67986 DEBUG oslo_service.service [-] clients_mistral.key_file = None log_opt_values /usr/lib/python3/dist-packages/oslo_config/cfg.py:2609
2026-02-05 01:40:57.991 67986 DEBUG oslo_service.service [-] clients_monasca.ca_file = None log_opt_values /usr/lib/python3/dist-packages/oslo_config/cfg.py:2609
2026-02-05 01:40:57.991 67986 DEBUG oslo_service.service [-] clients_monasca.cert_file = None log_opt_values /usr/lib/python3/dist-packages/oslo_config/cfg.py:2609
2026-02-05 01:40:57.992 67986 DEBUG oslo_service.service [-] clients_monasca.endpoint_type = None log_opt_values /usr/lib/python3/dist-packages/oslo_config/cfg.py:2609
2026-02-05 01:40:57.992 67986 DEBUG oslo_service.service [-] clients_monasca.insecure = None log_opt_values /usr/lib/python3/dist-packages/oslo_config/cfg.py:2609
2026-02-05 01:40:57.992 68323 INFO heat.engine.worker [-] Starting engine_worker (1.4) in engine fc9334c8-f93d-4202-857a-763bd91a9bbe.
2026-02-05 01:40:57.992 67986 DEBUG oslo_service.service [-] clients_monasca.key_file = None log_opt_values /usr/lib/python3/dist-packages/oslo_config/cfg.py:2609
2026-02-05 01:40:57.992 67986 DEBUG oslo_service.service [-] clients_neutron.ca_file = None log_opt_values /usr/lib/python3/dist-packages/oslo_config/cfg.py:2609
2026-02-05 01:40:57.992 67986 DEBUG oslo_service.service [-] clients_neutron.cert_file = None log_opt_values /usr/lib/python3/dist-packages/oslo_config/cfg.py:2609
2026-02-05 01:40:57.992 67986 DEBUG oslo_service.service [-] clients_neutron.endpoint_type = None log_opt_values /usr/lib/python3/dist-packages/oslo_config/cfg.py:2609
2026-02-05 01:40:57.992 67986 DEBUG oslo_service.service [-] clients_neutron.insecure = None log_opt_values /usr/lib/python3/dist-packages/oslo_config/cfg.py:2609
2026-02-05 01:40:57.993 67986 DEBUG oslo_service.service [-] clients_neutron.key_file = None log_opt_values /usr/lib/python3/dist-packages/oslo_config/cfg.py:2609
2026-02-05 01:40:57.993 67986 DEBUG oslo_service.service [-] clients_nova.ca_file = None log_opt_values /usr/lib/python3/dist-packages/oslo_config/cfg.py:2609
2026-02-05 01:40:57.993 67986 DEBUG oslo_service.service [-] clients_nova.cert_file = None log_opt_values /usr/lib/python3/dist-packages/oslo_config/cfg.py:2609
2026-02-05 01:40:57.993 67986 DEBUG oslo_service.service [-] clients_nova.endpoint_type = None log_opt_values /usr/lib/python3/dist-packages/oslo_config/cfg.py:2609
2026-02-05 01:40:57.993 67986 DEBUG oslo_service.service [-] clients_nova.http_log_debug = False log_opt_values /usr/lib/python3/dist-packages/oslo_config/cfg.py:2609
2026-02-05 01:40:57.993 67986 DEBUG oslo_service.service [-] clients_nova.insecure = None log_opt_values /usr/lib/python3/dist-packages/oslo_config/cfg.py:2609
2026-02-05 01:40:57.993 67986 DEBUG oslo_service.service [-] clients_nova.key_file = None log_opt_values /usr/lib/python3/dist-packages/oslo_config/cfg.py:2609
2026-02-05 01:40:57.993 67986 DEBUG oslo_service.service [-] clients_octavia.ca_file = None log_opt_values /usr/lib/python3/dist-packages/oslo_config/cfg.py:2609
2026-02-05 01:40:57.994 67986 DEBUG oslo_service.service [-] clients_octavia.cert_file = None log_opt_values /usr/lib/python3/dist-packages/oslo_config/cfg.py:2609
2026-02-05 01:40:57.994 67986 DEBUG oslo_service.service [-] clients_octavia.endpoint_type = None log_opt_values /usr/lib/python3/dist-packages/oslo_config/cfg.py:2609
2026-02-05 01:40:57.994 67986 DEBUG oslo_service.service [-] clients_octavia.insecure = None log_opt_values /usr/lib/python3/dist-packages/oslo_config/cfg.py:2609
2026-02-05 01:40:57.994 67986 DEBUG oslo_service.service [-] clients_octavia.key_file = None log_opt_values /usr/lib/python3/dist-packages/oslo_config/cfg.py:2609
2026-02-05 01:40:57.994 67986 DEBUG oslo_service.service [-] clients_sahara.ca_file = None log_opt_values /usr/lib/python3/dist-packages/oslo_config/cfg.py:2609
2026-02-05 01:40:57.994 67986 DEBUG oslo_service.service [-] clients_sahara.cert_file = None log_opt_values /usr/lib/python3/dist-packages/oslo_config/cfg.py:2609
2026-02-05 01:40:57.995 67986 DEBUG oslo_service.service [-] clients_sahara.endpoint_type = None log_opt_values /usr/lib/python3/dist-packages/oslo_config/cfg.py:2609
2026-02-05 01:40:57.996 67986 DEBUG oslo_service.service [-] clients_sahara.insecure = None log_opt_values /usr/lib/python3/dist-packages/oslo_config/cfg.py:2609
2026-02-05 01:40:57.996 67986 DEBUG oslo_service.service [-] clients_sahara.key_file = None log_opt_values /usr/lib/python3/dist-packages/oslo_config/cfg.py:2609
2026-02-05 01:40:57.996 67986 DEBUG oslo_service.service [-] clients_senlin.ca_file = None log_opt_values /usr/lib/python3/dist-packages/oslo_config/cfg.py:2609
2026-02-05 01:40:57.996 67986 DEBUG oslo_service.service [-] clients_senlin.cert_file = None log_opt_values /usr/lib/python3/dist-packages/oslo_config/cfg.py:2609
2026-02-05 01:40:57.996 67986 DEBUG oslo_service.service [-] clients_senlin.endpoint_type = None log_opt_values /usr/lib/python3/dist-packages/oslo_config/cfg.py:2609
2026-02-05 01:40:57.996 67986 DEBUG oslo_service.service [-] clients_senlin.insecure = None log_opt_values /usr/lib/python3/dist-packages/oslo_config/cfg.py:2609
2026-02-05 01:40:57.996 67986 DEBUG oslo_service.service [-] clients_senlin.key_file = None log_opt_values /usr/lib/python3/dist-packages/oslo_config/cfg.py:2609
2026-02-05 01:40:57.997 67986 DEBUG oslo_service.service [-] clients_swift.ca_file = None log_opt_values /usr/lib/python3/dist-packages/oslo_config/cfg.py:2609
2026-02-05 01:40:57.997 67986 DEBUG oslo_service.service [-] clients_swift.cert_file = None log_opt_values /usr/lib/python3/dist-packages/oslo_config/cfg.py:2609
2026-02-05 01:40:57.997 67986 DEBUG oslo_service.service [-] clients_swift.endpoint_type = None log_opt_values /usr/lib/python3/dist-packages/oslo_config/cfg.py:2609
2026-02-05 01:40:57.997 67986 DEBUG oslo_service.service [-] clients_swift.insecure = None log_opt_values /usr/lib/python3/dist-packages/oslo_config/cfg.py:2609
2026-02-05 01:40:57.997 67986 DEBUG oslo_service.service [-] clients_swift.key_file = None log_opt_values /usr/lib/python3/dist-packages/oslo_config/cfg.py:2609
2026-02-05 01:40:57.997 67986 DEBUG oslo_service.service [-] clients_trove.ca_file = None log_opt_values /usr/lib/python3/dist-packages/oslo_config/cfg.py:2609
2026-02-05 01:40:57.997 67986 DEBUG oslo_service.service [-] clients_trove.cert_file = None log_opt_values /usr/lib/python3/dist-packages/oslo_config/cfg.py:2609
2026-02-05 01:40:57.998 67986 DEBUG oslo_service.service [-] clients_trove.endpoint_type = None log_opt_values /usr/lib/python3/dist-packages/oslo_config/cfg.py:2609
2026-02-05 01:40:57.998 67986 DEBUG oslo_service.service [-] clients_trove.insecure = None log_opt_values /usr/lib/python3/dist-packages/oslo_config/cfg.py:2609
2026-02-05 01:40:57.998 67986 DEBUG oslo_service.service [-] clients_trove.key_file = None log_opt_values /usr/lib/python3/dist-packages/oslo_config/cfg.py:2609
2026-02-05 01:40:57.998 67986 DEBUG oslo_service.service [-] clients_vitrage.ca_file = None log_opt_values /usr/lib/python3/dist-packages/oslo_config/cfg.py:2609
2026-02-05 01:40:57.998 67986 DEBUG oslo_service.service [-] clients_vitrage.cert_file = None log_opt_values /usr/lib/python3/dist-packages/oslo_config/cfg.py:2609
2026-02-05 01:40:57.998 67986 DEBUG oslo_service.service [-] clients_vitrage.endpoint_type = None log_opt_values /usr/lib/python3/dist-packages/oslo_config/cfg.py:2609
2026-02-05 01:40:57.998 67986 DEBUG oslo_service.service [-] clients_vitrage.insecure = None log_opt_values /usr/lib/python3/dist-packages/oslo_config/cfg.py:2609
2026-02-05 01:40:57.999 67986 DEBUG oslo_service.service [-] clients_vitrage.key_file = None log_opt_values /usr/lib/python3/dist-packages/oslo_config/cfg.py:2609
2026-02-05 01:40:57.999 67986 DEBUG oslo_service.service [-] clients_zaqar.ca_file = None log_opt_values /usr/lib/python3/dist-packages/oslo_config/cfg.py:2609
2026-02-05 01:40:57.999 67986 DEBUG oslo_service.service [-] clients_zaqar.cert_file = None log_opt_values /usr/lib/python3/dist-packages/oslo_config/cfg.py:2609
2026-02-05 01:40:58.003 67986 DEBUG oslo_service.service [-] clients_zaqar.endpoint_type = None log_opt_values /usr/lib/python3/dist-packages/oslo_config/cfg.py:2609
2026-02-05 01:40:58.004 67986 DEBUG oslo_service.service [-] clients_zaqar.insecure = None log_opt_values /usr/lib/python3/dist-packages/oslo_config/cfg.py:2609
2026-02-05 01:40:58.004 67986 DEBUG oslo_service.service [-] clients_zaqar.key_file = None log_opt_values /usr/lib/python3/dist-packages/oslo_config/cfg.py:2609
2026-02-05 01:40:58.001 68324 INFO heat.engine.worker [-] Starting engine_worker (1.4) in engine b2e8d166-4cc8-4a57-b936-072f9b88d662.
2026-02-05 01:40:58.005 67986 DEBUG oslo_service.service [-] database.backend = sqlalchemy log_opt_values /usr/lib/python3/dist-packages/oslo_config/cfg.py:2609
2026-02-05 01:40:58.005 67986 DEBUG oslo_service.service [-] database.connection = **** log_opt_values /usr/lib/python3/dist-packages/oslo_config/cfg.py:2609
2026-02-05 01:40:58.005 67986 DEBUG oslo_service.service [-] database.connection_debug = 0 log_opt_values /usr/lib/python3/dist-packages/oslo_config/cfg.py:2609
2026-02-05 01:40:58.005 67986 DEBUG oslo_service.service [-] database.connection_parameters = log_opt_values /usr/lib/python3/dist-packages/oslo_config/cfg.py:2609
2026-02-05 01:40:58.005 67986 DEBUG oslo_service.service [-] database.connection_recycle_time = 3600 log_opt_values /usr/lib/python3/dist-packages/oslo_config/cfg.py:2609
2026-02-05 01:40:58.005 67986 DEBUG oslo_service.service [-] database.connection_trace = False log_opt_values /usr/lib/python3/dist-packages/oslo_config/cfg.py:2609
2026-02-05 01:40:58.006 67986 DEBUG oslo_service.service [-] database.db_inc_retry_interval = True log_opt_values /usr/lib/python3/dist-packages/oslo_config/cfg.py:2609
2026-02-05 01:40:58.006 67986 DEBUG oslo_service.service [-] database.db_max_retries = 20 log_opt_values /usr/lib/python3/dist-packages/oslo_config/cfg.py:2609
2026-02-05 01:40:58.006 67986 DEBUG oslo_service.service [-] database.db_max_retry_interval = 10 log_opt_values /usr/lib/python3/dist-packages/oslo_config/cfg.py:2609
2026-02-05 01:40:58.006 67986 DEBUG oslo_service.service [-] database.db_retry_interval = 1 log_opt_values /usr/lib/python3/dist-packages/oslo_config/cfg.py:2609
2026-02-05 01:40:58.006 67986 DEBUG oslo_service.service [-] database.max_overflow = 50 log_opt_values /usr/lib/python3/dist-packages/oslo_config/cfg.py:2609
2026-02-05 01:40:58.006 67986 DEBUG oslo_service.service [-] database.max_pool_size = 5 log_opt_values /usr/lib/python3/dist-packages/oslo_config/cfg.py:2609
2026-02-05 01:40:58.006 67986 DEBUG oslo_service.service [-] database.max_retries = 10 log_opt_values /usr/lib/python3/dist-packages/oslo_config/cfg.py:2609
2026-02-05 01:40:58.006 67986 DEBUG oslo_service.service [-] database.mysql_enable_ndb = False log_opt_values /usr/lib/python3/dist-packages/oslo_config/cfg.py:2609
2026-02-05 01:40:58.007 67986 DEBUG oslo_service.service [-] database.mysql_sql_mode = TRADITIONAL log_opt_values /usr/lib/python3/dist-packages/oslo_config/cfg.py:2609
2026-02-05 01:40:58.007 67986 DEBUG oslo_service.service [-] database.pool_timeout = None log_opt_values /usr/lib/python3/dist-packages/oslo_config/cfg.py:2609
2026-02-05 01:40:58.007 67986 DEBUG oslo_service.service [-] database.retry_interval = 10 log_opt_values /usr/lib/python3/dist-packages/oslo_config/cfg.py:2609
2026-02-05 01:40:58.007 67986 DEBUG oslo_service.service [-] database.slave_connection = **** log_opt_values /usr/lib/python3/dist-packages/oslo_config/cfg.py:2609
2026-02-05 01:40:58.007 67986 DEBUG oslo_service.service [-] database.sqlite_synchronous = True log_opt_values /usr/lib/python3/dist-packages/oslo_config/cfg.py:2609
2026-02-05 01:40:58.007 67986 DEBUG oslo_service.service [-] database.use_db_reconnect = False log_opt_values /usr/lib/python3/dist-packages/oslo_config/cfg.py:2609
2026-02-05 01:40:58.007 67986 DEBUG oslo_service.service [-] oslo_messaging_metrics.metrics_buffer_size = 1000 log_opt_values /usr/lib/python3/dist-packages/oslo_config/cfg.py:2609
2026-02-05 01:40:58.008 67986 DEBUG oslo_service.service [-] oslo_messaging_metrics.metrics_enabled = False log_opt_values /usr/lib/python3/dist-packages/oslo_config/cfg.py:2609
2026-02-05 01:40:58.008 67986 DEBUG oslo_service.service [-] oslo_messaging_metrics.metrics_process_name = log_opt_values /usr/lib/python3/dist-packages/oslo_config/cfg.py:2609
2026-02-05 01:40:58.008 67986 DEBUG oslo_service.service [-] oslo_messaging_metrics.metrics_socket_file = /var/tmp/metrics_collector.sock log_opt_values /usr/lib/python3/dist-packages/oslo_config/cfg.py:2609
2026-02-05 01:40:58.008 67986 DEBUG oslo_service.service [-] oslo_messaging_metrics.metrics_thread_stop_timeout = 10 log_opt_values /usr/lib/python3/dist-packages/oslo_config/cfg.py:2609
2026-02-05 01:40:58.008 67986 DEBUG oslo_service.service [-] oslo_policy.enforce_new_defaults = False log_opt_values /usr/lib/python3/dist-packages/oslo_config/cfg.py:2609
2026-02-05 01:40:58.012 67986 DEBUG oslo_service.service [-] oslo_policy.enforce_scope = False log_opt_values /usr/lib/python3/dist-packages/oslo_config/cfg.py:2609
2026-02-05 01:40:58.012 67986 DEBUG oslo_service.service [-] oslo_policy.policy_default_rule = default log_opt_values /usr/lib/python3/dist-packages/oslo_config/cfg.py:2609
2026-02-05 01:40:58.012 67986 DEBUG oslo_service.service [-] oslo_policy.policy_dirs = ['policy.d'] log_opt_values /usr/lib/python3/dist-packages/oslo_config/cfg.py:2609
2026-02-05 01:40:58.013 67986 DEBUG oslo_service.service [-] oslo_policy.policy_file = policy.yaml log_opt_values /usr/lib/python3/dist-packages/oslo_config/cfg.py:2609
2026-02-05 01:40:58.014 67986 DEBUG oslo_service.service [-] oslo_policy.remote_content_type = application/x-www-form-urlencoded log_opt_values /usr/lib/python3/dist-packages/oslo_config/cfg.py:2609
2026-02-05 01:40:58.014 67986 DEBUG oslo_service.service [-] oslo_policy.remote_ssl_ca_crt_file = None log_opt_values /usr/lib/python3/dist-packages/oslo_config/cfg.py:2609
2026-02-05 01:40:58.014 67986 DEBUG oslo_service.service [-] oslo_policy.remote_ssl_client_crt_file = None log_opt_values /usr/lib/python3/dist-packages/oslo_config/cfg.py:2609
2026-02-05 01:40:58.015 67986 DEBUG oslo_service.service [-] oslo_policy.remote_ssl_client_key_file = None log_opt_values /usr/lib/python3/dist-packages/oslo_config/cfg.py:2609
2026-02-05 01:40:58.016 67986 DEBUG oslo_service.service [-] oslo_policy.remote_ssl_verify_server_crt = False log_opt_values /usr/lib/python3/dist-packages/oslo_config/cfg.py:2609
2026-02-05 01:40:58.016 67986 DEBUG oslo_service.service [-] trustee.auth_section = None log_opt_values /usr/lib/python3/dist-packages/oslo_config/cfg.py:2609
2026-02-05 01:40:58.016 67986 WARNING oslo_config.cfg [-] Deprecated: Option "auth_plugin" from group "trustee" is deprecated. Use option "auth_type" from group "trustee".
2026-02-05 01:40:58.017 67986 DEBUG oslo_service.service [-] trustee.auth_type = password log_opt_values /usr/lib/python3/dist-packages/oslo_config/cfg.py:2609
2026-02-05 01:40:58.017 67986 DEBUG oslo_service.service [-] oslo_versionedobjects.fatal_exception_format_errors = False log_opt_values /usr/lib/python3/dist-packages/oslo_config/cfg.py:2609
2026-02-05 01:40:58.017 67986 DEBUG oslo_service.service [-] oslo_messaging_rabbit.amqp_auto_delete = False log_opt_values /usr/lib/python3/dist-packages/oslo_config/cfg.py:2609
2026-02-05 01:40:58.018 67986 DEBUG oslo_service.service [-] oslo_messaging_rabbit.amqp_durable_queues = False log_opt_values /usr/lib/python3/dist-packages/oslo_config/cfg.py:2609
2026-02-05 01:40:58.018 67986 DEBUG oslo_service.service [-] oslo_messaging_rabbit.conn_pool_min_size = 2 log_opt_values /usr/lib/python3/dist-packages/oslo_config/cfg.py:2609
2026-02-05 01:40:58.019 67986 DEBUG oslo_service.service [-] oslo_messaging_rabbit.conn_pool_ttl = 1200 log_opt_values /usr/lib/python3/dist-packages/oslo_config/cfg.py:2609
2026-02-05 01:40:58.019 67986 DEBUG oslo_service.service [-] oslo_messaging_rabbit.direct_mandatory_flag = True log_opt_values /usr/lib/python3/dist-packages/oslo_config/cfg.py:2609
2026-02-05 01:40:58.019 67986 DEBUG oslo_service.service [-] oslo_messaging_rabbit.enable_cancel_on_failover = False log_opt_values /usr/lib/python3/dist-packages/oslo_config/cfg.py:2609
2026-02-05 01:40:58.019 67986 DEBUG oslo_service.service [-] oslo_messaging_rabbit.heartbeat_in_pthread = False log_opt_values /usr/lib/python3/dist-packages/oslo_config/cfg.py:2609
2026-02-05 01:40:58.019 67986 DEBUG oslo_service.service [-] oslo_messaging_rabbit.heartbeat_rate = 2 log_opt_values /usr/lib/python3/dist-packages/oslo_config/cfg.py:2609
2026-02-05 01:40:58.019 67986 DEBUG oslo_service.service [-] oslo_messaging_rabbit.heartbeat_timeout_threshold = 60 log_opt_values /usr/lib/python3/dist-packages/oslo_config/cfg.py:2609
2026-02-05 01:40:58.021 67986 DEBUG oslo_service.service [-] oslo_messaging_rabbit.kombu_compression = None log_opt_values /usr/lib/python3/dist-packages/oslo_config/cfg.py:2609
2026-02-05 01:40:58.023 67986 DEBUG oslo_service.service [-] oslo_messaging_rabbit.kombu_failover_strategy = round-robin log_opt_values /usr/lib/python3/dist-packages/oslo_config/cfg.py:2609
2026-02-05 01:40:58.024 67986 DEBUG oslo_service.service [-] oslo_messaging_rabbit.kombu_missing_consumer_retry_timeout = 60 log_opt_values /usr/lib/python3/dist-packages/oslo_config/cfg.py:2609
2026-02-05 01:40:58.024 67986 DEBUG oslo_service.service [-] oslo_messaging_rabbit.kombu_reconnect_delay = 1.0 log_opt_values /usr/lib/python3/dist-packages/oslo_config/cfg.py:2609
2026-02-05 01:40:58.024 67986 DEBUG oslo_service.service [-] oslo_messaging_rabbit.rabbit_ha_queues = False log_opt_values /usr/lib/python3/dist-packages/oslo_config/cfg.py:2609
2026-02-05 01:40:58.024 67986 DEBUG oslo_service.service [-] oslo_messaging_rabbit.rabbit_interval_max = 30 log_opt_values /usr/lib/python3/dist-packages/oslo_config/cfg.py:2609
2026-02-05 01:40:58.025 67986 DEBUG oslo_service.service [-] oslo_messaging_rabbit.rabbit_login_method = AMQPLAIN log_opt_values /usr/lib/python3/dist-packages/oslo_config/cfg.py:2609
2026-02-05 01:40:58.026 67986 DEBUG oslo_service.service [-] oslo_messaging_rabbit.rabbit_qos_prefetch_count = 0 log_opt_values /usr/lib/python3/dist-packages/oslo_config/cfg.py:2609
2026-02-05 01:40:58.026 67986 DEBUG oslo_service.service [-] oslo_messaging_rabbit.rabbit_quorum_queue = False log_opt_values /usr/lib/python3/dist-packages/oslo_config/cfg.py:2609
2026-02-05 01:40:58.026 67986 DEBUG oslo_service.service [-] oslo_messaging_rabbit.rabbit_retry_backoff = 2 log_opt_values /usr/lib/python3/dist-packages/oslo_config/cfg.py:2609
2026-02-05 01:40:58.026 67986 DEBUG oslo_service.service [-] oslo_messaging_rabbit.rabbit_retry_interval = 1 log_opt_values /usr/lib/python3/dist-packages/oslo_config/cfg.py:2609
2026-02-05 01:40:58.026 67986 DEBUG oslo_service.service [-] oslo_messaging_rabbit.rabbit_transient_queues_ttl = 1800 log_opt_values /usr/lib/python3/dist-packages/oslo_config/cfg.py:2609
2026-02-05 01:40:58.027 67986 DEBUG oslo_service.service [-] oslo_messaging_rabbit.rpc_conn_pool_size = 30 log_opt_values /usr/lib/python3/dist-packages/oslo_config/cfg.py:2609
2026-02-05 01:40:58.027 67986 DEBUG oslo_service.service [-] oslo_messaging_rabbit.ssl = False log_opt_values /usr/lib/python3/dist-packages/oslo_config/cfg.py:2609
2026-02-05 01:40:58.028 67986 DEBUG oslo_service.service [-] oslo_messaging_rabbit.ssl_ca_file = log_opt_values /usr/lib/python3/dist-packages/oslo_config/cfg.py:2609
2026-02-05 01:40:58.028 67986 DEBUG oslo_service.service [-] oslo_messaging_rabbit.ssl_cert_file = log_opt_values /usr/lib/python3/dist-packages/oslo_config/cfg.py:2609
2026-02-05 01:40:58.028 67986 DEBUG oslo_service.service [-] oslo_messaging_rabbit.ssl_key_file = log_opt_values /usr/lib/python3/dist-packages/oslo_config/cfg.py:2609
2026-02-05 01:40:58.028 67986 DEBUG oslo_service.service [-] oslo_messaging_rabbit.ssl_version = log_opt_values /usr/lib/python3/dist-packages/oslo_config/cfg.py:2609
2026-02-05 01:40:58.028 67986 DEBUG oslo_service.service [-] oslo_messaging_notifications.driver = [] log_opt_values /usr/lib/python3/dist-packages/oslo_config/cfg.py:2609
2026-02-05 01:40:58.028 67986 DEBUG oslo_service.service [-] oslo_messaging_notifications.retry = -1 log_opt_values /usr/lib/python3/dist-packages/oslo_config/cfg.py:2609
2026-02-05 01:40:58.028 67986 DEBUG oslo_service.service [-] oslo_messaging_notifications.topics = ['notifications'] log_opt_values /usr/lib/python3/dist-packages/oslo_config/cfg.py:2609
2026-02-05 01:40:58.028 67986 DEBUG oslo_service.service [-] oslo_messaging_notifications.transport_url = **** log_opt_values /usr/lib/python3/dist-packages/oslo_config/cfg.py:2609
2026-02-05 01:40:58.030 67986 DEBUG oslo_service.service [-] cache.backend = dogpile.cache.null log_opt_values /usr/lib/python3/dist-packages/oslo_config/cfg.py:2609
2026-02-05 01:40:58.030 67986 DEBUG oslo_service.service [-] cache.backend_argument = **** log_opt_values /usr/lib/python3/dist-packages/oslo_config/cfg.py:2609
2026-02-05 01:40:58.032 67986 DEBUG oslo_service.service [-] cache.config_prefix = cache.oslo log_opt_values /usr/lib/python3/dist-packages/oslo_config/cfg.py:2609
2026-02-05 01:40:58.032 67986 DEBUG oslo_service.service [-] cache.debug_cache_backend = False log_opt_values /usr/lib/python3/dist-packages/oslo_config/cfg.py:2609
2026-02-05 01:40:58.032 67986 DEBUG oslo_service.service [-] cache.enabled = False log_opt_values /usr/lib/python3/dist-packages/oslo_config/cfg.py:2609
2026-02-05 01:40:58.032 67986 DEBUG oslo_service.service [-] cache.expiration_time = 600 log_opt_values /usr/lib/python3/dist-packages/oslo_config/cfg.py:2609
2026-02-05 01:40:58.032 67986 DEBUG oslo_service.service [-] cache.memcache_dead_retry = 300 log_opt_values /usr/lib/python3/dist-packages/oslo_config/cfg.py:2609
2026-02-05 01:40:58.032 67986 DEBUG oslo_service.service [-] cache.memcache_pool_connection_get_timeout = 10 log_opt_values /usr/lib/python3/dist-packages/oslo_config/cfg.py:2609
2026-02-05 01:40:58.033 67986 DEBUG oslo_service.service [-] cache.memcache_pool_flush_on_reconnect = False log_opt_values /usr/lib/python3/dist-packages/oslo_config/cfg.py:2609
2026-02-05 01:40:58.033 67986 DEBUG oslo_service.service [-] cache.memcache_pool_maxsize = 10 log_opt_values /usr/lib/python3/dist-packages/oslo_config/cfg.py:2609
2026-02-05 01:40:58.035 67986 DEBUG oslo_service.service [-] cache.memcache_pool_unused_timeout = 60 log_opt_values /usr/lib/python3/dist-packages/oslo_config/cfg.py:2609
2026-02-05 01:40:58.035 67986 DEBUG oslo_service.service [-] cache.memcache_servers = ['localhost:11211'] log_opt_values /usr/lib/python3/dist-packages/oslo_config/cfg.py:2609
2026-02-05 01:40:58.035 67986 DEBUG oslo_service.service [-] cache.memcache_socket_timeout = 1.0 log_opt_values /usr/lib/python3/dist-packages/oslo_config/cfg.py:2609
2026-02-05 01:40:58.036 67986 DEBUG oslo_service.service [-] cache.proxies = [] log_opt_values /usr/lib/python3/dist-packages/oslo_config/cfg.py:2609
2026-02-05 01:40:58.036 67986 DEBUG oslo_service.service [-] cache.tls_allowed_ciphers = None log_opt_values /usr/lib/python3/dist-packages/oslo_config/cfg.py:2609
2026-02-05 01:40:58.036 67986 DEBUG oslo_service.service [-] cache.tls_cafile = None log_opt_values /usr/lib/python3/dist-packages/oslo_config/cfg.py:2609
2026-02-05 01:40:58.037 67986 DEBUG oslo_service.service [-] cache.tls_certfile = None log_opt_values /usr/lib/python3/dist-packages/oslo_config/cfg.py:2609
2026-02-05 01:40:58.037 67986 DEBUG oslo_service.service [-] cache.tls_enabled = False log_opt_values /usr/lib/python3/dist-packages/oslo_config/cfg.py:2609
2026-02-05 01:40:58.037 67986 DEBUG oslo_service.service [-] cache.tls_keyfile = None log_opt_values /usr/lib/python3/dist-packages/oslo_config/cfg.py:2609
2026-02-05 01:40:58.038 67986 DEBUG oslo_service.service [-] constraint_validation_cache.caching = True log_opt_values /usr/lib/python3/dist-packages/oslo_config/cfg.py:2609
2026-02-05 01:40:58.040 67986 DEBUG oslo_service.service [-] constraint_validation_cache.expiration_time = 60 log_opt_values /usr/lib/python3/dist-packages/oslo_config/cfg.py:2609
2026-02-05 01:40:58.040 67986 DEBUG oslo_service.service [-] service_extension_cache.caching = True log_opt_values /usr/lib/python3/dist-packages/oslo_config/cfg.py:2609
2026-02-05 01:40:58.041 67986 DEBUG oslo_service.service [-] service_extension_cache.expiration_time = 3600 log_opt_values /usr/lib/python3/dist-packages/oslo_config/cfg.py:2609
2026-02-05 01:40:58.041 67986 DEBUG oslo_service.service [-] resource_finder_cache.caching = True log_opt_values /usr/lib/python3/dist-packages/oslo_config/cfg.py:2609
2026-02-05 01:40:58.041 67986 DEBUG oslo_service.service [-] resource_finder_cache.expiration_time = 3600 log_opt_values /usr/lib/python3/dist-packages/oslo_config/cfg.py:2609
2026-02-05 01:40:58.042 67986 DEBUG oslo_service.service [-] yaql.limit_iterators = 200 log_opt_values /usr/lib/python3/dist-packages/oslo_config/cfg.py:2609
2026-02-05 01:40:58.043 67986 DEBUG oslo_service.service [-] yaql.memory_quota = 10000 log_opt_values /usr/lib/python3/dist-packages/oslo_config/cfg.py:2609
2026-02-05 01:40:58.043 67986 DEBUG oslo_service.service [-] ******************************************************************************** log_opt_values /usr/lib/python3/dist-packages/oslo_config/cfg.py:2613
2026-02-05 01:40:58.047 68322 DEBUG oslo_db.sqlalchemy.engines [req-cde1f421-110d-4050-909a-e876a36ba9e6 - - - - -] MySQL server mode set to STRICT_TRANS_TABLES,STRICT_ALL_TABLES,NO_ZERO_IN_DATE,NO_ZERO_DATE,ERROR_FOR_DIVISION_BY_ZERO,TRADITIONAL,NO_ENGINE_SUBSTITUTION _check_effective_sql_mode /usr/lib/python3/dist-packages/oslo_db/sqlalchemy/engines.py:314
2026-02-05 01:40:58.070 68323 DEBUG oslo_db.sqlalchemy.engines [req-0ca35673-c9a7-41ab-96f9-19596940d477 - - - - -] MySQL server mode set to STRICT_TRANS_TABLES,STRICT_ALL_TABLES,NO_ZERO_IN_DATE,NO_ZERO_DATE,ERROR_FOR_DIVISION_BY_ZERO,TRADITIONAL,NO_ENGINE_SUBSTITUTION _check_effective_sql_mode /usr/lib/python3/dist-packages/oslo_db/sqlalchemy/engines.py:314
2026-02-05 01:40:58.084 68321 DEBUG oslo_db.sqlalchemy.engines [req-d13ad8d4-50be-435f-9fe4-01d25b90b30d - - - - -] MySQL server mode set to STRICT_TRANS_TABLES,STRICT_ALL_TABLES,NO_ZERO_IN_DATE,NO_ZERO_DATE,ERROR_FOR_DIVISION_BY_ZERO,TRADITIONAL,NO_ENGINE_SUBSTITUTION _check_effective_sql_mode /usr/lib/python3/dist-packages/oslo_db/sqlalchemy/engines.py:314
2026-02-05 01:40:58.109 68324 DEBUG oslo_db.sqlalchemy.engines [req-ee2fb95b-f37d-4028-818b-053582115ada - - - - -] MySQL server mode set to STRICT_TRANS_TABLES,STRICT_ALL_TABLES,NO_ZERO_IN_DATE,NO_ZERO_DATE,ERROR_FOR_DIVISION_BY_ZERO,TRADITIONAL,NO_ENGINE_SUBSTITUTION _check_effective_sql_mode /usr/lib/python3/dist-packages/oslo_db/sqlalchemy/engines.py:314
2026-02-05 01:40:58.123 68322 DEBUG heat.engine.service [req-a8402b04-ebd1-4d31-8e76-243904226612 - - - - -] Service 2438d881-7e26-4631-9da0-39bc15cab613 is started service_manage_report /usr/lib/python3/dist-packages/heat/engine/service.py:2363
2026-02-05 01:40:58.154 68322 DEBUG heat.engine.service [req-a8402b04-ebd1-4d31-8e76-243904226612 - - - - -] Service 2438d881-7e26-4631-9da0-39bc15cab613 is updated service_manage_report /usr/lib/python3/dist-packages/heat/engine/service.py:2370
2026-02-05 01:40:58.163 68323 DEBUG heat.engine.service [req-827a5a17-29cf-4fe5-8aa1-893c824aa7c3 - - - - -] Service 30d9acea-9582-451b-bb0a-7bb673b15921 is started service_manage_report /usr/lib/python3/dist-packages/heat/engine/service.py:2363
2026-02-05 01:40:58.177 68323 DEBUG heat.engine.service [req-827a5a17-29cf-4fe5-8aa1-893c824aa7c3 - - - - -] Service 30d9acea-9582-451b-bb0a-7bb673b15921 is updated service_manage_report /usr/lib/python3/dist-packages/heat/engine/service.py:2370
2026-02-05 01:40:58.178 68321 DEBUG heat.engine.service [req-dfb1e39d-13e6-458f-a89f-d22a69b1b4c1 - - - - -] Service 58962ec2-b2c3-4fdf-acd5-bde532245587 is started service_manage_report /usr/lib/python3/dist-packages/heat/engine/service.py:2363
2026-02-05 01:40:58.200 68321 DEBUG heat.engine.service [req-dfb1e39d-13e6-458f-a89f-d22a69b1b4c1 - - - - -] Service 58962ec2-b2c3-4fdf-acd5-bde532245587 is updated service_manage_report /usr/lib/python3/dist-packages/heat/engine/service.py:2370
2026-02-05 01:40:58.200 68324 DEBUG heat.engine.service [req-3962dea7-8951-4b0e-b405-d10e3703866f - - - - -] Service eb2c70c4-70ac-4437-b8d3-0c50bab73a85 is started service_manage_report /usr/lib/python3/dist-packages/heat/engine/service.py:2363
2026-02-05 01:40:58.216 68324 DEBUG heat.engine.service [req-3962dea7-8951-4b0e-b405-d10e3703866f - - - - -] Service eb2c70c4-70ac-4437-b8d3-0c50bab73a85 is updated service_manage_report /usr/lib/python3/dist-packages/heat/engine/service.py:2370
2026-02-05 01:41:58.145 68322 DEBUG heat.engine.service [req-0aa9e2e4-a3bb-4af1-b6e6-1795703c7a56 - - - - -] Service 2438d881-7e26-4631-9da0-39bc15cab613 is updated service_manage_report /usr/lib/python3/dist-packages/heat/engine/service.py:2370
2026-02-05 01:41:58.148 68323 DEBUG heat.engine.service [req-8efb348e-7780-4fbe-aed0-8bcf32062438 - - - - -] Service 30d9acea-9582-451b-bb0a-7bb673b15921 is updated service_manage_report /usr/lib/python3/dist-packages/heat/engine/service.py:2370
2026-02-05 01:41:58.170 68321 DEBUG heat.engine.service [req-a67ee048-06f5-4f03-9965-7b257897a1c0 - - - - -] Service 58962ec2-b2c3-4fdf-acd5-bde532245587 is updated service_manage_report /usr/lib/python3/dist-packages/heat/engine/service.py:2370
2026-02-05 01:41:58.183 68324 DEBUG heat.engine.service [req-5a9e08bb-4143-427c-b3de-3cf8f2b7b233 - - - - -] Service eb2c70c4-70ac-4437-b8d3-0c50bab73a85 is updated service_manage_report /usr/lib/python3/dist-packages/heat/engine/service.py:2370
2026-02-05 01:42:58.119 68322 DEBUG heat.engine.service [req-0b3a3461-19fe-4d40-ba92-7590ed50494e - - - - -] Service 2438d881-7e26-4631-9da0-39bc15cab613 is updated service_manage_report /usr/lib/python3/dist-packages/heat/engine/service.py:2370
2026-02-05 01:42:58.142 68323 DEBUG heat.engine.service [req-136c517d-0cfe-4a9d-8ea2-13b957e42fb6 - - - - -] Service 30d9acea-9582-451b-bb0a-7bb673b15921 is updated service_manage_report /usr/lib/python3/dist-packages/heat/engine/service.py:2370
2026-02-05 01:42:58.164 68321 DEBUG heat.engine.service [req-b61ea535-71bb-4968-aefb-124c3c34b21c - - - - -] Service 58962ec2-b2c3-4fdf-acd5-bde532245587 is updated service_manage_report /usr/lib/python3/dist-packages/heat/engine/service.py:2370
2026-02-05 01:42:58.194 68324 DEBUG heat.engine.service [req-694a8ece-d4f3-4efc-b789-83f260521386 - - - - -] Service eb2c70c4-70ac-4437-b8d3-0c50bab73a85 is updated service_manage_report /usr/lib/python3/dist-packages/heat/engine/service.py:2370
2026-02-05 01:43:58.125 68322 DEBUG heat.engine.service [req-19c934fb-3556-4eb5-a495-2fe867490551 - - - - -] Service 2438d881-7e26-4631-9da0-39bc15cab613 is updated service_manage_report /usr/lib/python3/dist-packages/heat/engine/service.py:2370
2026-02-05 01:43:58.170 68323 DEBUG heat.engine.service [req-b4eaf4e9-498f-4990-be78-e539f563022e - - - - -] Service 30d9acea-9582-451b-bb0a-7bb673b15921 is updated service_manage_report /usr/lib/python3/dist-packages/heat/engine/service.py:2370
2026-02-05 01:43:58.175 68321 DEBUG heat.engine.service [req-9f107483-a470-4df8-9363-51cfbab3da1c - - - - -] Service 58962ec2-b2c3-4fdf-acd5-bde532245587 is updated service_manage_report /usr/lib/python3/dist-packages/heat/engine/service.py:2370
2026-02-05 01:43:58.198 68324 DEBUG heat.engine.service [req-e2e745b2-3ef7-4be0-9c9f-9df713d895a2 - - - - -] Service eb2c70c4-70ac-4437-b8d3-0c50bab73a85 is updated service_manage_report /usr/lib/python3/dist-packages/heat/engine/service.py:2370
2026-02-05 01:44:58.129 68322 DEBUG heat.engine.service [req-71865596-46c2-4b43-87a7-674c6c461658 - - - - -] Service 2438d881-7e26-4631-9da0-39bc15cab613 is updated service_manage_report /usr/lib/python3/dist-packages/heat/engine/service.py:2370
2026-02-05 01:44:58.145 68323 DEBUG heat.engine.service [req-90cc1dc5-4c2f-45e5-ae95-bd80cfdcfc07 - - - - -] Service 30d9acea-9582-451b-bb0a-7bb673b15921 is updated service_manage_report /usr/lib/python3/dist-packages/heat/engine/service.py:2370
2026-02-05 01:44:58.173 68321 DEBUG heat.engine.service [req-7a202a31-70f0-45a4-a2a5-1d7770319abf - - - - -] Service 58962ec2-b2c3-4fdf-acd5-bde532245587 is updated service_manage_report /usr/lib/python3/dist-packages/heat/engine/service.py:2370
2026-02-05 01:44:58.191 68324 DEBUG heat.engine.service [req-7fbac753-f82a-4edf-b616-dd31afa39077 - - - - -] Service eb2c70c4-70ac-4437-b8d3-0c50bab73a85 is updated service_manage_report /usr/lib/python3/dist-packages/heat/engine/service.py:2370
2026-02-05 01:45:58.136 68322 DEBUG heat.engine.service [req-a5f4a96f-641f-407c-b347-049a3649c839 - - - - -] Service 2438d881-7e26-4631-9da0-39bc15cab613 is updated service_manage_report /usr/lib/python3/dist-packages/heat/engine/service.py:2370
2026-02-05 01:45:58.152 68323 DEBUG heat.engine.service [req-ac138962-3f4e-4676-8372-7c361f7faf10 - - - - -] Service 30d9acea-9582-451b-bb0a-7bb673b15921 is updated service_manage_report /usr/lib/python3/dist-packages/heat/engine/service.py:2370
2026-02-05 01:45:58.170 68321 DEBUG heat.engine.service [req-f74b98de-67b5-4a9d-97a8-d926f713d005 - - - - -] Service 58962ec2-b2c3-4fdf-acd5-bde532245587 is updated service_manage_report /usr/lib/python3/dist-packages/heat/engine/service.py:2370
2026-02-05 01:45:58.196 68324 DEBUG heat.engine.service [req-f007bf44-d428-4c36-9897-3c4e014572cb - - - - -] Service eb2c70c4-70ac-4437-b8d3-0c50bab73a85 is updated service_manage_report /usr/lib/python3/dist-packages/heat/engine/service.py:2370
2026-02-05 01:46:58.132 68322 DEBUG heat.engine.service [req-85e8e98a-72c4-4cb6-ae64-e24f3fe2afd5 - - - - -] Service 2438d881-7e26-4631-9da0-39bc15cab613 is updated service_manage_report /usr/lib/python3/dist-packages/heat/engine/service.py:2370
2026-02-05 01:46:58.147 68323 DEBUG heat.engine.service [req-139286ac-f061-4f21-a026-b55410d91733 - - - - -] Service 30d9acea-9582-451b-bb0a-7bb673b15921 is updated service_manage_report /usr/lib/python3/dist-packages/heat/engine/service.py:2370
2026-02-05 01:46:58.163 68321 DEBUG heat.engine.service [req-238f7eac-8060-4dc5-9088-e4e37fceba1c - - - - -] Service 58962ec2-b2c3-4fdf-acd5-bde532245587 is updated service_manage_report /usr/lib/python3/dist-packages/heat/engine/service.py:2370
2026-02-05 01:46:58.201 68324 DEBUG heat.engine.service [req-f6f6e693-0836-4f48-a5e5-5cbe54c84308 - - - - -] Service eb2c70c4-70ac-4437-b8d3-0c50bab73a85 is updated service_manage_report /usr/lib/python3/dist-packages/heat/engine/service.py:2370
2026-02-05 01:47:58.137 68322 DEBUG heat.engine.service [req-28eedd9c-543d-4e26-a448-82eea45c652d - - - - -] Service 2438d881-7e26-4631-9da0-39bc15cab613 is updated service_manage_report /usr/lib/python3/dist-packages/heat/engine/service.py:2370
2026-02-05 01:47:58.153 68323 DEBUG heat.engine.service [req-84c01338-f9d5-4803-abe9-2ef233c6397d - - - - -] Service 30d9acea-9582-451b-bb0a-7bb673b15921 is updated service_manage_report /usr/lib/python3/dist-packages/heat/engine/service.py:2370
2026-02-05 01:47:58.172 68321 DEBUG heat.engine.service [req-0b7bc78d-6997-4f95-a00a-f129f240bf03 - - - - -] Service 58962ec2-b2c3-4fdf-acd5-bde532245587 is updated service_manage_report /usr/lib/python3/dist-packages/heat/engine/service.py:2370
2026-02-05 01:47:58.211 68324 DEBUG heat.engine.service [req-fe4abedd-8846-4ab2-aaaf-3d960d27101a - - - - -] Service eb2c70c4-70ac-4437-b8d3-0c50bab73a85 is updated service_manage_report /usr/lib/python3/dist-packages/heat/engine/service.py:2370
2026-02-05 01:48:58.874 68322 DEBUG heat.engine.service [req-4262a4e0-07d3-4b5b-bdbd-bfc6dc096188 - - - - -] Service 2438d881-7e26-4631-9da0-39bc15cab613 is updated service_manage_report /usr/lib/python3/dist-packages/heat/engine/service.py:2370
2026-02-05 01:48:59.232 68324 DEBUG heat.engine.service [req-42add543-2955-476f-9def-57640020cd2b - - - - -] Service eb2c70c4-70ac-4437-b8d3-0c50bab73a85 is updated service_manage_report /usr/lib/python3/dist-packages/heat/engine/service.py:2370
2026-02-05 01:48:59.232 68323 DEBUG heat.engine.service [req-0bd52c3b-b08b-46cb-a3c1-ae7196e10722 - - - - -] Service 30d9acea-9582-451b-bb0a-7bb673b15921 is updated service_manage_report /usr/lib/python3/dist-packages/heat/engine/service.py:2370
2026-02-05 01:48:59.232 68321 DEBUG heat.engine.service [req-a7dc8bc0-e9f1-4dd5-b958-67e6c85595b0 - - - - -] Service 58962ec2-b2c3-4fdf-acd5-bde532245587 is updated service_manage_report /usr/lib/python3/dist-packages/heat/engine/service.py:2370
2026-02-05 01:49:58.131 68322 DEBUG heat.engine.service [req-7127730d-c7a7-4835-8e8a-ce52728ec80d - - - - -] Service 2438d881-7e26-4631-9da0-39bc15cab613 is updated service_manage_report /usr/lib/python3/dist-packages/heat/engine/service.py:2370
2026-02-05 01:49:58.145 68323 DEBUG heat.engine.service [req-c5bf7785-0447-46a4-8dd1-4b63775c7334 - - - - -] Service 30d9acea-9582-451b-bb0a-7bb673b15921 is updated service_manage_report /usr/lib/python3/dist-packages/heat/engine/service.py:2370
