2026-02-02 00:41:25.637 41232 DEBUG oslo_service.service [-] database.connection_trace = False log_opt_values /usr/lib/python3/dist-packages/oslo_config/cfg.py:2609
2026-02-02 00:41:25.637 41232 DEBUG oslo_service.service [-] database.db_inc_retry_interval = True log_opt_values /usr/lib/python3/dist-packages/oslo_config/cfg.py:2609
2026-02-02 00:41:25.637 41232 DEBUG oslo_service.service [-] database.db_max_retries = 20 log_opt_values /usr/lib/python3/dist-packages/oslo_config/cfg.py:2609
2026-02-02 00:41:25.637 41232 DEBUG oslo_service.service [-] database.db_max_retry_interval = 10 log_opt_values /usr/lib/python3/dist-packages/oslo_config/cfg.py:2609
2026-02-02 00:41:25.637 41232 DEBUG oslo_service.service [-] database.db_retry_interval = 1 log_opt_values /usr/lib/python3/dist-packages/oslo_config/cfg.py:2609
2026-02-02 00:41:25.637 41232 DEBUG oslo_service.service [-] database.max_overflow = 50 log_opt_values /usr/lib/python3/dist-packages/oslo_config/cfg.py:2609
2026-02-02 00:41:25.637 41232 DEBUG oslo_service.service [-] database.max_pool_size = 5 log_opt_values /usr/lib/python3/dist-packages/oslo_config/cfg.py:2609
2026-02-02 00:41:25.638 41232 DEBUG oslo_service.service [-] database.max_retries = 10 log_opt_values /usr/lib/python3/dist-packages/oslo_config/cfg.py:2609
2026-02-02 00:41:25.638 41232 DEBUG oslo_service.service [-] database.mysql_enable_ndb = False log_opt_values /usr/lib/python3/dist-packages/oslo_config/cfg.py:2609
2026-02-02 00:41:25.638 41232 DEBUG oslo_service.service [-] database.mysql_sql_mode = TRADITIONAL log_opt_values /usr/lib/python3/dist-packages/oslo_config/cfg.py:2609
2026-02-02 00:41:25.638 41232 DEBUG oslo_service.service [-] database.pool_timeout = None log_opt_values /usr/lib/python3/dist-packages/oslo_config/cfg.py:2609
2026-02-02 00:41:25.638 41232 DEBUG oslo_service.service [-] database.retry_interval = 10 log_opt_values /usr/lib/python3/dist-packages/oslo_config/cfg.py:2609
2026-02-02 00:41:25.638 41232 DEBUG oslo_service.service [-] database.slave_connection = **** log_opt_values /usr/lib/python3/dist-packages/oslo_config/cfg.py:2609
2026-02-02 00:41:25.642 41232 DEBUG oslo_service.service [-] database.sqlite_synchronous = True log_opt_values /usr/lib/python3/dist-packages/oslo_config/cfg.py:2609
2026-02-02 00:41:25.642 41232 DEBUG oslo_service.service [-] database.use_db_reconnect = False log_opt_values /usr/lib/python3/dist-packages/oslo_config/cfg.py:2609
2026-02-02 00:41:25.642 41232 DEBUG oslo_service.service [-] oslo_messaging_metrics.metrics_buffer_size = 1000 log_opt_values /usr/lib/python3/dist-packages/oslo_config/cfg.py:2609
2026-02-02 00:41:25.642 41232 DEBUG oslo_service.service [-] oslo_messaging_metrics.metrics_enabled = False log_opt_values /usr/lib/python3/dist-packages/oslo_config/cfg.py:2609
2026-02-02 00:41:25.643 41232 DEBUG oslo_service.service [-] oslo_messaging_metrics.metrics_process_name = log_opt_values /usr/lib/python3/dist-packages/oslo_config/cfg.py:2609
2026-02-02 00:41:25.643 41232 DEBUG oslo_service.service [-] oslo_messaging_metrics.metrics_socket_file = /var/tmp/metrics_collector.sock log_opt_values /usr/lib/python3/dist-packages/oslo_config/cfg.py:2609
2026-02-02 00:41:25.643 41232 DEBUG oslo_service.service [-] oslo_messaging_metrics.metrics_thread_stop_timeout = 10 log_opt_values /usr/lib/python3/dist-packages/oslo_config/cfg.py:2609
2026-02-02 00:41:25.643 41232 DEBUG oslo_service.service [-] oslo_policy.enforce_new_defaults = False log_opt_values /usr/lib/python3/dist-packages/oslo_config/cfg.py:2609
2026-02-02 00:41:25.643 41232 DEBUG oslo_service.service [-] oslo_policy.enforce_scope = False log_opt_values /usr/lib/python3/dist-packages/oslo_config/cfg.py:2609
2026-02-02 00:41:25.643 41232 DEBUG oslo_service.service [-] oslo_policy.policy_default_rule = default log_opt_values /usr/lib/python3/dist-packages/oslo_config/cfg.py:2609
2026-02-02 00:41:25.643 41232 DEBUG oslo_service.service [-] oslo_policy.policy_dirs = ['policy.d'] log_opt_values /usr/lib/python3/dist-packages/oslo_config/cfg.py:2609
2026-02-02 00:41:25.644 41232 DEBUG oslo_service.service [-] oslo_policy.policy_file = policy.yaml log_opt_values /usr/lib/python3/dist-packages/oslo_config/cfg.py:2609
2026-02-02 00:41:25.644 41232 DEBUG oslo_service.service [-] oslo_policy.remote_content_type = application/x-www-form-urlencoded log_opt_values /usr/lib/python3/dist-packages/oslo_config/cfg.py:2609
2026-02-02 00:41:25.644 41232 DEBUG oslo_service.service [-] oslo_policy.remote_ssl_ca_crt_file = None log_opt_values /usr/lib/python3/dist-packages/oslo_config/cfg.py:2609
2026-02-02 00:41:25.644 41232 DEBUG oslo_service.service [-] oslo_policy.remote_ssl_client_crt_file = None log_opt_values /usr/lib/python3/dist-packages/oslo_config/cfg.py:2609
2026-02-02 00:41:25.644 41232 DEBUG oslo_service.service [-] oslo_policy.remote_ssl_client_key_file = None log_opt_values /usr/lib/python3/dist-packages/oslo_config/cfg.py:2609
2026-02-02 00:41:25.644 41232 DEBUG oslo_service.service [-] oslo_policy.remote_ssl_verify_server_crt = False log_opt_values /usr/lib/python3/dist-packages/oslo_config/cfg.py:2609
2026-02-02 00:41:25.644 41232 DEBUG oslo_service.service [-] trustee.auth_section = None log_opt_values /usr/lib/python3/dist-packages/oslo_config/cfg.py:2609
2026-02-02 00:41:25.645 41232 WARNING oslo_config.cfg [-] Deprecated: Option "auth_plugin" from group "trustee" is deprecated. Use option "auth_type" from group "trustee".
2026-02-02 00:41:25.645 41232 DEBUG oslo_service.service [-] trustee.auth_type = password log_opt_values /usr/lib/python3/dist-packages/oslo_config/cfg.py:2609
2026-02-02 00:41:25.647 41232 DEBUG oslo_service.service [-] oslo_versionedobjects.fatal_exception_format_errors = False log_opt_values /usr/lib/python3/dist-packages/oslo_config/cfg.py:2609
2026-02-02 00:41:25.647 41232 DEBUG oslo_service.service [-] oslo_messaging_rabbit.amqp_auto_delete = False log_opt_values /usr/lib/python3/dist-packages/oslo_config/cfg.py:2609
2026-02-02 00:41:25.647 41232 DEBUG oslo_service.service [-] oslo_messaging_rabbit.amqp_durable_queues = False log_opt_values /usr/lib/python3/dist-packages/oslo_config/cfg.py:2609
2026-02-02 00:41:25.647 41232 DEBUG oslo_service.service [-] oslo_messaging_rabbit.conn_pool_min_size = 2 log_opt_values /usr/lib/python3/dist-packages/oslo_config/cfg.py:2609
2026-02-02 00:41:25.647 41232 DEBUG oslo_service.service [-] oslo_messaging_rabbit.conn_pool_ttl = 1200 log_opt_values /usr/lib/python3/dist-packages/oslo_config/cfg.py:2609
2026-02-02 00:41:25.648 41232 DEBUG oslo_service.service [-] oslo_messaging_rabbit.direct_mandatory_flag = True log_opt_values /usr/lib/python3/dist-packages/oslo_config/cfg.py:2609
2026-02-02 00:41:25.648 41232 DEBUG oslo_service.service [-] oslo_messaging_rabbit.enable_cancel_on_failover = False log_opt_values /usr/lib/python3/dist-packages/oslo_config/cfg.py:2609
2026-02-02 00:41:25.648 41232 DEBUG oslo_service.service [-] oslo_messaging_rabbit.heartbeat_in_pthread = False log_opt_values /usr/lib/python3/dist-packages/oslo_config/cfg.py:2609
2026-02-02 00:41:25.648 41232 DEBUG oslo_service.service [-] oslo_messaging_rabbit.heartbeat_rate = 2 log_opt_values /usr/lib/python3/dist-packages/oslo_config/cfg.py:2609
2026-02-02 00:41:25.648 41232 DEBUG oslo_service.service [-] oslo_messaging_rabbit.heartbeat_timeout_threshold = 60 log_opt_values /usr/lib/python3/dist-packages/oslo_config/cfg.py:2609
2026-02-02 00:41:25.648 41232 DEBUG oslo_service.service [-] oslo_messaging_rabbit.kombu_compression = None log_opt_values /usr/lib/python3/dist-packages/oslo_config/cfg.py:2609
2026-02-02 00:41:25.648 41232 DEBUG oslo_service.service [-] oslo_messaging_rabbit.kombu_failover_strategy = round-robin log_opt_values /usr/lib/python3/dist-packages/oslo_config/cfg.py:2609
2026-02-02 00:41:25.649 41232 DEBUG oslo_service.service [-] oslo_messaging_rabbit.kombu_missing_consumer_retry_timeout = 60 log_opt_values /usr/lib/python3/dist-packages/oslo_config/cfg.py:2609
2026-02-02 00:41:25.649 41232 DEBUG oslo_service.service [-] oslo_messaging_rabbit.kombu_reconnect_delay = 1.0 log_opt_values /usr/lib/python3/dist-packages/oslo_config/cfg.py:2609
2026-02-02 00:41:25.649 41232 DEBUG oslo_service.service [-] oslo_messaging_rabbit.rabbit_ha_queues = False log_opt_values /usr/lib/python3/dist-packages/oslo_config/cfg.py:2609
2026-02-02 00:41:25.649 41232 DEBUG oslo_service.service [-] oslo_messaging_rabbit.rabbit_interval_max = 30 log_opt_values /usr/lib/python3/dist-packages/oslo_config/cfg.py:2609
2026-02-02 00:41:25.649 41232 DEBUG oslo_service.service [-] oslo_messaging_rabbit.rabbit_login_method = AMQPLAIN log_opt_values /usr/lib/python3/dist-packages/oslo_config/cfg.py:2609
2026-02-02 00:41:25.649 41232 DEBUG oslo_service.service [-] oslo_messaging_rabbit.rabbit_qos_prefetch_count = 0 log_opt_values /usr/lib/python3/dist-packages/oslo_config/cfg.py:2609
2026-02-02 00:41:25.649 41232 DEBUG oslo_service.service [-] oslo_messaging_rabbit.rabbit_quorum_queue = False log_opt_values /usr/lib/python3/dist-packages/oslo_config/cfg.py:2609
2026-02-02 00:41:25.649 41232 DEBUG oslo_service.service [-] oslo_messaging_rabbit.rabbit_retry_backoff = 2 log_opt_values /usr/lib/python3/dist-packages/oslo_config/cfg.py:2609
2026-02-02 00:41:25.649 41232 DEBUG oslo_service.service [-] oslo_messaging_rabbit.rabbit_retry_interval = 1 log_opt_values /usr/lib/python3/dist-packages/oslo_config/cfg.py:2609
2026-02-02 00:41:25.650 41232 DEBUG oslo_service.service [-] oslo_messaging_rabbit.rabbit_transient_queues_ttl = 1800 log_opt_values /usr/lib/python3/dist-packages/oslo_config/cfg.py:2609
2026-02-02 00:41:25.650 41232 DEBUG oslo_service.service [-] oslo_messaging_rabbit.rpc_conn_pool_size = 30 log_opt_values /usr/lib/python3/dist-packages/oslo_config/cfg.py:2609
2026-02-02 00:41:25.650 41232 DEBUG oslo_service.service [-] oslo_messaging_rabbit.ssl = False log_opt_values /usr/lib/python3/dist-packages/oslo_config/cfg.py:2609
2026-02-02 00:41:25.650 41232 DEBUG oslo_service.service [-] oslo_messaging_rabbit.ssl_ca_file = log_opt_values /usr/lib/python3/dist-packages/oslo_config/cfg.py:2609
2026-02-02 00:41:25.650 41232 DEBUG oslo_service.service [-] oslo_messaging_rabbit.ssl_cert_file = log_opt_values /usr/lib/python3/dist-packages/oslo_config/cfg.py:2609
2026-02-02 00:41:25.650 41232 DEBUG oslo_service.service [-] oslo_messaging_rabbit.ssl_key_file = log_opt_values /usr/lib/python3/dist-packages/oslo_config/cfg.py:2609
2026-02-02 00:41:25.650 41232 DEBUG oslo_service.service [-] oslo_messaging_rabbit.ssl_version = log_opt_values /usr/lib/python3/dist-packages/oslo_config/cfg.py:2609
2026-02-02 00:41:25.651 41232 DEBUG oslo_service.service [-] oslo_messaging_notifications.driver = [] log_opt_values /usr/lib/python3/dist-packages/oslo_config/cfg.py:2609
2026-02-02 00:41:25.651 41232 DEBUG oslo_service.service [-] oslo_messaging_notifications.retry = -1 log_opt_values /usr/lib/python3/dist-packages/oslo_config/cfg.py:2609
2026-02-02 00:41:25.651 41232 DEBUG oslo_service.service [-] oslo_messaging_notifications.topics = ['notifications'] log_opt_values /usr/lib/python3/dist-packages/oslo_config/cfg.py:2609
2026-02-02 00:41:25.651 41232 DEBUG oslo_service.service [-] oslo_messaging_notifications.transport_url = **** log_opt_values /usr/lib/python3/dist-packages/oslo_config/cfg.py:2609
2026-02-02 00:41:25.651 41232 DEBUG oslo_service.service [-] cache.backend = dogpile.cache.null log_opt_values /usr/lib/python3/dist-packages/oslo_config/cfg.py:2609
2026-02-02 00:41:25.651 41232 DEBUG oslo_service.service [-] cache.backend_argument = **** log_opt_values /usr/lib/python3/dist-packages/oslo_config/cfg.py:2609
2026-02-02 00:41:25.651 41232 DEBUG oslo_service.service [-] cache.config_prefix = cache.oslo log_opt_values /usr/lib/python3/dist-packages/oslo_config/cfg.py:2609
2026-02-02 00:41:25.652 41232 DEBUG oslo_service.service [-] cache.debug_cache_backend = False log_opt_values /usr/lib/python3/dist-packages/oslo_config/cfg.py:2609
2026-02-02 00:41:25.654 41232 DEBUG oslo_service.service [-] cache.enabled = False log_opt_values /usr/lib/python3/dist-packages/oslo_config/cfg.py:2609
2026-02-02 00:41:25.654 41232 DEBUG oslo_service.service [-] cache.expiration_time = 600 log_opt_values /usr/lib/python3/dist-packages/oslo_config/cfg.py:2609
2026-02-02 00:41:25.654 41232 DEBUG oslo_service.service [-] cache.memcache_dead_retry = 300 log_opt_values /usr/lib/python3/dist-packages/oslo_config/cfg.py:2609
2026-02-02 00:41:25.654 41232 DEBUG oslo_service.service [-] cache.memcache_pool_connection_get_timeout = 10 log_opt_values /usr/lib/python3/dist-packages/oslo_config/cfg.py:2609
2026-02-02 00:41:25.655 41232 DEBUG oslo_service.service [-] cache.memcache_pool_flush_on_reconnect = False log_opt_values /usr/lib/python3/dist-packages/oslo_config/cfg.py:2609
2026-02-02 00:41:25.655 41232 DEBUG oslo_service.service [-] cache.memcache_pool_maxsize = 10 log_opt_values /usr/lib/python3/dist-packages/oslo_config/cfg.py:2609
2026-02-02 00:41:25.655 41232 DEBUG oslo_service.service [-] cache.memcache_pool_unused_timeout = 60 log_opt_values /usr/lib/python3/dist-packages/oslo_config/cfg.py:2609
2026-02-02 00:41:25.655 41232 DEBUG oslo_service.service [-] cache.memcache_servers = ['localhost:11211'] log_opt_values /usr/lib/python3/dist-packages/oslo_config/cfg.py:2609
2026-02-02 00:41:25.655 41232 DEBUG oslo_service.service [-] cache.memcache_socket_timeout = 1.0 log_opt_values /usr/lib/python3/dist-packages/oslo_config/cfg.py:2609
2026-02-02 00:41:25.656 41232 DEBUG oslo_service.service [-] cache.proxies = [] log_opt_values /usr/lib/python3/dist-packages/oslo_config/cfg.py:2609
2026-02-02 00:41:25.656 41232 DEBUG oslo_service.service [-] cache.tls_allowed_ciphers = None log_opt_values /usr/lib/python3/dist-packages/oslo_config/cfg.py:2609
2026-02-02 00:41:25.656 41232 DEBUG oslo_service.service [-] cache.tls_cafile = None log_opt_values /usr/lib/python3/dist-packages/oslo_config/cfg.py:2609
2026-02-02 00:41:25.656 41232 DEBUG oslo_service.service [-] cache.tls_certfile = None log_opt_values /usr/lib/python3/dist-packages/oslo_config/cfg.py:2609
2026-02-02 00:41:25.657 41232 DEBUG oslo_service.service [-] cache.tls_enabled = False log_opt_values /usr/lib/python3/dist-packages/oslo_config/cfg.py:2609
2026-02-02 00:41:25.657 41232 DEBUG oslo_service.service [-] cache.tls_keyfile = None log_opt_values /usr/lib/python3/dist-packages/oslo_config/cfg.py:2609
2026-02-02 00:41:25.658 41232 DEBUG oslo_service.service [-] constraint_validation_cache.caching = True log_opt_values /usr/lib/python3/dist-packages/oslo_config/cfg.py:2609
2026-02-02 00:41:25.658 41232 DEBUG oslo_service.service [-] constraint_validation_cache.expiration_time = 60 log_opt_values /usr/lib/python3/dist-packages/oslo_config/cfg.py:2609
2026-02-02 00:41:25.659 41232 DEBUG oslo_service.service [-] service_extension_cache.caching = True log_opt_values /usr/lib/python3/dist-packages/oslo_config/cfg.py:2609
2026-02-02 00:41:25.660 41232 DEBUG oslo_service.service [-] service_extension_cache.expiration_time = 3600 log_opt_values /usr/lib/python3/dist-packages/oslo_config/cfg.py:2609
2026-02-02 00:41:25.661 41232 DEBUG oslo_service.service [-] resource_finder_cache.caching = True log_opt_values /usr/lib/python3/dist-packages/oslo_config/cfg.py:2609
2026-02-02 00:41:25.661 41232 DEBUG oslo_service.service [-] resource_finder_cache.expiration_time = 3600 log_opt_values /usr/lib/python3/dist-packages/oslo_config/cfg.py:2609
2026-02-02 00:41:25.661 41232 DEBUG oslo_service.service [-] yaql.limit_iterators = 200 log_opt_values /usr/lib/python3/dist-packages/oslo_config/cfg.py:2609
2026-02-02 00:41:25.661 41232 DEBUG oslo_service.service [-] yaql.memory_quota = 10000 log_opt_values /usr/lib/python3/dist-packages/oslo_config/cfg.py:2609
2026-02-02 00:41:25.661 41232 DEBUG oslo_service.service [-] ******************************************************************************** log_opt_values /usr/lib/python3/dist-packages/oslo_config/cfg.py:2613
2026-02-02 00:41:25.676 41450 INFO heat.engine.worker [-] Starting engine_worker (1.4) in engine 44076a4b-0ac5-43bf-85f8-ce65c6302351.
2026-02-02 00:41:25.692 41449 INFO heat.engine.worker [-] Starting engine_worker (1.4) in engine 32b2491c-0a59-422b-8cc2-edf25446358b.
2026-02-02 00:41:25.693 41451 INFO heat.engine.worker [-] Starting engine_worker (1.4) in engine 0b5768e4-ed71-4c97-a664-e7a6d193fde5.
2026-02-02 00:41:25.697 41452 INFO heat.engine.worker [-] Starting engine_worker (1.4) in engine 5b1477a5-1fd4-4799-92b4-de41732ccf6a.
2026-02-02 00:41:25.796 41449 DEBUG oslo_db.sqlalchemy.engines [req-3f290aa4-1981-4c48-840a-747d79bf8131 - - - - -] MySQL server mode set to STRICT_TRANS_TABLES,STRICT_ALL_TABLES,NO_ZERO_IN_DATE,NO_ZERO_DATE,ERROR_FOR_DIVISION_BY_ZERO,TRADITIONAL,NO_ENGINE_SUBSTITUTION _check_effective_sql_mode /usr/lib/python3/dist-packages/oslo_db/sqlalchemy/engines.py:314
2026-02-02 00:41:25.799 41450 DEBUG oslo_db.sqlalchemy.engines [req-3915a50e-cd95-4c4b-8209-2138a1493c1a - - - - -] MySQL server mode set to STRICT_TRANS_TABLES,STRICT_ALL_TABLES,NO_ZERO_IN_DATE,NO_ZERO_DATE,ERROR_FOR_DIVISION_BY_ZERO,TRADITIONAL,NO_ENGINE_SUBSTITUTION _check_effective_sql_mode /usr/lib/python3/dist-packages/oslo_db/sqlalchemy/engines.py:314
2026-02-02 00:41:25.806 41451 DEBUG oslo_db.sqlalchemy.engines [req-831c2350-0d1d-4d40-8001-ea8c3069e9ae - - - - -] MySQL server mode set to STRICT_TRANS_TABLES,STRICT_ALL_TABLES,NO_ZERO_IN_DATE,NO_ZERO_DATE,ERROR_FOR_DIVISION_BY_ZERO,TRADITIONAL,NO_ENGINE_SUBSTITUTION _check_effective_sql_mode /usr/lib/python3/dist-packages/oslo_db/sqlalchemy/engines.py:314
2026-02-02 00:41:25.808 41452 DEBUG oslo_db.sqlalchemy.engines [req-1b1799f6-54b2-48d1-9bc3-e81ebfedf388 - - - - -] MySQL server mode set to STRICT_TRANS_TABLES,STRICT_ALL_TABLES,NO_ZERO_IN_DATE,NO_ZERO_DATE,ERROR_FOR_DIVISION_BY_ZERO,TRADITIONAL,NO_ENGINE_SUBSTITUTION _check_effective_sql_mode /usr/lib/python3/dist-packages/oslo_db/sqlalchemy/engines.py:314
2026-02-02 00:41:25.901 41451 DEBUG heat.engine.service [req-bd20bd1c-e852-43bc-a01e-38fc6496a670 - - - - -] Service 86f32de0-5f43-4250-8672-2dd7d79ce706 is started service_manage_report /usr/lib/python3/dist-packages/heat/engine/service.py:2363
2026-02-02 00:41:25.916 41452 DEBUG heat.engine.service [req-5fb974c8-3672-416a-a3d2-d1ac543895b2 - - - - -] Service e23ef9ab-9a99-4163-8f77-6e8eb0e6ec79 is started service_manage_report /usr/lib/python3/dist-packages/heat/engine/service.py:2363
2026-02-02 00:41:25.916 41450 DEBUG heat.engine.service [req-e7f838a5-b038-4cfa-9bf4-eb23c148b39a - - - - -] Service b6a8fa0a-ae89-4b8b-9f32-de2bfb64840a is started service_manage_report /usr/lib/python3/dist-packages/heat/engine/service.py:2363
2026-02-02 00:41:25.923 41449 DEBUG heat.engine.service [req-738a29c5-b4b7-4b32-95ba-589ee813970f - - - - -] Service bb5a05c8-5692-4631-9d5a-8bad7690416f is started service_manage_report /usr/lib/python3/dist-packages/heat/engine/service.py:2363
2026-02-02 00:41:25.938 41451 DEBUG heat.engine.service [req-bd20bd1c-e852-43bc-a01e-38fc6496a670 - - - - -] Service 86f32de0-5f43-4250-8672-2dd7d79ce706 is updated service_manage_report /usr/lib/python3/dist-packages/heat/engine/service.py:2370
2026-02-02 00:41:25.963 41450 DEBUG heat.engine.service [req-e7f838a5-b038-4cfa-9bf4-eb23c148b39a - - - - -] Service b6a8fa0a-ae89-4b8b-9f32-de2bfb64840a is updated service_manage_report /usr/lib/python3/dist-packages/heat/engine/service.py:2370
2026-02-02 00:41:25.968 41452 DEBUG heat.engine.service [req-5fb974c8-3672-416a-a3d2-d1ac543895b2 - - - - -] Service e23ef9ab-9a99-4163-8f77-6e8eb0e6ec79 is updated service_manage_report /usr/lib/python3/dist-packages/heat/engine/service.py:2370
2026-02-02 00:41:25.970 41449 DEBUG heat.engine.service [req-738a29c5-b4b7-4b32-95ba-589ee813970f - - - - -] Service bb5a05c8-5692-4631-9d5a-8bad7690416f is updated service_manage_report /usr/lib/python3/dist-packages/heat/engine/service.py:2370
2026-02-02 00:42:25.872 41451 DEBUG heat.engine.service [req-eb70cb74-1e15-4ad9-a4c0-1ffbca1e962e - - - - -] Service 86f32de0-5f43-4250-8672-2dd7d79ce706 is updated service_manage_report /usr/lib/python3/dist-packages/heat/engine/service.py:2370
2026-02-02 00:42:25.884 41452 DEBUG heat.engine.service [req-af6d69de-741b-4bcb-a8fa-aca2834ade41 - - - - -] Service e23ef9ab-9a99-4163-8f77-6e8eb0e6ec79 is updated service_manage_report /usr/lib/python3/dist-packages/heat/engine/service.py:2370
2026-02-02 00:42:25.888 41450 DEBUG heat.engine.service [req-84457052-eadf-48b7-951d-19b828f5d410 - - - - -] Service b6a8fa0a-ae89-4b8b-9f32-de2bfb64840a is updated service_manage_report /usr/lib/python3/dist-packages/heat/engine/service.py:2370
2026-02-02 00:42:25.896 41449 DEBUG heat.engine.service [req-dd6286ca-ec17-4079-8a37-6cd3dfb60102 - - - - -] Service bb5a05c8-5692-4631-9d5a-8bad7690416f is updated service_manage_report /usr/lib/python3/dist-packages/heat/engine/service.py:2370
2026-02-02 00:43:25.879 41451 DEBUG heat.engine.service [req-c2db352c-70bc-4faa-aeef-01f47b9032fc - - - - -] Service 86f32de0-5f43-4250-8672-2dd7d79ce706 is updated service_manage_report /usr/lib/python3/dist-packages/heat/engine/service.py:2370
2026-02-02 00:43:25.887 41452 DEBUG heat.engine.service [req-0d5d6083-0220-4ee4-a2e3-1cde6ac048db - - - - -] Service e23ef9ab-9a99-4163-8f77-6e8eb0e6ec79 is updated service_manage_report /usr/lib/python3/dist-packages/heat/engine/service.py:2370
2026-02-02 00:43:25.893 41449 DEBUG heat.engine.service [req-842b79ef-b9cb-4715-b1a4-15e5a7839c39 - - - - -] Service bb5a05c8-5692-4631-9d5a-8bad7690416f is updated service_manage_report /usr/lib/python3/dist-packages/heat/engine/service.py:2370
2026-02-02 00:43:25.896 41450 DEBUG heat.engine.service [req-5ed0af60-4a76-4933-88c3-168a86195a71 - - - - -] Service b6a8fa0a-ae89-4b8b-9f32-de2bfb64840a is updated service_manage_report /usr/lib/python3/dist-packages/heat/engine/service.py:2370
2026-02-02 00:44:25.878 41451 DEBUG heat.engine.service [req-275d69be-adee-4177-ad38-6675815759d4 - - - - -] Service 86f32de0-5f43-4250-8672-2dd7d79ce706 is updated service_manage_report /usr/lib/python3/dist-packages/heat/engine/service.py:2370
2026-02-02 00:44:25.882 41452 DEBUG heat.engine.service [req-809d7774-7692-4e09-afaa-075ee82eacfc - - - - -] Service e23ef9ab-9a99-4163-8f77-6e8eb0e6ec79 is updated service_manage_report /usr/lib/python3/dist-packages/heat/engine/service.py:2370
2026-02-02 00:44:25.887 41449 DEBUG heat.engine.service [req-c1151b65-c511-44ca-b575-4c65902e9fcc - - - - -] Service bb5a05c8-5692-4631-9d5a-8bad7690416f is updated service_manage_report /usr/lib/python3/dist-packages/heat/engine/service.py:2370
2026-02-02 00:44:25.890 41450 DEBUG heat.engine.service [req-610fa1df-a416-41db-9a6a-7e9455f857b9 - - - - -] Service b6a8fa0a-ae89-4b8b-9f32-de2bfb64840a is updated service_manage_report /usr/lib/python3/dist-packages/heat/engine/service.py:2370
2026-02-02 00:45:25.872 41451 DEBUG heat.engine.service [req-0c91b944-c5d6-4f2c-8577-8ba480ac8696 - - - - -] Service 86f32de0-5f43-4250-8672-2dd7d79ce706 is updated service_manage_report /usr/lib/python3/dist-packages/heat/engine/service.py:2370
2026-02-02 00:45:25.885 41452 DEBUG heat.engine.service [req-7d319e3b-2a1a-4407-abe6-b2cabf20a595 - - - - -] Service e23ef9ab-9a99-4163-8f77-6e8eb0e6ec79 is updated service_manage_report /usr/lib/python3/dist-packages/heat/engine/service.py:2370
2026-02-02 00:45:25.895 41449 DEBUG heat.engine.service [req-a9d6f29f-f36b-455b-9c0a-a68964b910e9 - - - - -] Service bb5a05c8-5692-4631-9d5a-8bad7690416f is updated service_manage_report /usr/lib/python3/dist-packages/heat/engine/service.py:2370
2026-02-02 00:45:25.897 41450 DEBUG heat.engine.service [req-1a14c480-eadd-4e98-b664-b7b879738e31 - - - - -] Service b6a8fa0a-ae89-4b8b-9f32-de2bfb64840a is updated service_manage_report /usr/lib/python3/dist-packages/heat/engine/service.py:2370
2026-02-02 00:46:25.880 41451 DEBUG heat.engine.service [req-b620e4e3-f411-4335-b25b-526d59daa6ac - - - - -] Service 86f32de0-5f43-4250-8672-2dd7d79ce706 is updated service_manage_report /usr/lib/python3/dist-packages/heat/engine/service.py:2370
2026-02-02 00:46:25.890 41449 DEBUG heat.engine.service [req-9400c247-8148-4103-9cb0-aac995e64438 - - - - -] Service bb5a05c8-5692-4631-9d5a-8bad7690416f is updated service_manage_report /usr/lib/python3/dist-packages/heat/engine/service.py:2370
2026-02-02 00:46:25.893 41450 DEBUG heat.engine.service [req-c0f480b9-e4ff-4f75-b550-dade90ee4adc - - - - -] Service b6a8fa0a-ae89-4b8b-9f32-de2bfb64840a is updated service_manage_report /usr/lib/python3/dist-packages/heat/engine/service.py:2370
2026-02-02 00:46:25.893 41452 DEBUG heat.engine.service [req-c95f4ea1-5923-43bf-a9b8-94db1e9f173a - - - - -] Service e23ef9ab-9a99-4163-8f77-6e8eb0e6ec79 is updated service_manage_report /usr/lib/python3/dist-packages/heat/engine/service.py:2370
2026-02-02 00:47:25.877 41451 DEBUG heat.engine.service [req-57152b52-912d-4fa6-83a3-e97142555c8e - - - - -] Service 86f32de0-5f43-4250-8672-2dd7d79ce706 is updated service_manage_report /usr/lib/python3/dist-packages/heat/engine/service.py:2370
2026-02-02 00:47:25.888 41452 DEBUG heat.engine.service [req-f4691109-e5c6-49b4-8346-30f4cf33cec1 - - - - -] Service e23ef9ab-9a99-4163-8f77-6e8eb0e6ec79 is updated service_manage_report /usr/lib/python3/dist-packages/heat/engine/service.py:2370
2026-02-02 00:47:25.890 41450 DEBUG heat.engine.service [req-5e420448-9cb9-45d2-8b00-8b44a7ce9ece - - - - -] Service b6a8fa0a-ae89-4b8b-9f32-de2bfb64840a is updated service_manage_report /usr/lib/python3/dist-packages/heat/engine/service.py:2370
2026-02-02 00:47:25.895 41449 DEBUG heat.engine.service [req-447741ce-eda8-4be5-a8d0-207c5b1a5631 - - - - -] Service bb5a05c8-5692-4631-9d5a-8bad7690416f is updated service_manage_report /usr/lib/python3/dist-packages/heat/engine/service.py:2370
2026-02-02 00:48:25.871 41451 DEBUG heat.engine.service [req-f5a9093b-78ba-4280-8070-418c46581fcc - - - - -] Service 86f32de0-5f43-4250-8672-2dd7d79ce706 is updated service_manage_report /usr/lib/python3/dist-packages/heat/engine/service.py:2370
2026-02-02 00:48:25.884 41450 DEBUG heat.engine.service [req-487eadc2-0550-4a55-a8b8-a03e12b075d7 - - - - -] Service b6a8fa0a-ae89-4b8b-9f32-de2bfb64840a is updated service_manage_report /usr/lib/python3/dist-packages/heat/engine/service.py:2370
2026-02-02 00:48:25.895 41452 DEBUG heat.engine.service [req-fffd55a9-3ba1-48d3-9115-3ddc8f865fd4 - - - - -] Service e23ef9ab-9a99-4163-8f77-6e8eb0e6ec79 is updated service_manage_report /usr/lib/python3/dist-packages/heat/engine/service.py:2370
2026-02-02 00:48:25.900 41449 DEBUG heat.engine.service [req-e322cf8d-9046-48d0-96ea-ed3c4919794b - - - - -] Service bb5a05c8-5692-4631-9d5a-8bad7690416f is updated service_manage_report /usr/lib/python3/dist-packages/heat/engine/service.py:2370
2026-02-02 00:49:25.875 41451 DEBUG heat.engine.service [req-b59bc289-4689-414d-8d1b-e04bf9c22d7d - - - - -] Service 86f32de0-5f43-4250-8672-2dd7d79ce706 is updated service_manage_report /usr/lib/python3/dist-packages/heat/engine/service.py:2370
2026-02-02 00:49:25.892 41450 DEBUG heat.engine.service [req-047788b4-a1b0-4688-b6dc-6903c41083c6 - - - - -] Service b6a8fa0a-ae89-4b8b-9f32-de2bfb64840a is updated service_manage_report /usr/lib/python3/dist-packages/heat/engine/service.py:2370
2026-02-02 00:49:25.895 41452 DEBUG heat.engine.service [req-ae94f38e-d0ee-439a-b1ec-d0f414767865 - - - - -] Service e23ef9ab-9a99-4163-8f77-6e8eb0e6ec79 is updated service_manage_report /usr/lib/python3/dist-packages/heat/engine/service.py:2370
2026-02-02 00:49:25.902 41449 DEBUG heat.engine.service [req-20581d6f-f99a-4256-bfc7-1bb1e93a3bbe - - - - -] Service bb5a05c8-5692-4631-9d5a-8bad7690416f is updated service_manage_report /usr/lib/python3/dist-packages/heat/engine/service.py:2370
2026-02-02 00:50:25.882 41451 DEBUG heat.engine.service [req-3768ee07-029a-44f9-9427-e9aa9db539f4 - - - - -] Service 86f32de0-5f43-4250-8672-2dd7d79ce706 is updated service_manage_report /usr/lib/python3/dist-packages/heat/engine/service.py:2370
2026-02-02 00:50:25.890 41450 DEBUG heat.engine.service [req-522cbf64-f91c-407c-a17b-b58f1333cab2 - - - - -] Service b6a8fa0a-ae89-4b8b-9f32-de2bfb64840a is updated service_manage_report /usr/lib/python3/dist-packages/heat/engine/service.py:2370
2026-02-02 00:50:25.892 41452 DEBUG heat.engine.service [req-b3a871e7-d820-459a-9136-9aff77a1de56 - - - - -] Service e23ef9ab-9a99-4163-8f77-6e8eb0e6ec79 is updated service_manage_report /usr/lib/python3/dist-packages/heat/engine/service.py:2370
2026-02-02 00:50:25.906 41449 DEBUG heat.engine.service [req-4f3c35b4-9861-4eaa-a133-523cc24325ce - - - - -] Service bb5a05c8-5692-4631-9d5a-8bad7690416f is updated service_manage_report /usr/lib/python3/dist-packages/heat/engine/service.py:2370
2026-02-02 00:51:25.878 41451 DEBUG heat.engine.service [req-37697fb2-f038-4bb4-82f9-a57e0043bc3a - - - - -] Service 86f32de0-5f43-4250-8672-2dd7d79ce706 is updated service_manage_report /usr/lib/python3/dist-packages/heat/engine/service.py:2370
2026-02-02 00:51:25.886 41450 DEBUG heat.engine.service [req-cf0bbe3d-d0ec-4c93-9e59-f8ea92ca33d0 - - - - -] Service b6a8fa0a-ae89-4b8b-9f32-de2bfb64840a is updated service_manage_report /usr/lib/python3/dist-packages/heat/engine/service.py:2370
2026-02-02 00:51:25.888 41452 DEBUG heat.engine.service [req-5cf71ab0-21a8-4247-ad41-b0fd3e98f8fc - - - - -] Service e23ef9ab-9a99-4163-8f77-6e8eb0e6ec79 is updated service_manage_report /usr/lib/python3/dist-packages/heat/engine/service.py:2370
2026-02-02 00:51:25.911 41449 DEBUG heat.engine.service [req-5739876b-143f-4926-9231-bc2122bfbff7 - - - - -] Service bb5a05c8-5692-4631-9d5a-8bad7690416f is updated service_manage_report /usr/lib/python3/dist-packages/heat/engine/service.py:2370
2026-02-02 00:52:25.873 41451 DEBUG heat.engine.service [req-e791d911-b045-4c6a-964f-5abf4978ade6 - - - - -] Service 86f32de0-5f43-4250-8672-2dd7d79ce706 is updated service_manage_report /usr/lib/python3/dist-packages/heat/engine/service.py:2370
2026-02-02 00:52:25.883 41452 DEBUG heat.engine.service [req-8d2b0218-ef8c-4b7f-85f1-e7f0dd762c79 - - - - -] Service e23ef9ab-9a99-4163-8f77-6e8eb0e6ec79 is updated service_manage_report /usr/lib/python3/dist-packages/heat/engine/service.py:2370
2026-02-02 00:52:25.892 41450 DEBUG heat.engine.service [req-0dceff2a-54a1-4eaa-a2bd-610d928e19d2 - - - - -] Service b6a8fa0a-ae89-4b8b-9f32-de2bfb64840a is updated service_manage_report /usr/lib/python3/dist-packages/heat/engine/service.py:2370
2026-02-02 00:52:25.914 41449 DEBUG heat.engine.service [req-fd0334a4-652e-4c63-9424-526e25d14260 - - - - -] Service bb5a05c8-5692-4631-9d5a-8bad7690416f is updated service_manage_report /usr/lib/python3/dist-packages/heat/engine/service.py:2370
2026-02-02 00:53:25.881 41451 DEBUG heat.engine.service [req-60f41eea-dca7-4e70-a1d8-831570a8f170 - - - - -] Service 86f32de0-5f43-4250-8672-2dd7d79ce706 is updated service_manage_report /usr/lib/python3/dist-packages/heat/engine/service.py:2370
2026-02-02 00:53:25.892 41452 DEBUG heat.engine.service [req-2bd12e8a-ef71-4e52-8ee0-19aea7c63b37 - - - - -] Service e23ef9ab-9a99-4163-8f77-6e8eb0e6ec79 is updated service_manage_report /usr/lib/python3/dist-packages/heat/engine/service.py:2370
2026-02-02 00:53:25.895 41450 DEBUG heat.engine.service [req-f80226ac-372a-48fa-b5e2-41c25bbd0bf3 - - - - -] Service b6a8fa0a-ae89-4b8b-9f32-de2bfb64840a is updated service_manage_report /usr/lib/python3/dist-packages/heat/engine/service.py:2370
2026-02-02 00:53:25.919 41449 DEBUG heat.engine.service [req-f3fff1ab-ff2a-408a-b37f-697d78b57799 - - - - -] Service bb5a05c8-5692-4631-9d5a-8bad7690416f is updated service_manage_report /usr/lib/python3/dist-packages/heat/engine/service.py:2370
2026-02-02 00:54:25.878 41451 DEBUG heat.engine.service [req-6d435a64-b713-49bd-b665-7067f21dcf95 - - - - -] Service 86f32de0-5f43-4250-8672-2dd7d79ce706 is updated service_manage_report /usr/lib/python3/dist-packages/heat/engine/service.py:2370
2026-02-02 00:54:25.889 41452 DEBUG heat.engine.service [req-60724a31-e29a-42c8-802d-6f2917af8e3c - - - - -] Service e23ef9ab-9a99-4163-8f77-6e8eb0e6ec79 is updated service_manage_report /usr/lib/python3/dist-packages/heat/engine/service.py:2370
2026-02-02 00:54:25.899 41450 DEBUG heat.engine.service [req-d4815848-2243-43eb-a0e9-d1025654e301 - - - - -] Service b6a8fa0a-ae89-4b8b-9f32-de2bfb64840a is updated service_manage_report /usr/lib/python3/dist-packages/heat/engine/service.py:2370
2026-02-02 00:54:25.922 41449 DEBUG heat.engine.service [req-fdfdaa7a-fa58-4c0e-8880-24a727222c78 - - - - -] Service bb5a05c8-5692-4631-9d5a-8bad7690416f is updated service_manage_report /usr/lib/python3/dist-packages/heat/engine/service.py:2370
2026-02-02 00:55:25.877 41451 DEBUG heat.engine.service [req-82af9f63-c133-46c8-bc83-628266d86a33 - - - - -] Service 86f32de0-5f43-4250-8672-2dd7d79ce706 is updated service_manage_report /usr/lib/python3/dist-packages/heat/engine/service.py:2370
2026-02-02 00:55:25.882 41452 DEBUG heat.engine.service [req-6ec892eb-5ef4-4ddd-a319-b7b6f55f1178 - - - - -] Service e23ef9ab-9a99-4163-8f77-6e8eb0e6ec79 is updated service_manage_report /usr/lib/python3/dist-packages/heat/engine/service.py:2370
2026-02-02 00:55:25.903 41450 DEBUG heat.engine.service [req-58171239-a245-4287-92bc-0008b7fa0081 - - - - -] Service b6a8fa0a-ae89-4b8b-9f32-de2bfb64840a is updated service_manage_report /usr/lib/python3/dist-packages/heat/engine/service.py:2370
2026-02-02 00:55:25.929 41449 DEBUG heat.engine.service [req-00d81b03-e0ee-4b82-9a96-3ab905aff7b7 - - - - -] Service bb5a05c8-5692-4631-9d5a-8bad7690416f is updated service_manage_report /usr/lib/python3/dist-packages/heat/engine/service.py:2370
2026-02-02 00:56:25.877 41451 DEBUG heat.engine.service [req-27fb6780-7d5d-4576-90fc-fe1bd8d14f5f - - - - -] Service 86f32de0-5f43-4250-8672-2dd7d79ce706 is updated service_manage_report /usr/lib/python3/dist-packages/heat/engine/service.py:2370
2026-02-02 00:56:25.888 41452 DEBUG heat.engine.service [req-49acc68d-00e8-44b0-a21b-38c832998c00 - - - - -] Service e23ef9ab-9a99-4163-8f77-6e8eb0e6ec79 is updated service_manage_report /usr/lib/python3/dist-packages/heat/engine/service.py:2370
2026-02-02 00:56:25.910 41450 DEBUG heat.engine.service [req-2b6a0d02-48b4-49d8-a139-dd2a3c55f083 - - - - -] Service b6a8fa0a-ae89-4b8b-9f32-de2bfb64840a is updated service_manage_report /usr/lib/python3/dist-packages/heat/engine/service.py:2370
2026-02-02 00:56:25.924 41449 DEBUG heat.engine.service [req-25e52345-6ae9-4339-8477-0cc145aafca5 - - - - -] Service bb5a05c8-5692-4631-9d5a-8bad7690416f is updated service_manage_report /usr/lib/python3/dist-packages/heat/engine/service.py:2370
2026-02-02 00:57:25.873 41451 DEBUG heat.engine.service [req-86e5ff2b-406f-414e-a59b-b68b73c34494 - - - - -] Service 86f32de0-5f43-4250-8672-2dd7d79ce706 is updated service_manage_report /usr/lib/python3/dist-packages/heat/engine/service.py:2370
2026-02-02 00:57:25.884 41452 DEBUG heat.engine.service [req-45ae5eba-57f8-4568-ad88-54632d74bb34 - - - - -] Service e23ef9ab-9a99-4163-8f77-6e8eb0e6ec79 is updated service_manage_report /usr/lib/python3/dist-packages/heat/engine/service.py:2370
2026-02-02 00:57:25.904 41450 DEBUG heat.engine.service [req-14c651d7-fd8c-4042-88e4-e8f730611a63 - - - - -] Service b6a8fa0a-ae89-4b8b-9f32-de2bfb64840a is updated service_manage_report /usr/lib/python3/dist-packages/heat/engine/service.py:2370
2026-02-02 00:57:25.929 41449 DEBUG heat.engine.service [req-b3177328-4da9-4c8f-a38e-0a7bf58a9080 - - - - -] Service bb5a05c8-5692-4631-9d5a-8bad7690416f is updated service_manage_report /usr/lib/python3/dist-packages/heat/engine/service.py:2370
2026-02-02 00:58:25.879 41451 DEBUG heat.engine.service [req-7a1839d7-00dc-4675-9230-60dda4b23414 - - - - -] Service 86f32de0-5f43-4250-8672-2dd7d79ce706 is updated service_manage_report /usr/lib/python3/dist-packages/heat/engine/service.py:2370
2026-02-02 00:58:25.884 41452 DEBUG heat.engine.service [req-46897f49-9562-49cd-b460-407a91ee25b3 - - - - -] Service e23ef9ab-9a99-4163-8f77-6e8eb0e6ec79 is updated service_manage_report /usr/lib/python3/dist-packages/heat/engine/service.py:2370
2026-02-02 00:58:25.908 41450 DEBUG heat.engine.service [req-ec7388f1-feec-4d53-88c6-7b2f0d4934fd - - - - -] Service b6a8fa0a-ae89-4b8b-9f32-de2bfb64840a is updated service_manage_report /usr/lib/python3/dist-packages/heat/engine/service.py:2370
2026-02-02 00:58:25.931 41449 DEBUG heat.engine.service [req-23c54e53-c970-48da-9085-69406d0903f7 - - - - -] Service bb5a05c8-5692-4631-9d5a-8bad7690416f is updated service_manage_report /usr/lib/python3/dist-packages/heat/engine/service.py:2370
2026-02-02 00:59:25.891 41451 DEBUG heat.engine.service [req-ca5dbde2-1ce9-408d-9444-153dd6a64b32 - - - - -] Service 86f32de0-5f43-4250-8672-2dd7d79ce706 is updated service_manage_report /usr/lib/python3/dist-packages/heat/engine/service.py:2370
2026-02-02 00:59:25.893 41452 DEBUG heat.engine.service [req-2fbd3849-0a14-4147-a69a-c46ed4ac41d5 - - - - -] Service e23ef9ab-9a99-4163-8f77-6e8eb0e6ec79 is updated service_manage_report /usr/lib/python3/dist-packages/heat/engine/service.py:2370
2026-02-02 00:59:25.911 41450 DEBUG heat.engine.service [req-21ed2414-bc7f-4b3f-bbda-493dd0db5af1 - - - - -] Service b6a8fa0a-ae89-4b8b-9f32-de2bfb64840a is updated service_manage_report /usr/lib/python3/dist-packages/heat/engine/service.py:2370
2026-02-02 00:59:25.937 41449 DEBUG heat.engine.service [req-aad94132-5bbd-4ad4-8450-e3b9b0d0217b - - - - -] Service bb5a05c8-5692-4631-9d5a-8bad7690416f is updated service_manage_report /usr/lib/python3/dist-packages/heat/engine/service.py:2370
2026-02-02 01:00:25.888 41451 DEBUG heat.engine.service [req-342ab67b-42d6-4d9f-aff1-3319a2edfa16 - - - - -] Service 86f32de0-5f43-4250-8672-2dd7d79ce706 is updated service_manage_report /usr/lib/python3/dist-packages/heat/engine/service.py:2370
2026-02-02 01:00:25.889 41452 DEBUG heat.engine.service [req-43b0315b-c5dc-4137-8798-73552179f740 - - - - -] Service e23ef9ab-9a99-4163-8f77-6e8eb0e6ec79 is updated service_manage_report /usr/lib/python3/dist-packages/heat/engine/service.py:2370
2026-02-02 01:00:25.915 41450 DEBUG heat.engine.service [req-f66c5ad6-329d-4d97-afbd-843e4dfc9e68 - - - - -] Service b6a8fa0a-ae89-4b8b-9f32-de2bfb64840a is updated service_manage_report /usr/lib/python3/dist-packages/heat/engine/service.py:2370
2026-02-02 01:00:25.940 41449 DEBUG heat.engine.service [req-eeb95b12-f7f7-4c57-88fe-c12205db6d29 - - - - -] Service bb5a05c8-5692-4631-9d5a-8bad7690416f is updated service_manage_report /usr/lib/python3/dist-packages/heat/engine/service.py:2370
2026-02-02 01:01:25.882 41451 DEBUG heat.engine.service [req-bb65b31f-6e2b-49cb-be48-199f2613351e - - - - -] Service 86f32de0-5f43-4250-8672-2dd7d79ce706 is updated service_manage_report /usr/lib/python3/dist-packages/heat/engine/service.py:2370
2026-02-02 01:01:25.891 41452 DEBUG heat.engine.service [req-8959531a-b38a-459a-a976-6998be13818b - - - - -] Service e23ef9ab-9a99-4163-8f77-6e8eb0e6ec79 is updated service_manage_report /usr/lib/python3/dist-packages/heat/engine/service.py:2370
2026-02-02 01:01:25.921 41450 DEBUG heat.engine.service [req-389a720b-52f0-42c4-a9d9-2e65989240ac - - - - -] Service b6a8fa0a-ae89-4b8b-9f32-de2bfb64840a is updated service_manage_report /usr/lib/python3/dist-packages/heat/engine/service.py:2370
2026-02-02 01:01:25.942 41449 DEBUG heat.engine.service [req-ee13ba4a-b8bc-4cac-87ca-a305014deb80 - - - - -] Service bb5a05c8-5692-4631-9d5a-8bad7690416f is updated service_manage_report /usr/lib/python3/dist-packages/heat/engine/service.py:2370
2026-02-02 01:02:25.890 41451 DEBUG heat.engine.service [req-9e72b718-4823-4455-b86e-c241a37a5205 - - - - -] Service 86f32de0-5f43-4250-8672-2dd7d79ce706 is updated service_manage_report /usr/lib/python3/dist-packages/heat/engine/service.py:2370
2026-02-02 01:02:25.898 41452 DEBUG heat.engine.service [req-ff413d83-3718-4ea4-b118-32e0af8050b3 - - - - -] Service e23ef9ab-9a99-4163-8f77-6e8eb0e6ec79 is updated service_manage_report /usr/lib/python3/dist-packages/heat/engine/service.py:2370
2026-02-02 01:02:25.929 41450 DEBUG heat.engine.service [req-1b0acd5d-31fe-4ffe-ac0e-3ab2218bbdb3 - - - - -] Service b6a8fa0a-ae89-4b8b-9f32-de2bfb64840a is updated service_manage_report /usr/lib/python3/dist-packages/heat/engine/service.py:2370
2026-02-02 01:02:25.946 41449 DEBUG heat.engine.service [req-844eaf8f-83c2-4a60-9c1f-93289774107e - - - - -] Service bb5a05c8-5692-4631-9d5a-8bad7690416f is updated service_manage_report /usr/lib/python3/dist-packages/heat/engine/service.py:2370
2026-02-02 01:03:25.884 41451 DEBUG heat.engine.service [req-9e32ff18-a169-4fd8-b646-859aa095d605 - - - - -] Service 86f32de0-5f43-4250-8672-2dd7d79ce706 is updated service_manage_report /usr/lib/python3/dist-packages/heat/engine/service.py:2370
2026-02-02 01:03:25.903 41452 DEBUG heat.engine.service [req-2cc9c723-d2c7-4b41-b9d8-7dffaf22d29b - - - - -] Service e23ef9ab-9a99-4163-8f77-6e8eb0e6ec79 is updated service_manage_report /usr/lib/python3/dist-packages/heat/engine/service.py:2370
2026-02-02 01:03:25.925 41450 DEBUG heat.engine.service [req-11cd7027-1a8e-4c15-b478-9a5044734609 - - - - -] Service b6a8fa0a-ae89-4b8b-9f32-de2bfb64840a is updated service_manage_report /usr/lib/python3/dist-packages/heat/engine/service.py:2370
2026-02-02 01:03:25.950 41449 DEBUG heat.engine.service [req-eb92730c-a914-49a4-826c-8667571e60eb - - - - -] Service bb5a05c8-5692-4631-9d5a-8bad7690416f is updated service_manage_report /usr/lib/python3/dist-packages/heat/engine/service.py:2370
2026-02-02 01:04:25.889 41451 DEBUG heat.engine.service [req-d4d438aa-1cf9-413a-8a63-82bca57f1d07 - - - - -] Service 86f32de0-5f43-4250-8672-2dd7d79ce706 is updated service_manage_report /usr/lib/python3/dist-packages/heat/engine/service.py:2370
2026-02-02 01:04:25.908 41452 DEBUG heat.engine.service [req-18dcf4c7-b421-4a52-8232-f496912b3bae - - - - -] Service e23ef9ab-9a99-4163-8f77-6e8eb0e6ec79 is updated service_manage_report /usr/lib/python3/dist-packages/heat/engine/service.py:2370
2026-02-02 01:04:25.918 41450 DEBUG heat.engine.service [req-c5dc68a6-2a4b-4adc-90dc-89b2056f54c3 - - - - -] Service b6a8fa0a-ae89-4b8b-9f32-de2bfb64840a is updated service_manage_report /usr/lib/python3/dist-packages/heat/engine/service.py:2370
2026-02-02 01:04:25.954 41449 DEBUG heat.engine.service [req-34e024e1-f7d7-432e-b77b-400ef46b3e4f - - - - -] Service bb5a05c8-5692-4631-9d5a-8bad7690416f is updated service_manage_report /usr/lib/python3/dist-packages/heat/engine/service.py:2370
2026-02-02 01:05:25.892 41451 DEBUG heat.engine.service [req-a59e6961-4cbf-439c-9d63-13308e13efc1 - - - - -] Service 86f32de0-5f43-4250-8672-2dd7d79ce706 is updated service_manage_report /usr/lib/python3/dist-packages/heat/engine/service.py:2370
2026-02-02 01:05:25.916 41452 DEBUG heat.engine.service [req-75f90b23-cec5-4ee1-9e84-8725aa88a47b - - - - -] Service e23ef9ab-9a99-4163-8f77-6e8eb0e6ec79 is updated service_manage_report /usr/lib/python3/dist-packages/heat/engine/service.py:2370
2026-02-02 01:05:25.922 41450 DEBUG heat.engine.service [req-8c8b80c0-ba25-474b-adcb-194a62360ed6 - - - - -] Service b6a8fa0a-ae89-4b8b-9f32-de2bfb64840a is updated service_manage_report /usr/lib/python3/dist-packages/heat/engine/service.py:2370
2026-02-02 01:05:25.957 41449 DEBUG heat.engine.service [req-5d380e0f-19b9-4143-88d0-294cb41ca8d8 - - - - -] Service bb5a05c8-5692-4631-9d5a-8bad7690416f is updated service_manage_report /usr/lib/python3/dist-packages/heat/engine/service.py:2370
2026-02-02 01:06:25.900 41451 DEBUG heat.engine.service [req-ece193bf-86f9-4970-a382-76d84339078c - - - - -] Service 86f32de0-5f43-4250-8672-2dd7d79ce706 is updated service_manage_report /usr/lib/python3/dist-packages/heat/engine/service.py:2370
2026-02-02 01:06:25.911 41452 DEBUG heat.engine.service [req-ade5e1f7-8c41-4114-9ad3-8ed152696ac9 - - - - -] Service e23ef9ab-9a99-4163-8f77-6e8eb0e6ec79 is updated service_manage_report /usr/lib/python3/dist-packages/heat/engine/service.py:2370
2026-02-02 01:06:25.924 41450 DEBUG heat.engine.service [req-277c2b5b-fb01-4506-bacc-d494acd3582b - - - - -] Service b6a8fa0a-ae89-4b8b-9f32-de2bfb64840a is updated service_manage_report /usr/lib/python3/dist-packages/heat/engine/service.py:2370
2026-02-02 01:06:25.963 41449 DEBUG heat.engine.service [req-b2a733d7-9f1d-4683-a132-0cbccc4c2d9a - - - - -] Service bb5a05c8-5692-4631-9d5a-8bad7690416f is updated service_manage_report /usr/lib/python3/dist-packages/heat/engine/service.py:2370
2026-02-02 01:07:25.894 41451 DEBUG heat.engine.service [req-54a9173f-03d8-4082-82ba-a3e3087ddae0 - - - - -] Service 86f32de0-5f43-4250-8672-2dd7d79ce706 is updated service_manage_report /usr/lib/python3/dist-packages/heat/engine/service.py:2370
2026-02-02 01:07:25.914 41452 DEBUG heat.engine.service [req-ab03897b-b91f-42eb-ac12-0c5e7596b43f - - - - -] Service e23ef9ab-9a99-4163-8f77-6e8eb0e6ec79 is updated service_manage_report /usr/lib/python3/dist-packages/heat/engine/service.py:2370
2026-02-02 01:07:25.928 41450 DEBUG heat.engine.service [req-1fa65efd-b2e5-418b-8903-58dc3c1d947d - - - - -] Service b6a8fa0a-ae89-4b8b-9f32-de2bfb64840a is updated service_manage_report /usr/lib/python3/dist-packages/heat/engine/service.py:2370
2026-02-02 01:07:25.969 41449 DEBUG heat.engine.service [req-c6ac7350-2942-444e-9b37-2cca7f2a9b46 - - - - -] Service bb5a05c8-5692-4631-9d5a-8bad7690416f is updated service_manage_report /usr/lib/python3/dist-packages/heat/engine/service.py:2370
2026-02-02 01:08:25.898 41451 DEBUG heat.engine.service [req-123d6da3-5060-48dc-86b0-19151a7c18d6 - - - - -] Service 86f32de0-5f43-4250-8672-2dd7d79ce706 is updated service_manage_report /usr/lib/python3/dist-packages/heat/engine/service.py:2370
2026-02-02 01:08:25.918 41452 DEBUG heat.engine.service [req-ff73c788-d61a-42bd-8be4-a0ff9159111e - - - - -] Service e23ef9ab-9a99-4163-8f77-6e8eb0e6ec79 is updated service_manage_report /usr/lib/python3/dist-packages/heat/engine/service.py:2370
2026-02-02 01:08:25.933 41450 DEBUG heat.engine.service [req-c35dc2d0-2f92-4ec0-af8f-2a8dc7bda60c - - - - -] Service b6a8fa0a-ae89-4b8b-9f32-de2bfb64840a is updated service_manage_report /usr/lib/python3/dist-packages/heat/engine/service.py:2370
2026-02-02 01:08:25.963 41449 DEBUG heat.engine.service [req-be804ed5-fe48-4dfa-bf6c-0ea2e211bb1c - - - - -] Service bb5a05c8-5692-4631-9d5a-8bad7690416f is updated service_manage_report /usr/lib/python3/dist-packages/heat/engine/service.py:2370
2026-02-02 01:09:25.902 41451 DEBUG heat.engine.service [req-7e48af09-b60f-4082-8b0f-153939442064 - - - - -] Service 86f32de0-5f43-4250-8672-2dd7d79ce706 is updated service_manage_report /usr/lib/python3/dist-packages/heat/engine/service.py:2370
2026-02-02 01:09:25.920 41452 DEBUG heat.engine.service [req-be8c6055-efce-43be-8915-d012b7f5f323 - - - - -] Service e23ef9ab-9a99-4163-8f77-6e8eb0e6ec79 is updated service_manage_report /usr/lib/python3/dist-packages/heat/engine/service.py:2370
2026-02-02 01:09:25.937 41450 DEBUG heat.engine.service [req-f047a82b-211e-4f91-9e58-5f01fc398cec - - - - -] Service b6a8fa0a-ae89-4b8b-9f32-de2bfb64840a is updated service_manage_report /usr/lib/python3/dist-packages/heat/engine/service.py:2370
2026-02-02 01:09:25.969 41449 DEBUG heat.engine.service [req-a0bea031-e9e9-4897-aec0-3e2e2bb43078 - - - - -] Service bb5a05c8-5692-4631-9d5a-8bad7690416f is updated service_manage_report /usr/lib/python3/dist-packages/heat/engine/service.py:2370
2026-02-02 01:10:25.907 41451 DEBUG heat.engine.service [req-01582fe5-58b4-4fed-88a8-36aeaa1970a0 - - - - -] Service 86f32de0-5f43-4250-8672-2dd7d79ce706 is updated service_manage_report /usr/lib/python3/dist-packages/heat/engine/service.py:2370
2026-02-02 01:10:25.924 41452 DEBUG heat.engine.service [req-b4abe9dc-fcd4-4447-b9c3-98caacb0b159 - - - - -] Service e23ef9ab-9a99-4163-8f77-6e8eb0e6ec79 is updated service_manage_report /usr/lib/python3/dist-packages/heat/engine/service.py:2370
2026-02-02 01:10:25.939 41450 DEBUG heat.engine.service [req-faf7076f-1ae6-41dd-9250-adfbb44c5a12 - - - - -] Service b6a8fa0a-ae89-4b8b-9f32-de2bfb64840a is updated service_manage_report /usr/lib/python3/dist-packages/heat/engine/service.py:2370
2026-02-02 01:10:25.965 41449 DEBUG heat.engine.service [req-573aa5a7-06d4-4f7f-925a-aca537495f24 - - - - -] Service bb5a05c8-5692-4631-9d5a-8bad7690416f is updated service_manage_report /usr/lib/python3/dist-packages/heat/engine/service.py:2370
2026-02-02 01:11:25.911 41451 DEBUG heat.engine.service [req-abe79bc7-e39a-4145-a17d-5547ea799690 - - - - -] Service 86f32de0-5f43-4250-8672-2dd7d79ce706 is updated service_manage_report /usr/lib/python3/dist-packages/heat/engine/service.py:2370
2026-02-02 01:11:25.931 41452 DEBUG heat.engine.service [req-28d8fac4-a262-4196-888b-70825032a0b2 - - - - -] Service e23ef9ab-9a99-4163-8f77-6e8eb0e6ec79 is updated service_manage_report /usr/lib/python3/dist-packages/heat/engine/service.py:2370
2026-02-02 01:11:25.945 41450 DEBUG heat.engine.service [req-5843aa3b-6ae2-46f4-a684-e0aabf17154f - - - - -] Service b6a8fa0a-ae89-4b8b-9f32-de2bfb64840a is updated service_manage_report /usr/lib/python3/dist-packages/heat/engine/service.py:2370
2026-02-02 01:11:25.969 41449 DEBUG heat.engine.service [req-8ddc5162-4f27-4abe-a572-7e48260d2b6a - - - - -] Service bb5a05c8-5692-4631-9d5a-8bad7690416f is updated service_manage_report /usr/lib/python3/dist-packages/heat/engine/service.py:2370
2026-02-02 01:12:25.916 41451 DEBUG heat.engine.service [req-204b6b57-5568-4ce4-8cd8-de53e315f75d - - - - -] Service 86f32de0-5f43-4250-8672-2dd7d79ce706 is updated service_manage_report /usr/lib/python3/dist-packages/heat/engine/service.py:2370
2026-02-02 01:12:25.927 41452 DEBUG heat.engine.service [req-e3698fe9-cc9d-41f2-97ca-29f7445243fc - - - - -] Service e23ef9ab-9a99-4163-8f77-6e8eb0e6ec79 is updated service_manage_report /usr/lib/python3/dist-packages/heat/engine/service.py:2370
