2026-02-02 01:51:11.561 7 DEBUG oslo_service.service [-] ml2_type_gre.tunnel_id_ranges = [] log_opt_values /var/lib/kolla/venv/lib/python3.6/site-packages/oslo_config/cfg.py:2611
2026-02-02 01:51:11.561 7 DEBUG oslo_service.service [-] ml2_type_vlan.network_vlan_ranges = [] log_opt_values /var/lib/kolla/venv/lib/python3.6/site-packages/oslo_config/cfg.py:2611
2026-02-02 01:51:11.561 7 DEBUG oslo_service.service [-] ml2_type_vxlan.vni_ranges = [] log_opt_values /var/lib/kolla/venv/lib/python3.6/site-packages/oslo_config/cfg.py:2611
2026-02-02 01:51:11.561 7 DEBUG oslo_service.service [-] ml2_type_vxlan.vxlan_group = None log_opt_values /var/lib/kolla/venv/lib/python3.6/site-packages/oslo_config/cfg.py:2611
2026-02-02 01:51:11.561 7 DEBUG oslo_service.service [-] database.backend = sqlalchemy log_opt_values /var/lib/kolla/venv/lib/python3.6/site-packages/oslo_config/cfg.py:2611
2026-02-02 01:51:11.561 7 DEBUG oslo_service.service [-] database.connection = **** log_opt_values /var/lib/kolla/venv/lib/python3.6/site-packages/oslo_config/cfg.py:2611
2026-02-02 01:51:11.561 7 DEBUG oslo_service.service [-] database.connection_debug = 0 log_opt_values /var/lib/kolla/venv/lib/python3.6/site-packages/oslo_config/cfg.py:2611
2026-02-02 01:51:11.561 7 DEBUG oslo_service.service [-] database.connection_parameters = log_opt_values /var/lib/kolla/venv/lib/python3.6/site-packages/oslo_config/cfg.py:2611
2026-02-02 01:51:11.561 7 DEBUG oslo_service.service [-] database.connection_recycle_time = 10 log_opt_values /var/lib/kolla/venv/lib/python3.6/site-packages/oslo_config/cfg.py:2611
2026-02-02 01:51:11.561 7 DEBUG oslo_service.service [-] database.connection_trace = False log_opt_values /var/lib/kolla/venv/lib/python3.6/site-packages/oslo_config/cfg.py:2611
2026-02-02 01:51:11.561 7 DEBUG oslo_service.service [-] database.db_inc_retry_interval = True log_opt_values /var/lib/kolla/venv/lib/python3.6/site-packages/oslo_config/cfg.py:2611
2026-02-02 01:51:11.561 7 DEBUG oslo_service.service [-] database.db_max_retries = 20 log_opt_values /var/lib/kolla/venv/lib/python3.6/site-packages/oslo_config/cfg.py:2611
2026-02-02 01:51:11.561 7 DEBUG oslo_service.service [-] database.db_max_retry_interval = 10 log_opt_values /var/lib/kolla/venv/lib/python3.6/site-packages/oslo_config/cfg.py:2611
2026-02-02 01:51:11.562 7 DEBUG oslo_service.service [-] database.db_retry_interval = 1 log_opt_values /var/lib/kolla/venv/lib/python3.6/site-packages/oslo_config/cfg.py:2611
2026-02-02 01:51:11.562 7 DEBUG oslo_service.service [-] database.max_overflow = 50 log_opt_values /var/lib/kolla/venv/lib/python3.6/site-packages/oslo_config/cfg.py:2611
2026-02-02 01:51:11.562 7 DEBUG oslo_service.service [-] database.max_pool_size = 1 log_opt_values /var/lib/kolla/venv/lib/python3.6/site-packages/oslo_config/cfg.py:2611
2026-02-02 01:51:11.562 7 DEBUG oslo_service.service [-] database.max_retries = -1 log_opt_values /var/lib/kolla/venv/lib/python3.6/site-packages/oslo_config/cfg.py:2611
2026-02-02 01:51:11.562 7 DEBUG oslo_service.service [-] database.mysql_enable_ndb = False log_opt_values /var/lib/kolla/venv/lib/python3.6/site-packages/oslo_config/cfg.py:2611
2026-02-02 01:51:11.562 7 DEBUG oslo_service.service [-] database.mysql_sql_mode = TRADITIONAL log_opt_values /var/lib/kolla/venv/lib/python3.6/site-packages/oslo_config/cfg.py:2611
2026-02-02 01:51:11.562 7 DEBUG oslo_service.service [-] database.pool_timeout = None log_opt_values /var/lib/kolla/venv/lib/python3.6/site-packages/oslo_config/cfg.py:2611
2026-02-02 01:51:11.562 7 DEBUG oslo_service.service [-] database.retry_interval = 10 log_opt_values /var/lib/kolla/venv/lib/python3.6/site-packages/oslo_config/cfg.py:2611
2026-02-02 01:51:11.562 7 DEBUG oslo_service.service [-] database.slave_connection = **** log_opt_values /var/lib/kolla/venv/lib/python3.6/site-packages/oslo_config/cfg.py:2611
2026-02-02 01:51:11.562 7 DEBUG oslo_service.service [-] database.sqlite_synchronous = True log_opt_values /var/lib/kolla/venv/lib/python3.6/site-packages/oslo_config/cfg.py:2611
2026-02-02 01:51:11.562 7 DEBUG oslo_service.service [-] database.use_db_reconnect = False log_opt_values /var/lib/kolla/venv/lib/python3.6/site-packages/oslo_config/cfg.py:2611
2026-02-02 01:51:11.562 7 DEBUG oslo_service.service [-] ******************************************************************************** log_opt_values /var/lib/kolla/venv/lib/python3.6/site-packages/oslo_config/cfg.py:2613
2026-02-02 01:51:12.770 22 DEBUG neutron.wsgi [-] (22) accepted ('10.0.0.19', 55694) server /var/lib/kolla/venv/lib/python3.6/site-packages/eventlet/wsgi.py:1004
2026-02-02 01:51:12.779 22 INFO neutron.wsgi [-] 10.0.0.19 "GET / HTTP/1.1" status: 200 len: 227 time: 0.0055616
2026-02-02 01:51:15.474 25 DEBUG neutron.api.rpc.handlers.dhcp_rpc [req-7ad035f5-94d0-4eed-bf9a-211d09d9d42e - - - - -] get_active_networks_info from cn-jenkins-deploy-platform-ansible-os-5166-1 get_active_networks_info /var/lib/kolla/venv/lib/python3.6/site-packages/neutron/api/rpc/handlers/dhcp_rpc.py:159
2026-02-02 01:51:15.498 26 DEBUG neutron_lib.callbacks.manager [req-5501d3cc-db58-419a-8a14-2a5b8aa82c26 - - - - -] Publish callbacks ['neutron.services.segments.db._update_segment_host_mapping_for_agent-8754373450560', 'neutron.services.l3_router.l3_router_plugin.DVRResourceOperationHandler.create_fip_agent_gw_ports--9223372036853162523'] for agent (9855d5a1-06db-428a-80c1-9da62aabad1e), after_create _notify_loop /var/lib/kolla/venv/lib/python3.6/site-packages/neutron_lib/callbacks/manager.py:177
2026-02-02 01:51:15.513 25 DEBUG neutron.scheduler.dhcp_agent_scheduler [req-7ad035f5-94d0-4eed-bf9a-211d09d9d42e - - - - -] No non-hosted networks auto_schedule_networks /var/lib/kolla/venv/lib/python3.6/site-packages/neutron/scheduler/dhcp_agent_scheduler.py:60
2026-02-02 01:51:36.632 27 DEBUG neutron_lib.callbacks.manager [req-c5ecec72-9507-4551-954d-7735570bdd96 - - - - -] Publish callbacks ['neutron.services.segments.db._update_segment_host_mapping_for_agent-8754373450560', 'neutron.services.l3_router.l3_router_plugin.DVRResourceOperationHandler.create_fip_agent_gw_ports--9223372036853162523'] for agent (d303c332-76b8-478a-b4a8-b6a2ff3d3fa3), after_create _notify_loop /var/lib/kolla/venv/lib/python3.6/site-packages/neutron_lib/callbacks/manager.py:177
2026-02-02 01:51:42.826 22 DEBUG neutron.wsgi [-] (22) accepted ('10.0.0.19', 54540) server /var/lib/kolla/venv/lib/python3.6/site-packages/eventlet/wsgi.py:1004
2026-02-02 01:51:42.831 22 INFO neutron.wsgi [-] 10.0.0.19 "GET / HTTP/1.1" status: 200 len: 227 time: 0.0038784
2026-02-02 01:51:45.493 28 DEBUG neutron_lib.callbacks.manager [req-6ae373c8-e995-4f33-b86b-6ecac50630dc - - - - -] Publish callbacks ['neutron.services.segments.db._update_segment_host_mapping_for_agent-8754373450560', 'neutron.plugins.ml2.plugin.Ml2Plugin._retry_binding_revived_agents--9223372036853978143'] for agent (9855d5a1-06db-428a-80c1-9da62aabad1e), after_update _notify_loop /var/lib/kolla/venv/lib/python3.6/site-packages/neutron_lib/callbacks/manager.py:177
2026-02-02 01:52:06.615 23 DEBUG neutron_lib.callbacks.manager [req-c5ecec72-9507-4551-954d-7735570bdd96 - - - - -] Publish callbacks ['neutron.services.segments.db._update_segment_host_mapping_for_agent-8754373450560', 'neutron.plugins.ml2.plugin.Ml2Plugin._retry_binding_revived_agents--9223372036853978143'] for agent (d303c332-76b8-478a-b4a8-b6a2ff3d3fa3), after_update _notify_loop /var/lib/kolla/venv/lib/python3.6/site-packages/neutron_lib/callbacks/manager.py:177
2026-02-02 01:52:10.540 29 DEBUG neutron.db.agents_db [req-14760457-8159-428f-847d-7dee06ab6549 - - - - -] Agent healthcheck: found 2 active agents agent_health_check /var/lib/kolla/venv/lib/python3.6/site-packages/neutron/db/agents_db.py:318
2026-02-02 01:52:12.877 22 DEBUG neutron.wsgi [-] (22) accepted ('10.0.0.19', 39838) server /var/lib/kolla/venv/lib/python3.6/site-packages/eventlet/wsgi.py:1004
2026-02-02 01:52:12.881 22 INFO neutron.wsgi [-] 10.0.0.19 "GET / HTTP/1.1" status: 200 len: 227 time: 0.0031466
2026-02-02 01:52:15.485 24 DEBUG neutron_lib.callbacks.manager [req-2c9849a8-1985-460a-8b55-562f0271edc3 - - - - -] Publish callbacks ['neutron.services.segments.db._update_segment_host_mapping_for_agent-8754373450560', 'neutron.plugins.ml2.plugin.Ml2Plugin._retry_binding_revived_agents--9223372036853978143'] for agent (9855d5a1-06db-428a-80c1-9da62aabad1e), after_update _notify_loop /var/lib/kolla/venv/lib/python3.6/site-packages/neutron_lib/callbacks/manager.py:177
2026-02-02 01:52:36.605 25 DEBUG neutron_lib.callbacks.manager [req-c5ecec72-9507-4551-954d-7735570bdd96 - - - - -] Publish callbacks ['neutron.services.segments.db._update_segment_host_mapping_for_agent-8754373450560', 'neutron.plugins.ml2.plugin.Ml2Plugin._retry_binding_revived_agents--9223372036853978143'] for agent (d303c332-76b8-478a-b4a8-b6a2ff3d3fa3), after_update _notify_loop /var/lib/kolla/venv/lib/python3.6/site-packages/neutron_lib/callbacks/manager.py:177
2026-02-02 01:52:42.925 22 DEBUG neutron.wsgi [-] (22) accepted ('10.0.0.19', 42628) server /var/lib/kolla/venv/lib/python3.6/site-packages/eventlet/wsgi.py:1004
2026-02-02 01:52:42.929 22 INFO neutron.wsgi [-] 10.0.0.19 "GET / HTTP/1.1" status: 200 len: 227 time: 0.0030015
2026-02-02 01:52:45.473 26 DEBUG neutron_lib.callbacks.manager [req-80dccb49-9015-43b1-8dc2-b0216ffd2818 - - - - -] Publish callbacks ['neutron.services.segments.db._update_segment_host_mapping_for_agent-8754373450560', 'neutron.plugins.ml2.plugin.Ml2Plugin._retry_binding_revived_agents--9223372036853978143'] for agent (9855d5a1-06db-428a-80c1-9da62aabad1e), after_update _notify_loop /var/lib/kolla/venv/lib/python3.6/site-packages/neutron_lib/callbacks/manager.py:177
2026-02-02 01:52:47.536 29 DEBUG neutron.db.agents_db [req-14760457-8159-428f-847d-7dee06ab6549 - - - - -] Agent healthcheck: found 2 active agents agent_health_check /var/lib/kolla/venv/lib/python3.6/site-packages/neutron/db/agents_db.py:318
2026-02-02 01:53:06.605 27 DEBUG neutron_lib.callbacks.manager [req-c5ecec72-9507-4551-954d-7735570bdd96 - - - - -] Publish callbacks ['neutron.services.segments.db._update_segment_host_mapping_for_agent-8754373450560', 'neutron.plugins.ml2.plugin.Ml2Plugin._retry_binding_revived_agents--9223372036853978143'] for agent (d303c332-76b8-478a-b4a8-b6a2ff3d3fa3), after_update _notify_loop /var/lib/kolla/venv/lib/python3.6/site-packages/neutron_lib/callbacks/manager.py:177
2026-02-02 01:53:12.976 22 DEBUG neutron.wsgi [-] (22) accepted ('10.0.0.19', 38778) server /var/lib/kolla/venv/lib/python3.6/site-packages/eventlet/wsgi.py:1004
2026-02-02 01:53:12.980 22 INFO neutron.wsgi [-] 10.0.0.19 "GET / HTTP/1.1" status: 200 len: 227 time: 0.0032501
2026-02-02 01:53:15.470 28 DEBUG neutron_lib.callbacks.manager [req-17f66dbf-0faa-410b-bcb2-4c629068947c - - - - -] Publish callbacks ['neutron.services.segments.db._update_segment_host_mapping_for_agent-8754373450560', 'neutron.plugins.ml2.plugin.Ml2Plugin._retry_binding_revived_agents--9223372036853978143'] for agent (9855d5a1-06db-428a-80c1-9da62aabad1e), after_update _notify_loop /var/lib/kolla/venv/lib/python3.6/site-packages/neutron_lib/callbacks/manager.py:177
2026-02-02 01:53:24.544 29 DEBUG neutron.db.agents_db [req-14760457-8159-428f-847d-7dee06ab6549 - - - - -] Agent healthcheck: found 2 active agents agent_health_check /var/lib/kolla/venv/lib/python3.6/site-packages/neutron/db/agents_db.py:318
2026-02-02 01:53:36.606 23 DEBUG neutron_lib.callbacks.manager [req-c5ecec72-9507-4551-954d-7735570bdd96 - - - - -] Publish callbacks ['neutron.services.segments.db._update_segment_host_mapping_for_agent-8754373450560', 'neutron.plugins.ml2.plugin.Ml2Plugin._retry_binding_revived_agents--9223372036853978143'] for agent (d303c332-76b8-478a-b4a8-b6a2ff3d3fa3), after_update _notify_loop /var/lib/kolla/venv/lib/python3.6/site-packages/neutron_lib/callbacks/manager.py:177
2026-02-02 01:53:43.033 22 DEBUG neutron.wsgi [-] (22) accepted ('10.0.0.19', 38976) server /var/lib/kolla/venv/lib/python3.6/site-packages/eventlet/wsgi.py:1004
2026-02-02 01:53:43.039 22 INFO neutron.wsgi [-] 10.0.0.19 "GET / HTTP/1.1" status: 200 len: 227 time: 0.0052910
2026-02-02 01:53:45.469 24 DEBUG neutron_lib.callbacks.manager [req-5872b847-4f23-4b37-88cd-0cd1d6aefeda - - - - -] Publish callbacks ['neutron.services.segments.db._update_segment_host_mapping_for_agent-8754373450560', 'neutron.plugins.ml2.plugin.Ml2Plugin._retry_binding_revived_agents--9223372036853978143'] for agent (9855d5a1-06db-428a-80c1-9da62aabad1e), after_update _notify_loop /var/lib/kolla/venv/lib/python3.6/site-packages/neutron_lib/callbacks/manager.py:177
2026-02-02 01:54:01.543 29 DEBUG neutron.db.agents_db [req-14760457-8159-428f-847d-7dee06ab6549 - - - - -] Agent healthcheck: found 2 active agents agent_health_check /var/lib/kolla/venv/lib/python3.6/site-packages/neutron/db/agents_db.py:318
2026-02-02 01:54:06.608 25 DEBUG neutron_lib.callbacks.manager [req-c5ecec72-9507-4551-954d-7735570bdd96 - - - - -] Publish callbacks ['neutron.services.segments.db._update_segment_host_mapping_for_agent-8754373450560', 'neutron.plugins.ml2.plugin.Ml2Plugin._retry_binding_revived_agents--9223372036853978143'] for agent (d303c332-76b8-478a-b4a8-b6a2ff3d3fa3), after_update _notify_loop /var/lib/kolla/venv/lib/python3.6/site-packages/neutron_lib/callbacks/manager.py:177
2026-02-02 01:54:13.090 22 DEBUG neutron.wsgi [-] (22) accepted ('10.0.0.19', 37804) server /var/lib/kolla/venv/lib/python3.6/site-packages/eventlet/wsgi.py:1004
2026-02-02 01:54:13.094 22 INFO neutron.wsgi [-] 10.0.0.19 "GET / HTTP/1.1" status: 200 len: 227 time: 0.0030246
2026-02-02 01:54:15.466 26 DEBUG neutron_lib.callbacks.manager [req-e4790a7c-7145-43ad-9eed-7cdabb931eff - - - - -] Publish callbacks ['neutron.services.segments.db._update_segment_host_mapping_for_agent-8754373450560', 'neutron.plugins.ml2.plugin.Ml2Plugin._retry_binding_revived_agents--9223372036853978143'] for agent (9855d5a1-06db-428a-80c1-9da62aabad1e), after_update _notify_loop /var/lib/kolla/venv/lib/python3.6/site-packages/neutron_lib/callbacks/manager.py:177
2026-02-02 01:54:36.609 27 DEBUG neutron_lib.callbacks.manager [req-c5ecec72-9507-4551-954d-7735570bdd96 - - - - -] Publish callbacks ['neutron.services.segments.db._update_segment_host_mapping_for_agent-8754373450560', 'neutron.plugins.ml2.plugin.Ml2Plugin._retry_binding_revived_agents--9223372036853978143'] for agent (d303c332-76b8-478a-b4a8-b6a2ff3d3fa3), after_update _notify_loop /var/lib/kolla/venv/lib/python3.6/site-packages/neutron_lib/callbacks/manager.py:177
2026-02-02 01:54:38.550 29 DEBUG neutron.db.agents_db [req-14760457-8159-428f-847d-7dee06ab6549 - - - - -] Agent healthcheck: found 2 active agents agent_health_check /var/lib/kolla/venv/lib/python3.6/site-packages/neutron/db/agents_db.py:318
2026-02-02 01:54:43.141 22 DEBUG neutron.wsgi [-] (22) accepted ('10.0.0.19', 58512) server /var/lib/kolla/venv/lib/python3.6/site-packages/eventlet/wsgi.py:1004
2026-02-02 01:54:43.145 22 INFO neutron.wsgi [-] 10.0.0.19 "GET / HTTP/1.1" status: 200 len: 227 time: 0.0031991
2026-02-02 01:54:45.467 28 DEBUG neutron_lib.callbacks.manager [req-5754121d-88c1-41f5-954a-89969cde3a1c - - - - -] Publish callbacks ['neutron.services.segments.db._update_segment_host_mapping_for_agent-8754373450560', 'neutron.plugins.ml2.plugin.Ml2Plugin._retry_binding_revived_agents--9223372036853978143'] for agent (9855d5a1-06db-428a-80c1-9da62aabad1e), after_update _notify_loop /var/lib/kolla/venv/lib/python3.6/site-packages/neutron_lib/callbacks/manager.py:177
2026-02-02 01:55:06.612 23 DEBUG neutron_lib.callbacks.manager [req-c5ecec72-9507-4551-954d-7735570bdd96 - - - - -] Publish callbacks ['neutron.services.segments.db._update_segment_host_mapping_for_agent-8754373450560', 'neutron.plugins.ml2.plugin.Ml2Plugin._retry_binding_revived_agents--9223372036853978143'] for agent (d303c332-76b8-478a-b4a8-b6a2ff3d3fa3), after_update _notify_loop /var/lib/kolla/venv/lib/python3.6/site-packages/neutron_lib/callbacks/manager.py:177
2026-02-02 01:55:13.190 22 DEBUG neutron.wsgi [-] (22) accepted ('10.0.0.19', 58150) server /var/lib/kolla/venv/lib/python3.6/site-packages/eventlet/wsgi.py:1004
2026-02-02 01:55:13.195 22 INFO neutron.wsgi [-] 10.0.0.19 "GET / HTTP/1.1" status: 200 len: 227 time: 0.0039966
2026-02-02 01:55:15.465 24 DEBUG neutron_lib.callbacks.manager [req-d9d85a04-dfe9-4c7b-ac23-18a13634342e - - - - -] Publish callbacks ['neutron.services.segments.db._update_segment_host_mapping_for_agent-8754373450560', 'neutron.plugins.ml2.plugin.Ml2Plugin._retry_binding_revived_agents--9223372036853978143'] for agent (9855d5a1-06db-428a-80c1-9da62aabad1e), after_update _notify_loop /var/lib/kolla/venv/lib/python3.6/site-packages/neutron_lib/callbacks/manager.py:177
2026-02-02 01:55:15.558 29 DEBUG neutron.db.agents_db [req-14760457-8159-428f-847d-7dee06ab6549 - - - - -] Agent healthcheck: found 2 active agents agent_health_check /var/lib/kolla/venv/lib/python3.6/site-packages/neutron/db/agents_db.py:318
2026-02-02 01:55:36.615 25 DEBUG neutron_lib.callbacks.manager [req-c5ecec72-9507-4551-954d-7735570bdd96 - - - - -] Publish callbacks ['neutron.services.segments.db._update_segment_host_mapping_for_agent-8754373450560', 'neutron.plugins.ml2.plugin.Ml2Plugin._retry_binding_revived_agents--9223372036853978143'] for agent (d303c332-76b8-478a-b4a8-b6a2ff3d3fa3), after_update _notify_loop /var/lib/kolla/venv/lib/python3.6/site-packages/neutron_lib/callbacks/manager.py:177
2026-02-02 01:55:43.242 22 DEBUG neutron.wsgi [-] (22) accepted ('10.0.0.19', 58116) server /var/lib/kolla/venv/lib/python3.6/site-packages/eventlet/wsgi.py:1004
2026-02-02 01:55:43.245 22 INFO neutron.wsgi [-] 10.0.0.19 "GET / HTTP/1.1" status: 200 len: 227 time: 0.0029173
2026-02-02 01:55:45.463 26 DEBUG neutron_lib.callbacks.manager [req-d1fd2aa3-c633-4f6e-9e29-6645c37e7f23 - - - - -] Publish callbacks ['neutron.services.segments.db._update_segment_host_mapping_for_agent-8754373450560', 'neutron.plugins.ml2.plugin.Ml2Plugin._retry_binding_revived_agents--9223372036853978143'] for agent (9855d5a1-06db-428a-80c1-9da62aabad1e), after_update _notify_loop /var/lib/kolla/venv/lib/python3.6/site-packages/neutron_lib/callbacks/manager.py:177
2026-02-02 01:55:52.565 29 DEBUG neutron.db.agents_db [req-14760457-8159-428f-847d-7dee06ab6549 - - - - -] Agent healthcheck: found 2 active agents agent_health_check /var/lib/kolla/venv/lib/python3.6/site-packages/neutron/db/agents_db.py:318
2026-02-02 01:56:06.616 27 DEBUG neutron_lib.callbacks.manager [req-c5ecec72-9507-4551-954d-7735570bdd96 - - - - -] Publish callbacks ['neutron.services.segments.db._update_segment_host_mapping_for_agent-8754373450560', 'neutron.plugins.ml2.plugin.Ml2Plugin._retry_binding_revived_agents--9223372036853978143'] for agent (d303c332-76b8-478a-b4a8-b6a2ff3d3fa3), after_update _notify_loop /var/lib/kolla/venv/lib/python3.6/site-packages/neutron_lib/callbacks/manager.py:177
2026-02-02 01:56:13.295 22 DEBUG neutron.wsgi [-] (22) accepted ('10.0.0.19', 38808) server /var/lib/kolla/venv/lib/python3.6/site-packages/eventlet/wsgi.py:1004
2026-02-02 01:56:13.299 22 INFO neutron.wsgi [-] 10.0.0.19 "GET / HTTP/1.1" status: 200 len: 227 time: 0.0032766
2026-02-02 01:56:15.461 28 DEBUG neutron_lib.callbacks.manager [req-11967267-6db0-4ecf-ada6-d458737df9fb - - - - -] Publish callbacks ['neutron.services.segments.db._update_segment_host_mapping_for_agent-8754373450560', 'neutron.plugins.ml2.plugin.Ml2Plugin._retry_binding_revived_agents--9223372036853978143'] for agent (9855d5a1-06db-428a-80c1-9da62aabad1e), after_update _notify_loop /var/lib/kolla/venv/lib/python3.6/site-packages/neutron_lib/callbacks/manager.py:177
2026-02-02 01:56:29.563 29 DEBUG neutron.db.agents_db [req-14760457-8159-428f-847d-7dee06ab6549 - - - - -] Agent healthcheck: found 2 active agents agent_health_check /var/lib/kolla/venv/lib/python3.6/site-packages/neutron/db/agents_db.py:318
2026-02-02 01:56:36.620 23 DEBUG neutron_lib.callbacks.manager [req-c5ecec72-9507-4551-954d-7735570bdd96 - - - - -] Publish callbacks ['neutron.services.segments.db._update_segment_host_mapping_for_agent-8754373450560', 'neutron.plugins.ml2.plugin.Ml2Plugin._retry_binding_revived_agents--9223372036853978143'] for agent (d303c332-76b8-478a-b4a8-b6a2ff3d3fa3), after_update _notify_loop /var/lib/kolla/venv/lib/python3.6/site-packages/neutron_lib/callbacks/manager.py:177
2026-02-02 01:56:43.349 22 DEBUG neutron.wsgi [-] (22) accepted ('10.0.0.19', 48314) server /var/lib/kolla/venv/lib/python3.6/site-packages/eventlet/wsgi.py:1004
2026-02-02 01:56:43.354 22 INFO neutron.wsgi [-] 10.0.0.19 "GET / HTTP/1.1" status: 200 len: 227 time: 0.0033467
2026-02-02 01:56:45.463 24 DEBUG neutron_lib.callbacks.manager [req-02703e71-25cd-4258-902f-8c713ef7fdd3 - - - - -] Publish callbacks ['neutron.services.segments.db._update_segment_host_mapping_for_agent-8754373450560', 'neutron.plugins.ml2.plugin.Ml2Plugin._retry_binding_revived_agents--9223372036853978143'] for agent (9855d5a1-06db-428a-80c1-9da62aabad1e), after_update _notify_loop /var/lib/kolla/venv/lib/python3.6/site-packages/neutron_lib/callbacks/manager.py:177
2026-02-02 01:57:06.559 29 DEBUG neutron.db.agents_db [req-14760457-8159-428f-847d-7dee06ab6549 - - - - -] Agent healthcheck: found 2 active agents agent_health_check /var/lib/kolla/venv/lib/python3.6/site-packages/neutron/db/agents_db.py:318
2026-02-02 01:57:06.623 25 DEBUG neutron_lib.callbacks.manager [req-c5ecec72-9507-4551-954d-7735570bdd96 - - - - -] Publish callbacks ['neutron.services.segments.db._update_segment_host_mapping_for_agent-8754373450560', 'neutron.plugins.ml2.plugin.Ml2Plugin._retry_binding_revived_agents--9223372036853978143'] for agent (d303c332-76b8-478a-b4a8-b6a2ff3d3fa3), after_update _notify_loop /var/lib/kolla/venv/lib/python3.6/site-packages/neutron_lib/callbacks/manager.py:177
2026-02-02 01:57:13.403 22 DEBUG neutron.wsgi [-] (22) accepted ('10.0.0.19', 48366) server /var/lib/kolla/venv/lib/python3.6/site-packages/eventlet/wsgi.py:1004
2026-02-02 01:57:13.408 22 INFO neutron.wsgi [-] 10.0.0.19 "GET / HTTP/1.1" status: 200 len: 227 time: 0.0034900
2026-02-02 01:57:15.464 26 DEBUG neutron_lib.callbacks.manager [req-76043d1a-5fb8-4539-a78f-ea35399fa83e - - - - -] Publish callbacks ['neutron.services.segments.db._update_segment_host_mapping_for_agent-8754373450560', 'neutron.plugins.ml2.plugin.Ml2Plugin._retry_binding_revived_agents--9223372036853978143'] for agent (9855d5a1-06db-428a-80c1-9da62aabad1e), after_update _notify_loop /var/lib/kolla/venv/lib/python3.6/site-packages/neutron_lib/callbacks/manager.py:177
2026-02-02 01:57:36.625 27 DEBUG neutron_lib.callbacks.manager [req-c5ecec72-9507-4551-954d-7735570bdd96 - - - - -] Publish callbacks ['neutron.services.segments.db._update_segment_host_mapping_for_agent-8754373450560', 'neutron.plugins.ml2.plugin.Ml2Plugin._retry_binding_revived_agents--9223372036853978143'] for agent (d303c332-76b8-478a-b4a8-b6a2ff3d3fa3), after_update _notify_loop /var/lib/kolla/venv/lib/python3.6/site-packages/neutron_lib/callbacks/manager.py:177
2026-02-02 01:57:43.455 22 DEBUG neutron.wsgi [-] (22) accepted ('10.0.0.19', 42990) server /var/lib/kolla/venv/lib/python3.6/site-packages/eventlet/wsgi.py:1004
2026-02-02 01:57:43.459 22 INFO neutron.wsgi [-] 10.0.0.19 "GET / HTTP/1.1" status: 200 len: 227 time: 0.0031376
2026-02-02 01:57:43.566 29 DEBUG neutron.db.agents_db [req-14760457-8159-428f-847d-7dee06ab6549 - - - - -] Agent healthcheck: found 2 active agents agent_health_check /var/lib/kolla/venv/lib/python3.6/site-packages/neutron/db/agents_db.py:318
2026-02-02 01:57:45.467 28 DEBUG neutron_lib.callbacks.manager [req-ac486a92-8789-4e51-82e7-823054cdba14 - - - - -] Publish callbacks ['neutron.services.segments.db._update_segment_host_mapping_for_agent-8754373450560', 'neutron.plugins.ml2.plugin.Ml2Plugin._retry_binding_revived_agents--9223372036853978143'] for agent (9855d5a1-06db-428a-80c1-9da62aabad1e), after_update _notify_loop /var/lib/kolla/venv/lib/python3.6/site-packages/neutron_lib/callbacks/manager.py:177
2026-02-02 01:58:06.627 23 DEBUG neutron_lib.callbacks.manager [req-c5ecec72-9507-4551-954d-7735570bdd96 - - - - -] Publish callbacks ['neutron.services.segments.db._update_segment_host_mapping_for_agent-8754373450560', 'neutron.plugins.ml2.plugin.Ml2Plugin._retry_binding_revived_agents--9223372036853978143'] for agent (d303c332-76b8-478a-b4a8-b6a2ff3d3fa3), after_update _notify_loop /var/lib/kolla/venv/lib/python3.6/site-packages/neutron_lib/callbacks/manager.py:177
2026-02-02 01:58:13.506 22 DEBUG neutron.wsgi [-] (22) accepted ('10.0.0.19', 52394) server /var/lib/kolla/venv/lib/python3.6/site-packages/eventlet/wsgi.py:1004
2026-02-02 01:58:13.510 22 INFO neutron.wsgi [-] 10.0.0.19 "GET / HTTP/1.1" status: 200 len: 227 time: 0.0029149
2026-02-02 01:58:15.467 24 DEBUG neutron_lib.callbacks.manager [req-16f5a740-ef7d-4490-87f0-fbb8db3e5e8a - - - - -] Publish callbacks ['neutron.services.segments.db._update_segment_host_mapping_for_agent-8754373450560', 'neutron.plugins.ml2.plugin.Ml2Plugin._retry_binding_revived_agents--9223372036853978143'] for agent (9855d5a1-06db-428a-80c1-9da62aabad1e), after_update _notify_loop /var/lib/kolla/venv/lib/python3.6/site-packages/neutron_lib/callbacks/manager.py:177
2026-02-02 01:58:20.576 29 DEBUG neutron.db.agents_db [req-14760457-8159-428f-847d-7dee06ab6549 - - - - -] Agent healthcheck: found 2 active agents agent_health_check /var/lib/kolla/venv/lib/python3.6/site-packages/neutron/db/agents_db.py:318
2026-02-02 01:58:36.629 25 DEBUG neutron_lib.callbacks.manager [req-c5ecec72-9507-4551-954d-7735570bdd96 - - - - -] Publish callbacks ['neutron.services.segments.db._update_segment_host_mapping_for_agent-8754373450560', 'neutron.plugins.ml2.plugin.Ml2Plugin._retry_binding_revived_agents--9223372036853978143'] for agent (d303c332-76b8-478a-b4a8-b6a2ff3d3fa3), after_update _notify_loop /var/lib/kolla/venv/lib/python3.6/site-packages/neutron_lib/callbacks/manager.py:177
2026-02-02 01:58:43.557 22 DEBUG neutron.wsgi [-] (22) accepted ('10.0.0.19', 58704) server /var/lib/kolla/venv/lib/python3.6/site-packages/eventlet/wsgi.py:1004
2026-02-02 01:58:43.561 22 INFO neutron.wsgi [-] 10.0.0.19 "GET / HTTP/1.1" status: 200 len: 227 time: 0.0035205
2026-02-02 01:58:45.466 26 DEBUG neutron_lib.callbacks.manager [req-c075ecea-47b5-4ca5-b4a7-37a2c55e9fc8 - - - - -] Publish callbacks ['neutron.services.segments.db._update_segment_host_mapping_for_agent-8754373450560', 'neutron.plugins.ml2.plugin.Ml2Plugin._retry_binding_revived_agents--9223372036853978143'] for agent (9855d5a1-06db-428a-80c1-9da62aabad1e), after_update _notify_loop /var/lib/kolla/venv/lib/python3.6/site-packages/neutron_lib/callbacks/manager.py:177
2026-02-02 01:58:57.573 29 DEBUG neutron.db.agents_db [req-14760457-8159-428f-847d-7dee06ab6549 - - - - -] Agent healthcheck: found 2 active agents agent_health_check /var/lib/kolla/venv/lib/python3.6/site-packages/neutron/db/agents_db.py:318
2026-02-02 01:59:06.633 27 DEBUG neutron_lib.callbacks.manager [req-c5ecec72-9507-4551-954d-7735570bdd96 - - - - -] Publish callbacks ['neutron.services.segments.db._update_segment_host_mapping_for_agent-8754373450560', 'neutron.plugins.ml2.plugin.Ml2Plugin._retry_binding_revived_agents--9223372036853978143'] for agent (d303c332-76b8-478a-b4a8-b6a2ff3d3fa3), after_update _notify_loop /var/lib/kolla/venv/lib/python3.6/site-packages/neutron_lib/callbacks/manager.py:177
2026-02-02 01:59:13.607 22 DEBUG neutron.wsgi [-] (22) accepted ('10.0.0.19', 35102) server /var/lib/kolla/venv/lib/python3.6/site-packages/eventlet/wsgi.py:1004
2026-02-02 01:59:13.611 22 INFO neutron.wsgi [-] 10.0.0.19 "GET / HTTP/1.1" status: 200 len: 227 time: 0.0033896
2026-02-02 01:59:15.464 28 DEBUG neutron_lib.callbacks.manager [req-2ce71252-3f3d-4579-8a0a-04f65458806b - - - - -] Publish callbacks ['neutron.services.segments.db._update_segment_host_mapping_for_agent-8754373450560', 'neutron.plugins.ml2.plugin.Ml2Plugin._retry_binding_revived_agents--9223372036853978143'] for agent (9855d5a1-06db-428a-80c1-9da62aabad1e), after_update _notify_loop /var/lib/kolla/venv/lib/python3.6/site-packages/neutron_lib/callbacks/manager.py:177
2026-02-02 01:59:34.571 29 DEBUG neutron.db.agents_db [req-14760457-8159-428f-847d-7dee06ab6549 - - - - -] Agent healthcheck: found 2 active agents agent_health_check /var/lib/kolla/venv/lib/python3.6/site-packages/neutron/db/agents_db.py:318
2026-02-02 01:59:36.638 23 DEBUG neutron_lib.callbacks.manager [req-c5ecec72-9507-4551-954d-7735570bdd96 - - - - -] Publish callbacks ['neutron.services.segments.db._update_segment_host_mapping_for_agent-8754373450560', 'neutron.plugins.ml2.plugin.Ml2Plugin._retry_binding_revived_agents--9223372036853978143'] for agent (d303c332-76b8-478a-b4a8-b6a2ff3d3fa3), after_update _notify_loop /var/lib/kolla/venv/lib/python3.6/site-packages/neutron_lib/callbacks/manager.py:177
2026-02-02 01:59:43.659 22 DEBUG neutron.wsgi [-] (22) accepted ('10.0.0.19', 49706) server /var/lib/kolla/venv/lib/python3.6/site-packages/eventlet/wsgi.py:1004
2026-02-02 01:59:43.664 22 INFO neutron.wsgi [-] 10.0.0.19 "GET / HTTP/1.1" status: 200 len: 227 time: 0.0035768
2026-02-02 01:59:45.462 24 DEBUG neutron_lib.callbacks.manager [req-c897c8ed-5db3-450c-bc87-1dafe5cd3b18 - - - - -] Publish callbacks ['neutron.services.segments.db._update_segment_host_mapping_for_agent-8754373450560', 'neutron.plugins.ml2.plugin.Ml2Plugin._retry_binding_revived_agents--9223372036853978143'] for agent (9855d5a1-06db-428a-80c1-9da62aabad1e), after_update _notify_loop /var/lib/kolla/venv/lib/python3.6/site-packages/neutron_lib/callbacks/manager.py:177
2026-02-02 02:00:06.640 25 DEBUG neutron_lib.callbacks.manager [req-c5ecec72-9507-4551-954d-7735570bdd96 - - - - -] Publish callbacks ['neutron.services.segments.db._update_segment_host_mapping_for_agent-8754373450560', 'neutron.plugins.ml2.plugin.Ml2Plugin._retry_binding_revived_agents--9223372036853978143'] for agent (d303c332-76b8-478a-b4a8-b6a2ff3d3fa3), after_update _notify_loop /var/lib/kolla/venv/lib/python3.6/site-packages/neutron_lib/callbacks/manager.py:177
2026-02-02 02:00:11.567 29 DEBUG neutron.db.agents_db [req-14760457-8159-428f-847d-7dee06ab6549 - - - - -] Agent healthcheck: found 2 active agents agent_health_check /var/lib/kolla/venv/lib/python3.6/site-packages/neutron/db/agents_db.py:318
2026-02-02 02:00:13.713 22 DEBUG neutron.wsgi [-] (22) accepted ('10.0.0.19', 55616) server /var/lib/kolla/venv/lib/python3.6/site-packages/eventlet/wsgi.py:1004
2026-02-02 02:00:13.717 22 INFO neutron.wsgi [-] 10.0.0.19 "GET / HTTP/1.1" status: 200 len: 227 time: 0.0029407
2026-02-02 02:00:15.465 26 DEBUG neutron_lib.callbacks.manager [req-77cdd171-b109-4c2c-a4d8-ea9689d59442 - - - - -] Publish callbacks ['neutron.services.segments.db._update_segment_host_mapping_for_agent-8754373450560', 'neutron.plugins.ml2.plugin.Ml2Plugin._retry_binding_revived_agents--9223372036853978143'] for agent (9855d5a1-06db-428a-80c1-9da62aabad1e), after_update _notify_loop /var/lib/kolla/venv/lib/python3.6/site-packages/neutron_lib/callbacks/manager.py:177
2026-02-02 02:00:36.639 27 DEBUG neutron_lib.callbacks.manager [req-c5ecec72-9507-4551-954d-7735570bdd96 - - - - -] Publish callbacks ['neutron.services.segments.db._update_segment_host_mapping_for_agent-8754373450560', 'neutron.plugins.ml2.plugin.Ml2Plugin._retry_binding_revived_agents--9223372036853978143'] for agent (d303c332-76b8-478a-b4a8-b6a2ff3d3fa3), after_update _notify_loop /var/lib/kolla/venv/lib/python3.6/site-packages/neutron_lib/callbacks/manager.py:177
2026-02-02 02:00:43.766 22 DEBUG neutron.wsgi [-] (22) accepted ('10.0.0.19', 33964) server /var/lib/kolla/venv/lib/python3.6/site-packages/eventlet/wsgi.py:1004
2026-02-02 02:00:43.770 22 INFO neutron.wsgi [-] 10.0.0.19 "GET / HTTP/1.1" status: 200 len: 227 time: 0.0035281
2026-02-02 02:00:45.464 28 DEBUG neutron_lib.callbacks.manager [req-5efb57e5-3802-4395-9508-04e290b486ce - - - - -] Publish callbacks ['neutron.services.segments.db._update_segment_host_mapping_for_agent-8754373450560', 'neutron.plugins.ml2.plugin.Ml2Plugin._retry_binding_revived_agents--9223372036853978143'] for agent (9855d5a1-06db-428a-80c1-9da62aabad1e), after_update _notify_loop /var/lib/kolla/venv/lib/python3.6/site-packages/neutron_lib/callbacks/manager.py:177
2026-02-02 02:00:48.565 29 DEBUG neutron.db.agents_db [req-14760457-8159-428f-847d-7dee06ab6549 - - - - -] Agent healthcheck: found 2 active agents agent_health_check /var/lib/kolla/venv/lib/python3.6/site-packages/neutron/db/agents_db.py:318
2026-02-02 02:01:06.832 23 DEBUG neutron_lib.callbacks.manager [req-c5ecec72-9507-4551-954d-7735570bdd96 - - - - -] Publish callbacks ['neutron.services.segments.db._update_segment_host_mapping_for_agent-8754373450560', 'neutron.plugins.ml2.plugin.Ml2Plugin._retry_binding_revived_agents--9223372036853978143'] for agent (d303c332-76b8-478a-b4a8-b6a2ff3d3fa3), after_update _notify_loop /var/lib/kolla/venv/lib/python3.6/site-packages/neutron_lib/callbacks/manager.py:177
2026-02-02 02:01:13.847 22 DEBUG neutron.wsgi [-] (22) accepted ('10.0.0.19', 42870) server /var/lib/kolla/venv/lib/python3.6/site-packages/eventlet/wsgi.py:1004
2026-02-02 02:01:13.855 22 INFO neutron.wsgi [-] 10.0.0.19 "GET / HTTP/1.1" status: 200 len: 227 time: 0.0054977
2026-02-02 02:01:15.466 24 DEBUG neutron_lib.callbacks.manager [req-bb44f68e-224b-44ca-9570-ca2dee00361b - - - - -] Publish callbacks ['neutron.services.segments.db._update_segment_host_mapping_for_agent-8754373450560', 'neutron.plugins.ml2.plugin.Ml2Plugin._retry_binding_revived_agents--9223372036853978143'] for agent (9855d5a1-06db-428a-80c1-9da62aabad1e), after_update _notify_loop /var/lib/kolla/venv/lib/python3.6/site-packages/neutron_lib/callbacks/manager.py:177
2026-02-02 02:01:25.574 29 DEBUG neutron.db.agents_db [req-14760457-8159-428f-847d-7dee06ab6549 - - - - -] Agent healthcheck: found 2 active agents agent_health_check /var/lib/kolla/venv/lib/python3.6/site-packages/neutron/db/agents_db.py:318
2026-02-02 02:01:27.810 7 INFO oslo_service.service [-] Caught SIGTERM, stopping children
2026-02-02 02:01:27.811 7 DEBUG oslo_concurrency.lockutils [-] Acquired lock "singleton_lock" lock /var/lib/kolla/venv/lib/python3.6/site-packages/oslo_concurrency/lockutils.py:294
2026-02-02 02:01:27.811 7 DEBUG oslo_concurrency.lockutils [-] Releasing lock "singleton_lock" lock /var/lib/kolla/venv/lib/python3.6/site-packages/oslo_concurrency/lockutils.py:312
2026-02-02 02:01:27.811 7 DEBUG oslo_service.service [-] Stop services. stop /var/lib/kolla/venv/lib/python3.6/site-packages/oslo_service/service.py:695
2026-02-02 02:01:27.811 7 DEBUG neutron.service [-] calling RpcWorker stop() stop /var/lib/kolla/venv/lib/python3.6/site-packages/neutron/service.py:138
2026-02-02 02:01:27.811 7 DEBUG neutron.service [-] calling RpcWorker stop() stop /var/lib/kolla/venv/lib/python3.6/site-packages/neutron/service.py:138
2026-02-02 02:01:27.811 7 DEBUG oslo_service.service [-] Killing children. stop /var/lib/kolla/venv/lib/python3.6/site-packages/oslo_service/service.py:700
2026-02-02 02:01:27.811 7 INFO oslo_service.service [-] Waiting on 8 children to exit
2026-02-02 02:01:27.812 27 DEBUG neutron.service [-] calling RpcWorker stop() stop /var/lib/kolla/venv/lib/python3.6/site-packages/neutron/service.py:138
2026-02-02 02:01:27.812 29 DEBUG neutron.service [-] calling RpcWorker stop() stop /var/lib/kolla/venv/lib/python3.6/site-packages/neutron/service.py:138
2026-02-02 02:01:27.812 26 DEBUG neutron.service [-] calling RpcWorker stop() stop /var/lib/kolla/venv/lib/python3.6/site-packages/neutron/service.py:138
2026-02-02 02:01:27.812 22 INFO neutron.wsgi [-] (22) wsgi exited, is_accepting=True
2026-02-02 02:01:27.812 29 DEBUG neutron.service [-] calling stop on stop /var/lib/kolla/venv/lib/python3.6/site-packages/neutron/service.py:141
2026-02-02 02:01:27.813 22 DEBUG oslo_concurrency.lockutils [req-278b12d7-f4a9-46ac-9132-cca350c41f96 - - - - -] Acquired lock "singleton_lock" lock /var/lib/kolla/venv/lib/python3.6/site-packages/oslo_concurrency/lockutils.py:294
2026-02-02 02:01:27.814 22 DEBUG oslo_concurrency.lockutils [req-278b12d7-f4a9-46ac-9132-cca350c41f96 - - - - -] Releasing lock "singleton_lock" lock /var/lib/kolla/venv/lib/python3.6/site-packages/oslo_concurrency/lockutils.py:312
2026-02-02 02:01:27.814 25 DEBUG neutron.service [-] calling RpcWorker stop() stop /var/lib/kolla/venv/lib/python3.6/site-packages/neutron/service.py:138
2026-02-02 02:01:27.812 27 DEBUG neutron.service [-] calling stop on stop /var/lib/kolla/venv/lib/python3.6/site-packages/neutron/service.py:141
2026-02-02 02:01:27.814 23 DEBUG neutron.service [-] calling RpcWorker stop() stop /var/lib/kolla/venv/lib/python3.6/site-packages/neutron/service.py:138
2026-02-02 02:01:27.814 25 DEBUG neutron.service [-] calling stop on stop /var/lib/kolla/venv/lib/python3.6/site-packages/neutron/service.py:141
2026-02-02 02:01:27.813 26 DEBUG neutron.service [-] calling stop on stop /var/lib/kolla/venv/lib/python3.6/site-packages/neutron/service.py:141
2026-02-02 02:01:27.816 24 DEBUG neutron.service [-] calling RpcWorker stop() stop /var/lib/kolla/venv/lib/python3.6/site-packages/neutron/service.py:138
2026-02-02 02:01:27.815 23 DEBUG neutron.service [-] calling stop on stop /var/lib/kolla/venv/lib/python3.6/site-packages/neutron/service.py:141
2026-02-02 02:01:27.816 24 DEBUG neutron.service [-] calling stop on stop /var/lib/kolla/venv/lib/python3.6/site-packages/neutron/service.py:141
2026-02-02 02:01:27.818 7 INFO oslo_service.service [-] Child 22 exited with status 0
2026-02-02 02:01:27.830 28 DEBUG neutron.service [-] calling RpcWorker stop() stop /var/lib/kolla/venv/lib/python3.6/site-packages/neutron/service.py:138
2026-02-02 02:01:27.832 28 DEBUG neutron.service [-] calling stop on stop /var/lib/kolla/venv/lib/python3.6/site-packages/neutron/service.py:141
2026-02-02 02:01:28.665 28 DEBUG oslo_concurrency.lockutils [req-278b12d7-f4a9-46ac-9132-cca350c41f96 - - - - -] Acquired lock "singleton_lock" lock /var/lib/kolla/venv/lib/python3.6/site-packages/oslo_concurrency/lockutils.py:294
2026-02-02 02:01:28.665 28 DEBUG oslo_concurrency.lockutils [req-278b12d7-f4a9-46ac-9132-cca350c41f96 - - - - -] Releasing lock "singleton_lock" lock /var/lib/kolla/venv/lib/python3.6/site-packages/oslo_concurrency/lockutils.py:312
2026-02-02 02:01:28.666 28 DEBUG neutron.service [req-278b12d7-f4a9-46ac-9132-cca350c41f96 - - - - -] calling RpcWorker wait() _wait /var/lib/kolla/venv/lib/python3.6/site-packages/neutron/service.py:128
2026-02-02 02:01:28.666 28 DEBUG neutron.service [req-278b12d7-f4a9-46ac-9132-cca350c41f96 - - - - -] calling wait on _wait /var/lib/kolla/venv/lib/python3.6/site-packages/neutron/service.py:131
2026-02-02 02:01:28.680 28 WARNING amqp [req-278b12d7-f4a9-46ac-9132-cca350c41f96 - - - - -] Received method (60, 30) during closing channel 1. This method will be ignored
2026-02-02 02:01:28.691 28 DEBUG neutron.service [req-278b12d7-f4a9-46ac-9132-cca350c41f96 - - - - -] returning from RpcWorker wait() _wait /var/lib/kolla/venv/lib/python3.6/site-packages/neutron/service.py:135
2026-02-02 02:01:28.696 7 INFO oslo_service.service [-] Child 28 exited with status 0
2026-02-02 02:01:31.517 24 DEBUG neutron.service [-] calling stop on stop /var/lib/kolla/venv/lib/python3.6/site-packages/neutron/service.py:141
2026-02-02 02:01:31.518 26 DEBUG oslo_concurrency.lockutils [req-278b12d7-f4a9-46ac-9132-cca350c41f96 - - - - -] Acquired lock "singleton_lock" lock /var/lib/kolla/venv/lib/python3.6/site-packages/oslo_concurrency/lockutils.py:294
2026-02-02 02:01:31.519 23 DEBUG neutron.service [-] calling stop on stop /var/lib/kolla/venv/lib/python3.6/site-packages/neutron/service.py:141
2026-02-02 02:01:31.519 26 DEBUG oslo_concurrency.lockutils [req-278b12d7-f4a9-46ac-9132-cca350c41f96 - - - - -] Releasing lock "singleton_lock" lock /var/lib/kolla/venv/lib/python3.6/site-packages/oslo_concurrency/lockutils.py:312
2026-02-02 02:01:31.519 26 DEBUG neutron.service [req-278b12d7-f4a9-46ac-9132-cca350c41f96 - - - - -] calling RpcWorker wait() _wait /var/lib/kolla/venv/lib/python3.6/site-packages/neutron/service.py:128
2026-02-02 02:01:31.519 26 DEBUG neutron.service [req-278b12d7-f4a9-46ac-9132-cca350c41f96 - - - - -] calling wait on _wait /var/lib/kolla/venv/lib/python3.6/site-packages/neutron/service.py:131
2026-02-02 02:01:31.523 27 DEBUG oslo_concurrency.lockutils [req-278b12d7-f4a9-46ac-9132-cca350c41f96 - - - - -] Acquired lock "singleton_lock" lock /var/lib/kolla/venv/lib/python3.6/site-packages/oslo_concurrency/lockutils.py:294
2026-02-02 02:01:31.524 27 DEBUG oslo_concurrency.lockutils [req-278b12d7-f4a9-46ac-9132-cca350c41f96 - - - - -] Releasing lock "singleton_lock" lock /var/lib/kolla/venv/lib/python3.6/site-packages/oslo_concurrency/lockutils.py:312
2026-02-02 02:01:31.525 27 DEBUG neutron.service [req-278b12d7-f4a9-46ac-9132-cca350c41f96 - - - - -] calling RpcWorker wait() _wait /var/lib/kolla/venv/lib/python3.6/site-packages/neutron/service.py:128
2026-02-02 02:01:31.525 27 DEBUG neutron.service [req-278b12d7-f4a9-46ac-9132-cca350c41f96 - - - - -] calling wait on _wait /var/lib/kolla/venv/lib/python3.6/site-packages/neutron/service.py:131
2026-02-02 02:01:31.526 25 DEBUG neutron.service [-] calling stop on stop /var/lib/kolla/venv/lib/python3.6/site-packages/neutron/service.py:141
2026-02-02 02:01:31.527 26 WARNING amqp [req-278b12d7-f4a9-46ac-9132-cca350c41f96 - - - - -] Received method (60, 30) during closing channel 1. This method will be ignored
2026-02-02 02:01:31.528 26 DEBUG neutron.service [req-278b12d7-f4a9-46ac-9132-cca350c41f96 - - - - -] returning from RpcWorker wait() _wait /var/lib/kolla/venv/lib/python3.6/site-packages/neutron/service.py:135
2026-02-02 02:01:31.532 27 WARNING amqp [req-278b12d7-f4a9-46ac-9132-cca350c41f96 - - - - -] Received method (60, 30) during closing channel 1. This method will be ignored
2026-02-02 02:01:31.533 27 DEBUG neutron.service [req-278b12d7-f4a9-46ac-9132-cca350c41f96 - - - - -] returning from RpcWorker wait() _wait /var/lib/kolla/venv/lib/python3.6/site-packages/neutron/service.py:135
2026-02-02 02:01:31.534 7 INFO oslo_service.service [-] Child 26 exited with status 0
2026-02-02 02:01:31.536 25 DEBUG neutron.service [-] calling stop on stop /var/lib/kolla/venv/lib/python3.6/site-packages/neutron/service.py:141
2026-02-02 02:01:31.537 7 INFO oslo_service.service [-] Child 27 exited with status 0
2026-02-02 02:01:31.537 23 DEBUG neutron.service [-] calling stop on stop /var/lib/kolla/venv/lib/python3.6/site-packages/neutron/service.py:141
2026-02-02 02:01:31.544 24 DEBUG neutron.service [-] calling stop on stop /var/lib/kolla/venv/lib/python3.6/site-packages/neutron/service.py:141
2026-02-02 02:01:31.562 25 DEBUG neutron.service [-] calling stop on stop /var/lib/kolla/venv/lib/python3.6/site-packages/neutron/service.py:141
2026-02-02 02:01:31.565 29 DEBUG oslo_concurrency.lockutils [req-278b12d7-f4a9-46ac-9132-cca350c41f96 - - - - -] Acquired lock "singleton_lock" lock /var/lib/kolla/venv/lib/python3.6/site-packages/oslo_concurrency/lockutils.py:294
2026-02-02 02:01:31.566 29 DEBUG oslo_concurrency.lockutils [req-278b12d7-f4a9-46ac-9132-cca350c41f96 - - - - -] Releasing lock "singleton_lock" lock /var/lib/kolla/venv/lib/python3.6/site-packages/oslo_concurrency/lockutils.py:312
2026-02-02 02:01:31.566 29 DEBUG neutron.service [req-278b12d7-f4a9-46ac-9132-cca350c41f96 - - - - -] calling RpcWorker wait() _wait /var/lib/kolla/venv/lib/python3.6/site-packages/neutron/service.py:128
2026-02-02 02:01:31.566 29 DEBUG neutron.service [req-278b12d7-f4a9-46ac-9132-cca350c41f96 - - - - -] calling wait on _wait /var/lib/kolla/venv/lib/python3.6/site-packages/neutron/service.py:131
2026-02-02 02:01:31.576 29 WARNING amqp [req-278b12d7-f4a9-46ac-9132-cca350c41f96 - - - - -] Received method (60, 30) during closing channel 1. This method will be ignored
2026-02-02 02:01:31.579 29 DEBUG neutron.service [req-278b12d7-f4a9-46ac-9132-cca350c41f96 - - - - -] returning from RpcWorker wait() _wait /var/lib/kolla/venv/lib/python3.6/site-packages/neutron/service.py:135
2026-02-02 02:01:31.583 25 DEBUG oslo_concurrency.lockutils [req-278b12d7-f4a9-46ac-9132-cca350c41f96 - - - - -] Acquired lock "singleton_lock" lock /var/lib/kolla/venv/lib/python3.6/site-packages/oslo_concurrency/lockutils.py:294
2026-02-02 02:01:31.583 25 DEBUG oslo_concurrency.lockutils [req-278b12d7-f4a9-46ac-9132-cca350c41f96 - - - - -] Releasing lock "singleton_lock" lock /var/lib/kolla/venv/lib/python3.6/site-packages/oslo_concurrency/lockutils.py:312
2026-02-02 02:01:31.584 25 DEBUG neutron.service [req-278b12d7-f4a9-46ac-9132-cca350c41f96 - - - - -] calling RpcWorker wait() _wait /var/lib/kolla/venv/lib/python3.6/site-packages/neutron/service.py:128
2026-02-02 02:01:31.584 25 DEBUG neutron.service [req-278b12d7-f4a9-46ac-9132-cca350c41f96 - - - - -] calling wait on _wait /var/lib/kolla/venv/lib/python3.6/site-packages/neutron/service.py:131
2026-02-02 02:01:31.588 7 INFO oslo_service.service [-] Child 29 exited with status 0
2026-02-02 02:01:31.592 25 WARNING amqp [req-278b12d7-f4a9-46ac-9132-cca350c41f96 - - - - -] Received method (60, 30) during closing channel 1. This method will be ignored
2026-02-02 02:01:31.593 25 DEBUG neutron.service [req-278b12d7-f4a9-46ac-9132-cca350c41f96 - - - - -] calling wait on _wait /var/lib/kolla/venv/lib/python3.6/site-packages/neutron/service.py:131
2026-02-02 02:01:31.598 25 WARNING amqp [req-278b12d7-f4a9-46ac-9132-cca350c41f96 - - - - -] Received method (60, 30) during closing channel 1. This method will be ignored
2026-02-02 02:01:31.603 25 DEBUG neutron.service [req-278b12d7-f4a9-46ac-9132-cca350c41f96 - - - - -] calling wait on _wait /var/lib/kolla/venv/lib/python3.6/site-packages/neutron/service.py:131
2026-02-02 02:01:31.610 25 WARNING amqp [req-278b12d7-f4a9-46ac-9132-cca350c41f96 - - - - -] Received method (60, 30) during closing channel 1. This method will be ignored
2026-02-02 02:01:31.611 25 DEBUG neutron.service [req-278b12d7-f4a9-46ac-9132-cca350c41f96 - - - - -] calling wait on _wait /var/lib/kolla/venv/lib/python3.6/site-packages/neutron/service.py:131
2026-02-02 02:01:31.617 25 WARNING amqp [req-278b12d7-f4a9-46ac-9132-cca350c41f96 - - - - -] Received method (60, 30) during closing channel 1. This method will be ignored
2026-02-02 02:01:31.618 25 DEBUG neutron.service [req-278b12d7-f4a9-46ac-9132-cca350c41f96 - - - - -] returning from RpcWorker wait() _wait /var/lib/kolla/venv/lib/python3.6/site-packages/neutron/service.py:135
2026-02-02 02:01:31.624 7 INFO oslo_service.service [-] Child 25 exited with status 0
2026-02-02 02:01:33.660 24 DEBUG neutron.service [-] calling stop on stop /var/lib/kolla/venv/lib/python3.6/site-packages/neutron/service.py:141
2026-02-02 02:01:34.850 23 DEBUG neutron.service [-] calling stop on stop /var/lib/kolla/venv/lib/python3.6/site-packages/neutron/service.py:141
2026-02-02 02:01:36.575 23 DEBUG oslo_concurrency.lockutils [req-278b12d7-f4a9-46ac-9132-cca350c41f96 - - - - -] Acquired lock "singleton_lock" lock /var/lib/kolla/venv/lib/python3.6/site-packages/oslo_concurrency/lockutils.py:294
2026-02-02 02:01:36.575 24 DEBUG oslo_concurrency.lockutils [req-278b12d7-f4a9-46ac-9132-cca350c41f96 - - - - -] Acquired lock "singleton_lock" lock /var/lib/kolla/venv/lib/python3.6/site-packages/oslo_concurrency/lockutils.py:294
2026-02-02 02:01:36.575 23 DEBUG oslo_concurrency.lockutils [req-278b12d7-f4a9-46ac-9132-cca350c41f96 - - - - -] Releasing lock "singleton_lock" lock /var/lib/kolla/venv/lib/python3.6/site-packages/oslo_concurrency/lockutils.py:312
2026-02-02 02:01:36.575 24 DEBUG oslo_concurrency.lockutils [req-278b12d7-f4a9-46ac-9132-cca350c41f96 - - - - -] Releasing lock "singleton_lock" lock /var/lib/kolla/venv/lib/python3.6/site-packages/oslo_concurrency/lockutils.py:312
2026-02-02 02:01:36.575 24 DEBUG neutron.service [req-278b12d7-f4a9-46ac-9132-cca350c41f96 - - - - -] calling RpcWorker wait() _wait /var/lib/kolla/venv/lib/python3.6/site-packages/neutron/service.py:128
2026-02-02 02:01:36.575 23 DEBUG neutron.service [req-278b12d7-f4a9-46ac-9132-cca350c41f96 - - - - -] calling RpcWorker wait() _wait /var/lib/kolla/venv/lib/python3.6/site-packages/neutron/service.py:128
2026-02-02 02:01:36.576 24 DEBUG neutron.service [req-278b12d7-f4a9-46ac-9132-cca350c41f96 - - - - -] calling wait on _wait /var/lib/kolla/venv/lib/python3.6/site-packages/neutron/service.py:131
2026-02-02 02:01:36.576 23 DEBUG neutron.service [req-278b12d7-f4a9-46ac-9132-cca350c41f96 - - - - -] calling wait on _wait /var/lib/kolla/venv/lib/python3.6/site-packages/neutron/service.py:131
2026-02-02 02:01:36.584 24 WARNING amqp [req-278b12d7-f4a9-46ac-9132-cca350c41f96 - - - - -] Received method (60, 30) during closing channel 1. This method will be ignored
2026-02-02 02:01:36.585 24 DEBUG neutron.service [req-278b12d7-f4a9-46ac-9132-cca350c41f96 - - - - -] calling wait on _wait /var/lib/kolla/venv/lib/python3.6/site-packages/neutron/service.py:131
2026-02-02 02:01:36.588 23 WARNING amqp [req-278b12d7-f4a9-46ac-9132-cca350c41f96 - - - - -] Received method (60, 30) during closing channel 1. This method will be ignored
2026-02-02 02:01:36.589 23 DEBUG neutron.service [req-278b12d7-f4a9-46ac-9132-cca350c41f96 - - - - -] calling wait on _wait /var/lib/kolla/venv/lib/python3.6/site-packages/neutron/service.py:131
2026-02-02 02:01:36.591 24 WARNING amqp [req-278b12d7-f4a9-46ac-9132-cca350c41f96 - - - - -] Received method (60, 30) during closing channel 1. This method will be ignored
2026-02-02 02:01:36.591 24 DEBUG neutron.service [req-278b12d7-f4a9-46ac-9132-cca350c41f96 - - - - -] calling wait on _wait /var/lib/kolla/venv/lib/python3.6/site-packages/neutron/service.py:131
