2026-01-29 00:32:11.466 121399 DEBUG oslo_service.service [req-fd24dfa9-aeb8-4d06-b025-e6a80b4437f9 - - - - -] glance.status_code_retry_delay = None log_opt_values /usr/lib/python3/dist-packages/oslo_config/cfg.py:2609
2026-01-29 00:32:11.467 121399 DEBUG oslo_service.service [req-fd24dfa9-aeb8-4d06-b025-e6a80b4437f9 - - - - -] glance.timeout = None log_opt_values /usr/lib/python3/dist-packages/oslo_config/cfg.py:2609
2026-01-29 00:32:11.467 121399 DEBUG oslo_service.service [req-fd24dfa9-aeb8-4d06-b025-e6a80b4437f9 - - - - -] glance.valid_interfaces = ['internal', 'public'] log_opt_values /usr/lib/python3/dist-packages/oslo_config/cfg.py:2609
2026-01-29 00:32:11.467 121399 DEBUG oslo_service.service [req-fd24dfa9-aeb8-4d06-b025-e6a80b4437f9 - - - - -] glance.verify_glance_signatures = False log_opt_values /usr/lib/python3/dist-packages/oslo_config/cfg.py:2609
2026-01-29 00:32:11.467 121399 DEBUG oslo_service.service [req-fd24dfa9-aeb8-4d06-b025-e6a80b4437f9 - - - - -] glance.version = None log_opt_values /usr/lib/python3/dist-packages/oslo_config/cfg.py:2609
2026-01-29 00:32:11.467 121399 DEBUG oslo_service.service [req-fd24dfa9-aeb8-4d06-b025-e6a80b4437f9 - - - - -] guestfs.debug = False log_opt_values /usr/lib/python3/dist-packages/oslo_config/cfg.py:2609
2026-01-29 00:32:11.467 121399 DEBUG oslo_service.service [req-fd24dfa9-aeb8-4d06-b025-e6a80b4437f9 - - - - -] hyperv.config_drive_cdrom = False log_opt_values /usr/lib/python3/dist-packages/oslo_config/cfg.py:2609
2026-01-29 00:32:11.468 121399 DEBUG oslo_service.service [req-fd24dfa9-aeb8-4d06-b025-e6a80b4437f9 - - - - -] hyperv.config_drive_inject_password = False log_opt_values /usr/lib/python3/dist-packages/oslo_config/cfg.py:2609
2026-01-29 00:32:11.468 121399 DEBUG oslo_service.service [req-fd24dfa9-aeb8-4d06-b025-e6a80b4437f9 - - - - -] hyperv.dynamic_memory_ratio = 1.0 log_opt_values /usr/lib/python3/dist-packages/oslo_config/cfg.py:2609
2026-01-29 00:32:11.468 121399 DEBUG oslo_service.service [req-fd24dfa9-aeb8-4d06-b025-e6a80b4437f9 - - - - -] hyperv.enable_instance_metrics_collection = False log_opt_values /usr/lib/python3/dist-packages/oslo_config/cfg.py:2609
2026-01-29 00:32:11.468 121399 DEBUG oslo_service.service [req-fd24dfa9-aeb8-4d06-b025-e6a80b4437f9 - - - - -] hyperv.enable_remotefx = False log_opt_values /usr/lib/python3/dist-packages/oslo_config/cfg.py:2609
2026-01-29 00:32:11.468 121399 DEBUG oslo_service.service [req-fd24dfa9-aeb8-4d06-b025-e6a80b4437f9 - - - - -] hyperv.instances_path_share = log_opt_values /usr/lib/python3/dist-packages/oslo_config/cfg.py:2609
2026-01-29 00:32:11.468 121399 DEBUG oslo_service.service [req-fd24dfa9-aeb8-4d06-b025-e6a80b4437f9 - - - - -] hyperv.iscsi_initiator_list = [] log_opt_values /usr/lib/python3/dist-packages/oslo_config/cfg.py:2609
2026-01-29 00:32:11.469 121399 DEBUG oslo_service.service [req-fd24dfa9-aeb8-4d06-b025-e6a80b4437f9 - - - - -] hyperv.limit_cpu_features = False log_opt_values /usr/lib/python3/dist-packages/oslo_config/cfg.py:2609
2026-01-29 00:32:11.469 121399 DEBUG oslo_service.service [req-fd24dfa9-aeb8-4d06-b025-e6a80b4437f9 - - - - -] hyperv.mounted_disk_query_retry_count = 10 log_opt_values /usr/lib/python3/dist-packages/oslo_config/cfg.py:2609
2026-01-29 00:32:11.469 121399 DEBUG oslo_service.service [req-fd24dfa9-aeb8-4d06-b025-e6a80b4437f9 - - - - -] hyperv.mounted_disk_query_retry_interval = 5 log_opt_values /usr/lib/python3/dist-packages/oslo_config/cfg.py:2609
2026-01-29 00:32:11.469 121399 DEBUG oslo_service.service [req-fd24dfa9-aeb8-4d06-b025-e6a80b4437f9 - - - - -] hyperv.power_state_check_timeframe = 60 log_opt_values /usr/lib/python3/dist-packages/oslo_config/cfg.py:2609
2026-01-29 00:32:11.469 121399 DEBUG oslo_service.service [req-fd24dfa9-aeb8-4d06-b025-e6a80b4437f9 - - - - -] hyperv.power_state_event_polling_interval = 2 log_opt_values /usr/lib/python3/dist-packages/oslo_config/cfg.py:2609
2026-01-29 00:32:11.469 121399 DEBUG oslo_service.service [req-fd24dfa9-aeb8-4d06-b025-e6a80b4437f9 - - - - -] hyperv.qemu_img_cmd = qemu-img.exe log_opt_values /usr/lib/python3/dist-packages/oslo_config/cfg.py:2609
2026-01-29 00:32:11.469 121399 DEBUG oslo_service.service [req-fd24dfa9-aeb8-4d06-b025-e6a80b4437f9 - - - - -] hyperv.use_multipath_io = False log_opt_values /usr/lib/python3/dist-packages/oslo_config/cfg.py:2609
2026-01-29 00:32:11.470 121399 DEBUG oslo_service.service [req-fd24dfa9-aeb8-4d06-b025-e6a80b4437f9 - - - - -] hyperv.volume_attach_retry_count = 10 log_opt_values /usr/lib/python3/dist-packages/oslo_config/cfg.py:2609
2026-01-29 00:32:11.470 121399 DEBUG oslo_service.service [req-fd24dfa9-aeb8-4d06-b025-e6a80b4437f9 - - - - -] hyperv.volume_attach_retry_interval = 5 log_opt_values /usr/lib/python3/dist-packages/oslo_config/cfg.py:2609
2026-01-29 00:32:11.470 121399 DEBUG oslo_service.service [req-fd24dfa9-aeb8-4d06-b025-e6a80b4437f9 - - - - -] hyperv.vswitch_name = None log_opt_values /usr/lib/python3/dist-packages/oslo_config/cfg.py:2609
2026-01-29 00:32:11.470 121399 DEBUG oslo_service.service [req-fd24dfa9-aeb8-4d06-b025-e6a80b4437f9 - - - - -] hyperv.wait_soft_reboot_seconds = 60 log_opt_values /usr/lib/python3/dist-packages/oslo_config/cfg.py:2609
2026-01-29 00:32:11.470 121399 DEBUG oslo_service.service [req-fd24dfa9-aeb8-4d06-b025-e6a80b4437f9 - - - - -] mks.enabled = False log_opt_values /usr/lib/python3/dist-packages/oslo_config/cfg.py:2609
2026-01-29 00:32:11.471 121399 DEBUG oslo_service.service [req-fd24dfa9-aeb8-4d06-b025-e6a80b4437f9 - - - - -] mks.mksproxy_base_url = http://127.0.0.1:6090/ log_opt_values /usr/lib/python3/dist-packages/oslo_config/cfg.py:2609
2026-01-29 00:32:11.471 121399 DEBUG oslo_service.service [req-fd24dfa9-aeb8-4d06-b025-e6a80b4437f9 - - - - -] image_cache.manager_interval = 2400 log_opt_values /usr/lib/python3/dist-packages/oslo_config/cfg.py:2609
2026-01-29 00:32:11.471 121399 DEBUG oslo_service.service [req-fd24dfa9-aeb8-4d06-b025-e6a80b4437f9 - - - - -] image_cache.precache_concurrency = 1 log_opt_values /usr/lib/python3/dist-packages/oslo_config/cfg.py:2609
2026-01-29 00:32:11.471 121399 DEBUG oslo_service.service [req-fd24dfa9-aeb8-4d06-b025-e6a80b4437f9 - - - - -] image_cache.remove_unused_base_images = True log_opt_values /usr/lib/python3/dist-packages/oslo_config/cfg.py:2609
2026-01-29 00:32:11.472 121399 DEBUG oslo_service.service [req-fd24dfa9-aeb8-4d06-b025-e6a80b4437f9 - - - - -] image_cache.remove_unused_original_minimum_age_seconds = 86400 log_opt_values /usr/lib/python3/dist-packages/oslo_config/cfg.py:2609
2026-01-29 00:32:11.472 121399 DEBUG oslo_service.service [req-fd24dfa9-aeb8-4d06-b025-e6a80b4437f9 - - - - -] image_cache.remove_unused_resized_minimum_age_seconds = 3600 log_opt_values /usr/lib/python3/dist-packages/oslo_config/cfg.py:2609
2026-01-29 00:32:11.472 121399 DEBUG oslo_service.service [req-fd24dfa9-aeb8-4d06-b025-e6a80b4437f9 - - - - -] image_cache.subdirectory_name = _base log_opt_values /usr/lib/python3/dist-packages/oslo_config/cfg.py:2609
2026-01-29 00:32:11.472 121399 DEBUG oslo_service.service [req-fd24dfa9-aeb8-4d06-b025-e6a80b4437f9 - - - - -] ironic.api_max_retries = 60 log_opt_values /usr/lib/python3/dist-packages/oslo_config/cfg.py:2609
2026-01-29 00:32:11.472 121399 DEBUG oslo_service.service [req-fd24dfa9-aeb8-4d06-b025-e6a80b4437f9 - - - - -] ironic.api_retry_interval = 2 log_opt_values /usr/lib/python3/dist-packages/oslo_config/cfg.py:2609
2026-01-29 00:32:11.472 121399 DEBUG oslo_service.service [req-fd24dfa9-aeb8-4d06-b025-e6a80b4437f9 - - - - -] ironic.auth_section = None log_opt_values /usr/lib/python3/dist-packages/oslo_config/cfg.py:2609
2026-01-29 00:32:11.473 121399 DEBUG oslo_service.service [req-fd24dfa9-aeb8-4d06-b025-e6a80b4437f9 - - - - -] ironic.auth_type = None log_opt_values /usr/lib/python3/dist-packages/oslo_config/cfg.py:2609
2026-01-29 00:32:11.473 121399 DEBUG oslo_service.service [req-fd24dfa9-aeb8-4d06-b025-e6a80b4437f9 - - - - -] ironic.cafile = None log_opt_values /usr/lib/python3/dist-packages/oslo_config/cfg.py:2609
2026-01-29 00:32:11.473 121399 DEBUG oslo_service.service [req-fd24dfa9-aeb8-4d06-b025-e6a80b4437f9 - - - - -] ironic.certfile = None log_opt_values /usr/lib/python3/dist-packages/oslo_config/cfg.py:2609
2026-01-29 00:32:11.473 121399 DEBUG oslo_service.service [req-fd24dfa9-aeb8-4d06-b025-e6a80b4437f9 - - - - -] ironic.collect_timing = False log_opt_values /usr/lib/python3/dist-packages/oslo_config/cfg.py:2609
2026-01-29 00:32:11.473 121399 DEBUG oslo_service.service [req-fd24dfa9-aeb8-4d06-b025-e6a80b4437f9 - - - - -] ironic.connect_retries = None log_opt_values /usr/lib/python3/dist-packages/oslo_config/cfg.py:2609
2026-01-29 00:32:11.473 121399 DEBUG oslo_service.service [req-fd24dfa9-aeb8-4d06-b025-e6a80b4437f9 - - - - -] ironic.connect_retry_delay = None log_opt_values /usr/lib/python3/dist-packages/oslo_config/cfg.py:2609
2026-01-29 00:32:11.473 121399 DEBUG oslo_service.service [req-fd24dfa9-aeb8-4d06-b025-e6a80b4437f9 - - - - -] ironic.endpoint_override = None log_opt_values /usr/lib/python3/dist-packages/oslo_config/cfg.py:2609
2026-01-29 00:32:11.475 121399 DEBUG oslo_service.service [req-fd24dfa9-aeb8-4d06-b025-e6a80b4437f9 - - - - -] ironic.insecure = False log_opt_values /usr/lib/python3/dist-packages/oslo_config/cfg.py:2609
2026-01-29 00:32:11.476 121399 DEBUG oslo_service.service [req-fd24dfa9-aeb8-4d06-b025-e6a80b4437f9 - - - - -] ironic.keyfile = None log_opt_values /usr/lib/python3/dist-packages/oslo_config/cfg.py:2609
2026-01-29 00:32:11.476 121399 DEBUG oslo_service.service [req-fd24dfa9-aeb8-4d06-b025-e6a80b4437f9 - - - - -] ironic.max_version = None log_opt_values /usr/lib/python3/dist-packages/oslo_config/cfg.py:2609
2026-01-29 00:32:11.476 122534 DEBUG nova.service [req-1daf6283-c1f6-4961-9c3a-e88f81c2f8b7 - - - - -] Creating RPC server for service conductor start /usr/lib/python3/dist-packages/nova/service.py:182
2026-01-29 00:32:11.477 121399 DEBUG oslo_service.service [req-fd24dfa9-aeb8-4d06-b025-e6a80b4437f9 - - - - -] ironic.min_version = None log_opt_values /usr/lib/python3/dist-packages/oslo_config/cfg.py:2609
2026-01-29 00:32:11.477 121399 DEBUG oslo_service.service [req-fd24dfa9-aeb8-4d06-b025-e6a80b4437f9 - - - - -] ironic.partition_key = None log_opt_values /usr/lib/python3/dist-packages/oslo_config/cfg.py:2609
2026-01-29 00:32:11.477 121399 DEBUG oslo_service.service [req-fd24dfa9-aeb8-4d06-b025-e6a80b4437f9 - - - - -] ironic.peer_list = [] log_opt_values /usr/lib/python3/dist-packages/oslo_config/cfg.py:2609
2026-01-29 00:32:11.477 121399 DEBUG oslo_service.service [req-fd24dfa9-aeb8-4d06-b025-e6a80b4437f9 - - - - -] ironic.region_name = None log_opt_values /usr/lib/python3/dist-packages/oslo_config/cfg.py:2609
2026-01-29 00:32:11.477 121399 DEBUG oslo_service.service [req-fd24dfa9-aeb8-4d06-b025-e6a80b4437f9 - - - - -] ironic.serial_console_state_timeout = 10 log_opt_values /usr/lib/python3/dist-packages/oslo_config/cfg.py:2609
2026-01-29 00:32:11.478 121399 DEBUG oslo_service.service [req-fd24dfa9-aeb8-4d06-b025-e6a80b4437f9 - - - - -] ironic.service_name = None log_opt_values /usr/lib/python3/dist-packages/oslo_config/cfg.py:2609
2026-01-29 00:32:11.478 121399 DEBUG oslo_service.service [req-fd24dfa9-aeb8-4d06-b025-e6a80b4437f9 - - - - -] ironic.service_type = baremetal log_opt_values /usr/lib/python3/dist-packages/oslo_config/cfg.py:2609
2026-01-29 00:32:11.478 122533 DEBUG oslo_messaging._drivers.amqpdriver [-] Listener is running poll /usr/lib/python3/dist-packages/oslo_messaging/_drivers/amqpdriver.py:343
2026-01-29 00:32:11.479 122533 DEBUG oslo_messaging._drivers.amqpdriver [-] AMQPListener connection consume poll /usr/lib/python3/dist-packages/oslo_messaging/_drivers/amqpdriver.py:357
2026-01-29 00:32:11.478 121399 DEBUG oslo_service.service [req-fd24dfa9-aeb8-4d06-b025-e6a80b4437f9 - - - - -] ironic.split_loggers = False log_opt_values /usr/lib/python3/dist-packages/oslo_config/cfg.py:2609
2026-01-29 00:32:11.480 122533 DEBUG nova.service [req-8c485e77-e6f1-428b-9290-0498a8faa551 - - - - -] Join ServiceGroup membership for this service conductor start /usr/lib/python3/dist-packages/nova/service.py:199
2026-01-29 00:32:11.480 121399 DEBUG oslo_service.service [req-fd24dfa9-aeb8-4d06-b025-e6a80b4437f9 - - - - -] ironic.status_code_retries = None log_opt_values /usr/lib/python3/dist-packages/oslo_config/cfg.py:2609
2026-01-29 00:32:11.482 122533 DEBUG nova.servicegroup.drivers.db [req-8c485e77-e6f1-428b-9290-0498a8faa551 - - - - -] DB_Driver: join new ServiceGroup member juju-13bb81-0-lxd-7 to the conductor group, service = join /usr/lib/python3/dist-packages/nova/servicegroup/drivers/db.py:44
2026-01-29 00:32:11.483 122532 DEBUG nova.service [req-1d6a5db8-39d8-4ebe-a857-d08d5b5e4ab0 - - - - -] Creating RPC server for service conductor start /usr/lib/python3/dist-packages/nova/service.py:182
2026-01-29 00:32:11.485 122533 DEBUG oslo_messaging._drivers.amqpdriver [-] AMQPListener connection timeout poll /usr/lib/python3/dist-packages/oslo_messaging/_drivers/amqpdriver.py:360
2026-01-29 00:32:11.485 122533 DEBUG oslo_messaging._drivers.amqpdriver [-] Listener is running poll /usr/lib/python3/dist-packages/oslo_messaging/_drivers/amqpdriver.py:343
2026-01-29 00:32:11.485 122533 DEBUG oslo_messaging._drivers.amqpdriver [-] AMQPListener connection consume poll /usr/lib/python3/dist-packages/oslo_messaging/_drivers/amqpdriver.py:357
2026-01-29 00:32:11.484 121399 DEBUG oslo_service.service [req-fd24dfa9-aeb8-4d06-b025-e6a80b4437f9 - - - - -] ironic.status_code_retry_delay = None log_opt_values /usr/lib/python3/dist-packages/oslo_config/cfg.py:2609
2026-01-29 00:32:11.488 122531 DEBUG oslo_messaging._drivers.amqpdriver [-] Listener is running poll /usr/lib/python3/dist-packages/oslo_messaging/_drivers/amqpdriver.py:343
2026-01-29 00:32:11.489 122531 DEBUG oslo_messaging._drivers.amqpdriver [-] AMQPListener connection consume poll /usr/lib/python3/dist-packages/oslo_messaging/_drivers/amqpdriver.py:357
2026-01-29 00:32:11.490 122531 DEBUG nova.service [req-d896fe56-708e-4ab2-8e66-fa878eb985e3 - - - - -] Join ServiceGroup membership for this service conductor start /usr/lib/python3/dist-packages/nova/service.py:199
2026-01-29 00:32:11.489 121399 DEBUG oslo_service.service [req-fd24dfa9-aeb8-4d06-b025-e6a80b4437f9 - - - - -] ironic.timeout = None log_opt_values /usr/lib/python3/dist-packages/oslo_config/cfg.py:2609
2026-01-29 00:32:11.490 122531 DEBUG nova.servicegroup.drivers.db [req-d896fe56-708e-4ab2-8e66-fa878eb985e3 - - - - -] DB_Driver: join new ServiceGroup member juju-13bb81-0-lxd-7 to the conductor group, service = join /usr/lib/python3/dist-packages/nova/servicegroup/drivers/db.py:44
2026-01-29 00:32:11.492 122531 DEBUG oslo_messaging._drivers.amqpdriver [-] AMQPListener connection timeout poll /usr/lib/python3/dist-packages/oslo_messaging/_drivers/amqpdriver.py:360
2026-01-29 00:32:11.492 122531 DEBUG oslo_messaging._drivers.amqpdriver [-] Listener is running poll /usr/lib/python3/dist-packages/oslo_messaging/_drivers/amqpdriver.py:343
2026-01-29 00:32:11.492 122531 DEBUG oslo_messaging._drivers.amqpdriver [-] AMQPListener connection consume poll /usr/lib/python3/dist-packages/oslo_messaging/_drivers/amqpdriver.py:357
2026-01-29 00:32:11.492 121399 DEBUG oslo_service.service [req-fd24dfa9-aeb8-4d06-b025-e6a80b4437f9 - - - - -] ironic.valid_interfaces = ['internal', 'public'] log_opt_values /usr/lib/python3/dist-packages/oslo_config/cfg.py:2609
2026-01-29 00:32:11.492 121399 DEBUG oslo_service.service [req-fd24dfa9-aeb8-4d06-b025-e6a80b4437f9 - - - - -] ironic.version = None log_opt_values /usr/lib/python3/dist-packages/oslo_config/cfg.py:2609
2026-01-29 00:32:11.496 121399 DEBUG oslo_service.service [req-fd24dfa9-aeb8-4d06-b025-e6a80b4437f9 - - - - -] key_manager.backend = barbican log_opt_values /usr/lib/python3/dist-packages/oslo_config/cfg.py:2609
2026-01-29 00:32:11.498 121399 DEBUG oslo_service.service [req-fd24dfa9-aeb8-4d06-b025-e6a80b4437f9 - - - - -] key_manager.fixed_key = **** log_opt_values /usr/lib/python3/dist-packages/oslo_config/cfg.py:2609
2026-01-29 00:32:11.498 121399 DEBUG oslo_service.service [req-fd24dfa9-aeb8-4d06-b025-e6a80b4437f9 - - - - -] barbican.auth_endpoint = http://localhost/identity/v3 log_opt_values /usr/lib/python3/dist-packages/oslo_config/cfg.py:2609
2026-01-29 00:32:11.498 121399 DEBUG oslo_service.service [req-fd24dfa9-aeb8-4d06-b025-e6a80b4437f9 - - - - -] barbican.barbican_api_version = None log_opt_values /usr/lib/python3/dist-packages/oslo_config/cfg.py:2609
2026-01-29 00:32:11.498 121399 DEBUG oslo_service.service [req-fd24dfa9-aeb8-4d06-b025-e6a80b4437f9 - - - - -] barbican.barbican_endpoint = None log_opt_values /usr/lib/python3/dist-packages/oslo_config/cfg.py:2609
2026-01-29 00:32:11.499 121399 DEBUG oslo_service.service [req-fd24dfa9-aeb8-4d06-b025-e6a80b4437f9 - - - - -] barbican.barbican_endpoint_type = public log_opt_values /usr/lib/python3/dist-packages/oslo_config/cfg.py:2609
2026-01-29 00:32:11.499 121399 DEBUG oslo_service.service [req-fd24dfa9-aeb8-4d06-b025-e6a80b4437f9 - - - - -] barbican.barbican_region_name = None log_opt_values /usr/lib/python3/dist-packages/oslo_config/cfg.py:2609
2026-01-29 00:32:11.499 121399 DEBUG oslo_service.service [req-fd24dfa9-aeb8-4d06-b025-e6a80b4437f9 - - - - -] barbican.cafile = None log_opt_values /usr/lib/python3/dist-packages/oslo_config/cfg.py:2609
2026-01-29 00:32:11.500 121399 DEBUG oslo_service.service [req-fd24dfa9-aeb8-4d06-b025-e6a80b4437f9 - - - - -] barbican.certfile = None log_opt_values /usr/lib/python3/dist-packages/oslo_config/cfg.py:2609
2026-01-29 00:32:11.500 121399 DEBUG oslo_service.service [req-fd24dfa9-aeb8-4d06-b025-e6a80b4437f9 - - - - -] barbican.collect_timing = False log_opt_values /usr/lib/python3/dist-packages/oslo_config/cfg.py:2609
2026-01-29 00:32:11.500 121399 DEBUG oslo_service.service [req-fd24dfa9-aeb8-4d06-b025-e6a80b4437f9 - - - - -] barbican.insecure = False log_opt_values /usr/lib/python3/dist-packages/oslo_config/cfg.py:2609
2026-01-29 00:32:11.500 121399 DEBUG oslo_service.service [req-fd24dfa9-aeb8-4d06-b025-e6a80b4437f9 - - - - -] barbican.keyfile = None log_opt_values /usr/lib/python3/dist-packages/oslo_config/cfg.py:2609
2026-01-29 00:32:11.501 121399 DEBUG oslo_service.service [req-fd24dfa9-aeb8-4d06-b025-e6a80b4437f9 - - - - -] barbican.number_of_retries = 60 log_opt_values /usr/lib/python3/dist-packages/oslo_config/cfg.py:2609
2026-01-29 00:32:11.501 121399 DEBUG oslo_service.service [req-fd24dfa9-aeb8-4d06-b025-e6a80b4437f9 - - - - -] barbican.retry_delay = 1 log_opt_values /usr/lib/python3/dist-packages/oslo_config/cfg.py:2609
2026-01-29 00:32:11.501 121399 DEBUG oslo_service.service [req-fd24dfa9-aeb8-4d06-b025-e6a80b4437f9 - - - - -] barbican.send_service_user_token = False log_opt_values /usr/lib/python3/dist-packages/oslo_config/cfg.py:2609
2026-01-29 00:32:11.501 121399 DEBUG oslo_service.service [req-fd24dfa9-aeb8-4d06-b025-e6a80b4437f9 - - - - -] barbican.split_loggers = False log_opt_values /usr/lib/python3/dist-packages/oslo_config/cfg.py:2609
2026-01-29 00:32:11.501 121399 DEBUG oslo_service.service [req-fd24dfa9-aeb8-4d06-b025-e6a80b4437f9 - - - - -] barbican.timeout = None log_opt_values /usr/lib/python3/dist-packages/oslo_config/cfg.py:2609
2026-01-29 00:32:11.501 121399 DEBUG oslo_service.service [req-fd24dfa9-aeb8-4d06-b025-e6a80b4437f9 - - - - -] barbican.verify_ssl = True log_opt_values /usr/lib/python3/dist-packages/oslo_config/cfg.py:2609
2026-01-29 00:32:11.501 121399 DEBUG oslo_service.service [req-fd24dfa9-aeb8-4d06-b025-e6a80b4437f9 - - - - -] barbican.verify_ssl_path = None log_opt_values /usr/lib/python3/dist-packages/oslo_config/cfg.py:2609
2026-01-29 00:32:11.502 121399 DEBUG oslo_service.service [req-fd24dfa9-aeb8-4d06-b025-e6a80b4437f9 - - - - -] barbican_service_user.auth_section = None log_opt_values /usr/lib/python3/dist-packages/oslo_config/cfg.py:2609
2026-01-29 00:32:11.502 121399 DEBUG oslo_service.service [req-fd24dfa9-aeb8-4d06-b025-e6a80b4437f9 - - - - -] barbican_service_user.auth_type = None log_opt_values /usr/lib/python3/dist-packages/oslo_config/cfg.py:2609
2026-01-29 00:32:11.502 121399 DEBUG oslo_service.service [req-fd24dfa9-aeb8-4d06-b025-e6a80b4437f9 - - - - -] barbican_service_user.cafile = None log_opt_values /usr/lib/python3/dist-packages/oslo_config/cfg.py:2609
2026-01-29 00:32:11.502 121399 DEBUG oslo_service.service [req-fd24dfa9-aeb8-4d06-b025-e6a80b4437f9 - - - - -] barbican_service_user.certfile = None log_opt_values /usr/lib/python3/dist-packages/oslo_config/cfg.py:2609
2026-01-29 00:32:11.502 121399 DEBUG oslo_service.service [req-fd24dfa9-aeb8-4d06-b025-e6a80b4437f9 - - - - -] barbican_service_user.collect_timing = False log_opt_values /usr/lib/python3/dist-packages/oslo_config/cfg.py:2609
2026-01-29 00:32:11.502 121399 DEBUG oslo_service.service [req-fd24dfa9-aeb8-4d06-b025-e6a80b4437f9 - - - - -] barbican_service_user.insecure = False log_opt_values /usr/lib/python3/dist-packages/oslo_config/cfg.py:2609
2026-01-29 00:32:11.503 121399 DEBUG oslo_service.service [req-fd24dfa9-aeb8-4d06-b025-e6a80b4437f9 - - - - -] barbican_service_user.keyfile = None log_opt_values /usr/lib/python3/dist-packages/oslo_config/cfg.py:2609
2026-01-29 00:32:11.503 121399 DEBUG oslo_service.service [req-fd24dfa9-aeb8-4d06-b025-e6a80b4437f9 - - - - -] barbican_service_user.split_loggers = False log_opt_values /usr/lib/python3/dist-packages/oslo_config/cfg.py:2609
2026-01-29 00:32:11.503 121399 DEBUG oslo_service.service [req-fd24dfa9-aeb8-4d06-b025-e6a80b4437f9 - - - - -] barbican_service_user.timeout = None log_opt_values /usr/lib/python3/dist-packages/oslo_config/cfg.py:2609
2026-01-29 00:32:11.503 121399 DEBUG oslo_service.service [req-fd24dfa9-aeb8-4d06-b025-e6a80b4437f9 - - - - -] vault.approle_role_id = None log_opt_values /usr/lib/python3/dist-packages/oslo_config/cfg.py:2609
2026-01-29 00:32:11.503 121399 DEBUG oslo_service.service [req-fd24dfa9-aeb8-4d06-b025-e6a80b4437f9 - - - - -] vault.approle_secret_id = None log_opt_values /usr/lib/python3/dist-packages/oslo_config/cfg.py:2609
2026-01-29 00:32:11.503 121399 DEBUG oslo_service.service [req-fd24dfa9-aeb8-4d06-b025-e6a80b4437f9 - - - - -] vault.cafile = None log_opt_values /usr/lib/python3/dist-packages/oslo_config/cfg.py:2609
2026-01-29 00:32:11.504 121399 DEBUG oslo_service.service [req-fd24dfa9-aeb8-4d06-b025-e6a80b4437f9 - - - - -] vault.certfile = None log_opt_values /usr/lib/python3/dist-packages/oslo_config/cfg.py:2609
2026-01-29 00:32:11.504 121399 DEBUG oslo_service.service [req-fd24dfa9-aeb8-4d06-b025-e6a80b4437f9 - - - - -] vault.collect_timing = False log_opt_values /usr/lib/python3/dist-packages/oslo_config/cfg.py:2609
2026-01-29 00:32:11.504 121399 DEBUG oslo_service.service [req-fd24dfa9-aeb8-4d06-b025-e6a80b4437f9 - - - - -] vault.insecure = False log_opt_values /usr/lib/python3/dist-packages/oslo_config/cfg.py:2609
2026-01-29 00:32:11.504 121399 DEBUG oslo_service.service [req-fd24dfa9-aeb8-4d06-b025-e6a80b4437f9 - - - - -] vault.keyfile = None log_opt_values /usr/lib/python3/dist-packages/oslo_config/cfg.py:2609
2026-01-29 00:32:11.504 121399 DEBUG oslo_service.service [req-fd24dfa9-aeb8-4d06-b025-e6a80b4437f9 - - - - -] vault.kv_mountpoint = secret log_opt_values /usr/lib/python3/dist-packages/oslo_config/cfg.py:2609
2026-01-29 00:32:11.504 121399 DEBUG oslo_service.service [req-fd24dfa9-aeb8-4d06-b025-e6a80b4437f9 - - - - -] vault.kv_version = 2 log_opt_values /usr/lib/python3/dist-packages/oslo_config/cfg.py:2609
2026-01-29 00:32:11.505 121399 DEBUG oslo_service.service [req-fd24dfa9-aeb8-4d06-b025-e6a80b4437f9 - - - - -] vault.namespace = None log_opt_values /usr/lib/python3/dist-packages/oslo_config/cfg.py:2609
2026-01-29 00:32:11.505 121399 DEBUG oslo_service.service [req-fd24dfa9-aeb8-4d06-b025-e6a80b4437f9 - - - - -] vault.root_token_id = None log_opt_values /usr/lib/python3/dist-packages/oslo_config/cfg.py:2609
2026-01-29 00:32:11.505 121399 DEBUG oslo_service.service [req-fd24dfa9-aeb8-4d06-b025-e6a80b4437f9 - - - - -] vault.split_loggers = False log_opt_values /usr/lib/python3/dist-packages/oslo_config/cfg.py:2609
2026-01-29 00:32:11.505 121399 DEBUG oslo_service.service [req-fd24dfa9-aeb8-4d06-b025-e6a80b4437f9 - - - - -] vault.ssl_ca_crt_file = None log_opt_values /usr/lib/python3/dist-packages/oslo_config/cfg.py:2609
2026-01-29 00:32:11.505 121399 DEBUG oslo_service.service [req-fd24dfa9-aeb8-4d06-b025-e6a80b4437f9 - - - - -] vault.timeout = None log_opt_values /usr/lib/python3/dist-packages/oslo_config/cfg.py:2609
2026-01-29 00:32:11.505 122534 DEBUG oslo_messaging._drivers.amqpdriver [-] Listener is running poll /usr/lib/python3/dist-packages/oslo_messaging/_drivers/amqpdriver.py:343
2026-01-29 00:32:11.505 121399 DEBUG oslo_service.service [req-fd24dfa9-aeb8-4d06-b025-e6a80b4437f9 - - - - -] vault.use_ssl = False log_opt_values /usr/lib/python3/dist-packages/oslo_config/cfg.py:2609
2026-01-29 00:32:11.505 121399 DEBUG oslo_service.service [req-fd24dfa9-aeb8-4d06-b025-e6a80b4437f9 - - - - -] vault.vault_url = http://127.0.0.1:8200 log_opt_values /usr/lib/python3/dist-packages/oslo_config/cfg.py:2609
2026-01-29 00:32:11.505 122534 DEBUG oslo_messaging._drivers.amqpdriver [-] AMQPListener connection consume poll /usr/lib/python3/dist-packages/oslo_messaging/_drivers/amqpdriver.py:357
2026-01-29 00:32:11.506 121399 DEBUG oslo_service.service [req-fd24dfa9-aeb8-4d06-b025-e6a80b4437f9 - - - - -] keystone.cafile = None log_opt_values /usr/lib/python3/dist-packages/oslo_config/cfg.py:2609
2026-01-29 00:32:11.506 121399 DEBUG oslo_service.service [req-fd24dfa9-aeb8-4d06-b025-e6a80b4437f9 - - - - -] keystone.certfile = None log_opt_values /usr/lib/python3/dist-packages/oslo_config/cfg.py:2609
2026-01-29 00:32:11.506 121399 DEBUG oslo_service.service [req-fd24dfa9-aeb8-4d06-b025-e6a80b4437f9 - - - - -] keystone.collect_timing = False log_opt_values /usr/lib/python3/dist-packages/oslo_config/cfg.py:2609
2026-01-29 00:32:11.506 122534 DEBUG nova.service [req-1daf6283-c1f6-4961-9c3a-e88f81c2f8b7 - - - - -] Join ServiceGroup membership for this service conductor start /usr/lib/python3/dist-packages/nova/service.py:199
2026-01-29 00:32:11.506 121399 DEBUG oslo_service.service [req-fd24dfa9-aeb8-4d06-b025-e6a80b4437f9 - - - - -] keystone.connect_retries = None log_opt_values /usr/lib/python3/dist-packages/oslo_config/cfg.py:2609
2026-01-29 00:32:11.506 122534 DEBUG nova.servicegroup.drivers.db [req-1daf6283-c1f6-4961-9c3a-e88f81c2f8b7 - - - - -] DB_Driver: join new ServiceGroup member juju-13bb81-0-lxd-7 to the conductor group, service = join /usr/lib/python3/dist-packages/nova/servicegroup/drivers/db.py:44
2026-01-29 00:32:11.506 121399 DEBUG oslo_service.service [req-fd24dfa9-aeb8-4d06-b025-e6a80b4437f9 - - - - -] keystone.connect_retry_delay = None log_opt_values /usr/lib/python3/dist-packages/oslo_config/cfg.py:2609
2026-01-29 00:32:11.507 121399 DEBUG oslo_service.service [req-fd24dfa9-aeb8-4d06-b025-e6a80b4437f9 - - - - -] keystone.endpoint_override = None log_opt_values /usr/lib/python3/dist-packages/oslo_config/cfg.py:2609
2026-01-29 00:32:11.508 121399 DEBUG oslo_service.service [req-fd24dfa9-aeb8-4d06-b025-e6a80b4437f9 - - - - -] keystone.insecure = False log_opt_values /usr/lib/python3/dist-packages/oslo_config/cfg.py:2609
2026-01-29 00:32:11.508 121399 DEBUG oslo_service.service [req-fd24dfa9-aeb8-4d06-b025-e6a80b4437f9 - - - - -] keystone.keyfile = None log_opt_values /usr/lib/python3/dist-packages/oslo_config/cfg.py:2609
2026-01-29 00:32:11.508 121399 DEBUG oslo_service.service [req-fd24dfa9-aeb8-4d06-b025-e6a80b4437f9 - - - - -] keystone.max_version = None log_opt_values /usr/lib/python3/dist-packages/oslo_config/cfg.py:2609
2026-01-29 00:32:11.508 121399 DEBUG oslo_service.service [req-fd24dfa9-aeb8-4d06-b025-e6a80b4437f9 - - - - -] keystone.min_version = None log_opt_values /usr/lib/python3/dist-packages/oslo_config/cfg.py:2609
2026-01-29 00:32:11.508 122532 DEBUG oslo_messaging._drivers.amqpdriver [-] Listener is running poll /usr/lib/python3/dist-packages/oslo_messaging/_drivers/amqpdriver.py:343
2026-01-29 00:32:11.508 121399 DEBUG oslo_service.service [req-fd24dfa9-aeb8-4d06-b025-e6a80b4437f9 - - - - -] keystone.region_name = None log_opt_values /usr/lib/python3/dist-packages/oslo_config/cfg.py:2609
2026-01-29 00:32:11.508 122532 DEBUG oslo_messaging._drivers.amqpdriver [-] AMQPListener connection consume poll /usr/lib/python3/dist-packages/oslo_messaging/_drivers/amqpdriver.py:357
2026-01-29 00:32:11.508 121399 DEBUG oslo_service.service [req-fd24dfa9-aeb8-4d06-b025-e6a80b4437f9 - - - - -] keystone.service_name = None log_opt_values /usr/lib/python3/dist-packages/oslo_config/cfg.py:2609
2026-01-29 00:32:11.509 121399 DEBUG oslo_service.service [req-fd24dfa9-aeb8-4d06-b025-e6a80b4437f9 - - - - -] keystone.service_type = identity log_opt_values /usr/lib/python3/dist-packages/oslo_config/cfg.py:2609
2026-01-29 00:32:11.509 121399 DEBUG oslo_service.service [req-fd24dfa9-aeb8-4d06-b025-e6a80b4437f9 - - - - -] keystone.split_loggers = False log_opt_values /usr/lib/python3/dist-packages/oslo_config/cfg.py:2609
2026-01-29 00:32:11.509 122532 DEBUG nova.service [req-1d6a5db8-39d8-4ebe-a857-d08d5b5e4ab0 - - - - -] Join ServiceGroup membership for this service conductor start /usr/lib/python3/dist-packages/nova/service.py:199
2026-01-29 00:32:11.509 121399 DEBUG oslo_service.service [req-fd24dfa9-aeb8-4d06-b025-e6a80b4437f9 - - - - -] keystone.status_code_retries = None log_opt_values /usr/lib/python3/dist-packages/oslo_config/cfg.py:2609
2026-01-29 00:32:11.509 122534 DEBUG oslo_messaging._drivers.amqpdriver [-] AMQPListener connection timeout poll /usr/lib/python3/dist-packages/oslo_messaging/_drivers/amqpdriver.py:360
2026-01-29 00:32:11.509 121399 DEBUG oslo_service.service [req-fd24dfa9-aeb8-4d06-b025-e6a80b4437f9 - - - - -] keystone.status_code_retry_delay = None log_opt_values /usr/lib/python3/dist-packages/oslo_config/cfg.py:2609
2026-01-29 00:32:11.509 122532 DEBUG nova.servicegroup.drivers.db [req-1d6a5db8-39d8-4ebe-a857-d08d5b5e4ab0 - - - - -] DB_Driver: join new ServiceGroup member juju-13bb81-0-lxd-7 to the conductor group, service = join /usr/lib/python3/dist-packages/nova/servicegroup/drivers/db.py:44
2026-01-29 00:32:11.509 122534 DEBUG oslo_messaging._drivers.amqpdriver [-] Listener is running poll /usr/lib/python3/dist-packages/oslo_messaging/_drivers/amqpdriver.py:343
2026-01-29 00:32:11.510 121399 DEBUG oslo_service.service [req-fd24dfa9-aeb8-4d06-b025-e6a80b4437f9 - - - - -] keystone.timeout = None log_opt_values /usr/lib/python3/dist-packages/oslo_config/cfg.py:2609
2026-01-29 00:32:11.510 122534 DEBUG oslo_messaging._drivers.amqpdriver [-] AMQPListener connection consume poll /usr/lib/python3/dist-packages/oslo_messaging/_drivers/amqpdriver.py:357
2026-01-29 00:32:11.510 121399 DEBUG oslo_service.service [req-fd24dfa9-aeb8-4d06-b025-e6a80b4437f9 - - - - -] keystone.valid_interfaces = ['internal', 'public'] log_opt_values /usr/lib/python3/dist-packages/oslo_config/cfg.py:2609
2026-01-29 00:32:11.510 121399 DEBUG oslo_service.service [req-fd24dfa9-aeb8-4d06-b025-e6a80b4437f9 - - - - -] keystone.version = None log_opt_values /usr/lib/python3/dist-packages/oslo_config/cfg.py:2609
2026-01-29 00:32:11.510 121399 DEBUG oslo_service.service [req-fd24dfa9-aeb8-4d06-b025-e6a80b4437f9 - - - - -] libvirt.connection_uri = log_opt_values /usr/lib/python3/dist-packages/oslo_config/cfg.py:2609
2026-01-29 00:32:11.510 121399 DEBUG oslo_service.service [req-fd24dfa9-aeb8-4d06-b025-e6a80b4437f9 - - - - -] libvirt.cpu_mode = None log_opt_values /usr/lib/python3/dist-packages/oslo_config/cfg.py:2609
2026-01-29 00:32:11.510 121399 DEBUG oslo_service.service [req-fd24dfa9-aeb8-4d06-b025-e6a80b4437f9 - - - - -] libvirt.cpu_model_extra_flags = [] log_opt_values /usr/lib/python3/dist-packages/oslo_config/cfg.py:2609
2026-01-29 00:32:11.511 121399 DEBUG oslo_service.service [req-fd24dfa9-aeb8-4d06-b025-e6a80b4437f9 - - - - -] libvirt.cpu_models = [] log_opt_values /usr/lib/python3/dist-packages/oslo_config/cfg.py:2609
2026-01-29 00:32:11.511 121399 DEBUG oslo_service.service [req-fd24dfa9-aeb8-4d06-b025-e6a80b4437f9 - - - - -] libvirt.device_detach_attempts = 8 log_opt_values /usr/lib/python3/dist-packages/oslo_config/cfg.py:2609
2026-01-29 00:32:11.511 121399 DEBUG oslo_service.service [req-fd24dfa9-aeb8-4d06-b025-e6a80b4437f9 - - - - -] libvirt.device_detach_timeout = 20 log_opt_values /usr/lib/python3/dist-packages/oslo_config/cfg.py:2609
2026-01-29 00:32:11.511 121399 DEBUG oslo_service.service [req-fd24dfa9-aeb8-4d06-b025-e6a80b4437f9 - - - - -] libvirt.disk_cachemodes = [] log_opt_values /usr/lib/python3/dist-packages/oslo_config/cfg.py:2609
2026-01-29 00:32:11.511 121399 DEBUG oslo_service.service [req-fd24dfa9-aeb8-4d06-b025-e6a80b4437f9 - - - - -] libvirt.disk_prefix = None log_opt_values /usr/lib/python3/dist-packages/oslo_config/cfg.py:2609
2026-01-29 00:32:11.511 121399 DEBUG oslo_service.service [req-fd24dfa9-aeb8-4d06-b025-e6a80b4437f9 - - - - -] libvirt.enabled_perf_events = [] log_opt_values /usr/lib/python3/dist-packages/oslo_config/cfg.py:2609
2026-01-29 00:32:11.512 121399 DEBUG oslo_service.service [req-fd24dfa9-aeb8-4d06-b025-e6a80b4437f9 - - - - -] libvirt.file_backed_memory = 0 log_opt_values /usr/lib/python3/dist-packages/oslo_config/cfg.py:2609
2026-01-29 00:32:11.512 121399 DEBUG oslo_service.service [req-fd24dfa9-aeb8-4d06-b025-e6a80b4437f9 - - - - -] libvirt.gid_maps = [] log_opt_values /usr/lib/python3/dist-packages/oslo_config/cfg.py:2609
2026-01-29 00:32:11.512 121399 DEBUG oslo_service.service [req-fd24dfa9-aeb8-4d06-b025-e6a80b4437f9 - - - - -] libvirt.hw_disk_discard = None log_opt_values /usr/lib/python3/dist-packages/oslo_config/cfg.py:2609
2026-01-29 00:32:11.512 122532 DEBUG oslo_messaging._drivers.amqpdriver [-] AMQPListener connection timeout poll /usr/lib/python3/dist-packages/oslo_messaging/_drivers/amqpdriver.py:360
2026-01-29 00:32:11.512 121399 DEBUG oslo_service.service [req-fd24dfa9-aeb8-4d06-b025-e6a80b4437f9 - - - - -] libvirt.hw_machine_type = None log_opt_values /usr/lib/python3/dist-packages/oslo_config/cfg.py:2609
2026-01-29 00:32:11.512 122532 DEBUG oslo_messaging._drivers.amqpdriver [-] Listener is running poll /usr/lib/python3/dist-packages/oslo_messaging/_drivers/amqpdriver.py:343
2026-01-29 00:32:11.512 121399 DEBUG oslo_service.service [req-fd24dfa9-aeb8-4d06-b025-e6a80b4437f9 - - - - -] libvirt.images_rbd_ceph_conf = log_opt_values /usr/lib/python3/dist-packages/oslo_config/cfg.py:2609
2026-01-29 00:32:11.512 122532 DEBUG oslo_messaging._drivers.amqpdriver [-] AMQPListener connection consume poll /usr/lib/python3/dist-packages/oslo_messaging/_drivers/amqpdriver.py:357
2026-01-29 00:32:11.512 121399 DEBUG oslo_service.service [req-fd24dfa9-aeb8-4d06-b025-e6a80b4437f9 - - - - -] libvirt.images_rbd_glance_copy_poll_interval = 15 log_opt_values /usr/lib/python3/dist-packages/oslo_config/cfg.py:2609
2026-01-29 00:32:11.512 121399 DEBUG oslo_service.service [req-fd24dfa9-aeb8-4d06-b025-e6a80b4437f9 - - - - -] libvirt.images_rbd_glance_copy_timeout = 600 log_opt_values /usr/lib/python3/dist-packages/oslo_config/cfg.py:2609
2026-01-29 00:32:11.514 121399 DEBUG oslo_service.service [req-fd24dfa9-aeb8-4d06-b025-e6a80b4437f9 - - - - -] libvirt.images_rbd_glance_store_name = log_opt_values /usr/lib/python3/dist-packages/oslo_config/cfg.py:2609
2026-01-29 00:32:11.514 121399 DEBUG oslo_service.service [req-fd24dfa9-aeb8-4d06-b025-e6a80b4437f9 - - - - -] libvirt.images_rbd_pool = rbd log_opt_values /usr/lib/python3/dist-packages/oslo_config/cfg.py:2609
2026-01-29 00:32:11.514 121399 DEBUG oslo_service.service [req-fd24dfa9-aeb8-4d06-b025-e6a80b4437f9 - - - - -] libvirt.images_type = default log_opt_values /usr/lib/python3/dist-packages/oslo_config/cfg.py:2609
2026-01-29 00:32:11.515 121399 DEBUG oslo_service.service [req-fd24dfa9-aeb8-4d06-b025-e6a80b4437f9 - - - - -] libvirt.images_volume_group = None log_opt_values /usr/lib/python3/dist-packages/oslo_config/cfg.py:2609
2026-01-29 00:32:11.515 121399 DEBUG oslo_service.service [req-fd24dfa9-aeb8-4d06-b025-e6a80b4437f9 - - - - -] libvirt.inject_key = False log_opt_values /usr/lib/python3/dist-packages/oslo_config/cfg.py:2609
2026-01-29 00:32:11.515 121399 DEBUG oslo_service.service [req-fd24dfa9-aeb8-4d06-b025-e6a80b4437f9 - - - - -] libvirt.inject_partition = -2 log_opt_values /usr/lib/python3/dist-packages/oslo_config/cfg.py:2609
2026-01-29 00:32:11.515 121399 DEBUG oslo_service.service [req-fd24dfa9-aeb8-4d06-b025-e6a80b4437f9 - - - - -] libvirt.inject_password = False log_opt_values /usr/lib/python3/dist-packages/oslo_config/cfg.py:2609
2026-01-29 00:32:11.515 121399 DEBUG oslo_service.service [req-fd24dfa9-aeb8-4d06-b025-e6a80b4437f9 - - - - -] libvirt.iscsi_iface = None log_opt_values /usr/lib/python3/dist-packages/oslo_config/cfg.py:2609
2026-01-29 00:32:11.516 121399 DEBUG oslo_service.service [req-fd24dfa9-aeb8-4d06-b025-e6a80b4437f9 - - - - -] libvirt.iser_use_multipath = False log_opt_values /usr/lib/python3/dist-packages/oslo_config/cfg.py:2609
2026-01-29 00:32:11.516 121399 DEBUG oslo_service.service [req-fd24dfa9-aeb8-4d06-b025-e6a80b4437f9 - - - - -] libvirt.live_migration_bandwidth = 0 log_opt_values /usr/lib/python3/dist-packages/oslo_config/cfg.py:2609
2026-01-29 00:32:11.516 121399 DEBUG oslo_service.service [req-fd24dfa9-aeb8-4d06-b025-e6a80b4437f9 - - - - -] libvirt.live_migration_completion_timeout = 800 log_opt_values /usr/lib/python3/dist-packages/oslo_config/cfg.py:2609
2026-01-29 00:32:11.517 121399 DEBUG oslo_service.service [req-fd24dfa9-aeb8-4d06-b025-e6a80b4437f9 - - - - -] libvirt.live_migration_downtime = 500 log_opt_values /usr/lib/python3/dist-packages/oslo_config/cfg.py:2609
2026-01-29 00:32:11.517 121399 DEBUG oslo_service.service [req-fd24dfa9-aeb8-4d06-b025-e6a80b4437f9 - - - - -] libvirt.live_migration_downtime_delay = 75 log_opt_values /usr/lib/python3/dist-packages/oslo_config/cfg.py:2609
2026-01-29 00:32:11.518 121399 DEBUG oslo_service.service [req-fd24dfa9-aeb8-4d06-b025-e6a80b4437f9 - - - - -] libvirt.live_migration_downtime_steps = 10 log_opt_values /usr/lib/python3/dist-packages/oslo_config/cfg.py:2609
2026-01-29 00:32:11.518 121399 DEBUG oslo_service.service [req-fd24dfa9-aeb8-4d06-b025-e6a80b4437f9 - - - - -] libvirt.live_migration_inbound_addr = None log_opt_values /usr/lib/python3/dist-packages/oslo_config/cfg.py:2609
2026-01-29 00:32:11.519 121399 DEBUG oslo_service.service [req-fd24dfa9-aeb8-4d06-b025-e6a80b4437f9 - - - - -] libvirt.live_migration_permit_auto_converge = False log_opt_values /usr/lib/python3/dist-packages/oslo_config/cfg.py:2609
2026-01-29 00:32:11.519 121399 DEBUG oslo_service.service [req-fd24dfa9-aeb8-4d06-b025-e6a80b4437f9 - - - - -] libvirt.live_migration_permit_post_copy = False log_opt_values /usr/lib/python3/dist-packages/oslo_config/cfg.py:2609
2026-01-29 00:32:11.519 121399 DEBUG oslo_service.service [req-fd24dfa9-aeb8-4d06-b025-e6a80b4437f9 - - - - -] libvirt.live_migration_scheme = None log_opt_values /usr/lib/python3/dist-packages/oslo_config/cfg.py:2609
2026-01-29 00:32:11.519 121399 DEBUG oslo_service.service [req-fd24dfa9-aeb8-4d06-b025-e6a80b4437f9 - - - - -] libvirt.live_migration_timeout_action = abort log_opt_values /usr/lib/python3/dist-packages/oslo_config/cfg.py:2609
2026-01-29 00:32:11.519 121399 DEBUG oslo_service.service [req-fd24dfa9-aeb8-4d06-b025-e6a80b4437f9 - - - - -] libvirt.live_migration_tunnelled = False log_opt_values /usr/lib/python3/dist-packages/oslo_config/cfg.py:2609
2026-01-29 00:32:11.520 121399 DEBUG oslo_service.service [req-fd24dfa9-aeb8-4d06-b025-e6a80b4437f9 - - - - -] libvirt.live_migration_uri = None log_opt_values /usr/lib/python3/dist-packages/oslo_config/cfg.py:2609
2026-01-29 00:32:11.520 121399 DEBUG oslo_service.service [req-fd24dfa9-aeb8-4d06-b025-e6a80b4437f9 - - - - -] libvirt.live_migration_with_native_tls = False log_opt_values /usr/lib/python3/dist-packages/oslo_config/cfg.py:2609
2026-01-29 00:32:11.520 121399 DEBUG oslo_service.service [req-fd24dfa9-aeb8-4d06-b025-e6a80b4437f9 - - - - -] libvirt.max_queues = None log_opt_values /usr/lib/python3/dist-packages/oslo_config/cfg.py:2609
2026-01-29 00:32:11.520 121399 DEBUG oslo_service.service [req-fd24dfa9-aeb8-4d06-b025-e6a80b4437f9 - - - - -] libvirt.mem_stats_period_seconds = 10 log_opt_values /usr/lib/python3/dist-packages/oslo_config/cfg.py:2609
2026-01-29 00:32:11.520 121399 DEBUG oslo_service.service [req-fd24dfa9-aeb8-4d06-b025-e6a80b4437f9 - - - - -] libvirt.nfs_mount_options = None log_opt_values /usr/lib/python3/dist-packages/oslo_config/cfg.py:2609
2026-01-29 00:32:11.521 121399 DEBUG oslo_service.service [req-fd24dfa9-aeb8-4d06-b025-e6a80b4437f9 - - - - -] libvirt.nfs_mount_point_base = /var/lib/nova/mnt log_opt_values /usr/lib/python3/dist-packages/oslo_config/cfg.py:2609
2026-01-29 00:32:11.521 121399 DEBUG oslo_service.service [req-fd24dfa9-aeb8-4d06-b025-e6a80b4437f9 - - - - -] libvirt.num_aoe_discover_tries = 3 log_opt_values /usr/lib/python3/dist-packages/oslo_config/cfg.py:2609
2026-01-29 00:32:11.521 121399 DEBUG oslo_service.service [req-fd24dfa9-aeb8-4d06-b025-e6a80b4437f9 - - - - -] libvirt.num_iser_scan_tries = 5 log_opt_values /usr/lib/python3/dist-packages/oslo_config/cfg.py:2609
2026-01-29 00:32:11.521 121399 DEBUG oslo_service.service [req-fd24dfa9-aeb8-4d06-b025-e6a80b4437f9 - - - - -] libvirt.num_memory_encrypted_guests = None log_opt_values /usr/lib/python3/dist-packages/oslo_config/cfg.py:2609
2026-01-29 00:32:11.522 121399 DEBUG oslo_service.service [req-fd24dfa9-aeb8-4d06-b025-e6a80b4437f9 - - - - -] libvirt.num_nvme_discover_tries = 5 log_opt_values /usr/lib/python3/dist-packages/oslo_config/cfg.py:2609
2026-01-29 00:32:11.522 121399 DEBUG oslo_service.service [req-fd24dfa9-aeb8-4d06-b025-e6a80b4437f9 - - - - -] libvirt.num_pcie_ports = 0 log_opt_values /usr/lib/python3/dist-packages/oslo_config/cfg.py:2609
2026-01-29 00:32:11.522 121399 DEBUG oslo_service.service [req-fd24dfa9-aeb8-4d06-b025-e6a80b4437f9 - - - - -] libvirt.num_volume_scan_tries = 5 log_opt_values /usr/lib/python3/dist-packages/oslo_config/cfg.py:2609
2026-01-29 00:32:11.522 121399 DEBUG oslo_service.service [req-fd24dfa9-aeb8-4d06-b025-e6a80b4437f9 - - - - -] libvirt.pmem_namespaces = [] log_opt_values /usr/lib/python3/dist-packages/oslo_config/cfg.py:2609
2026-01-29 00:32:11.522 121399 DEBUG oslo_service.service [req-fd24dfa9-aeb8-4d06-b025-e6a80b4437f9 - - - - -] libvirt.quobyte_client_cfg = None log_opt_values /usr/lib/python3/dist-packages/oslo_config/cfg.py:2609
2026-01-29 00:32:11.523 121399 DEBUG oslo_service.service [req-fd24dfa9-aeb8-4d06-b025-e6a80b4437f9 - - - - -] libvirt.quobyte_mount_point_base = /var/lib/nova/mnt log_opt_values /usr/lib/python3/dist-packages/oslo_config/cfg.py:2609
2026-01-29 00:32:11.523 121399 DEBUG oslo_service.service [req-fd24dfa9-aeb8-4d06-b025-e6a80b4437f9 - - - - -] libvirt.rbd_connect_timeout = 5 log_opt_values /usr/lib/python3/dist-packages/oslo_config/cfg.py:2609
2026-01-29 00:32:11.523 121399 DEBUG oslo_service.service [req-fd24dfa9-aeb8-4d06-b025-e6a80b4437f9 - - - - -] libvirt.rbd_destroy_volume_retries = 12 log_opt_values /usr/lib/python3/dist-packages/oslo_config/cfg.py:2609
2026-01-29 00:32:11.523 121399 DEBUG oslo_service.service [req-fd24dfa9-aeb8-4d06-b025-e6a80b4437f9 - - - - -] libvirt.rbd_destroy_volume_retry_interval = 5 log_opt_values /usr/lib/python3/dist-packages/oslo_config/cfg.py:2609
2026-01-29 00:32:11.524 121399 DEBUG oslo_service.service [req-fd24dfa9-aeb8-4d06-b025-e6a80b4437f9 - - - - -] libvirt.rbd_secret_uuid = None log_opt_values /usr/lib/python3/dist-packages/oslo_config/cfg.py:2609
2026-01-29 00:32:11.524 121399 DEBUG oslo_service.service [req-fd24dfa9-aeb8-4d06-b025-e6a80b4437f9 - - - - -] libvirt.rbd_user = None log_opt_values /usr/lib/python3/dist-packages/oslo_config/cfg.py:2609
2026-01-29 00:32:11.525 121399 DEBUG oslo_service.service [req-fd24dfa9-aeb8-4d06-b025-e6a80b4437f9 - - - - -] libvirt.realtime_scheduler_priority = 1 log_opt_values /usr/lib/python3/dist-packages/oslo_config/cfg.py:2609
2026-01-29 00:32:11.526 121399 DEBUG oslo_service.service [req-fd24dfa9-aeb8-4d06-b025-e6a80b4437f9 - - - - -] libvirt.remote_filesystem_transport = ssh log_opt_values /usr/lib/python3/dist-packages/oslo_config/cfg.py:2609
2026-01-29 00:32:11.526 121399 DEBUG oslo_service.service [req-fd24dfa9-aeb8-4d06-b025-e6a80b4437f9 - - - - -] libvirt.rescue_image_id = None log_opt_values /usr/lib/python3/dist-packages/oslo_config/cfg.py:2609
2026-01-29 00:32:11.526 121399 DEBUG oslo_service.service [req-fd24dfa9-aeb8-4d06-b025-e6a80b4437f9 - - - - -] libvirt.rescue_kernel_id = None log_opt_values /usr/lib/python3/dist-packages/oslo_config/cfg.py:2609
2026-01-29 00:32:11.527 121399 DEBUG oslo_service.service [req-fd24dfa9-aeb8-4d06-b025-e6a80b4437f9 - - - - -] libvirt.rescue_ramdisk_id = None log_opt_values /usr/lib/python3/dist-packages/oslo_config/cfg.py:2609
2026-01-29 00:32:11.527 121399 DEBUG oslo_service.service [req-fd24dfa9-aeb8-4d06-b025-e6a80b4437f9 - - - - -] libvirt.rng_dev_path = /dev/urandom log_opt_values /usr/lib/python3/dist-packages/oslo_config/cfg.py:2609
2026-01-29 00:32:11.527 121399 DEBUG oslo_service.service [req-fd24dfa9-aeb8-4d06-b025-e6a80b4437f9 - - - - -] libvirt.rx_queue_size = None log_opt_values /usr/lib/python3/dist-packages/oslo_config/cfg.py:2609
2026-01-29 00:32:11.527 121399 DEBUG oslo_service.service [req-fd24dfa9-aeb8-4d06-b025-e6a80b4437f9 - - - - -] libvirt.smbfs_mount_options = log_opt_values /usr/lib/python3/dist-packages/oslo_config/cfg.py:2609
2026-01-29 00:32:11.528 121399 DEBUG oslo_service.service [req-fd24dfa9-aeb8-4d06-b025-e6a80b4437f9 - - - - -] libvirt.smbfs_mount_point_base = /var/lib/nova/mnt log_opt_values /usr/lib/python3/dist-packages/oslo_config/cfg.py:2609
2026-01-29 00:32:11.528 121399 DEBUG oslo_service.service [req-fd24dfa9-aeb8-4d06-b025-e6a80b4437f9 - - - - -] libvirt.snapshot_compression = False log_opt_values /usr/lib/python3/dist-packages/oslo_config/cfg.py:2609
2026-01-29 00:32:11.528 121399 DEBUG oslo_service.service [req-fd24dfa9-aeb8-4d06-b025-e6a80b4437f9 - - - - -] libvirt.snapshot_image_format = None log_opt_values /usr/lib/python3/dist-packages/oslo_config/cfg.py:2609
2026-01-29 00:32:11.528 121399 DEBUG oslo_service.service [req-fd24dfa9-aeb8-4d06-b025-e6a80b4437f9 - - - - -] libvirt.snapshots_directory = /var/lib/nova/instances/snapshots log_opt_values /usr/lib/python3/dist-packages/oslo_config/cfg.py:2609
2026-01-29 00:32:11.529 121399 DEBUG oslo_service.service [req-fd24dfa9-aeb8-4d06-b025-e6a80b4437f9 - - - - -] libvirt.sparse_logical_volumes = False log_opt_values /usr/lib/python3/dist-packages/oslo_config/cfg.py:2609
2026-01-29 00:32:11.529 121399 DEBUG oslo_service.service [req-fd24dfa9-aeb8-4d06-b025-e6a80b4437f9 - - - - -] libvirt.swtpm_enabled = False log_opt_values /usr/lib/python3/dist-packages/oslo_config/cfg.py:2609
2026-01-29 00:32:11.529 121399 DEBUG oslo_service.service [req-fd24dfa9-aeb8-4d06-b025-e6a80b4437f9 - - - - -] libvirt.swtpm_group = tss log_opt_values /usr/lib/python3/dist-packages/oslo_config/cfg.py:2609
2026-01-29 00:32:11.529 121399 DEBUG oslo_service.service [req-fd24dfa9-aeb8-4d06-b025-e6a80b4437f9 - - - - -] libvirt.swtpm_user = tss log_opt_values /usr/lib/python3/dist-packages/oslo_config/cfg.py:2609
2026-01-29 00:32:11.529 121399 DEBUG oslo_service.service [req-fd24dfa9-aeb8-4d06-b025-e6a80b4437f9 - - - - -] libvirt.sysinfo_serial = unique log_opt_values /usr/lib/python3/dist-packages/oslo_config/cfg.py:2609
2026-01-29 00:32:11.530 121399 DEBUG oslo_service.service [req-fd24dfa9-aeb8-4d06-b025-e6a80b4437f9 - - - - -] libvirt.tx_queue_size = None log_opt_values /usr/lib/python3/dist-packages/oslo_config/cfg.py:2609
2026-01-29 00:32:11.530 121399 DEBUG oslo_service.service [req-fd24dfa9-aeb8-4d06-b025-e6a80b4437f9 - - - - -] libvirt.uid_maps = [] log_opt_values /usr/lib/python3/dist-packages/oslo_config/cfg.py:2609
2026-01-29 00:32:11.530 121399 DEBUG oslo_service.service [req-fd24dfa9-aeb8-4d06-b025-e6a80b4437f9 - - - - -] libvirt.use_virtio_for_bridges = True log_opt_values /usr/lib/python3/dist-packages/oslo_config/cfg.py:2609
2026-01-29 00:32:11.530 121399 DEBUG oslo_service.service [req-fd24dfa9-aeb8-4d06-b025-e6a80b4437f9 - - - - -] libvirt.virt_type = kvm log_opt_values /usr/lib/python3/dist-packages/oslo_config/cfg.py:2609
2026-01-29 00:32:11.530 121399 DEBUG oslo_service.service [req-fd24dfa9-aeb8-4d06-b025-e6a80b4437f9 - - - - -] libvirt.volume_clear = zero log_opt_values /usr/lib/python3/dist-packages/oslo_config/cfg.py:2609
2026-01-29 00:32:11.530 121399 DEBUG oslo_service.service [req-fd24dfa9-aeb8-4d06-b025-e6a80b4437f9 - - - - -] libvirt.volume_clear_size = 0 log_opt_values /usr/lib/python3/dist-packages/oslo_config/cfg.py:2609
2026-01-29 00:32:11.531 121399 DEBUG oslo_service.service [req-fd24dfa9-aeb8-4d06-b025-e6a80b4437f9 - - - - -] libvirt.volume_use_multipath = False log_opt_values /usr/lib/python3/dist-packages/oslo_config/cfg.py:2609
2026-01-29 00:32:11.531 121399 DEBUG oslo_service.service [req-fd24dfa9-aeb8-4d06-b025-e6a80b4437f9 - - - - -] libvirt.vzstorage_cache_path = None log_opt_values /usr/lib/python3/dist-packages/oslo_config/cfg.py:2609
2026-01-29 00:32:11.531 121399 DEBUG oslo_service.service [req-fd24dfa9-aeb8-4d06-b025-e6a80b4437f9 - - - - -] libvirt.vzstorage_log_path = /var/log/vstorage/%(cluster_name)s/nova.log.gz log_opt_values /usr/lib/python3/dist-packages/oslo_config/cfg.py:2609
2026-01-29 00:32:11.531 121399 DEBUG oslo_service.service [req-fd24dfa9-aeb8-4d06-b025-e6a80b4437f9 - - - - -] libvirt.vzstorage_mount_group = qemu log_opt_values /usr/lib/python3/dist-packages/oslo_config/cfg.py:2609
