2026-01-29 00:35:32.112 170602 DEBUG oslo_service.service [req-7ac68dbb-616d-495c-ac01-0ed03d38a383 - - - - -] api.vendordata_providers = ['StaticJSON'] log_opt_values /usr/lib/python3/dist-packages/oslo_config/cfg.py:2609
2026-01-29 00:35:32.113 170602 DEBUG oslo_service.service [req-7ac68dbb-616d-495c-ac01-0ed03d38a383 - - - - -] cache.backend = dogpile.cache.null log_opt_values /usr/lib/python3/dist-packages/oslo_config/cfg.py:2609
2026-01-29 00:35:32.113 170602 DEBUG oslo_service.service [req-7ac68dbb-616d-495c-ac01-0ed03d38a383 - - - - -] cache.backend_argument = **** log_opt_values /usr/lib/python3/dist-packages/oslo_config/cfg.py:2609
2026-01-29 00:35:32.113 170905 DEBUG oslo_messaging._drivers.amqpdriver [-] Listener is running poll /usr/lib/python3/dist-packages/oslo_messaging/_drivers/amqpdriver.py:343
2026-01-29 00:35:32.113 170602 DEBUG oslo_service.service [req-7ac68dbb-616d-495c-ac01-0ed03d38a383 - - - - -] cache.config_prefix = cache.oslo log_opt_values /usr/lib/python3/dist-packages/oslo_config/cfg.py:2609
2026-01-29 00:35:32.113 170905 DEBUG oslo_messaging._drivers.amqpdriver [-] AMQPListener connection consume poll /usr/lib/python3/dist-packages/oslo_messaging/_drivers/amqpdriver.py:357
2026-01-29 00:35:32.113 170602 DEBUG oslo_service.service [req-7ac68dbb-616d-495c-ac01-0ed03d38a383 - - - - -] cache.debug_cache_backend = False log_opt_values /usr/lib/python3/dist-packages/oslo_config/cfg.py:2609
2026-01-29 00:35:32.113 170602 DEBUG oslo_service.service [req-7ac68dbb-616d-495c-ac01-0ed03d38a383 - - - - -] cache.enabled = False log_opt_values /usr/lib/python3/dist-packages/oslo_config/cfg.py:2609
2026-01-29 00:35:32.113 170602 DEBUG oslo_service.service [req-7ac68dbb-616d-495c-ac01-0ed03d38a383 - - - - -] cache.expiration_time = 600 log_opt_values /usr/lib/python3/dist-packages/oslo_config/cfg.py:2609
2026-01-29 00:35:32.114 170602 DEBUG oslo_service.service [req-7ac68dbb-616d-495c-ac01-0ed03d38a383 - - - - -] cache.memcache_dead_retry = 300 log_opt_values /usr/lib/python3/dist-packages/oslo_config/cfg.py:2609
2026-01-29 00:35:32.113 170905 DEBUG nova.service [req-2c92ab87-0c15-4a3b-853b-c032c896d8a8 - - - - -] Join ServiceGroup membership for this service conductor start /usr/lib/python3/dist-packages/nova/service.py:199
2026-01-29 00:35:32.114 170602 DEBUG oslo_service.service [req-7ac68dbb-616d-495c-ac01-0ed03d38a383 - - - - -] cache.memcache_pool_connection_get_timeout = 10 log_opt_values /usr/lib/python3/dist-packages/oslo_config/cfg.py:2609
2026-01-29 00:35:32.114 170905 DEBUG nova.servicegroup.drivers.db [req-2c92ab87-0c15-4a3b-853b-c032c896d8a8 - - - - -] DB_Driver: join new ServiceGroup member juju-13bb81-0-lxd-7 to the conductor group, service = join /usr/lib/python3/dist-packages/nova/servicegroup/drivers/db.py:44
2026-01-29 00:35:32.114 170602 DEBUG oslo_service.service [req-7ac68dbb-616d-495c-ac01-0ed03d38a383 - - - - -] cache.memcache_pool_flush_on_reconnect = False log_opt_values /usr/lib/python3/dist-packages/oslo_config/cfg.py:2609
2026-01-29 00:35:32.114 170602 DEBUG oslo_service.service [req-7ac68dbb-616d-495c-ac01-0ed03d38a383 - - - - -] cache.memcache_pool_maxsize = 10 log_opt_values /usr/lib/python3/dist-packages/oslo_config/cfg.py:2609
2026-01-29 00:35:32.114 170602 DEBUG oslo_service.service [req-7ac68dbb-616d-495c-ac01-0ed03d38a383 - - - - -] cache.memcache_pool_unused_timeout = 60 log_opt_values /usr/lib/python3/dist-packages/oslo_config/cfg.py:2609
2026-01-29 00:35:32.114 170904 DEBUG oslo_messaging._drivers.amqpdriver [-] received message msg_id: 45c9baa978004e55aa8423cf33b9fa1a reply to reply_31f84d0c594d4148941da50a124bacf8 __call__ /usr/lib/python3/dist-packages/oslo_messaging/_drivers/amqpdriver.py:320
2026-01-29 00:35:32.114 170602 DEBUG oslo_service.service [req-7ac68dbb-616d-495c-ac01-0ed03d38a383 - - - - -] cache.memcache_servers = ['localhost:11211'] log_opt_values /usr/lib/python3/dist-packages/oslo_config/cfg.py:2609
2026-01-29 00:35:32.115 170602 DEBUG oslo_service.service [req-7ac68dbb-616d-495c-ac01-0ed03d38a383 - - - - -] cache.memcache_socket_timeout = 1.0 log_opt_values /usr/lib/python3/dist-packages/oslo_config/cfg.py:2609
2026-01-29 00:35:32.115 170602 DEBUG oslo_service.service [req-7ac68dbb-616d-495c-ac01-0ed03d38a383 - - - - -] cache.proxies = [] log_opt_values /usr/lib/python3/dist-packages/oslo_config/cfg.py:2609
2026-01-29 00:35:32.115 170602 DEBUG oslo_service.service [req-7ac68dbb-616d-495c-ac01-0ed03d38a383 - - - - -] cache.tls_allowed_ciphers = None log_opt_values /usr/lib/python3/dist-packages/oslo_config/cfg.py:2609
2026-01-29 00:35:32.115 170602 DEBUG oslo_service.service [req-7ac68dbb-616d-495c-ac01-0ed03d38a383 - - - - -] cache.tls_cafile = None log_opt_values /usr/lib/python3/dist-packages/oslo_config/cfg.py:2609
2026-01-29 00:35:32.115 170904 DEBUG nova.service [req-6a4adb9a-dae5-48d9-9c84-4740b810c826 - - - - -] Join ServiceGroup membership for this service conductor start /usr/lib/python3/dist-packages/nova/service.py:199
2026-01-29 00:35:32.115 170602 DEBUG oslo_service.service [req-7ac68dbb-616d-495c-ac01-0ed03d38a383 - - - - -] cache.tls_certfile = None log_opt_values /usr/lib/python3/dist-packages/oslo_config/cfg.py:2609
2026-01-29 00:35:32.115 170904 DEBUG nova.servicegroup.drivers.db [req-6a4adb9a-dae5-48d9-9c84-4740b810c826 - - - - -] DB_Driver: join new ServiceGroup member juju-13bb81-0-lxd-7 to the conductor group, service = join /usr/lib/python3/dist-packages/nova/servicegroup/drivers/db.py:44
2026-01-29 00:35:32.115 170602 DEBUG oslo_service.service [req-7ac68dbb-616d-495c-ac01-0ed03d38a383 - - - - -] cache.tls_enabled = False log_opt_values /usr/lib/python3/dist-packages/oslo_config/cfg.py:2609
2026-01-29 00:35:32.115 170602 DEBUG oslo_service.service [req-7ac68dbb-616d-495c-ac01-0ed03d38a383 - - - - -] cache.tls_keyfile = None log_opt_values /usr/lib/python3/dist-packages/oslo_config/cfg.py:2609
2026-01-29 00:35:32.116 170602 DEBUG oslo_service.service [req-7ac68dbb-616d-495c-ac01-0ed03d38a383 - - - - -] cinder.auth_section = None log_opt_values /usr/lib/python3/dist-packages/oslo_config/cfg.py:2609
2026-01-29 00:35:32.116 170602 DEBUG oslo_service.service [req-7ac68dbb-616d-495c-ac01-0ed03d38a383 - - - - -] cinder.auth_type = None log_opt_values /usr/lib/python3/dist-packages/oslo_config/cfg.py:2609
2026-01-29 00:35:32.116 170602 DEBUG oslo_service.service [req-7ac68dbb-616d-495c-ac01-0ed03d38a383 - - - - -] cinder.cafile = None log_opt_values /usr/lib/python3/dist-packages/oslo_config/cfg.py:2609
2026-01-29 00:35:32.116 170602 DEBUG oslo_service.service [req-7ac68dbb-616d-495c-ac01-0ed03d38a383 - - - - -] cinder.catalog_info = volumev3::publicURL log_opt_values /usr/lib/python3/dist-packages/oslo_config/cfg.py:2609
2026-01-29 00:35:32.116 170905 DEBUG oslo_messaging._drivers.amqpdriver [-] AMQPListener connection timeout poll /usr/lib/python3/dist-packages/oslo_messaging/_drivers/amqpdriver.py:360
2026-01-29 00:35:32.116 170602 DEBUG oslo_service.service [req-7ac68dbb-616d-495c-ac01-0ed03d38a383 - - - - -] cinder.certfile = None log_opt_values /usr/lib/python3/dist-packages/oslo_config/cfg.py:2609
2026-01-29 00:35:32.117 170905 DEBUG oslo_messaging._drivers.amqpdriver [-] Listener is running poll /usr/lib/python3/dist-packages/oslo_messaging/_drivers/amqpdriver.py:343
2026-01-29 00:35:32.117 170602 DEBUG oslo_service.service [req-7ac68dbb-616d-495c-ac01-0ed03d38a383 - - - - -] cinder.collect_timing = False log_opt_values /usr/lib/python3/dist-packages/oslo_config/cfg.py:2609
2026-01-29 00:35:32.117 170905 DEBUG oslo_messaging._drivers.amqpdriver [-] AMQPListener connection consume poll /usr/lib/python3/dist-packages/oslo_messaging/_drivers/amqpdriver.py:357
2026-01-29 00:35:32.117 170602 DEBUG oslo_service.service [req-7ac68dbb-616d-495c-ac01-0ed03d38a383 - - - - -] cinder.cross_az_attach = True log_opt_values /usr/lib/python3/dist-packages/oslo_config/cfg.py:2609
2026-01-29 00:35:32.117 170602 DEBUG oslo_service.service [req-7ac68dbb-616d-495c-ac01-0ed03d38a383 - - - - -] cinder.debug = False log_opt_values /usr/lib/python3/dist-packages/oslo_config/cfg.py:2609
2026-01-29 00:35:32.117 170602 DEBUG oslo_service.service [req-7ac68dbb-616d-495c-ac01-0ed03d38a383 - - - - -] cinder.endpoint_template = None log_opt_values /usr/lib/python3/dist-packages/oslo_config/cfg.py:2609
2026-01-29 00:35:32.117 170904 DEBUG oslo_messaging._drivers.amqpdriver [-] AMQPListener connection timeout poll /usr/lib/python3/dist-packages/oslo_messaging/_drivers/amqpdriver.py:360
2026-01-29 00:35:32.117 170904 DEBUG oslo_messaging._drivers.amqpdriver [-] Listener is running poll /usr/lib/python3/dist-packages/oslo_messaging/_drivers/amqpdriver.py:343
2026-01-29 00:35:32.117 170602 DEBUG oslo_service.service [req-7ac68dbb-616d-495c-ac01-0ed03d38a383 - - - - -] cinder.http_retries = 3 log_opt_values /usr/lib/python3/dist-packages/oslo_config/cfg.py:2609
2026-01-29 00:35:32.117 170904 DEBUG oslo_messaging._drivers.amqpdriver [-] Poll the incoming message with unique_id: 69b859e46d944870aab06b67fe9532fd poll /usr/lib/python3/dist-packages/oslo_messaging/_drivers/amqpdriver.py:346
2026-01-29 00:35:32.117 170602 DEBUG oslo_service.service [req-7ac68dbb-616d-495c-ac01-0ed03d38a383 - - - - -] cinder.insecure = False log_opt_values /usr/lib/python3/dist-packages/oslo_config/cfg.py:2609
2026-01-29 00:35:32.118 170602 DEBUG oslo_service.service [req-7ac68dbb-616d-495c-ac01-0ed03d38a383 - - - - -] cinder.keyfile = None log_opt_values /usr/lib/python3/dist-packages/oslo_config/cfg.py:2609
2026-01-29 00:35:32.118 170904 DEBUG oslo_messaging._drivers.amqpdriver [-] Listener is running poll /usr/lib/python3/dist-packages/oslo_messaging/_drivers/amqpdriver.py:343
2026-01-29 00:35:32.118 170904 DEBUG oslo_messaging._drivers.amqpdriver [-] AMQPListener connection consume poll /usr/lib/python3/dist-packages/oslo_messaging/_drivers/amqpdriver.py:357
2026-01-29 00:35:32.118 170602 DEBUG oslo_service.service [req-7ac68dbb-616d-495c-ac01-0ed03d38a383 - - - - -] cinder.os_region_name = None log_opt_values /usr/lib/python3/dist-packages/oslo_config/cfg.py:2609
2026-01-29 00:35:32.118 170602 DEBUG oslo_service.service [req-7ac68dbb-616d-495c-ac01-0ed03d38a383 - - - - -] cinder.split_loggers = False log_opt_values /usr/lib/python3/dist-packages/oslo_config/cfg.py:2609
2026-01-29 00:35:32.118 170602 DEBUG oslo_service.service [req-7ac68dbb-616d-495c-ac01-0ed03d38a383 - - - - -] cinder.timeout = None log_opt_values /usr/lib/python3/dist-packages/oslo_config/cfg.py:2609
2026-01-29 00:35:32.118 170602 DEBUG oslo_service.service [req-7ac68dbb-616d-495c-ac01-0ed03d38a383 - - - - -] compute.consecutive_build_service_disable_threshold = 10 log_opt_values /usr/lib/python3/dist-packages/oslo_config/cfg.py:2609
2026-01-29 00:35:32.118 170602 DEBUG oslo_service.service [req-7ac68dbb-616d-495c-ac01-0ed03d38a383 - - - - -] compute.cpu_dedicated_set = None log_opt_values /usr/lib/python3/dist-packages/oslo_config/cfg.py:2609
2026-01-29 00:35:32.119 170602 DEBUG oslo_service.service [req-7ac68dbb-616d-495c-ac01-0ed03d38a383 - - - - -] compute.cpu_shared_set = None log_opt_values /usr/lib/python3/dist-packages/oslo_config/cfg.py:2609
2026-01-29 00:35:32.119 170602 DEBUG oslo_service.service [req-7ac68dbb-616d-495c-ac01-0ed03d38a383 - - - - -] compute.image_type_exclude_list = [] log_opt_values /usr/lib/python3/dist-packages/oslo_config/cfg.py:2609
2026-01-29 00:35:32.119 170602 DEBUG oslo_service.service [req-7ac68dbb-616d-495c-ac01-0ed03d38a383 - - - - -] compute.live_migration_wait_for_vif_plug = True log_opt_values /usr/lib/python3/dist-packages/oslo_config/cfg.py:2609
2026-01-29 00:35:32.119 170602 DEBUG oslo_service.service [req-7ac68dbb-616d-495c-ac01-0ed03d38a383 - - - - -] compute.max_concurrent_disk_ops = 0 log_opt_values /usr/lib/python3/dist-packages/oslo_config/cfg.py:2609
2026-01-29 00:35:32.119 170602 DEBUG oslo_service.service [req-7ac68dbb-616d-495c-ac01-0ed03d38a383 - - - - -] compute.max_disk_devices_to_attach = -1 log_opt_values /usr/lib/python3/dist-packages/oslo_config/cfg.py:2609
2026-01-29 00:35:32.119 170602 DEBUG oslo_service.service [req-7ac68dbb-616d-495c-ac01-0ed03d38a383 - - - - -] compute.packing_host_numa_cells_allocation_strategy = True log_opt_values /usr/lib/python3/dist-packages/oslo_config/cfg.py:2609
2026-01-29 00:35:32.120 170602 DEBUG oslo_service.service [req-7ac68dbb-616d-495c-ac01-0ed03d38a383 - - - - -] compute.provider_config_location = /etc/nova/provider_config/ log_opt_values /usr/lib/python3/dist-packages/oslo_config/cfg.py:2609
2026-01-29 00:35:32.120 170602 DEBUG oslo_service.service [req-7ac68dbb-616d-495c-ac01-0ed03d38a383 - - - - -] compute.resource_provider_association_refresh = 300 log_opt_values /usr/lib/python3/dist-packages/oslo_config/cfg.py:2609
2026-01-29 00:35:32.120 170602 DEBUG oslo_service.service [req-7ac68dbb-616d-495c-ac01-0ed03d38a383 - - - - -] compute.shutdown_retry_interval = 10 log_opt_values /usr/lib/python3/dist-packages/oslo_config/cfg.py:2609
2026-01-29 00:35:32.120 170602 DEBUG oslo_service.service [req-7ac68dbb-616d-495c-ac01-0ed03d38a383 - - - - -] compute.vmdk_allowed_types = ['streamOptimized', 'monolithicSparse'] log_opt_values /usr/lib/python3/dist-packages/oslo_config/cfg.py:2609
2026-01-29 00:35:32.120 170602 DEBUG oslo_service.service [req-7ac68dbb-616d-495c-ac01-0ed03d38a383 - - - - -] conductor.workers = 4 log_opt_values /usr/lib/python3/dist-packages/oslo_config/cfg.py:2609
2026-01-29 00:35:32.120 170602 DEBUG oslo_service.service [req-7ac68dbb-616d-495c-ac01-0ed03d38a383 - - - - -] console.allowed_origins = [] log_opt_values /usr/lib/python3/dist-packages/oslo_config/cfg.py:2609
2026-01-29 00:35:32.120 170602 DEBUG oslo_service.service [req-7ac68dbb-616d-495c-ac01-0ed03d38a383 - - - - -] console.ssl_ciphers = None log_opt_values /usr/lib/python3/dist-packages/oslo_config/cfg.py:2609
2026-01-29 00:35:32.121 170602 DEBUG oslo_service.service [req-7ac68dbb-616d-495c-ac01-0ed03d38a383 - - - - -] console.ssl_minimum_version = default log_opt_values /usr/lib/python3/dist-packages/oslo_config/cfg.py:2609
2026-01-29 00:35:32.121 170602 DEBUG oslo_service.service [req-7ac68dbb-616d-495c-ac01-0ed03d38a383 - - - - -] consoleauth.token_ttl = 600 log_opt_values /usr/lib/python3/dist-packages/oslo_config/cfg.py:2609
2026-01-29 00:35:32.121 170602 DEBUG oslo_service.service [req-7ac68dbb-616d-495c-ac01-0ed03d38a383 - - - - -] cyborg.cafile = None log_opt_values /usr/lib/python3/dist-packages/oslo_config/cfg.py:2609
2026-01-29 00:35:32.121 170602 DEBUG oslo_service.service [req-7ac68dbb-616d-495c-ac01-0ed03d38a383 - - - - -] cyborg.certfile = None log_opt_values /usr/lib/python3/dist-packages/oslo_config/cfg.py:2609
2026-01-29 00:35:32.122 170602 DEBUG oslo_service.service [req-7ac68dbb-616d-495c-ac01-0ed03d38a383 - - - - -] cyborg.collect_timing = False log_opt_values /usr/lib/python3/dist-packages/oslo_config/cfg.py:2609
2026-01-29 00:35:32.122 170602 DEBUG oslo_service.service [req-7ac68dbb-616d-495c-ac01-0ed03d38a383 - - - - -] cyborg.connect_retries = None log_opt_values /usr/lib/python3/dist-packages/oslo_config/cfg.py:2609
2026-01-29 00:35:32.122 170602 DEBUG oslo_service.service [req-7ac68dbb-616d-495c-ac01-0ed03d38a383 - - - - -] cyborg.connect_retry_delay = None log_opt_values /usr/lib/python3/dist-packages/oslo_config/cfg.py:2609
2026-01-29 00:35:32.122 170602 DEBUG oslo_service.service [req-7ac68dbb-616d-495c-ac01-0ed03d38a383 - - - - -] cyborg.endpoint_override = None log_opt_values /usr/lib/python3/dist-packages/oslo_config/cfg.py:2609
2026-01-29 00:35:32.122 170602 DEBUG oslo_service.service [req-7ac68dbb-616d-495c-ac01-0ed03d38a383 - - - - -] cyborg.insecure = False log_opt_values /usr/lib/python3/dist-packages/oslo_config/cfg.py:2609
2026-01-29 00:35:32.122 170904 DEBUG oslo_messaging._drivers.amqpdriver [req-10268f37-ce13-4378-92d6-235f0edf7ea4 - - - - -] sending reply msg_id: 45c9baa978004e55aa8423cf33b9fa1a reply queue: reply_31f84d0c594d4148941da50a124bacf8 time elapsed: 0.007385059999933219s _send_reply /usr/lib/python3/dist-packages/oslo_messaging/_drivers/amqpdriver.py:118
2026-01-29 00:35:32.122 170602 DEBUG oslo_service.service [req-7ac68dbb-616d-495c-ac01-0ed03d38a383 - - - - -] cyborg.keyfile = None log_opt_values /usr/lib/python3/dist-packages/oslo_config/cfg.py:2609
2026-01-29 00:35:32.122 170602 DEBUG oslo_service.service [req-7ac68dbb-616d-495c-ac01-0ed03d38a383 - - - - -] cyborg.max_version = None log_opt_values /usr/lib/python3/dist-packages/oslo_config/cfg.py:2609
2026-01-29 00:35:32.123 170602 DEBUG oslo_service.service [req-7ac68dbb-616d-495c-ac01-0ed03d38a383 - - - - -] cyborg.min_version = None log_opt_values /usr/lib/python3/dist-packages/oslo_config/cfg.py:2609
2026-01-29 00:35:32.123 170602 DEBUG oslo_service.service [req-7ac68dbb-616d-495c-ac01-0ed03d38a383 - - - - -] cyborg.region_name = None log_opt_values /usr/lib/python3/dist-packages/oslo_config/cfg.py:2609
2026-01-29 00:35:32.123 170602 DEBUG oslo_service.service [req-7ac68dbb-616d-495c-ac01-0ed03d38a383 - - - - -] cyborg.service_name = None log_opt_values /usr/lib/python3/dist-packages/oslo_config/cfg.py:2609
2026-01-29 00:35:32.123 170602 DEBUG oslo_service.service [req-7ac68dbb-616d-495c-ac01-0ed03d38a383 - - - - -] cyborg.service_type = accelerator log_opt_values /usr/lib/python3/dist-packages/oslo_config/cfg.py:2609
2026-01-29 00:35:32.123 170602 DEBUG oslo_service.service [req-7ac68dbb-616d-495c-ac01-0ed03d38a383 - - - - -] cyborg.split_loggers = False log_opt_values /usr/lib/python3/dist-packages/oslo_config/cfg.py:2609
2026-01-29 00:35:32.123 170602 DEBUG oslo_service.service [req-7ac68dbb-616d-495c-ac01-0ed03d38a383 - - - - -] cyborg.status_code_retries = None log_opt_values /usr/lib/python3/dist-packages/oslo_config/cfg.py:2609
2026-01-29 00:35:32.124 170602 DEBUG oslo_service.service [req-7ac68dbb-616d-495c-ac01-0ed03d38a383 - - - - -] cyborg.status_code_retry_delay = None log_opt_values /usr/lib/python3/dist-packages/oslo_config/cfg.py:2609
2026-01-29 00:35:32.124 170602 DEBUG oslo_service.service [req-7ac68dbb-616d-495c-ac01-0ed03d38a383 - - - - -] cyborg.timeout = None log_opt_values /usr/lib/python3/dist-packages/oslo_config/cfg.py:2609
2026-01-29 00:35:32.124 170602 DEBUG oslo_service.service [req-7ac68dbb-616d-495c-ac01-0ed03d38a383 - - - - -] cyborg.valid_interfaces = ['internal', 'public'] log_opt_values /usr/lib/python3/dist-packages/oslo_config/cfg.py:2609
2026-01-29 00:35:32.124 170602 DEBUG oslo_service.service [req-7ac68dbb-616d-495c-ac01-0ed03d38a383 - - - - -] cyborg.version = None log_opt_values /usr/lib/python3/dist-packages/oslo_config/cfg.py:2609
2026-01-29 00:35:32.124 170602 DEBUG oslo_service.service [req-7ac68dbb-616d-495c-ac01-0ed03d38a383 - - - - -] database.backend = sqlalchemy log_opt_values /usr/lib/python3/dist-packages/oslo_config/cfg.py:2609
2026-01-29 00:35:32.124 170602 DEBUG oslo_service.service [req-7ac68dbb-616d-495c-ac01-0ed03d38a383 - - - - -] database.connection = **** log_opt_values /usr/lib/python3/dist-packages/oslo_config/cfg.py:2609
2026-01-29 00:35:32.125 170602 DEBUG oslo_service.service [req-7ac68dbb-616d-495c-ac01-0ed03d38a383 - - - - -] database.connection_debug = 0 log_opt_values /usr/lib/python3/dist-packages/oslo_config/cfg.py:2609
2026-01-29 00:35:32.125 170602 DEBUG oslo_service.service [req-7ac68dbb-616d-495c-ac01-0ed03d38a383 - - - - -] database.connection_parameters = log_opt_values /usr/lib/python3/dist-packages/oslo_config/cfg.py:2609
2026-01-29 00:35:32.125 170602 DEBUG oslo_service.service [req-7ac68dbb-616d-495c-ac01-0ed03d38a383 - - - - -] database.connection_recycle_time = 3600 log_opt_values /usr/lib/python3/dist-packages/oslo_config/cfg.py:2609
2026-01-29 00:35:32.125 170602 DEBUG oslo_service.service [req-7ac68dbb-616d-495c-ac01-0ed03d38a383 - - - - -] database.connection_trace = False log_opt_values /usr/lib/python3/dist-packages/oslo_config/cfg.py:2609
2026-01-29 00:35:32.125 170602 DEBUG oslo_service.service [req-7ac68dbb-616d-495c-ac01-0ed03d38a383 - - - - -] database.db_inc_retry_interval = True log_opt_values /usr/lib/python3/dist-packages/oslo_config/cfg.py:2609
2026-01-29 00:35:32.125 170602 DEBUG oslo_service.service [req-7ac68dbb-616d-495c-ac01-0ed03d38a383 - - - - -] database.db_max_retries = 20 log_opt_values /usr/lib/python3/dist-packages/oslo_config/cfg.py:2609
2026-01-29 00:35:32.126 170602 DEBUG oslo_service.service [req-7ac68dbb-616d-495c-ac01-0ed03d38a383 - - - - -] database.db_max_retry_interval = 10 log_opt_values /usr/lib/python3/dist-packages/oslo_config/cfg.py:2609
2026-01-29 00:35:32.126 170602 DEBUG oslo_service.service [req-7ac68dbb-616d-495c-ac01-0ed03d38a383 - - - - -] database.db_retry_interval = 1 log_opt_values /usr/lib/python3/dist-packages/oslo_config/cfg.py:2609
2026-01-29 00:35:32.126 170602 DEBUG oslo_service.service [req-7ac68dbb-616d-495c-ac01-0ed03d38a383 - - - - -] database.max_overflow = 50 log_opt_values /usr/lib/python3/dist-packages/oslo_config/cfg.py:2609
2026-01-29 00:35:32.126 170602 DEBUG oslo_service.service [req-7ac68dbb-616d-495c-ac01-0ed03d38a383 - - - - -] database.max_pool_size = 4 log_opt_values /usr/lib/python3/dist-packages/oslo_config/cfg.py:2609
2026-01-29 00:35:32.126 170602 DEBUG oslo_service.service [req-7ac68dbb-616d-495c-ac01-0ed03d38a383 - - - - -] database.max_retries = 10 log_opt_values /usr/lib/python3/dist-packages/oslo_config/cfg.py:2609
2026-01-29 00:35:32.126 170602 DEBUG oslo_service.service [req-7ac68dbb-616d-495c-ac01-0ed03d38a383 - - - - -] database.mysql_enable_ndb = False log_opt_values /usr/lib/python3/dist-packages/oslo_config/cfg.py:2609
2026-01-29 00:35:32.127 170602 DEBUG oslo_service.service [req-7ac68dbb-616d-495c-ac01-0ed03d38a383 - - - - -] database.mysql_sql_mode = TRADITIONAL log_opt_values /usr/lib/python3/dist-packages/oslo_config/cfg.py:2609
2026-01-29 00:35:32.127 170602 DEBUG oslo_service.service [req-7ac68dbb-616d-495c-ac01-0ed03d38a383 - - - - -] database.pool_timeout = None log_opt_values /usr/lib/python3/dist-packages/oslo_config/cfg.py:2609
2026-01-29 00:35:32.127 170602 DEBUG oslo_service.service [req-7ac68dbb-616d-495c-ac01-0ed03d38a383 - - - - -] database.retry_interval = 10 log_opt_values /usr/lib/python3/dist-packages/oslo_config/cfg.py:2609
2026-01-29 00:35:32.127 170602 DEBUG oslo_service.service [req-7ac68dbb-616d-495c-ac01-0ed03d38a383 - - - - -] database.slave_connection = **** log_opt_values /usr/lib/python3/dist-packages/oslo_config/cfg.py:2609
2026-01-29 00:35:32.127 170602 DEBUG oslo_service.service [req-7ac68dbb-616d-495c-ac01-0ed03d38a383 - - - - -] database.sqlite_synchronous = True log_opt_values /usr/lib/python3/dist-packages/oslo_config/cfg.py:2609
2026-01-29 00:35:32.127 170602 DEBUG oslo_service.service [req-7ac68dbb-616d-495c-ac01-0ed03d38a383 - - - - -] database.use_db_reconnect = False log_opt_values /usr/lib/python3/dist-packages/oslo_config/cfg.py:2609
2026-01-29 00:35:32.128 170602 DEBUG oslo_service.service [req-7ac68dbb-616d-495c-ac01-0ed03d38a383 - - - - -] api_database.backend = sqlalchemy log_opt_values /usr/lib/python3/dist-packages/oslo_config/cfg.py:2609
2026-01-29 00:35:32.128 170602 DEBUG oslo_service.service [req-7ac68dbb-616d-495c-ac01-0ed03d38a383 - - - - -] api_database.connection = **** log_opt_values /usr/lib/python3/dist-packages/oslo_config/cfg.py:2609
2026-01-29 00:35:32.128 170602 DEBUG oslo_service.service [req-7ac68dbb-616d-495c-ac01-0ed03d38a383 - - - - -] api_database.connection_debug = 0 log_opt_values /usr/lib/python3/dist-packages/oslo_config/cfg.py:2609
2026-01-29 00:35:32.128 170602 DEBUG oslo_service.service [req-7ac68dbb-616d-495c-ac01-0ed03d38a383 - - - - -] api_database.connection_parameters = log_opt_values /usr/lib/python3/dist-packages/oslo_config/cfg.py:2609
2026-01-29 00:35:32.128 170602 DEBUG oslo_service.service [req-7ac68dbb-616d-495c-ac01-0ed03d38a383 - - - - -] api_database.connection_recycle_time = 3600 log_opt_values /usr/lib/python3/dist-packages/oslo_config/cfg.py:2609
2026-01-29 00:35:32.128 170602 DEBUG oslo_service.service [req-7ac68dbb-616d-495c-ac01-0ed03d38a383 - - - - -] api_database.connection_trace = False log_opt_values /usr/lib/python3/dist-packages/oslo_config/cfg.py:2609
2026-01-29 00:35:32.129 170602 DEBUG oslo_service.service [req-7ac68dbb-616d-495c-ac01-0ed03d38a383 - - - - -] api_database.db_inc_retry_interval = True log_opt_values /usr/lib/python3/dist-packages/oslo_config/cfg.py:2609
2026-01-29 00:35:32.129 170602 DEBUG oslo_service.service [req-7ac68dbb-616d-495c-ac01-0ed03d38a383 - - - - -] api_database.db_max_retries = 20 log_opt_values /usr/lib/python3/dist-packages/oslo_config/cfg.py:2609
2026-01-29 00:35:32.129 170602 DEBUG oslo_service.service [req-7ac68dbb-616d-495c-ac01-0ed03d38a383 - - - - -] api_database.db_max_retry_interval = 10 log_opt_values /usr/lib/python3/dist-packages/oslo_config/cfg.py:2609
2026-01-29 00:35:32.129 170602 DEBUG oslo_service.service [req-7ac68dbb-616d-495c-ac01-0ed03d38a383 - - - - -] api_database.db_retry_interval = 1 log_opt_values /usr/lib/python3/dist-packages/oslo_config/cfg.py:2609
2026-01-29 00:35:32.129 170602 DEBUG oslo_service.service [req-7ac68dbb-616d-495c-ac01-0ed03d38a383 - - - - -] api_database.max_overflow = 50 log_opt_values /usr/lib/python3/dist-packages/oslo_config/cfg.py:2609
2026-01-29 00:35:32.129 170602 DEBUG oslo_service.service [req-7ac68dbb-616d-495c-ac01-0ed03d38a383 - - - - -] api_database.max_pool_size = 4 log_opt_values /usr/lib/python3/dist-packages/oslo_config/cfg.py:2609
2026-01-29 00:35:32.130 170602 DEBUG oslo_service.service [req-7ac68dbb-616d-495c-ac01-0ed03d38a383 - - - - -] api_database.max_retries = 10 log_opt_values /usr/lib/python3/dist-packages/oslo_config/cfg.py:2609
2026-01-29 00:35:32.130 170602 DEBUG oslo_service.service [req-7ac68dbb-616d-495c-ac01-0ed03d38a383 - - - - -] api_database.mysql_enable_ndb = False log_opt_values /usr/lib/python3/dist-packages/oslo_config/cfg.py:2609
2026-01-29 00:35:32.130 170602 DEBUG oslo_service.service [req-7ac68dbb-616d-495c-ac01-0ed03d38a383 - - - - -] api_database.mysql_sql_mode = TRADITIONAL log_opt_values /usr/lib/python3/dist-packages/oslo_config/cfg.py:2609
2026-01-29 00:35:32.130 170602 DEBUG oslo_service.service [req-7ac68dbb-616d-495c-ac01-0ed03d38a383 - - - - -] api_database.pool_timeout = None log_opt_values /usr/lib/python3/dist-packages/oslo_config/cfg.py:2609
2026-01-29 00:35:32.130 170602 DEBUG oslo_service.service [req-7ac68dbb-616d-495c-ac01-0ed03d38a383 - - - - -] api_database.retry_interval = 10 log_opt_values /usr/lib/python3/dist-packages/oslo_config/cfg.py:2609
2026-01-29 00:35:32.130 170602 DEBUG oslo_service.service [req-7ac68dbb-616d-495c-ac01-0ed03d38a383 - - - - -] api_database.slave_connection = **** log_opt_values /usr/lib/python3/dist-packages/oslo_config/cfg.py:2609
2026-01-29 00:35:32.131 170602 DEBUG oslo_service.service [req-7ac68dbb-616d-495c-ac01-0ed03d38a383 - - - - -] api_database.sqlite_synchronous = True log_opt_values /usr/lib/python3/dist-packages/oslo_config/cfg.py:2609
2026-01-29 00:35:32.131 170602 DEBUG oslo_service.service [req-7ac68dbb-616d-495c-ac01-0ed03d38a383 - - - - -] devices.enabled_mdev_types = [] log_opt_values /usr/lib/python3/dist-packages/oslo_config/cfg.py:2609
2026-01-29 00:35:32.131 170602 DEBUG oslo_service.service [req-7ac68dbb-616d-495c-ac01-0ed03d38a383 - - - - -] ephemeral_storage_encryption.cipher = aes-xts-plain64 log_opt_values /usr/lib/python3/dist-packages/oslo_config/cfg.py:2609
2026-01-29 00:35:32.131 170602 DEBUG oslo_service.service [req-7ac68dbb-616d-495c-ac01-0ed03d38a383 - - - - -] ephemeral_storage_encryption.enabled = False log_opt_values /usr/lib/python3/dist-packages/oslo_config/cfg.py:2609
2026-01-29 00:35:32.131 170906 DEBUG oslo_messaging._drivers.amqpdriver [-] Listener is running poll /usr/lib/python3/dist-packages/oslo_messaging/_drivers/amqpdriver.py:343
2026-01-29 00:35:32.131 170906 DEBUG oslo_messaging._drivers.amqpdriver [-] AMQPListener connection consume poll /usr/lib/python3/dist-packages/oslo_messaging/_drivers/amqpdriver.py:357
2026-01-29 00:35:32.131 170602 DEBUG oslo_service.service [req-7ac68dbb-616d-495c-ac01-0ed03d38a383 - - - - -] ephemeral_storage_encryption.key_size = 512 log_opt_values /usr/lib/python3/dist-packages/oslo_config/cfg.py:2609
2026-01-29 00:35:32.132 170602 WARNING oslo_config.cfg [req-7ac68dbb-616d-495c-ac01-0ed03d38a383 - - - - -] Deprecated: Option "api_servers" from group "glance" is deprecated for removal ( Support for image service configuration via standard keystoneauth1 Adapter options was added in the 17.0.0 Queens release. The api_servers option was retained temporarily to allow consumers time to cut over to a real load balancing solution. ). Its value may be silently ignored in the future.
2026-01-29 00:35:32.132 170602 DEBUG oslo_service.service [req-7ac68dbb-616d-495c-ac01-0ed03d38a383 - - - - -] glance.api_servers = ['http://252.19.248.48:9292'] log_opt_values /usr/lib/python3/dist-packages/oslo_config/cfg.py:2609
2026-01-29 00:35:32.132 170602 DEBUG oslo_service.service [req-7ac68dbb-616d-495c-ac01-0ed03d38a383 - - - - -] glance.cafile = None log_opt_values /usr/lib/python3/dist-packages/oslo_config/cfg.py:2609
2026-01-29 00:35:32.132 170602 DEBUG oslo_service.service [req-7ac68dbb-616d-495c-ac01-0ed03d38a383 - - - - -] glance.certfile = None log_opt_values /usr/lib/python3/dist-packages/oslo_config/cfg.py:2609
2026-01-29 00:35:32.132 170602 DEBUG oslo_service.service [req-7ac68dbb-616d-495c-ac01-0ed03d38a383 - - - - -] glance.collect_timing = False log_opt_values /usr/lib/python3/dist-packages/oslo_config/cfg.py:2609
2026-01-29 00:35:32.133 170602 DEBUG oslo_service.service [req-7ac68dbb-616d-495c-ac01-0ed03d38a383 - - - - -] glance.connect_retries = None log_opt_values /usr/lib/python3/dist-packages/oslo_config/cfg.py:2609
2026-01-29 00:35:32.133 170602 DEBUG oslo_service.service [req-7ac68dbb-616d-495c-ac01-0ed03d38a383 - - - - -] glance.connect_retry_delay = None log_opt_values /usr/lib/python3/dist-packages/oslo_config/cfg.py:2609
2026-01-29 00:35:32.133 170602 DEBUG oslo_service.service [req-7ac68dbb-616d-495c-ac01-0ed03d38a383 - - - - -] glance.debug = False log_opt_values /usr/lib/python3/dist-packages/oslo_config/cfg.py:2609
2026-01-29 00:35:32.133 170602 DEBUG oslo_service.service [req-7ac68dbb-616d-495c-ac01-0ed03d38a383 - - - - -] glance.default_trusted_certificate_ids = [] log_opt_values /usr/lib/python3/dist-packages/oslo_config/cfg.py:2609
2026-01-29 00:35:32.132 170906 DEBUG nova.service [req-3f3aa14c-cb9f-438a-b3fa-374c6ad60502 - - - - -] Join ServiceGroup membership for this service conductor start /usr/lib/python3/dist-packages/nova/service.py:199
2026-01-29 00:35:32.133 170602 DEBUG oslo_service.service [req-7ac68dbb-616d-495c-ac01-0ed03d38a383 - - - - -] glance.enable_certificate_validation = False log_opt_values /usr/lib/python3/dist-packages/oslo_config/cfg.py:2609
2026-01-29 00:35:32.133 170602 DEBUG oslo_service.service [req-7ac68dbb-616d-495c-ac01-0ed03d38a383 - - - - -] glance.enable_rbd_download = False log_opt_values /usr/lib/python3/dist-packages/oslo_config/cfg.py:2609
2026-01-29 00:35:32.133 170906 DEBUG nova.servicegroup.drivers.db [req-3f3aa14c-cb9f-438a-b3fa-374c6ad60502 - - - - -] DB_Driver: join new ServiceGroup member juju-13bb81-0-lxd-7 to the conductor group, service = join /usr/lib/python3/dist-packages/nova/servicegroup/drivers/db.py:44
2026-01-29 00:35:32.135 170602 DEBUG oslo_service.service [req-7ac68dbb-616d-495c-ac01-0ed03d38a383 - - - - -] glance.endpoint_override = None log_opt_values /usr/lib/python3/dist-packages/oslo_config/cfg.py:2609
2026-01-29 00:35:32.135 170602 DEBUG oslo_service.service [req-7ac68dbb-616d-495c-ac01-0ed03d38a383 - - - - -] glance.insecure = False log_opt_values /usr/lib/python3/dist-packages/oslo_config/cfg.py:2609
2026-01-29 00:35:32.135 170602 DEBUG oslo_service.service [req-7ac68dbb-616d-495c-ac01-0ed03d38a383 - - - - -] glance.keyfile = None log_opt_values /usr/lib/python3/dist-packages/oslo_config/cfg.py:2609
2026-01-29 00:35:32.135 170602 DEBUG oslo_service.service [req-7ac68dbb-616d-495c-ac01-0ed03d38a383 - - - - -] glance.max_version = None log_opt_values /usr/lib/python3/dist-packages/oslo_config/cfg.py:2609
2026-01-29 00:35:32.135 170907 DEBUG oslo_messaging._drivers.amqpdriver [-] Listener is running poll /usr/lib/python3/dist-packages/oslo_messaging/_drivers/amqpdriver.py:343
2026-01-29 00:35:32.135 170602 DEBUG oslo_service.service [req-7ac68dbb-616d-495c-ac01-0ed03d38a383 - - - - -] glance.min_version = None log_opt_values /usr/lib/python3/dist-packages/oslo_config/cfg.py:2609
2026-01-29 00:35:32.135 170907 DEBUG oslo_messaging._drivers.amqpdriver [-] AMQPListener connection consume poll /usr/lib/python3/dist-packages/oslo_messaging/_drivers/amqpdriver.py:357
2026-01-29 00:35:32.135 170602 DEBUG oslo_service.service [req-7ac68dbb-616d-495c-ac01-0ed03d38a383 - - - - -] glance.num_retries = 3 log_opt_values /usr/lib/python3/dist-packages/oslo_config/cfg.py:2609
2026-01-29 00:35:32.136 170602 DEBUG oslo_service.service [req-7ac68dbb-616d-495c-ac01-0ed03d38a383 - - - - -] glance.rbd_ceph_conf = log_opt_values /usr/lib/python3/dist-packages/oslo_config/cfg.py:2609
2026-01-29 00:35:32.136 170602 DEBUG oslo_service.service [req-7ac68dbb-616d-495c-ac01-0ed03d38a383 - - - - -] glance.rbd_connect_timeout = 5 log_opt_values /usr/lib/python3/dist-packages/oslo_config/cfg.py:2609
2026-01-29 00:35:32.136 170602 DEBUG oslo_service.service [req-7ac68dbb-616d-495c-ac01-0ed03d38a383 - - - - -] glance.rbd_pool = log_opt_values /usr/lib/python3/dist-packages/oslo_config/cfg.py:2609
2026-01-29 00:35:32.136 170602 DEBUG oslo_service.service [req-7ac68dbb-616d-495c-ac01-0ed03d38a383 - - - - -] glance.rbd_user = log_opt_values /usr/lib/python3/dist-packages/oslo_config/cfg.py:2609
2026-01-29 00:35:32.136 170602 DEBUG oslo_service.service [req-7ac68dbb-616d-495c-ac01-0ed03d38a383 - - - - -] glance.region_name = None log_opt_values /usr/lib/python3/dist-packages/oslo_config/cfg.py:2609
2026-01-29 00:35:32.136 170602 DEBUG oslo_service.service [req-7ac68dbb-616d-495c-ac01-0ed03d38a383 - - - - -] glance.service_name = None log_opt_values /usr/lib/python3/dist-packages/oslo_config/cfg.py:2609
2026-01-29 00:35:32.137 170602 DEBUG oslo_service.service [req-7ac68dbb-616d-495c-ac01-0ed03d38a383 - - - - -] glance.service_type = image log_opt_values /usr/lib/python3/dist-packages/oslo_config/cfg.py:2609
2026-01-29 00:35:32.137 170907 DEBUG nova.service [req-38572d9a-b9bd-4645-8ca1-5ffb070f6dd6 - - - - -] Join ServiceGroup membership for this service conductor start /usr/lib/python3/dist-packages/nova/service.py:199
2026-01-29 00:35:32.137 170602 DEBUG oslo_service.service [req-7ac68dbb-616d-495c-ac01-0ed03d38a383 - - - - -] glance.split_loggers = False log_opt_values /usr/lib/python3/dist-packages/oslo_config/cfg.py:2609
2026-01-29 00:35:32.137 170602 DEBUG oslo_service.service [req-7ac68dbb-616d-495c-ac01-0ed03d38a383 - - - - -] glance.status_code_retries = None log_opt_values /usr/lib/python3/dist-packages/oslo_config/cfg.py:2609
2026-01-29 00:35:32.138 170602 DEBUG oslo_service.service [req-7ac68dbb-616d-495c-ac01-0ed03d38a383 - - - - -] glance.status_code_retry_delay = None log_opt_values /usr/lib/python3/dist-packages/oslo_config/cfg.py:2609
2026-01-29 00:35:32.138 170602 DEBUG oslo_service.service [req-7ac68dbb-616d-495c-ac01-0ed03d38a383 - - - - -] glance.timeout = None log_opt_values /usr/lib/python3/dist-packages/oslo_config/cfg.py:2609
2026-01-29 00:35:32.137 170907 DEBUG nova.servicegroup.drivers.db [req-38572d9a-b9bd-4645-8ca1-5ffb070f6dd6 - - - - -] DB_Driver: join new ServiceGroup member juju-13bb81-0-lxd-7 to the conductor group, service = join /usr/lib/python3/dist-packages/nova/servicegroup/drivers/db.py:44
2026-01-29 00:35:32.138 170602 DEBUG oslo_service.service [req-7ac68dbb-616d-495c-ac01-0ed03d38a383 - - - - -] glance.valid_interfaces = ['internal', 'public'] log_opt_values /usr/lib/python3/dist-packages/oslo_config/cfg.py:2609
2026-01-29 00:35:32.138 170602 DEBUG oslo_service.service [req-7ac68dbb-616d-495c-ac01-0ed03d38a383 - - - - -] glance.verify_glance_signatures = False log_opt_values /usr/lib/python3/dist-packages/oslo_config/cfg.py:2609
2026-01-29 00:35:32.138 170907 DEBUG oslo_messaging._drivers.amqpdriver [-] AMQPListener connection timeout poll /usr/lib/python3/dist-packages/oslo_messaging/_drivers/amqpdriver.py:360
2026-01-29 00:35:32.138 170602 DEBUG oslo_service.service [req-7ac68dbb-616d-495c-ac01-0ed03d38a383 - - - - -] glance.version = None log_opt_values /usr/lib/python3/dist-packages/oslo_config/cfg.py:2609
2026-01-29 00:35:32.138 170907 DEBUG oslo_messaging._drivers.amqpdriver [-] Listener is running poll /usr/lib/python3/dist-packages/oslo_messaging/_drivers/amqpdriver.py:343
2026-01-29 00:35:32.138 170907 DEBUG oslo_messaging._drivers.amqpdriver [-] AMQPListener connection consume poll /usr/lib/python3/dist-packages/oslo_messaging/_drivers/amqpdriver.py:357
2026-01-29 00:35:32.138 170602 DEBUG oslo_service.service [req-7ac68dbb-616d-495c-ac01-0ed03d38a383 - - - - -] guestfs.debug = False log_opt_values /usr/lib/python3/dist-packages/oslo_config/cfg.py:2609
2026-01-29 00:35:32.139 170602 DEBUG oslo_service.service [req-7ac68dbb-616d-495c-ac01-0ed03d38a383 - - - - -] hyperv.config_drive_cdrom = False log_opt_values /usr/lib/python3/dist-packages/oslo_config/cfg.py:2609
2026-01-29 00:35:32.139 170602 DEBUG oslo_service.service [req-7ac68dbb-616d-495c-ac01-0ed03d38a383 - - - - -] hyperv.config_drive_inject_password = False log_opt_values /usr/lib/python3/dist-packages/oslo_config/cfg.py:2609
2026-01-29 00:35:32.139 170602 DEBUG oslo_service.service [req-7ac68dbb-616d-495c-ac01-0ed03d38a383 - - - - -] hyperv.dynamic_memory_ratio = 1.0 log_opt_values /usr/lib/python3/dist-packages/oslo_config/cfg.py:2609
2026-01-29 00:35:32.139 170602 DEBUG oslo_service.service [req-7ac68dbb-616d-495c-ac01-0ed03d38a383 - - - - -] hyperv.enable_instance_metrics_collection = False log_opt_values /usr/lib/python3/dist-packages/oslo_config/cfg.py:2609
2026-01-29 00:35:32.139 170602 DEBUG oslo_service.service [req-7ac68dbb-616d-495c-ac01-0ed03d38a383 - - - - -] hyperv.enable_remotefx = False log_opt_values /usr/lib/python3/dist-packages/oslo_config/cfg.py:2609
2026-01-29 00:35:32.139 170602 DEBUG oslo_service.service [req-7ac68dbb-616d-495c-ac01-0ed03d38a383 - - - - -] hyperv.instances_path_share = log_opt_values /usr/lib/python3/dist-packages/oslo_config/cfg.py:2609
2026-01-29 00:35:32.140 170602 DEBUG oslo_service.service [req-7ac68dbb-616d-495c-ac01-0ed03d38a383 - - - - -] hyperv.iscsi_initiator_list = [] log_opt_values /usr/lib/python3/dist-packages/oslo_config/cfg.py:2609
2026-01-29 00:35:32.140 170602 DEBUG oslo_service.service [req-7ac68dbb-616d-495c-ac01-0ed03d38a383 - - - - -] hyperv.limit_cpu_features = False log_opt_values /usr/lib/python3/dist-packages/oslo_config/cfg.py:2609
2026-01-29 00:35:32.140 170602 DEBUG oslo_service.service [req-7ac68dbb-616d-495c-ac01-0ed03d38a383 - - - - -] hyperv.mounted_disk_query_retry_count = 10 log_opt_values /usr/lib/python3/dist-packages/oslo_config/cfg.py:2609
2026-01-29 00:35:32.140 170602 DEBUG oslo_service.service [req-7ac68dbb-616d-495c-ac01-0ed03d38a383 - - - - -] hyperv.mounted_disk_query_retry_interval = 5 log_opt_values /usr/lib/python3/dist-packages/oslo_config/cfg.py:2609
2026-01-29 00:35:32.139 170906 DEBUG oslo_messaging._drivers.amqpdriver [-] AMQPListener connection timeout poll /usr/lib/python3/dist-packages/oslo_messaging/_drivers/amqpdriver.py:360
2026-01-29 00:35:32.140 170602 DEBUG oslo_service.service [req-7ac68dbb-616d-495c-ac01-0ed03d38a383 - - - - -] hyperv.power_state_check_timeframe = 60 log_opt_values /usr/lib/python3/dist-packages/oslo_config/cfg.py:2609
2026-01-29 00:35:32.140 170602 DEBUG oslo_service.service [req-7ac68dbb-616d-495c-ac01-0ed03d38a383 - - - - -] hyperv.power_state_event_polling_interval = 2 log_opt_values /usr/lib/python3/dist-packages/oslo_config/cfg.py:2609
2026-01-29 00:35:32.140 170906 DEBUG oslo_messaging._drivers.amqpdriver [-] Listener is running poll /usr/lib/python3/dist-packages/oslo_messaging/_drivers/amqpdriver.py:343
2026-01-29 00:35:32.141 170602 DEBUG oslo_service.service [req-7ac68dbb-616d-495c-ac01-0ed03d38a383 - - - - -] hyperv.qemu_img_cmd = qemu-img.exe log_opt_values /usr/lib/python3/dist-packages/oslo_config/cfg.py:2609
2026-01-29 00:35:32.141 170602 DEBUG oslo_service.service [req-7ac68dbb-616d-495c-ac01-0ed03d38a383 - - - - -] hyperv.use_multipath_io = False log_opt_values /usr/lib/python3/dist-packages/oslo_config/cfg.py:2609
2026-01-29 00:35:32.141 170906 DEBUG oslo_messaging._drivers.amqpdriver [-] AMQPListener connection consume poll /usr/lib/python3/dist-packages/oslo_messaging/_drivers/amqpdriver.py:357
2026-01-29 00:35:32.141 170602 DEBUG oslo_service.service [req-7ac68dbb-616d-495c-ac01-0ed03d38a383 - - - - -] hyperv.volume_attach_retry_count = 10 log_opt_values /usr/lib/python3/dist-packages/oslo_config/cfg.py:2609
2026-01-29 00:35:32.141 170602 DEBUG oslo_service.service [req-7ac68dbb-616d-495c-ac01-0ed03d38a383 - - - - -] hyperv.volume_attach_retry_interval = 5 log_opt_values /usr/lib/python3/dist-packages/oslo_config/cfg.py:2609
2026-01-29 00:35:32.141 170602 DEBUG oslo_service.service [req-7ac68dbb-616d-495c-ac01-0ed03d38a383 - - - - -] hyperv.vswitch_name = None log_opt_values /usr/lib/python3/dist-packages/oslo_config/cfg.py:2609
2026-01-29 00:35:32.141 170602 DEBUG oslo_service.service [req-7ac68dbb-616d-495c-ac01-0ed03d38a383 - - - - -] hyperv.wait_soft_reboot_seconds = 60 log_opt_values /usr/lib/python3/dist-packages/oslo_config/cfg.py:2609
2026-01-29 00:35:32.142 170602 DEBUG oslo_service.service [req-7ac68dbb-616d-495c-ac01-0ed03d38a383 - - - - -] mks.enabled = False log_opt_values /usr/lib/python3/dist-packages/oslo_config/cfg.py:2609
2026-01-29 00:35:32.142 170602 DEBUG oslo_service.service [req-7ac68dbb-616d-495c-ac01-0ed03d38a383 - - - - -] mks.mksproxy_base_url = http://127.0.0.1:6090/ log_opt_values /usr/lib/python3/dist-packages/oslo_config/cfg.py:2609
2026-01-29 00:35:32.142 170602 DEBUG oslo_service.service [req-7ac68dbb-616d-495c-ac01-0ed03d38a383 - - - - -] image_cache.manager_interval = 2400 log_opt_values /usr/lib/python3/dist-packages/oslo_config/cfg.py:2609
2026-01-29 00:35:32.143 170602 DEBUG oslo_service.service [req-7ac68dbb-616d-495c-ac01-0ed03d38a383 - - - - -] image_cache.precache_concurrency = 1 log_opt_values /usr/lib/python3/dist-packages/oslo_config/cfg.py:2609
2026-01-29 00:35:32.143 170602 DEBUG oslo_service.service [req-7ac68dbb-616d-495c-ac01-0ed03d38a383 - - - - -] image_cache.remove_unused_base_images = True log_opt_values /usr/lib/python3/dist-packages/oslo_config/cfg.py:2609
2026-01-29 00:35:32.143 170602 DEBUG oslo_service.service [req-7ac68dbb-616d-495c-ac01-0ed03d38a383 - - - - -] image_cache.remove_unused_original_minimum_age_seconds = 86400 log_opt_values /usr/lib/python3/dist-packages/oslo_config/cfg.py:2609
2026-01-29 00:35:32.143 170602 DEBUG oslo_service.service [req-7ac68dbb-616d-495c-ac01-0ed03d38a383 - - - - -] image_cache.remove_unused_resized_minimum_age_seconds = 3600 log_opt_values /usr/lib/python3/dist-packages/oslo_config/cfg.py:2609
2026-01-29 00:35:32.143 170602 DEBUG oslo_service.service [req-7ac68dbb-616d-495c-ac01-0ed03d38a383 - - - - -] image_cache.subdirectory_name = _base log_opt_values /usr/lib/python3/dist-packages/oslo_config/cfg.py:2609
2026-01-29 00:35:32.144 170602 DEBUG oslo_service.service [req-7ac68dbb-616d-495c-ac01-0ed03d38a383 - - - - -] ironic.api_max_retries = 60 log_opt_values /usr/lib/python3/dist-packages/oslo_config/cfg.py:2609
2026-01-29 00:35:32.144 170602 DEBUG oslo_service.service [req-7ac68dbb-616d-495c-ac01-0ed03d38a383 - - - - -] ironic.api_retry_interval = 2 log_opt_values /usr/lib/python3/dist-packages/oslo_config/cfg.py:2609
2026-01-29 00:35:32.144 170602 DEBUG oslo_service.service [req-7ac68dbb-616d-495c-ac01-0ed03d38a383 - - - - -] ironic.auth_section = None log_opt_values /usr/lib/python3/dist-packages/oslo_config/cfg.py:2609
2026-01-29 00:35:32.144 170602 DEBUG oslo_service.service [req-7ac68dbb-616d-495c-ac01-0ed03d38a383 - - - - -] ironic.auth_type = None log_opt_values /usr/lib/python3/dist-packages/oslo_config/cfg.py:2609
2026-01-29 00:35:32.144 170602 DEBUG oslo_service.service [req-7ac68dbb-616d-495c-ac01-0ed03d38a383 - - - - -] ironic.cafile = None log_opt_values /usr/lib/python3/dist-packages/oslo_config/cfg.py:2609
2026-01-29 00:35:32.144 170602 DEBUG oslo_service.service [req-7ac68dbb-616d-495c-ac01-0ed03d38a383 - - - - -] ironic.certfile = None log_opt_values /usr/lib/python3/dist-packages/oslo_config/cfg.py:2609
2026-01-29 00:35:32.145 170602 DEBUG oslo_service.service [req-7ac68dbb-616d-495c-ac01-0ed03d38a383 - - - - -] ironic.collect_timing = False log_opt_values /usr/lib/python3/dist-packages/oslo_config/cfg.py:2609
2026-01-29 00:35:32.145 170602 DEBUG oslo_service.service [req-7ac68dbb-616d-495c-ac01-0ed03d38a383 - - - - -] ironic.connect_retries = None log_opt_values /usr/lib/python3/dist-packages/oslo_config/cfg.py:2609
2026-01-29 00:35:32.145 170602 DEBUG oslo_service.service [req-7ac68dbb-616d-495c-ac01-0ed03d38a383 - - - - -] ironic.connect_retry_delay = None log_opt_values /usr/lib/python3/dist-packages/oslo_config/cfg.py:2609
2026-01-29 00:35:32.145 170602 DEBUG oslo_service.service [req-7ac68dbb-616d-495c-ac01-0ed03d38a383 - - - - -] ironic.endpoint_override = None log_opt_values /usr/lib/python3/dist-packages/oslo_config/cfg.py:2609
2026-01-29 00:35:32.145 170602 DEBUG oslo_service.service [req-7ac68dbb-616d-495c-ac01-0ed03d38a383 - - - - -] ironic.insecure = False log_opt_values /usr/lib/python3/dist-packages/oslo_config/cfg.py:2609
2026-01-29 00:35:32.145 170602 DEBUG oslo_service.service [req-7ac68dbb-616d-495c-ac01-0ed03d38a383 - - - - -] ironic.keyfile = None log_opt_values /usr/lib/python3/dist-packages/oslo_config/cfg.py:2609
2026-01-29 00:35:32.146 170602 DEBUG oslo_service.service [req-7ac68dbb-616d-495c-ac01-0ed03d38a383 - - - - -] ironic.max_version = None log_opt_values /usr/lib/python3/dist-packages/oslo_config/cfg.py:2609
2026-01-29 00:35:32.146 170602 DEBUG oslo_service.service [req-7ac68dbb-616d-495c-ac01-0ed03d38a383 - - - - -] ironic.min_version = None log_opt_values /usr/lib/python3/dist-packages/oslo_config/cfg.py:2609
2026-01-29 00:35:32.146 170602 DEBUG oslo_service.service [req-7ac68dbb-616d-495c-ac01-0ed03d38a383 - - - - -] ironic.partition_key = None log_opt_values /usr/lib/python3/dist-packages/oslo_config/cfg.py:2609
2026-01-29 00:35:32.146 170602 DEBUG oslo_service.service [req-7ac68dbb-616d-495c-ac01-0ed03d38a383 - - - - -] ironic.peer_list = [] log_opt_values /usr/lib/python3/dist-packages/oslo_config/cfg.py:2609
2026-01-29 00:35:32.146 170602 DEBUG oslo_service.service [req-7ac68dbb-616d-495c-ac01-0ed03d38a383 - - - - -] ironic.region_name = None log_opt_values /usr/lib/python3/dist-packages/oslo_config/cfg.py:2609
2026-01-29 00:35:32.146 170602 DEBUG oslo_service.service [req-7ac68dbb-616d-495c-ac01-0ed03d38a383 - - - - -] ironic.serial_console_state_timeout = 10 log_opt_values /usr/lib/python3/dist-packages/oslo_config/cfg.py:2609
2026-01-29 00:35:32.146 170602 DEBUG oslo_service.service [req-7ac68dbb-616d-495c-ac01-0ed03d38a383 - - - - -] ironic.service_name = None log_opt_values /usr/lib/python3/dist-packages/oslo_config/cfg.py:2609
2026-01-29 00:35:32.147 170602 DEBUG oslo_service.service [req-7ac68dbb-616d-495c-ac01-0ed03d38a383 - - - - -] ironic.service_type = baremetal log_opt_values /usr/lib/python3/dist-packages/oslo_config/cfg.py:2609
2026-01-29 00:35:32.147 170602 DEBUG oslo_service.service [req-7ac68dbb-616d-495c-ac01-0ed03d38a383 - - - - -] ironic.split_loggers = False log_opt_values /usr/lib/python3/dist-packages/oslo_config/cfg.py:2609
2026-01-29 00:35:32.147 170602 DEBUG oslo_service.service [req-7ac68dbb-616d-495c-ac01-0ed03d38a383 - - - - -] ironic.status_code_retries = None log_opt_values /usr/lib/python3/dist-packages/oslo_config/cfg.py:2609
2026-01-29 00:35:32.147 170602 DEBUG oslo_service.service [req-7ac68dbb-616d-495c-ac01-0ed03d38a383 - - - - -] ironic.status_code_retry_delay = None log_opt_values /usr/lib/python3/dist-packages/oslo_config/cfg.py:2609
2026-01-29 00:35:32.147 170602 DEBUG oslo_service.service [req-7ac68dbb-616d-495c-ac01-0ed03d38a383 - - - - -] ironic.timeout = None log_opt_values /usr/lib/python3/dist-packages/oslo_config/cfg.py:2609
2026-01-29 00:35:32.147 170602 DEBUG oslo_service.service [req-7ac68dbb-616d-495c-ac01-0ed03d38a383 - - - - -] ironic.valid_interfaces = ['internal', 'public'] log_opt_values /usr/lib/python3/dist-packages/oslo_config/cfg.py:2609
2026-01-29 00:35:32.148 170602 DEBUG oslo_service.service [req-7ac68dbb-616d-495c-ac01-0ed03d38a383 - - - - -] ironic.version = None log_opt_values /usr/lib/python3/dist-packages/oslo_config/cfg.py:2609
2026-01-29 00:35:32.148 170602 DEBUG oslo_service.service [req-7ac68dbb-616d-495c-ac01-0ed03d38a383 - - - - -] key_manager.backend = barbican log_opt_values /usr/lib/python3/dist-packages/oslo_config/cfg.py:2609
2026-01-29 00:35:32.148 170602 DEBUG oslo_service.service [req-7ac68dbb-616d-495c-ac01-0ed03d38a383 - - - - -] key_manager.fixed_key = **** log_opt_values /usr/lib/python3/dist-packages/oslo_config/cfg.py:2609
2026-01-29 00:35:32.148 170602 DEBUG oslo_service.service [req-7ac68dbb-616d-495c-ac01-0ed03d38a383 - - - - -] barbican.auth_endpoint = http://localhost/identity/v3 log_opt_values /usr/lib/python3/dist-packages/oslo_config/cfg.py:2609
2026-01-29 00:35:32.148 170602 DEBUG oslo_service.service [req-7ac68dbb-616d-495c-ac01-0ed03d38a383 - - - - -] barbican.barbican_api_version = None log_opt_values /usr/lib/python3/dist-packages/oslo_config/cfg.py:2609
