2026-01-29 01:55:09.723 7 DEBUG oslo_service.service [-] ml2_type_gre.tunnel_id_ranges = [] log_opt_values /var/lib/kolla/venv/lib/python3.6/site-packages/oslo_config/cfg.py:2611
2026-01-29 01:55:09.723 7 DEBUG oslo_service.service [-] ml2_type_vlan.network_vlan_ranges = [] log_opt_values /var/lib/kolla/venv/lib/python3.6/site-packages/oslo_config/cfg.py:2611
2026-01-29 01:55:09.723 7 DEBUG oslo_service.service [-] ml2_type_vxlan.vni_ranges = [] log_opt_values /var/lib/kolla/venv/lib/python3.6/site-packages/oslo_config/cfg.py:2611
2026-01-29 01:55:09.723 7 DEBUG oslo_service.service [-] ml2_type_vxlan.vxlan_group = None log_opt_values /var/lib/kolla/venv/lib/python3.6/site-packages/oslo_config/cfg.py:2611
2026-01-29 01:55:09.723 7 DEBUG oslo_service.service [-] database.backend = sqlalchemy log_opt_values /var/lib/kolla/venv/lib/python3.6/site-packages/oslo_config/cfg.py:2611
2026-01-29 01:55:09.723 7 DEBUG oslo_service.service [-] database.connection = **** log_opt_values /var/lib/kolla/venv/lib/python3.6/site-packages/oslo_config/cfg.py:2611
2026-01-29 01:55:09.723 7 DEBUG oslo_service.service [-] database.connection_debug = 0 log_opt_values /var/lib/kolla/venv/lib/python3.6/site-packages/oslo_config/cfg.py:2611
2026-01-29 01:55:09.723 7 DEBUG oslo_service.service [-] database.connection_parameters = log_opt_values /var/lib/kolla/venv/lib/python3.6/site-packages/oslo_config/cfg.py:2611
2026-01-29 01:55:09.723 7 DEBUG oslo_service.service [-] database.connection_recycle_time = 10 log_opt_values /var/lib/kolla/venv/lib/python3.6/site-packages/oslo_config/cfg.py:2611
2026-01-29 01:55:09.723 7 DEBUG oslo_service.service [-] database.connection_trace = False log_opt_values /var/lib/kolla/venv/lib/python3.6/site-packages/oslo_config/cfg.py:2611
2026-01-29 01:55:09.723 7 DEBUG oslo_service.service [-] database.db_inc_retry_interval = True log_opt_values /var/lib/kolla/venv/lib/python3.6/site-packages/oslo_config/cfg.py:2611
2026-01-29 01:55:09.723 7 DEBUG oslo_service.service [-] database.db_max_retries = 20 log_opt_values /var/lib/kolla/venv/lib/python3.6/site-packages/oslo_config/cfg.py:2611
2026-01-29 01:55:09.723 7 DEBUG oslo_service.service [-] database.db_max_retry_interval = 10 log_opt_values /var/lib/kolla/venv/lib/python3.6/site-packages/oslo_config/cfg.py:2611
2026-01-29 01:55:09.723 7 DEBUG oslo_service.service [-] database.db_retry_interval = 1 log_opt_values /var/lib/kolla/venv/lib/python3.6/site-packages/oslo_config/cfg.py:2611
2026-01-29 01:55:09.724 7 DEBUG oslo_service.service [-] database.max_overflow = 50 log_opt_values /var/lib/kolla/venv/lib/python3.6/site-packages/oslo_config/cfg.py:2611
2026-01-29 01:55:09.724 7 DEBUG oslo_service.service [-] database.max_pool_size = 1 log_opt_values /var/lib/kolla/venv/lib/python3.6/site-packages/oslo_config/cfg.py:2611
2026-01-29 01:55:09.724 7 DEBUG oslo_service.service [-] database.max_retries = -1 log_opt_values /var/lib/kolla/venv/lib/python3.6/site-packages/oslo_config/cfg.py:2611
2026-01-29 01:55:09.724 7 DEBUG oslo_service.service [-] database.mysql_enable_ndb = False log_opt_values /var/lib/kolla/venv/lib/python3.6/site-packages/oslo_config/cfg.py:2611
2026-01-29 01:55:09.724 7 DEBUG oslo_service.service [-] database.mysql_sql_mode = TRADITIONAL log_opt_values /var/lib/kolla/venv/lib/python3.6/site-packages/oslo_config/cfg.py:2611
2026-01-29 01:55:09.724 7 DEBUG oslo_service.service [-] database.pool_timeout = None log_opt_values /var/lib/kolla/venv/lib/python3.6/site-packages/oslo_config/cfg.py:2611
2026-01-29 01:55:09.724 7 DEBUG oslo_service.service [-] database.retry_interval = 10 log_opt_values /var/lib/kolla/venv/lib/python3.6/site-packages/oslo_config/cfg.py:2611
2026-01-29 01:55:09.724 7 DEBUG oslo_service.service [-] database.slave_connection = **** log_opt_values /var/lib/kolla/venv/lib/python3.6/site-packages/oslo_config/cfg.py:2611
2026-01-29 01:55:09.724 7 DEBUG oslo_service.service [-] database.sqlite_synchronous = True log_opt_values /var/lib/kolla/venv/lib/python3.6/site-packages/oslo_config/cfg.py:2611
2026-01-29 01:55:09.724 7 DEBUG oslo_service.service [-] database.use_db_reconnect = False log_opt_values /var/lib/kolla/venv/lib/python3.6/site-packages/oslo_config/cfg.py:2611
2026-01-29 01:55:09.724 7 DEBUG oslo_service.service [-] ******************************************************************************** log_opt_values /var/lib/kolla/venv/lib/python3.6/site-packages/oslo_config/cfg.py:2613
2026-01-29 01:55:10.995 22 DEBUG neutron.wsgi [-] (22) accepted ('10.0.0.50', 51964) server /var/lib/kolla/venv/lib/python3.6/site-packages/eventlet/wsgi.py:1004
2026-01-29 01:55:11.002 22 INFO neutron.wsgi [-] 10.0.0.50 "GET / HTTP/1.1" status: 200 len: 227 time: 0.0053246
2026-01-29 01:55:13.453 23 DEBUG neutron.api.rpc.handlers.dhcp_rpc [req-e0be7329-b745-423b-96fa-5a96bc8d202e - - - - -] get_active_networks_info from cn-jenkins-deploy-platform-ansible-os-5113-1 get_active_networks_info /var/lib/kolla/venv/lib/python3.6/site-packages/neutron/api/rpc/handlers/dhcp_rpc.py:159
2026-01-29 01:55:13.477 27 DEBUG neutron_lib.callbacks.manager [req-de45c471-2f38-4486-b30b-6627a934a27c - - - - -] Publish callbacks ['neutron.services.segments.db._update_segment_host_mapping_for_agent-8768834548800', 'neutron.services.l3_router.l3_router_plugin.DVRResourceOperationHandler.create_fip_agent_gw_ports-8318141'] for agent (04437d28-8709-47e9-a730-d572be282002), after_create _notify_loop /var/lib/kolla/venv/lib/python3.6/site-packages/neutron_lib/callbacks/manager.py:177
2026-01-29 01:55:13.500 23 DEBUG neutron.scheduler.dhcp_agent_scheduler [req-e0be7329-b745-423b-96fa-5a96bc8d202e - - - - -] No non-hosted networks auto_schedule_networks /var/lib/kolla/venv/lib/python3.6/site-packages/neutron/scheduler/dhcp_agent_scheduler.py:60
2026-01-29 01:55:32.647 28 DEBUG neutron_lib.callbacks.manager [req-3d33ab21-b408-44eb-a501-d05b0aedfa33 - - - - -] Publish callbacks ['neutron.services.segments.db._update_segment_host_mapping_for_agent-8768834548800', 'neutron.services.l3_router.l3_router_plugin.DVRResourceOperationHandler.create_fip_agent_gw_ports-8318141'] for agent (5c2d4959-191e-435c-ae34-b223d881c568), after_create _notify_loop /var/lib/kolla/venv/lib/python3.6/site-packages/neutron_lib/callbacks/manager.py:177
2026-01-29 01:55:41.047 22 DEBUG neutron.wsgi [-] (22) accepted ('10.0.0.50', 60402) server /var/lib/kolla/venv/lib/python3.6/site-packages/eventlet/wsgi.py:1004
2026-01-29 01:55:41.051 22 INFO neutron.wsgi [-] 10.0.0.50 "GET / HTTP/1.1" status: 200 len: 227 time: 0.0034089
2026-01-29 01:55:43.467 26 DEBUG neutron_lib.callbacks.manager [req-3676f2eb-8fe0-4d79-a1ab-fcb413b3daaa - - - - -] Publish callbacks ['neutron.services.segments.db._update_segment_host_mapping_for_agent-8768834548800', 'neutron.plugins.ml2.plugin.Ml2Plugin._retry_binding_revived_agents--9223372036853868101'] for agent (04437d28-8709-47e9-a730-d572be282002), after_update _notify_loop /var/lib/kolla/venv/lib/python3.6/site-packages/neutron_lib/callbacks/manager.py:177
2026-01-29 01:55:58.680 29 DEBUG neutron.db.agents_db [req-e1797645-3e79-44f4-a4a1-084276a48681 - - - - -] Agent healthcheck: found 2 active agents agent_health_check /var/lib/kolla/venv/lib/python3.6/site-packages/neutron/db/agents_db.py:318
2026-01-29 01:56:02.633 25 DEBUG neutron_lib.callbacks.manager [req-3d33ab21-b408-44eb-a501-d05b0aedfa33 - - - - -] Publish callbacks ['neutron.services.segments.db._update_segment_host_mapping_for_agent-8768834548800', 'neutron.plugins.ml2.plugin.Ml2Plugin._retry_binding_revived_agents--9223372036853868101'] for agent (5c2d4959-191e-435c-ae34-b223d881c568), after_update _notify_loop /var/lib/kolla/venv/lib/python3.6/site-packages/neutron_lib/callbacks/manager.py:177
2026-01-29 01:56:11.100 22 DEBUG neutron.wsgi [-] (22) accepted ('10.0.0.50', 36392) server /var/lib/kolla/venv/lib/python3.6/site-packages/eventlet/wsgi.py:1004
2026-01-29 01:56:11.104 22 INFO neutron.wsgi [-] 10.0.0.50 "GET / HTTP/1.1" status: 200 len: 227 time: 0.0029969
2026-01-29 01:56:13.457 24 DEBUG neutron_lib.callbacks.manager [req-687fa657-21a5-4820-9d4f-7d945546c40b - - - - -] Publish callbacks ['neutron.services.segments.db._update_segment_host_mapping_for_agent-8768834548800', 'neutron.plugins.ml2.plugin.Ml2Plugin._retry_binding_revived_agents--9223372036853868101'] for agent (04437d28-8709-47e9-a730-d572be282002), after_update _notify_loop /var/lib/kolla/venv/lib/python3.6/site-packages/neutron_lib/callbacks/manager.py:177
2026-01-29 01:56:32.623 23 DEBUG neutron_lib.callbacks.manager [req-3d33ab21-b408-44eb-a501-d05b0aedfa33 - - - - -] Publish callbacks ['neutron.services.segments.db._update_segment_host_mapping_for_agent-8768834548800', 'neutron.plugins.ml2.plugin.Ml2Plugin._retry_binding_revived_agents--9223372036853868101'] for agent (5c2d4959-191e-435c-ae34-b223d881c568), after_update _notify_loop /var/lib/kolla/venv/lib/python3.6/site-packages/neutron_lib/callbacks/manager.py:177
2026-01-29 01:56:35.677 29 DEBUG neutron.db.agents_db [req-e1797645-3e79-44f4-a4a1-084276a48681 - - - - -] Agent healthcheck: found 2 active agents agent_health_check /var/lib/kolla/venv/lib/python3.6/site-packages/neutron/db/agents_db.py:318
2026-01-29 01:56:41.151 22 DEBUG neutron.wsgi [-] (22) accepted ('10.0.0.50', 60168) server /var/lib/kolla/venv/lib/python3.6/site-packages/eventlet/wsgi.py:1004
2026-01-29 01:56:41.154 22 INFO neutron.wsgi [-] 10.0.0.50 "GET / HTTP/1.1" status: 200 len: 227 time: 0.0029116
2026-01-29 01:56:43.442 27 DEBUG neutron_lib.callbacks.manager [req-26db1688-ad2f-439c-9c21-4dbe1d8bad93 - - - - -] Publish callbacks ['neutron.services.segments.db._update_segment_host_mapping_for_agent-8768834548800', 'neutron.plugins.ml2.plugin.Ml2Plugin._retry_binding_revived_agents--9223372036853868101'] for agent (04437d28-8709-47e9-a730-d572be282002), after_update _notify_loop /var/lib/kolla/venv/lib/python3.6/site-packages/neutron_lib/callbacks/manager.py:177
2026-01-29 01:57:02.669 28 DEBUG neutron_lib.callbacks.manager [req-3d33ab21-b408-44eb-a501-d05b0aedfa33 - - - - -] Publish callbacks ['neutron.services.segments.db._update_segment_host_mapping_for_agent-8768834548800', 'neutron.plugins.ml2.plugin.Ml2Plugin._retry_binding_revived_agents--9223372036853868101'] for agent (5c2d4959-191e-435c-ae34-b223d881c568), after_update _notify_loop /var/lib/kolla/venv/lib/python3.6/site-packages/neutron_lib/callbacks/manager.py:177
2026-01-29 01:57:11.201 22 DEBUG neutron.wsgi [-] (22) accepted ('10.0.0.50', 54472) server /var/lib/kolla/venv/lib/python3.6/site-packages/eventlet/wsgi.py:1004
2026-01-29 01:57:11.205 22 INFO neutron.wsgi [-] 10.0.0.50 "GET / HTTP/1.1" status: 200 len: 227 time: 0.0029438
2026-01-29 01:57:12.683 29 DEBUG neutron.db.agents_db [req-e1797645-3e79-44f4-a4a1-084276a48681 - - - - -] Agent healthcheck: found 2 active agents agent_health_check /var/lib/kolla/venv/lib/python3.6/site-packages/neutron/db/agents_db.py:318
2026-01-29 01:57:13.440 26 DEBUG neutron_lib.callbacks.manager [req-d9555d56-30d7-4cc7-8da4-14c536fa3e95 - - - - -] Publish callbacks ['neutron.services.segments.db._update_segment_host_mapping_for_agent-8768834548800', 'neutron.plugins.ml2.plugin.Ml2Plugin._retry_binding_revived_agents--9223372036853868101'] for agent (04437d28-8709-47e9-a730-d572be282002), after_update _notify_loop /var/lib/kolla/venv/lib/python3.6/site-packages/neutron_lib/callbacks/manager.py:177
2026-01-29 01:57:32.619 25 DEBUG neutron_lib.callbacks.manager [req-3d33ab21-b408-44eb-a501-d05b0aedfa33 - - - - -] Publish callbacks ['neutron.services.segments.db._update_segment_host_mapping_for_agent-8768834548800', 'neutron.plugins.ml2.plugin.Ml2Plugin._retry_binding_revived_agents--9223372036853868101'] for agent (5c2d4959-191e-435c-ae34-b223d881c568), after_update _notify_loop /var/lib/kolla/venv/lib/python3.6/site-packages/neutron_lib/callbacks/manager.py:177
2026-01-29 01:57:41.253 22 DEBUG neutron.wsgi [-] (22) accepted ('10.0.0.50', 52170) server /var/lib/kolla/venv/lib/python3.6/site-packages/eventlet/wsgi.py:1004
2026-01-29 01:57:41.258 22 INFO neutron.wsgi [-] 10.0.0.50 "GET / HTTP/1.1" status: 200 len: 227 time: 0.0050344
2026-01-29 01:57:43.440 24 DEBUG neutron_lib.callbacks.manager [req-483fb2f1-0d49-4ae3-9808-51479cfbdcb2 - - - - -] Publish callbacks ['neutron.services.segments.db._update_segment_host_mapping_for_agent-8768834548800', 'neutron.plugins.ml2.plugin.Ml2Plugin._retry_binding_revived_agents--9223372036853868101'] for agent (04437d28-8709-47e9-a730-d572be282002), after_update _notify_loop /var/lib/kolla/venv/lib/python3.6/site-packages/neutron_lib/callbacks/manager.py:177
2026-01-29 01:57:49.692 29 DEBUG neutron.db.agents_db [req-e1797645-3e79-44f4-a4a1-084276a48681 - - - - -] Agent healthcheck: found 2 active agents agent_health_check /var/lib/kolla/venv/lib/python3.6/site-packages/neutron/db/agents_db.py:318
2026-01-29 01:58:02.622 23 DEBUG neutron_lib.callbacks.manager [req-3d33ab21-b408-44eb-a501-d05b0aedfa33 - - - - -] Publish callbacks ['neutron.services.segments.db._update_segment_host_mapping_for_agent-8768834548800', 'neutron.plugins.ml2.plugin.Ml2Plugin._retry_binding_revived_agents--9223372036853868101'] for agent (5c2d4959-191e-435c-ae34-b223d881c568), after_update _notify_loop /var/lib/kolla/venv/lib/python3.6/site-packages/neutron_lib/callbacks/manager.py:177
2026-01-29 01:58:11.304 22 DEBUG neutron.wsgi [-] (22) accepted ('10.0.0.50', 54546) server /var/lib/kolla/venv/lib/python3.6/site-packages/eventlet/wsgi.py:1004
2026-01-29 01:58:11.307 22 INFO neutron.wsgi [-] 10.0.0.50 "GET / HTTP/1.1" status: 200 len: 227 time: 0.0028677
2026-01-29 01:58:13.437 27 DEBUG neutron_lib.callbacks.manager [req-e1560042-8798-4d49-9a3a-ef191da7e78f - - - - -] Publish callbacks ['neutron.services.segments.db._update_segment_host_mapping_for_agent-8768834548800', 'neutron.plugins.ml2.plugin.Ml2Plugin._retry_binding_revived_agents--9223372036853868101'] for agent (04437d28-8709-47e9-a730-d572be282002), after_update _notify_loop /var/lib/kolla/venv/lib/python3.6/site-packages/neutron_lib/callbacks/manager.py:177
2026-01-29 01:58:26.690 29 DEBUG neutron.db.agents_db [req-e1797645-3e79-44f4-a4a1-084276a48681 - - - - -] Agent healthcheck: found 2 active agents agent_health_check /var/lib/kolla/venv/lib/python3.6/site-packages/neutron/db/agents_db.py:318
2026-01-29 01:58:32.624 28 DEBUG neutron_lib.callbacks.manager [req-3d33ab21-b408-44eb-a501-d05b0aedfa33 - - - - -] Publish callbacks ['neutron.services.segments.db._update_segment_host_mapping_for_agent-8768834548800', 'neutron.plugins.ml2.plugin.Ml2Plugin._retry_binding_revived_agents--9223372036853868101'] for agent (5c2d4959-191e-435c-ae34-b223d881c568), after_update _notify_loop /var/lib/kolla/venv/lib/python3.6/site-packages/neutron_lib/callbacks/manager.py:177
2026-01-29 01:58:41.353 22 DEBUG neutron.wsgi [-] (22) accepted ('10.0.0.50', 49592) server /var/lib/kolla/venv/lib/python3.6/site-packages/eventlet/wsgi.py:1004
2026-01-29 01:58:41.357 22 INFO neutron.wsgi [-] 10.0.0.50 "GET / HTTP/1.1" status: 200 len: 227 time: 0.0032489
2026-01-29 01:58:43.433 26 DEBUG neutron_lib.callbacks.manager [req-e3095fb7-cd39-4f63-85a8-c039b883d608 - - - - -] Publish callbacks ['neutron.services.segments.db._update_segment_host_mapping_for_agent-8768834548800', 'neutron.plugins.ml2.plugin.Ml2Plugin._retry_binding_revived_agents--9223372036853868101'] for agent (04437d28-8709-47e9-a730-d572be282002), after_update _notify_loop /var/lib/kolla/venv/lib/python3.6/site-packages/neutron_lib/callbacks/manager.py:177
2026-01-29 01:59:02.626 25 DEBUG neutron_lib.callbacks.manager [req-3d33ab21-b408-44eb-a501-d05b0aedfa33 - - - - -] Publish callbacks ['neutron.services.segments.db._update_segment_host_mapping_for_agent-8768834548800', 'neutron.plugins.ml2.plugin.Ml2Plugin._retry_binding_revived_agents--9223372036853868101'] for agent (5c2d4959-191e-435c-ae34-b223d881c568), after_update _notify_loop /var/lib/kolla/venv/lib/python3.6/site-packages/neutron_lib/callbacks/manager.py:177
2026-01-29 01:59:03.696 29 DEBUG neutron.db.agents_db [req-e1797645-3e79-44f4-a4a1-084276a48681 - - - - -] Agent healthcheck: found 2 active agents agent_health_check /var/lib/kolla/venv/lib/python3.6/site-packages/neutron/db/agents_db.py:318
2026-01-29 01:59:11.401 22 DEBUG neutron.wsgi [-] (22) accepted ('10.0.0.50', 50424) server /var/lib/kolla/venv/lib/python3.6/site-packages/eventlet/wsgi.py:1004
2026-01-29 01:59:11.405 22 INFO neutron.wsgi [-] 10.0.0.50 "GET / HTTP/1.1" status: 200 len: 227 time: 0.0030694
2026-01-29 01:59:13.431 24 DEBUG neutron_lib.callbacks.manager [req-68d2f7ee-c4bb-466c-9bc3-a81dbe65f746 - - - - -] Publish callbacks ['neutron.services.segments.db._update_segment_host_mapping_for_agent-8768834548800', 'neutron.plugins.ml2.plugin.Ml2Plugin._retry_binding_revived_agents--9223372036853868101'] for agent (04437d28-8709-47e9-a730-d572be282002), after_update _notify_loop /var/lib/kolla/venv/lib/python3.6/site-packages/neutron_lib/callbacks/manager.py:177
2026-01-29 01:59:32.630 23 DEBUG neutron_lib.callbacks.manager [req-3d33ab21-b408-44eb-a501-d05b0aedfa33 - - - - -] Publish callbacks ['neutron.services.segments.db._update_segment_host_mapping_for_agent-8768834548800', 'neutron.plugins.ml2.plugin.Ml2Plugin._retry_binding_revived_agents--9223372036853868101'] for agent (5c2d4959-191e-435c-ae34-b223d881c568), after_update _notify_loop /var/lib/kolla/venv/lib/python3.6/site-packages/neutron_lib/callbacks/manager.py:177
2026-01-29 01:59:40.702 29 DEBUG neutron.db.agents_db [req-e1797645-3e79-44f4-a4a1-084276a48681 - - - - -] Agent healthcheck: found 2 active agents agent_health_check /var/lib/kolla/venv/lib/python3.6/site-packages/neutron/db/agents_db.py:318
2026-01-29 01:59:41.450 22 DEBUG neutron.wsgi [-] (22) accepted ('10.0.0.50', 39852) server /var/lib/kolla/venv/lib/python3.6/site-packages/eventlet/wsgi.py:1004
2026-01-29 01:59:41.454 22 INFO neutron.wsgi [-] 10.0.0.50 "GET / HTTP/1.1" status: 200 len: 227 time: 0.0031617
2026-01-29 01:59:43.428 27 DEBUG neutron_lib.callbacks.manager [req-73dbc835-5d3c-4e56-8433-8ade65408b3f - - - - -] Publish callbacks ['neutron.services.segments.db._update_segment_host_mapping_for_agent-8768834548800', 'neutron.plugins.ml2.plugin.Ml2Plugin._retry_binding_revived_agents--9223372036853868101'] for agent (04437d28-8709-47e9-a730-d572be282002), after_update _notify_loop /var/lib/kolla/venv/lib/python3.6/site-packages/neutron_lib/callbacks/manager.py:177
2026-01-29 02:00:02.638 28 DEBUG neutron_lib.callbacks.manager [req-3d33ab21-b408-44eb-a501-d05b0aedfa33 - - - - -] Publish callbacks ['neutron.services.segments.db._update_segment_host_mapping_for_agent-8768834548800', 'neutron.plugins.ml2.plugin.Ml2Plugin._retry_binding_revived_agents--9223372036853868101'] for agent (5c2d4959-191e-435c-ae34-b223d881c568), after_update _notify_loop /var/lib/kolla/venv/lib/python3.6/site-packages/neutron_lib/callbacks/manager.py:177
2026-01-29 02:00:11.500 22 DEBUG neutron.wsgi [-] (22) accepted ('10.0.0.50', 56576) server /var/lib/kolla/venv/lib/python3.6/site-packages/eventlet/wsgi.py:1004
2026-01-29 02:00:11.505 22 INFO neutron.wsgi [-] 10.0.0.50 "GET / HTTP/1.1" status: 200 len: 227 time: 0.0036204
2026-01-29 02:00:13.426 26 DEBUG neutron_lib.callbacks.manager [req-116fe13e-c53a-4b95-ae94-89bf54e82a8d - - - - -] Publish callbacks ['neutron.services.segments.db._update_segment_host_mapping_for_agent-8768834548800', 'neutron.plugins.ml2.plugin.Ml2Plugin._retry_binding_revived_agents--9223372036853868101'] for agent (04437d28-8709-47e9-a730-d572be282002), after_update _notify_loop /var/lib/kolla/venv/lib/python3.6/site-packages/neutron_lib/callbacks/manager.py:177
2026-01-29 02:00:17.710 29 DEBUG neutron.db.agents_db [req-e1797645-3e79-44f4-a4a1-084276a48681 - - - - -] Agent healthcheck: found 2 active agents agent_health_check /var/lib/kolla/venv/lib/python3.6/site-packages/neutron/db/agents_db.py:318
2026-01-29 02:00:32.634 25 DEBUG neutron_lib.callbacks.manager [req-3d33ab21-b408-44eb-a501-d05b0aedfa33 - - - - -] Publish callbacks ['neutron.services.segments.db._update_segment_host_mapping_for_agent-8768834548800', 'neutron.plugins.ml2.plugin.Ml2Plugin._retry_binding_revived_agents--9223372036853868101'] for agent (5c2d4959-191e-435c-ae34-b223d881c568), after_update _notify_loop /var/lib/kolla/venv/lib/python3.6/site-packages/neutron_lib/callbacks/manager.py:177
2026-01-29 02:00:41.559 22 DEBUG neutron.wsgi [-] (22) accepted ('10.0.0.50', 41698) server /var/lib/kolla/venv/lib/python3.6/site-packages/eventlet/wsgi.py:1004
2026-01-29 02:00:41.564 22 INFO neutron.wsgi [-] 10.0.0.50 "GET / HTTP/1.1" status: 200 len: 227 time: 0.0030460
2026-01-29 02:00:43.429 24 DEBUG neutron_lib.callbacks.manager [req-4dc04ed2-b9e6-40ea-ade9-831dfef24b80 - - - - -] Publish callbacks ['neutron.services.segments.db._update_segment_host_mapping_for_agent-8768834548800', 'neutron.plugins.ml2.plugin.Ml2Plugin._retry_binding_revived_agents--9223372036853868101'] for agent (04437d28-8709-47e9-a730-d572be282002), after_update _notify_loop /var/lib/kolla/venv/lib/python3.6/site-packages/neutron_lib/callbacks/manager.py:177
2026-01-29 02:00:54.717 29 DEBUG neutron.db.agents_db [req-e1797645-3e79-44f4-a4a1-084276a48681 - - - - -] Agent healthcheck: found 2 active agents agent_health_check /var/lib/kolla/venv/lib/python3.6/site-packages/neutron/db/agents_db.py:318
2026-01-29 02:01:02.637 23 DEBUG neutron_lib.callbacks.manager [req-3d33ab21-b408-44eb-a501-d05b0aedfa33 - - - - -] Publish callbacks ['neutron.services.segments.db._update_segment_host_mapping_for_agent-8768834548800', 'neutron.plugins.ml2.plugin.Ml2Plugin._retry_binding_revived_agents--9223372036853868101'] for agent (5c2d4959-191e-435c-ae34-b223d881c568), after_update _notify_loop /var/lib/kolla/venv/lib/python3.6/site-packages/neutron_lib/callbacks/manager.py:177
2026-01-29 02:01:11.613 22 DEBUG neutron.wsgi [-] (22) accepted ('10.0.0.50', 49670) server /var/lib/kolla/venv/lib/python3.6/site-packages/eventlet/wsgi.py:1004
2026-01-29 02:01:11.617 22 INFO neutron.wsgi [-] 10.0.0.50 "GET / HTTP/1.1" status: 200 len: 227 time: 0.0031152
2026-01-29 02:01:13.429 27 DEBUG neutron_lib.callbacks.manager [req-36c98d9e-a2dd-46e5-8865-3cb5475f518a - - - - -] Publish callbacks ['neutron.services.segments.db._update_segment_host_mapping_for_agent-8768834548800', 'neutron.plugins.ml2.plugin.Ml2Plugin._retry_binding_revived_agents--9223372036853868101'] for agent (04437d28-8709-47e9-a730-d572be282002), after_update _notify_loop /var/lib/kolla/venv/lib/python3.6/site-packages/neutron_lib/callbacks/manager.py:177
2026-01-29 02:01:31.716 29 DEBUG neutron.db.agents_db [req-e1797645-3e79-44f4-a4a1-084276a48681 - - - - -] Agent healthcheck: found 2 active agents agent_health_check /var/lib/kolla/venv/lib/python3.6/site-packages/neutron/db/agents_db.py:318
2026-01-29 02:01:32.642 28 DEBUG neutron_lib.callbacks.manager [req-3d33ab21-b408-44eb-a501-d05b0aedfa33 - - - - -] Publish callbacks ['neutron.services.segments.db._update_segment_host_mapping_for_agent-8768834548800', 'neutron.plugins.ml2.plugin.Ml2Plugin._retry_binding_revived_agents--9223372036853868101'] for agent (5c2d4959-191e-435c-ae34-b223d881c568), after_update _notify_loop /var/lib/kolla/venv/lib/python3.6/site-packages/neutron_lib/callbacks/manager.py:177
2026-01-29 02:01:41.710 22 DEBUG neutron.wsgi [-] (22) accepted ('10.0.0.50', 37938) server /var/lib/kolla/venv/lib/python3.6/site-packages/eventlet/wsgi.py:1004
2026-01-29 02:01:41.714 22 INFO neutron.wsgi [-] 10.0.0.50 "GET / HTTP/1.1" status: 200 len: 227 time: 0.0030158
2026-01-29 02:01:43.426 26 DEBUG neutron_lib.callbacks.manager [req-144db8d5-d357-45b8-aeeb-ddb593c8cace - - - - -] Publish callbacks ['neutron.services.segments.db._update_segment_host_mapping_for_agent-8768834548800', 'neutron.plugins.ml2.plugin.Ml2Plugin._retry_binding_revived_agents--9223372036853868101'] for agent (04437d28-8709-47e9-a730-d572be282002), after_update _notify_loop /var/lib/kolla/venv/lib/python3.6/site-packages/neutron_lib/callbacks/manager.py:177
2026-01-29 02:02:02.641 25 DEBUG neutron_lib.callbacks.manager [req-3d33ab21-b408-44eb-a501-d05b0aedfa33 - - - - -] Publish callbacks ['neutron.services.segments.db._update_segment_host_mapping_for_agent-8768834548800', 'neutron.plugins.ml2.plugin.Ml2Plugin._retry_binding_revived_agents--9223372036853868101'] for agent (5c2d4959-191e-435c-ae34-b223d881c568), after_update _notify_loop /var/lib/kolla/venv/lib/python3.6/site-packages/neutron_lib/callbacks/manager.py:177
2026-01-29 02:02:08.714 29 DEBUG neutron.db.agents_db [req-e1797645-3e79-44f4-a4a1-084276a48681 - - - - -] Agent healthcheck: found 2 active agents agent_health_check /var/lib/kolla/venv/lib/python3.6/site-packages/neutron/db/agents_db.py:318
2026-01-29 02:02:11.763 22 DEBUG neutron.wsgi [-] (22) accepted ('10.0.0.50', 41132) server /var/lib/kolla/venv/lib/python3.6/site-packages/eventlet/wsgi.py:1004
2026-01-29 02:02:11.767 22 INFO neutron.wsgi [-] 10.0.0.50 "GET / HTTP/1.1" status: 200 len: 227 time: 0.0033724
2026-01-29 02:02:13.428 24 DEBUG neutron_lib.callbacks.manager [req-9662e889-7928-4020-8782-94493c26c85d - - - - -] Publish callbacks ['neutron.services.segments.db._update_segment_host_mapping_for_agent-8768834548800', 'neutron.plugins.ml2.plugin.Ml2Plugin._retry_binding_revived_agents--9223372036853868101'] for agent (04437d28-8709-47e9-a730-d572be282002), after_update _notify_loop /var/lib/kolla/venv/lib/python3.6/site-packages/neutron_lib/callbacks/manager.py:177
2026-01-29 02:02:32.646 23 DEBUG neutron_lib.callbacks.manager [req-3d33ab21-b408-44eb-a501-d05b0aedfa33 - - - - -] Publish callbacks ['neutron.services.segments.db._update_segment_host_mapping_for_agent-8768834548800', 'neutron.plugins.ml2.plugin.Ml2Plugin._retry_binding_revived_agents--9223372036853868101'] for agent (5c2d4959-191e-435c-ae34-b223d881c568), after_update _notify_loop /var/lib/kolla/venv/lib/python3.6/site-packages/neutron_lib/callbacks/manager.py:177
2026-01-29 02:02:41.819 22 DEBUG neutron.wsgi [-] (22) accepted ('10.0.0.50', 39760) server /var/lib/kolla/venv/lib/python3.6/site-packages/eventlet/wsgi.py:1004
2026-01-29 02:02:41.826 22 INFO neutron.wsgi [-] 10.0.0.50 "GET / HTTP/1.1" status: 200 len: 227 time: 0.0051947
2026-01-29 02:02:43.430 27 DEBUG neutron_lib.callbacks.manager [req-e00b932e-24df-4123-805b-5b13aa935c3b - - - - -] Publish callbacks ['neutron.services.segments.db._update_segment_host_mapping_for_agent-8768834548800', 'neutron.plugins.ml2.plugin.Ml2Plugin._retry_binding_revived_agents--9223372036853868101'] for agent (04437d28-8709-47e9-a730-d572be282002), after_update _notify_loop /var/lib/kolla/venv/lib/python3.6/site-packages/neutron_lib/callbacks/manager.py:177
2026-01-29 02:02:45.711 29 DEBUG neutron.db.agents_db [req-e1797645-3e79-44f4-a4a1-084276a48681 - - - - -] Agent healthcheck: found 2 active agents agent_health_check /var/lib/kolla/venv/lib/python3.6/site-packages/neutron/db/agents_db.py:318
2026-01-29 02:03:02.648 28 DEBUG neutron_lib.callbacks.manager [req-3d33ab21-b408-44eb-a501-d05b0aedfa33 - - - - -] Publish callbacks ['neutron.services.segments.db._update_segment_host_mapping_for_agent-8768834548800', 'neutron.plugins.ml2.plugin.Ml2Plugin._retry_binding_revived_agents--9223372036853868101'] for agent (5c2d4959-191e-435c-ae34-b223d881c568), after_update _notify_loop /var/lib/kolla/venv/lib/python3.6/site-packages/neutron_lib/callbacks/manager.py:177
2026-01-29 02:03:11.879 22 DEBUG neutron.wsgi [-] (22) accepted ('10.0.0.50', 59576) server /var/lib/kolla/venv/lib/python3.6/site-packages/eventlet/wsgi.py:1004
2026-01-29 02:03:11.884 22 INFO neutron.wsgi [-] 10.0.0.50 "GET / HTTP/1.1" status: 200 len: 227 time: 0.0039284
2026-01-29 02:03:13.435 26 DEBUG neutron_lib.callbacks.manager [req-fc36134c-97a1-4271-a626-edcf18ff379e - - - - -] Publish callbacks ['neutron.services.segments.db._update_segment_host_mapping_for_agent-8768834548800', 'neutron.plugins.ml2.plugin.Ml2Plugin._retry_binding_revived_agents--9223372036853868101'] for agent (04437d28-8709-47e9-a730-d572be282002), after_update _notify_loop /var/lib/kolla/venv/lib/python3.6/site-packages/neutron_lib/callbacks/manager.py:177
2026-01-29 02:03:22.720 29 DEBUG neutron.db.agents_db [req-e1797645-3e79-44f4-a4a1-084276a48681 - - - - -] Agent healthcheck: found 2 active agents agent_health_check /var/lib/kolla/venv/lib/python3.6/site-packages/neutron/db/agents_db.py:318
2026-01-29 02:03:32.659 25 DEBUG neutron_lib.callbacks.manager [req-3d33ab21-b408-44eb-a501-d05b0aedfa33 - - - - -] Publish callbacks ['neutron.services.segments.db._update_segment_host_mapping_for_agent-8768834548800', 'neutron.plugins.ml2.plugin.Ml2Plugin._retry_binding_revived_agents--9223372036853868101'] for agent (5c2d4959-191e-435c-ae34-b223d881c568), after_update _notify_loop /var/lib/kolla/venv/lib/python3.6/site-packages/neutron_lib/callbacks/manager.py:177
2026-01-29 02:03:41.935 22 DEBUG neutron.wsgi [-] (22) accepted ('10.0.0.50', 47308) server /var/lib/kolla/venv/lib/python3.6/site-packages/eventlet/wsgi.py:1004
2026-01-29 02:03:41.939 22 INFO neutron.wsgi [-] 10.0.0.50 "GET / HTTP/1.1" status: 200 len: 227 time: 0.0031080
2026-01-29 02:03:43.435 24 DEBUG neutron_lib.callbacks.manager [req-b213a9eb-1b15-4161-a0af-79f1724dbbe2 - - - - -] Publish callbacks ['neutron.services.segments.db._update_segment_host_mapping_for_agent-8768834548800', 'neutron.plugins.ml2.plugin.Ml2Plugin._retry_binding_revived_agents--9223372036853868101'] for agent (04437d28-8709-47e9-a730-d572be282002), after_update _notify_loop /var/lib/kolla/venv/lib/python3.6/site-packages/neutron_lib/callbacks/manager.py:177
2026-01-29 02:03:59.718 29 DEBUG neutron.db.agents_db [req-e1797645-3e79-44f4-a4a1-084276a48681 - - - - -] Agent healthcheck: found 2 active agents agent_health_check /var/lib/kolla/venv/lib/python3.6/site-packages/neutron/db/agents_db.py:318
2026-01-29 02:04:02.652 23 DEBUG neutron_lib.callbacks.manager [req-3d33ab21-b408-44eb-a501-d05b0aedfa33 - - - - -] Publish callbacks ['neutron.services.segments.db._update_segment_host_mapping_for_agent-8768834548800', 'neutron.plugins.ml2.plugin.Ml2Plugin._retry_binding_revived_agents--9223372036853868101'] for agent (5c2d4959-191e-435c-ae34-b223d881c568), after_update _notify_loop /var/lib/kolla/venv/lib/python3.6/site-packages/neutron_lib/callbacks/manager.py:177
2026-01-29 02:04:11.933 7 INFO oslo_service.service [-] Caught SIGTERM, stopping children
2026-01-29 02:04:11.933 7 DEBUG oslo_concurrency.lockutils [-] Acquired lock "singleton_lock" lock /var/lib/kolla/venv/lib/python3.6/site-packages/oslo_concurrency/lockutils.py:294
2026-01-29 02:04:11.933 7 DEBUG oslo_concurrency.lockutils [-] Releasing lock "singleton_lock" lock /var/lib/kolla/venv/lib/python3.6/site-packages/oslo_concurrency/lockutils.py:312
2026-01-29 02:04:11.934 7 DEBUG oslo_service.service [-] Stop services. stop /var/lib/kolla/venv/lib/python3.6/site-packages/oslo_service/service.py:695
2026-01-29 02:04:11.934 7 DEBUG neutron.service [-] calling RpcWorker stop() stop /var/lib/kolla/venv/lib/python3.6/site-packages/neutron/service.py:138
2026-01-29 02:04:11.934 7 DEBUG neutron.service [-] calling RpcWorker stop() stop /var/lib/kolla/venv/lib/python3.6/site-packages/neutron/service.py:138
2026-01-29 02:04:11.934 7 DEBUG oslo_service.service [-] Killing children. stop /var/lib/kolla/venv/lib/python3.6/site-packages/oslo_service/service.py:700
2026-01-29 02:04:11.934 7 INFO oslo_service.service [-] Waiting on 8 children to exit
2026-01-29 02:04:11.935 22 INFO neutron.wsgi [-] (22) wsgi exited, is_accepting=True
2026-01-29 02:04:11.935 24 DEBUG neutron.service [-] calling RpcWorker stop() stop /var/lib/kolla/venv/lib/python3.6/site-packages/neutron/service.py:138
2026-01-29 02:04:11.935 25 DEBUG neutron.service [-] calling RpcWorker stop() stop /var/lib/kolla/venv/lib/python3.6/site-packages/neutron/service.py:138
2026-01-29 02:04:11.935 22 DEBUG oslo_concurrency.lockutils [req-ca6ef788-100a-4a40-920c-f2fb94a6c9e3 - - - - -] Acquired lock "singleton_lock" lock /var/lib/kolla/venv/lib/python3.6/site-packages/oslo_concurrency/lockutils.py:294
2026-01-29 02:04:11.936 22 DEBUG oslo_concurrency.lockutils [req-ca6ef788-100a-4a40-920c-f2fb94a6c9e3 - - - - -] Releasing lock "singleton_lock" lock /var/lib/kolla/venv/lib/python3.6/site-packages/oslo_concurrency/lockutils.py:312
2026-01-29 02:04:11.935 24 DEBUG neutron.service [-] calling stop on stop /var/lib/kolla/venv/lib/python3.6/site-packages/neutron/service.py:141
2026-01-29 02:04:11.935 25 DEBUG neutron.service [-] calling stop on stop /var/lib/kolla/venv/lib/python3.6/site-packages/neutron/service.py:141
2026-01-29 02:04:11.939 26 DEBUG neutron.service [-] calling RpcWorker stop() stop /var/lib/kolla/venv/lib/python3.6/site-packages/neutron/service.py:138
2026-01-29 02:04:11.939 29 DEBUG neutron.service [-] calling RpcWorker stop() stop /var/lib/kolla/venv/lib/python3.6/site-packages/neutron/service.py:138
2026-01-29 02:04:11.940 23 DEBUG neutron.service [-] calling RpcWorker stop() stop /var/lib/kolla/venv/lib/python3.6/site-packages/neutron/service.py:138
2026-01-29 02:04:11.940 29 DEBUG neutron.service [-] calling stop on stop /var/lib/kolla/venv/lib/python3.6/site-packages/neutron/service.py:141
2026-01-29 02:04:11.941 7 INFO oslo_service.service [-] Child 22 exited with status 0
2026-01-29 02:04:11.941 23 DEBUG neutron.service [-] calling stop on stop /var/lib/kolla/venv/lib/python3.6/site-packages/neutron/service.py:141
2026-01-29 02:04:11.939 26 DEBUG neutron.service [-] calling stop on stop /var/lib/kolla/venv/lib/python3.6/site-packages/neutron/service.py:141
2026-01-29 02:04:11.942 27 DEBUG neutron.service [-] calling RpcWorker stop() stop /var/lib/kolla/venv/lib/python3.6/site-packages/neutron/service.py:138
2026-01-29 02:04:11.943 27 DEBUG neutron.service [-] calling stop on stop /var/lib/kolla/venv/lib/python3.6/site-packages/neutron/service.py:141
2026-01-29 02:04:11.953 28 DEBUG neutron.service [-] calling RpcWorker stop() stop /var/lib/kolla/venv/lib/python3.6/site-packages/neutron/service.py:138
2026-01-29 02:04:11.953 28 DEBUG neutron.service [-] calling stop on stop /var/lib/kolla/venv/lib/python3.6/site-packages/neutron/service.py:141
2026-01-29 02:04:13.424 27 DEBUG oslo_concurrency.lockutils [req-ca6ef788-100a-4a40-920c-f2fb94a6c9e3 - - - - -] Acquired lock "singleton_lock" lock /var/lib/kolla/venv/lib/python3.6/site-packages/oslo_concurrency/lockutils.py:294
2026-01-29 02:04:13.424 27 DEBUG oslo_concurrency.lockutils [req-ca6ef788-100a-4a40-920c-f2fb94a6c9e3 - - - - -] Releasing lock "singleton_lock" lock /var/lib/kolla/venv/lib/python3.6/site-packages/oslo_concurrency/lockutils.py:312
2026-01-29 02:04:13.425 27 DEBUG neutron.service [req-ca6ef788-100a-4a40-920c-f2fb94a6c9e3 - - - - -] calling RpcWorker wait() _wait /var/lib/kolla/venv/lib/python3.6/site-packages/neutron/service.py:128
2026-01-29 02:04:13.425 27 DEBUG neutron.service [req-ca6ef788-100a-4a40-920c-f2fb94a6c9e3 - - - - -] calling wait on _wait /var/lib/kolla/venv/lib/python3.6/site-packages/neutron/service.py:131
2026-01-29 02:04:13.433 27 DEBUG neutron_lib.callbacks.manager [req-354404f5-8464-440d-9bf2-93cefc45369c - - - - -] Publish callbacks ['neutron.services.segments.db._update_segment_host_mapping_for_agent-8768834548800', 'neutron.plugins.ml2.plugin.Ml2Plugin._retry_binding_revived_agents--9223372036853868101'] for agent (04437d28-8709-47e9-a730-d572be282002), after_update _notify_loop /var/lib/kolla/venv/lib/python3.6/site-packages/neutron_lib/callbacks/manager.py:177
2026-01-29 02:04:13.445 27 WARNING amqp [req-ca6ef788-100a-4a40-920c-f2fb94a6c9e3 - - - - -] Received method (60, 30) during closing channel 1. This method will be ignored
2026-01-29 02:04:13.446 27 DEBUG neutron.service [req-ca6ef788-100a-4a40-920c-f2fb94a6c9e3 - - - - -] returning from RpcWorker wait() _wait /var/lib/kolla/venv/lib/python3.6/site-packages/neutron/service.py:135
2026-01-29 02:04:13.452 7 INFO oslo_service.service [-] Child 27 exited with status 0
2026-01-29 02:04:14.654 23 DEBUG neutron.service [-] calling stop on stop /var/lib/kolla/venv/lib/python3.6/site-packages/neutron/service.py:141
2026-01-29 02:04:14.661 24 DEBUG neutron.service [-] calling stop on stop /var/lib/kolla/venv/lib/python3.6/site-packages/neutron/service.py:141
2026-01-29 02:04:14.665 25 DEBUG neutron.service [-] calling stop on stop /var/lib/kolla/venv/lib/python3.6/site-packages/neutron/service.py:141
2026-01-29 02:04:14.672 23 DEBUG neutron.service [-] calling stop on stop /var/lib/kolla/venv/lib/python3.6/site-packages/neutron/service.py:141
2026-01-29 02:04:14.672 26 DEBUG oslo_concurrency.lockutils [req-ca6ef788-100a-4a40-920c-f2fb94a6c9e3 - - - - -] Acquired lock "singleton_lock" lock /var/lib/kolla/venv/lib/python3.6/site-packages/oslo_concurrency/lockutils.py:294
2026-01-29 02:04:14.672 26 DEBUG oslo_concurrency.lockutils [req-ca6ef788-100a-4a40-920c-f2fb94a6c9e3 - - - - -] Releasing lock "singleton_lock" lock /var/lib/kolla/venv/lib/python3.6/site-packages/oslo_concurrency/lockutils.py:312
2026-01-29 02:04:14.673 26 DEBUG neutron.service [req-ca6ef788-100a-4a40-920c-f2fb94a6c9e3 - - - - -] calling RpcWorker wait() _wait /var/lib/kolla/venv/lib/python3.6/site-packages/neutron/service.py:128
2026-01-29 02:04:14.673 26 DEBUG neutron.service [req-ca6ef788-100a-4a40-920c-f2fb94a6c9e3 - - - - -] calling wait on _wait /var/lib/kolla/venv/lib/python3.6/site-packages/neutron/service.py:131
2026-01-29 02:04:14.674 28 DEBUG oslo_concurrency.lockutils [req-ca6ef788-100a-4a40-920c-f2fb94a6c9e3 - - - - -] Acquired lock "singleton_lock" lock /var/lib/kolla/venv/lib/python3.6/site-packages/oslo_concurrency/lockutils.py:294
2026-01-29 02:04:14.674 28 DEBUG oslo_concurrency.lockutils [req-ca6ef788-100a-4a40-920c-f2fb94a6c9e3 - - - - -] Releasing lock "singleton_lock" lock /var/lib/kolla/venv/lib/python3.6/site-packages/oslo_concurrency/lockutils.py:312
2026-01-29 02:04:14.674 25 DEBUG neutron.service [-] calling stop on stop /var/lib/kolla/venv/lib/python3.6/site-packages/neutron/service.py:141
2026-01-29 02:04:14.675 28 DEBUG neutron.service [req-ca6ef788-100a-4a40-920c-f2fb94a6c9e3 - - - - -] calling RpcWorker wait() _wait /var/lib/kolla/venv/lib/python3.6/site-packages/neutron/service.py:128
2026-01-29 02:04:14.675 28 DEBUG neutron.service [req-ca6ef788-100a-4a40-920c-f2fb94a6c9e3 - - - - -] calling wait on _wait /var/lib/kolla/venv/lib/python3.6/site-packages/neutron/service.py:131
2026-01-29 02:04:14.678 26 WARNING amqp [req-ca6ef788-100a-4a40-920c-f2fb94a6c9e3 - - - - -] Received method (60, 30) during closing channel 1. This method will be ignored
2026-01-29 02:04:14.679 26 DEBUG neutron.service [req-ca6ef788-100a-4a40-920c-f2fb94a6c9e3 - - - - -] returning from RpcWorker wait() _wait /var/lib/kolla/venv/lib/python3.6/site-packages/neutron/service.py:135
2026-01-29 02:04:14.681 24 DEBUG neutron.service [-] calling stop on stop /var/lib/kolla/venv/lib/python3.6/site-packages/neutron/service.py:141
2026-01-29 02:04:14.682 28 WARNING amqp [req-ca6ef788-100a-4a40-920c-f2fb94a6c9e3 - - - - -] Received method (60, 30) during closing channel 1. This method will be ignored
2026-01-29 02:04:14.683 28 DEBUG neutron.service [req-ca6ef788-100a-4a40-920c-f2fb94a6c9e3 - - - - -] returning from RpcWorker wait() _wait /var/lib/kolla/venv/lib/python3.6/site-packages/neutron/service.py:135
2026-01-29 02:04:14.685 7 INFO oslo_service.service [-] Child 26 exited with status 0
2026-01-29 02:04:14.693 25 DEBUG neutron.service [-] calling stop on stop /var/lib/kolla/venv/lib/python3.6/site-packages/neutron/service.py:141
2026-01-29 02:04:14.695 29 DEBUG oslo_concurrency.lockutils [req-ca6ef788-100a-4a40-920c-f2fb94a6c9e3 - - - - -] Acquired lock "singleton_lock" lock /var/lib/kolla/venv/lib/python3.6/site-packages/oslo_concurrency/lockutils.py:294
2026-01-29 02:04:14.696 29 DEBUG oslo_concurrency.lockutils [req-ca6ef788-100a-4a40-920c-f2fb94a6c9e3 - - - - -] Releasing lock "singleton_lock" lock /var/lib/kolla/venv/lib/python3.6/site-packages/oslo_concurrency/lockutils.py:312
2026-01-29 02:04:14.697 29 DEBUG neutron.service [req-ca6ef788-100a-4a40-920c-f2fb94a6c9e3 - - - - -] calling RpcWorker wait() _wait /var/lib/kolla/venv/lib/python3.6/site-packages/neutron/service.py:128
2026-01-29 02:04:14.698 29 DEBUG neutron.service [req-ca6ef788-100a-4a40-920c-f2fb94a6c9e3 - - - - -] calling wait on _wait /var/lib/kolla/venv/lib/python3.6/site-packages/neutron/service.py:131
2026-01-29 02:04:14.700 7 INFO oslo_service.service [-] Child 28 exited with status 0
2026-01-29 02:04:14.707 25 DEBUG oslo_concurrency.lockutils [req-ca6ef788-100a-4a40-920c-f2fb94a6c9e3 - - - - -] Acquired lock "singleton_lock" lock /var/lib/kolla/venv/lib/python3.6/site-packages/oslo_concurrency/lockutils.py:294
2026-01-29 02:04:14.708 25 DEBUG oslo_concurrency.lockutils [req-ca6ef788-100a-4a40-920c-f2fb94a6c9e3 - - - - -] Releasing lock "singleton_lock" lock /var/lib/kolla/venv/lib/python3.6/site-packages/oslo_concurrency/lockutils.py:312
2026-01-29 02:04:14.708 25 DEBUG neutron.service [req-ca6ef788-100a-4a40-920c-f2fb94a6c9e3 - - - - -] calling RpcWorker wait() _wait /var/lib/kolla/venv/lib/python3.6/site-packages/neutron/service.py:128
2026-01-29 02:04:14.709 25 DEBUG neutron.service [req-ca6ef788-100a-4a40-920c-f2fb94a6c9e3 - - - - -] calling wait on _wait /var/lib/kolla/venv/lib/python3.6/site-packages/neutron/service.py:131
2026-01-29 02:04:14.710 29 WARNING amqp [req-ca6ef788-100a-4a40-920c-f2fb94a6c9e3 - - - - -] Received method (60, 30) during closing channel 1. This method will be ignored
2026-01-29 02:04:14.712 29 DEBUG neutron.service [req-ca6ef788-100a-4a40-920c-f2fb94a6c9e3 - - - - -] returning from RpcWorker wait() _wait /var/lib/kolla/venv/lib/python3.6/site-packages/neutron/service.py:135
2026-01-29 02:04:14.719 25 WARNING amqp [req-ca6ef788-100a-4a40-920c-f2fb94a6c9e3 - - - - -] Received method (60, 30) during closing channel 1. This method will be ignored
2026-01-29 02:04:14.722 25 DEBUG neutron.service [req-ca6ef788-100a-4a40-920c-f2fb94a6c9e3 - - - - -] calling wait on _wait /var/lib/kolla/venv/lib/python3.6/site-packages/neutron/service.py:131
2026-01-29 02:04:14.724 7 INFO oslo_service.service [-] Child 29 exited with status 0
2026-01-29 02:04:14.728 25 WARNING amqp [req-ca6ef788-100a-4a40-920c-f2fb94a6c9e3 - - - - -] Received method (60, 30) during closing channel 1. This method will be ignored
2026-01-29 02:04:14.729 25 DEBUG neutron.service [req-ca6ef788-100a-4a40-920c-f2fb94a6c9e3 - - - - -] calling wait on _wait /var/lib/kolla/venv/lib/python3.6/site-packages/neutron/service.py:131
2026-01-29 02:04:14.736 25 WARNING amqp [req-ca6ef788-100a-4a40-920c-f2fb94a6c9e3 - - - - -] Received method (60, 30) during closing channel 1. This method will be ignored
2026-01-29 02:04:14.739 25 DEBUG neutron.service [req-ca6ef788-100a-4a40-920c-f2fb94a6c9e3 - - - - -] calling wait on _wait /var/lib/kolla/venv/lib/python3.6/site-packages/neutron/service.py:131
2026-01-29 02:04:14.746 25 WARNING amqp [req-ca6ef788-100a-4a40-920c-f2fb94a6c9e3 - - - - -] Received method (60, 30) during closing channel 1. This method will be ignored
2026-01-29 02:04:14.747 25 DEBUG neutron.service [req-ca6ef788-100a-4a40-920c-f2fb94a6c9e3 - - - - -] returning from RpcWorker wait() _wait /var/lib/kolla/venv/lib/python3.6/site-packages/neutron/service.py:135
2026-01-29 02:04:14.761 7 INFO oslo_service.service [-] Child 25 exited with status 0
2026-01-29 02:04:15.845 23 DEBUG neutron.service [-] calling stop on stop /var/lib/kolla/venv/lib/python3.6/site-packages/neutron/service.py:141
2026-01-29 02:04:16.632 24 DEBUG neutron.service [-] calling stop on stop /var/lib/kolla/venv/lib/python3.6/site-packages/neutron/service.py:141
2026-01-29 02:04:19.708 23 DEBUG oslo_concurrency.lockutils [req-ca6ef788-100a-4a40-920c-f2fb94a6c9e3 - - - - -] Acquired lock "singleton_lock" lock /var/lib/kolla/venv/lib/python3.6/site-packages/oslo_concurrency/lockutils.py:294
2026-01-29 02:04:19.708 23 DEBUG oslo_concurrency.lockutils [req-ca6ef788-100a-4a40-920c-f2fb94a6c9e3 - - - - -] Releasing lock "singleton_lock" lock /var/lib/kolla/venv/lib/python3.6/site-packages/oslo_concurrency/lockutils.py:312
2026-01-29 02:04:19.709 23 DEBUG neutron.service [req-ca6ef788-100a-4a40-920c-f2fb94a6c9e3 - - - - -] calling RpcWorker wait() _wait /var/lib/kolla/venv/lib/python3.6/site-packages/neutron/service.py:128
2026-01-29 02:04:19.709 23 DEBUG neutron.service [req-ca6ef788-100a-4a40-920c-f2fb94a6c9e3 - - - - -] calling wait on _wait /var/lib/kolla/venv/lib/python3.6/site-packages/neutron/service.py:131
2026-01-29 02:04:19.709 24 DEBUG oslo_concurrency.lockutils [req-ca6ef788-100a-4a40-920c-f2fb94a6c9e3 - - - - -] Acquired lock "singleton_lock" lock /var/lib/kolla/venv/lib/python3.6/site-packages/oslo_concurrency/lockutils.py:294
2026-01-29 02:04:19.710 24 DEBUG oslo_concurrency.lockutils [req-ca6ef788-100a-4a40-920c-f2fb94a6c9e3 - - - - -] Releasing lock "singleton_lock" lock /var/lib/kolla/venv/lib/python3.6/site-packages/oslo_concurrency/lockutils.py:312
2026-01-29 02:04:19.710 24 DEBUG neutron.service [req-ca6ef788-100a-4a40-920c-f2fb94a6c9e3 - - - - -] calling RpcWorker wait() _wait /var/lib/kolla/venv/lib/python3.6/site-packages/neutron/service.py:128
2026-01-29 02:04:19.710 24 DEBUG neutron.service [req-ca6ef788-100a-4a40-920c-f2fb94a6c9e3 - - - - -] calling wait on _wait /var/lib/kolla/venv/lib/python3.6/site-packages/neutron/service.py:131
2026-01-29 02:04:19.716 23 WARNING amqp [req-ca6ef788-100a-4a40-920c-f2fb94a6c9e3 - - - - -] Received method (60, 30) during closing channel 1. This method will be ignored
2026-01-29 02:04:19.717 23 DEBUG neutron.service [req-ca6ef788-100a-4a40-920c-f2fb94a6c9e3 - - - - -] calling wait on _wait /var/lib/kolla/venv/lib/python3.6/site-packages/neutron/service.py:131
2026-01-29 02:04:19.719 24 WARNING amqp [req-ca6ef788-100a-4a40-920c-f2fb94a6c9e3 - - - - -] Received method (60, 30) during closing channel 1. This method will be ignored
2026-01-29 02:04:19.720 24 DEBUG neutron.service [req-ca6ef788-100a-4a40-920c-f2fb94a6c9e3 - - - - -] calling wait on _wait /var/lib/kolla/venv/lib/python3.6/site-packages/neutron/service.py:131
2026-01-29 02:04:19.723 23 WARNING amqp [req-ca6ef788-100a-4a40-920c-f2fb94a6c9e3 - - - - -] Received method (60, 30) during closing channel 1. This method will be ignored
2026-01-29 02:04:19.724 23 DEBUG neutron.service [req-ca6ef788-100a-4a40-920c-f2fb94a6c9e3 - - - - -] calling wait on _wait /var/lib/kolla/venv/lib/python3.6/site-packages/neutron/service.py:131
2026-01-29 02:04:19.727 24 WARNING amqp [req-ca6ef788-100a-4a40-920c-f2fb94a6c9e3 - - - - -] Received method (60, 30) during closing channel 1. This method will be ignored
2026-01-29 02:04:19.728 24 DEBUG neutron.service [req-ca6ef788-100a-4a40-920c-f2fb94a6c9e3 - - - - -] calling wait on _wait /var/lib/kolla/venv/lib/python3.6/site-packages/neutron/service.py:131
2026-01-29 02:04:19.730 23 WARNING amqp [req-ca6ef788-100a-4a40-920c-f2fb94a6c9e3 - - - - -] Received method (60, 30) during closing channel 1. This method will be ignored
2026-01-29 02:04:19.731 23 DEBUG neutron.service [req-ca6ef788-100a-4a40-920c-f2fb94a6c9e3 - - - - -] calling wait on _wait /var/lib/kolla/venv/lib/python3.6/site-packages/neutron/service.py:131
2026-01-29 02:04:19.734 24 WARNING amqp [req-ca6ef788-100a-4a40-920c-f2fb94a6c9e3 - - - - -] Received method (60, 30) during closing channel 1. This method will be ignored
2026-01-29 02:04:19.735 24 DEBUG neutron.service [req-ca6ef788-100a-4a40-920c-f2fb94a6c9e3 - - - - -] calling wait on _wait /var/lib/kolla/venv/lib/python3.6/site-packages/neutron/service.py:131
2026-01-29 02:04:19.737 23 WARNING amqp [req-ca6ef788-100a-4a40-920c-f2fb94a6c9e3 - - - - -] Received method (60, 30) during closing channel 1. This method will be ignored
2026-01-29 02:04:19.737 23 DEBUG neutron.service [req-ca6ef788-100a-4a40-920c-f2fb94a6c9e3 - - - - -] returning from RpcWorker wait() _wait /var/lib/kolla/venv/lib/python3.6/site-packages/neutron/service.py:135
2026-01-29 02:04:19.741 24 WARNING amqp [req-ca6ef788-100a-4a40-920c-f2fb94a6c9e3 - - - - -] Received method (60, 30) during closing channel 1. This method will be ignored
2026-01-29 02:04:19.742 24 DEBUG neutron.service [req-ca6ef788-100a-4a40-920c-f2fb94a6c9e3 - - - - -] returning from RpcWorker wait() _wait /var/lib/kolla/venv/lib/python3.6/site-packages/neutron/service.py:135
2026-01-29 02:04:19.743 7 INFO oslo_service.service [-] Child 23 exited with status 0
2026-01-29 02:04:19.749 7 INFO oslo_service.service [-] Child 24 exited with status 0
2026-01-29 02:04:19.749 7 INFO oslo_service.service [-] Wait called after thread killed. Cleaning up.
2026-01-29 02:04:19.749 7 DEBUG oslo_service.service [-] Stop services. stop /var/lib/kolla/venv/lib/python3.6/site-packages/oslo_service/service.py:695
2026-01-29 02:04:19.749 7 DEBUG oslo_service.service [-] Killing children. stop /var/lib/kolla/venv/lib/python3.6/site-packages/oslo_service/service.py:700
2026-01-29 02:04:24.181 7 INFO neutron.common.config [-] Logging enabled!
2026-01-29 02:04:24.182 7 INFO neutron.common.config [-] /var/lib/kolla/venv/bin/neutron-server version 20.5.1.dev23
2026-01-29 02:04:24.182 7 DEBUG neutron.common.config [-] command line: /var/lib/kolla/venv/bin/neutron-server --config-file /etc/neutron/neutron.conf --config-file /etc/neutron/ContrailPlugin.ini --config-file /etc/neutron/api-paste.ini setup_logging /var/lib/kolla/venv/lib/python3.6/site-packages/neutron/common/config.py:115
2026-01-29 02:04:24.186 7 INFO neutron.common.config [-] Logging enabled!
2026-01-29 02:04:24.186 7 INFO neutron.common.config [-] /var/lib/kolla/venv/bin/neutron-server version 20.5.1.dev23
