2026-01-22 00:38:39.763 158525 DEBUG oslo_service.service [req-92e411fb-2f6b-4f39-8ff6-65ce8a849b15 - - - - -] console.allowed_origins = [] log_opt_values /usr/lib/python3/dist-packages/oslo_config/cfg.py:2609
2026-01-22 00:38:39.763 158525 DEBUG oslo_service.service [req-92e411fb-2f6b-4f39-8ff6-65ce8a849b15 - - - - -] console.ssl_ciphers = None log_opt_values /usr/lib/python3/dist-packages/oslo_config/cfg.py:2609
2026-01-22 00:38:39.762 158973 DEBUG oslo_db.sqlalchemy.engines [req-5f8a43e9-838f-4d0d-b690-07d977e81d5f - - - - -] MySQL server mode set to STRICT_TRANS_TABLES,STRICT_ALL_TABLES,NO_ZERO_IN_DATE,NO_ZERO_DATE,ERROR_FOR_DIVISION_BY_ZERO,TRADITIONAL,NO_ENGINE_SUBSTITUTION _check_effective_sql_mode /usr/lib/python3/dist-packages/oslo_db/sqlalchemy/engines.py:314
2026-01-22 00:38:39.763 158525 DEBUG oslo_service.service [req-92e411fb-2f6b-4f39-8ff6-65ce8a849b15 - - - - -] console.ssl_minimum_version = default log_opt_values /usr/lib/python3/dist-packages/oslo_config/cfg.py:2609
2026-01-22 00:38:39.763 158525 DEBUG oslo_service.service [req-92e411fb-2f6b-4f39-8ff6-65ce8a849b15 - - - - -] consoleauth.token_ttl = 600 log_opt_values /usr/lib/python3/dist-packages/oslo_config/cfg.py:2609
2026-01-22 00:38:39.763 158525 DEBUG oslo_service.service [req-92e411fb-2f6b-4f39-8ff6-65ce8a849b15 - - - - -] cyborg.cafile = None log_opt_values /usr/lib/python3/dist-packages/oslo_config/cfg.py:2609
2026-01-22 00:38:39.763 158525 DEBUG oslo_service.service [req-92e411fb-2f6b-4f39-8ff6-65ce8a849b15 - - - - -] cyborg.certfile = None log_opt_values /usr/lib/python3/dist-packages/oslo_config/cfg.py:2609
2026-01-22 00:38:39.764 158525 DEBUG oslo_service.service [req-92e411fb-2f6b-4f39-8ff6-65ce8a849b15 - - - - -] cyborg.collect_timing = False log_opt_values /usr/lib/python3/dist-packages/oslo_config/cfg.py:2609
2026-01-22 00:38:39.764 158525 DEBUG oslo_service.service [req-92e411fb-2f6b-4f39-8ff6-65ce8a849b15 - - - - -] cyborg.connect_retries = None log_opt_values /usr/lib/python3/dist-packages/oslo_config/cfg.py:2609
2026-01-22 00:38:39.764 158525 DEBUG oslo_service.service [req-92e411fb-2f6b-4f39-8ff6-65ce8a849b15 - - - - -] cyborg.connect_retry_delay = None log_opt_values /usr/lib/python3/dist-packages/oslo_config/cfg.py:2609
2026-01-22 00:38:39.764 158525 DEBUG oslo_service.service [req-92e411fb-2f6b-4f39-8ff6-65ce8a849b15 - - - - -] cyborg.endpoint_override = None log_opt_values /usr/lib/python3/dist-packages/oslo_config/cfg.py:2609
2026-01-22 00:38:39.764 158525 DEBUG oslo_service.service [req-92e411fb-2f6b-4f39-8ff6-65ce8a849b15 - - - - -] cyborg.insecure = False log_opt_values /usr/lib/python3/dist-packages/oslo_config/cfg.py:2609
2026-01-22 00:38:39.764 158525 DEBUG oslo_service.service [req-92e411fb-2f6b-4f39-8ff6-65ce8a849b15 - - - - -] cyborg.keyfile = None log_opt_values /usr/lib/python3/dist-packages/oslo_config/cfg.py:2609
2026-01-22 00:38:39.764 158525 DEBUG oslo_service.service [req-92e411fb-2f6b-4f39-8ff6-65ce8a849b15 - - - - -] cyborg.max_version = None log_opt_values /usr/lib/python3/dist-packages/oslo_config/cfg.py:2609
2026-01-22 00:38:39.765 158525 DEBUG oslo_service.service [req-92e411fb-2f6b-4f39-8ff6-65ce8a849b15 - - - - -] cyborg.min_version = None log_opt_values /usr/lib/python3/dist-packages/oslo_config/cfg.py:2609
2026-01-22 00:38:39.765 158525 DEBUG oslo_service.service [req-92e411fb-2f6b-4f39-8ff6-65ce8a849b15 - - - - -] cyborg.region_name = None log_opt_values /usr/lib/python3/dist-packages/oslo_config/cfg.py:2609
2026-01-22 00:38:39.765 158525 DEBUG oslo_service.service [req-92e411fb-2f6b-4f39-8ff6-65ce8a849b15 - - - - -] cyborg.service_name = None log_opt_values /usr/lib/python3/dist-packages/oslo_config/cfg.py:2609
2026-01-22 00:38:39.765 158525 DEBUG oslo_service.service [req-92e411fb-2f6b-4f39-8ff6-65ce8a849b15 - - - - -] cyborg.service_type = accelerator log_opt_values /usr/lib/python3/dist-packages/oslo_config/cfg.py:2609
2026-01-22 00:38:39.765 158525 DEBUG oslo_service.service [req-92e411fb-2f6b-4f39-8ff6-65ce8a849b15 - - - - -] cyborg.split_loggers = False log_opt_values /usr/lib/python3/dist-packages/oslo_config/cfg.py:2609
2026-01-22 00:38:39.765 158525 DEBUG oslo_service.service [req-92e411fb-2f6b-4f39-8ff6-65ce8a849b15 - - - - -] cyborg.status_code_retries = None log_opt_values /usr/lib/python3/dist-packages/oslo_config/cfg.py:2609
2026-01-22 00:38:39.766 158525 DEBUG oslo_service.service [req-92e411fb-2f6b-4f39-8ff6-65ce8a849b15 - - - - -] cyborg.status_code_retry_delay = None log_opt_values /usr/lib/python3/dist-packages/oslo_config/cfg.py:2609
2026-01-22 00:38:39.766 158525 DEBUG oslo_service.service [req-92e411fb-2f6b-4f39-8ff6-65ce8a849b15 - - - - -] cyborg.timeout = None log_opt_values /usr/lib/python3/dist-packages/oslo_config/cfg.py:2609
2026-01-22 00:38:39.766 158525 DEBUG oslo_service.service [req-92e411fb-2f6b-4f39-8ff6-65ce8a849b15 - - - - -] cyborg.valid_interfaces = ['internal', 'public'] log_opt_values /usr/lib/python3/dist-packages/oslo_config/cfg.py:2609
2026-01-22 00:38:39.766 158525 DEBUG oslo_service.service [req-92e411fb-2f6b-4f39-8ff6-65ce8a849b15 - - - - -] cyborg.version = None log_opt_values /usr/lib/python3/dist-packages/oslo_config/cfg.py:2609
2026-01-22 00:38:39.766 158525 DEBUG oslo_service.service [req-92e411fb-2f6b-4f39-8ff6-65ce8a849b15 - - - - -] database.backend = sqlalchemy log_opt_values /usr/lib/python3/dist-packages/oslo_config/cfg.py:2609
2026-01-22 00:38:39.767 158525 DEBUG oslo_service.service [req-92e411fb-2f6b-4f39-8ff6-65ce8a849b15 - - - - -] database.connection = **** log_opt_values /usr/lib/python3/dist-packages/oslo_config/cfg.py:2609
2026-01-22 00:38:39.767 158525 DEBUG oslo_service.service [req-92e411fb-2f6b-4f39-8ff6-65ce8a849b15 - - - - -] database.connection_debug = 0 log_opt_values /usr/lib/python3/dist-packages/oslo_config/cfg.py:2609
2026-01-22 00:38:39.767 158525 DEBUG oslo_service.service [req-92e411fb-2f6b-4f39-8ff6-65ce8a849b15 - - - - -] database.connection_parameters = log_opt_values /usr/lib/python3/dist-packages/oslo_config/cfg.py:2609
2026-01-22 00:38:39.767 158525 DEBUG oslo_service.service [req-92e411fb-2f6b-4f39-8ff6-65ce8a849b15 - - - - -] database.connection_recycle_time = 3600 log_opt_values /usr/lib/python3/dist-packages/oslo_config/cfg.py:2609
2026-01-22 00:38:39.767 158525 DEBUG oslo_service.service [req-92e411fb-2f6b-4f39-8ff6-65ce8a849b15 - - - - -] database.connection_trace = False log_opt_values /usr/lib/python3/dist-packages/oslo_config/cfg.py:2609
2026-01-22 00:38:39.767 158525 DEBUG oslo_service.service [req-92e411fb-2f6b-4f39-8ff6-65ce8a849b15 - - - - -] database.db_inc_retry_interval = True log_opt_values /usr/lib/python3/dist-packages/oslo_config/cfg.py:2609
2026-01-22 00:38:39.768 158525 DEBUG oslo_service.service [req-92e411fb-2f6b-4f39-8ff6-65ce8a849b15 - - - - -] database.db_max_retries = 20 log_opt_values /usr/lib/python3/dist-packages/oslo_config/cfg.py:2609
2026-01-22 00:38:39.768 158525 DEBUG oslo_service.service [req-92e411fb-2f6b-4f39-8ff6-65ce8a849b15 - - - - -] database.db_max_retry_interval = 10 log_opt_values /usr/lib/python3/dist-packages/oslo_config/cfg.py:2609
2026-01-22 00:38:39.768 158525 DEBUG oslo_service.service [req-92e411fb-2f6b-4f39-8ff6-65ce8a849b15 - - - - -] database.db_retry_interval = 1 log_opt_values /usr/lib/python3/dist-packages/oslo_config/cfg.py:2609
2026-01-22 00:38:39.768 158525 DEBUG oslo_service.service [req-92e411fb-2f6b-4f39-8ff6-65ce8a849b15 - - - - -] database.max_overflow = 50 log_opt_values /usr/lib/python3/dist-packages/oslo_config/cfg.py:2609
2026-01-22 00:38:39.768 158525 DEBUG oslo_service.service [req-92e411fb-2f6b-4f39-8ff6-65ce8a849b15 - - - - -] database.max_pool_size = 4 log_opt_values /usr/lib/python3/dist-packages/oslo_config/cfg.py:2609
2026-01-22 00:38:39.770 158525 DEBUG oslo_service.service [req-92e411fb-2f6b-4f39-8ff6-65ce8a849b15 - - - - -] database.max_retries = 10 log_opt_values /usr/lib/python3/dist-packages/oslo_config/cfg.py:2609
2026-01-22 00:38:39.770 158525 DEBUG oslo_service.service [req-92e411fb-2f6b-4f39-8ff6-65ce8a849b15 - - - - -] database.mysql_enable_ndb = False log_opt_values /usr/lib/python3/dist-packages/oslo_config/cfg.py:2609
2026-01-22 00:38:39.770 158525 DEBUG oslo_service.service [req-92e411fb-2f6b-4f39-8ff6-65ce8a849b15 - - - - -] database.mysql_sql_mode = TRADITIONAL log_opt_values /usr/lib/python3/dist-packages/oslo_config/cfg.py:2609
2026-01-22 00:38:39.770 158525 DEBUG oslo_service.service [req-92e411fb-2f6b-4f39-8ff6-65ce8a849b15 - - - - -] database.pool_timeout = None log_opt_values /usr/lib/python3/dist-packages/oslo_config/cfg.py:2609
2026-01-22 00:38:39.770 158525 DEBUG oslo_service.service [req-92e411fb-2f6b-4f39-8ff6-65ce8a849b15 - - - - -] database.retry_interval = 10 log_opt_values /usr/lib/python3/dist-packages/oslo_config/cfg.py:2609
2026-01-22 00:38:39.771 158525 DEBUG oslo_service.service [req-92e411fb-2f6b-4f39-8ff6-65ce8a849b15 - - - - -] database.slave_connection = **** log_opt_values /usr/lib/python3/dist-packages/oslo_config/cfg.py:2609
2026-01-22 00:38:39.771 158525 DEBUG oslo_service.service [req-92e411fb-2f6b-4f39-8ff6-65ce8a849b15 - - - - -] database.sqlite_synchronous = True log_opt_values /usr/lib/python3/dist-packages/oslo_config/cfg.py:2609
2026-01-22 00:38:39.771 158525 DEBUG oslo_service.service [req-92e411fb-2f6b-4f39-8ff6-65ce8a849b15 - - - - -] database.use_db_reconnect = False log_opt_values /usr/lib/python3/dist-packages/oslo_config/cfg.py:2609
2026-01-22 00:38:39.771 158525 DEBUG oslo_service.service [req-92e411fb-2f6b-4f39-8ff6-65ce8a849b15 - - - - -] api_database.backend = sqlalchemy log_opt_values /usr/lib/python3/dist-packages/oslo_config/cfg.py:2609
2026-01-22 00:38:39.771 158525 DEBUG oslo_service.service [req-92e411fb-2f6b-4f39-8ff6-65ce8a849b15 - - - - -] api_database.connection = **** log_opt_values /usr/lib/python3/dist-packages/oslo_config/cfg.py:2609
2026-01-22 00:38:39.771 158525 DEBUG oslo_service.service [req-92e411fb-2f6b-4f39-8ff6-65ce8a849b15 - - - - -] api_database.connection_debug = 0 log_opt_values /usr/lib/python3/dist-packages/oslo_config/cfg.py:2609
2026-01-22 00:38:39.772 158525 DEBUG oslo_service.service [req-92e411fb-2f6b-4f39-8ff6-65ce8a849b15 - - - - -] api_database.connection_parameters = log_opt_values /usr/lib/python3/dist-packages/oslo_config/cfg.py:2609
2026-01-22 00:38:39.772 158525 DEBUG oslo_service.service [req-92e411fb-2f6b-4f39-8ff6-65ce8a849b15 - - - - -] api_database.connection_recycle_time = 3600 log_opt_values /usr/lib/python3/dist-packages/oslo_config/cfg.py:2609
2026-01-22 00:38:39.772 158525 DEBUG oslo_service.service [req-92e411fb-2f6b-4f39-8ff6-65ce8a849b15 - - - - -] api_database.connection_trace = False log_opt_values /usr/lib/python3/dist-packages/oslo_config/cfg.py:2609
2026-01-22 00:38:39.773 158525 DEBUG oslo_service.service [req-92e411fb-2f6b-4f39-8ff6-65ce8a849b15 - - - - -] api_database.db_inc_retry_interval = True log_opt_values /usr/lib/python3/dist-packages/oslo_config/cfg.py:2609
2026-01-22 00:38:39.773 158525 DEBUG oslo_service.service [req-92e411fb-2f6b-4f39-8ff6-65ce8a849b15 - - - - -] api_database.db_max_retries = 20 log_opt_values /usr/lib/python3/dist-packages/oslo_config/cfg.py:2609
2026-01-22 00:38:39.773 158525 DEBUG oslo_service.service [req-92e411fb-2f6b-4f39-8ff6-65ce8a849b15 - - - - -] api_database.db_max_retry_interval = 10 log_opt_values /usr/lib/python3/dist-packages/oslo_config/cfg.py:2609
2026-01-22 00:38:39.773 158525 DEBUG oslo_service.service [req-92e411fb-2f6b-4f39-8ff6-65ce8a849b15 - - - - -] api_database.db_retry_interval = 1 log_opt_values /usr/lib/python3/dist-packages/oslo_config/cfg.py:2609
2026-01-22 00:38:39.773 158525 DEBUG oslo_service.service [req-92e411fb-2f6b-4f39-8ff6-65ce8a849b15 - - - - -] api_database.max_overflow = 50 log_opt_values /usr/lib/python3/dist-packages/oslo_config/cfg.py:2609
2026-01-22 00:38:39.773 158525 DEBUG oslo_service.service [req-92e411fb-2f6b-4f39-8ff6-65ce8a849b15 - - - - -] api_database.max_pool_size = 4 log_opt_values /usr/lib/python3/dist-packages/oslo_config/cfg.py:2609
2026-01-22 00:38:39.774 158525 DEBUG oslo_service.service [req-92e411fb-2f6b-4f39-8ff6-65ce8a849b15 - - - - -] api_database.max_retries = 10 log_opt_values /usr/lib/python3/dist-packages/oslo_config/cfg.py:2609
2026-01-22 00:38:39.774 158525 DEBUG oslo_service.service [req-92e411fb-2f6b-4f39-8ff6-65ce8a849b15 - - - - -] api_database.mysql_enable_ndb = False log_opt_values /usr/lib/python3/dist-packages/oslo_config/cfg.py:2609
2026-01-22 00:38:39.774 158525 DEBUG oslo_service.service [req-92e411fb-2f6b-4f39-8ff6-65ce8a849b15 - - - - -] api_database.mysql_sql_mode = TRADITIONAL log_opt_values /usr/lib/python3/dist-packages/oslo_config/cfg.py:2609
2026-01-22 00:38:39.774 158525 DEBUG oslo_service.service [req-92e411fb-2f6b-4f39-8ff6-65ce8a849b15 - - - - -] api_database.pool_timeout = None log_opt_values /usr/lib/python3/dist-packages/oslo_config/cfg.py:2609
2026-01-22 00:38:39.774 158525 DEBUG oslo_service.service [req-92e411fb-2f6b-4f39-8ff6-65ce8a849b15 - - - - -] api_database.retry_interval = 10 log_opt_values /usr/lib/python3/dist-packages/oslo_config/cfg.py:2609
2026-01-22 00:38:39.774 158525 DEBUG oslo_service.service [req-92e411fb-2f6b-4f39-8ff6-65ce8a849b15 - - - - -] api_database.slave_connection = **** log_opt_values /usr/lib/python3/dist-packages/oslo_config/cfg.py:2609
2026-01-22 00:38:39.774 158525 DEBUG oslo_service.service [req-92e411fb-2f6b-4f39-8ff6-65ce8a849b15 - - - - -] api_database.sqlite_synchronous = True log_opt_values /usr/lib/python3/dist-packages/oslo_config/cfg.py:2609
2026-01-22 00:38:39.775 158525 DEBUG oslo_service.service [req-92e411fb-2f6b-4f39-8ff6-65ce8a849b15 - - - - -] devices.enabled_mdev_types = [] log_opt_values /usr/lib/python3/dist-packages/oslo_config/cfg.py:2609
2026-01-22 00:38:39.775 158525 DEBUG oslo_service.service [req-92e411fb-2f6b-4f39-8ff6-65ce8a849b15 - - - - -] ephemeral_storage_encryption.cipher = aes-xts-plain64 log_opt_values /usr/lib/python3/dist-packages/oslo_config/cfg.py:2609
2026-01-22 00:38:39.775 158975 DEBUG oslo_messaging._drivers.amqpdriver [-] Listener is running poll /usr/lib/python3/dist-packages/oslo_messaging/_drivers/amqpdriver.py:343
2026-01-22 00:38:39.775 158525 DEBUG oslo_service.service [req-92e411fb-2f6b-4f39-8ff6-65ce8a849b15 - - - - -] ephemeral_storage_encryption.enabled = False log_opt_values /usr/lib/python3/dist-packages/oslo_config/cfg.py:2609
2026-01-22 00:38:39.775 158525 DEBUG oslo_service.service [req-92e411fb-2f6b-4f39-8ff6-65ce8a849b15 - - - - -] ephemeral_storage_encryption.key_size = 512 log_opt_values /usr/lib/python3/dist-packages/oslo_config/cfg.py:2609
2026-01-22 00:38:39.775 158525 WARNING oslo_config.cfg [req-92e411fb-2f6b-4f39-8ff6-65ce8a849b15 - - - - -] Deprecated: Option "api_servers" from group "glance" is deprecated for removal ( Support for image service configuration via standard keystoneauth1 Adapter options was added in the 17.0.0 Queens release. The api_servers option was retained temporarily to allow consumers time to cut over to a real load balancing solution. ). Its value may be silently ignored in the future.
2026-01-22 00:38:39.776 158525 DEBUG oslo_service.service [req-92e411fb-2f6b-4f39-8ff6-65ce8a849b15 - - - - -] glance.api_servers = ['http://252.23.203.4:9292'] log_opt_values /usr/lib/python3/dist-packages/oslo_config/cfg.py:2609
2026-01-22 00:38:39.776 158974 DEBUG oslo_messaging._drivers.amqpdriver [-] Listener is running poll /usr/lib/python3/dist-packages/oslo_messaging/_drivers/amqpdriver.py:343
2026-01-22 00:38:39.776 158525 DEBUG oslo_service.service [req-92e411fb-2f6b-4f39-8ff6-65ce8a849b15 - - - - -] glance.cafile = None log_opt_values /usr/lib/python3/dist-packages/oslo_config/cfg.py:2609
2026-01-22 00:38:39.776 158525 DEBUG oslo_service.service [req-92e411fb-2f6b-4f39-8ff6-65ce8a849b15 - - - - -] glance.certfile = None log_opt_values /usr/lib/python3/dist-packages/oslo_config/cfg.py:2609
2026-01-22 00:38:39.776 158974 DEBUG oslo_messaging._drivers.amqpdriver [-] AMQPListener connection consume poll /usr/lib/python3/dist-packages/oslo_messaging/_drivers/amqpdriver.py:357
2026-01-22 00:38:39.776 158525 DEBUG oslo_service.service [req-92e411fb-2f6b-4f39-8ff6-65ce8a849b15 - - - - -] glance.collect_timing = False log_opt_values /usr/lib/python3/dist-packages/oslo_config/cfg.py:2609
2026-01-22 00:38:39.776 158525 DEBUG oslo_service.service [req-92e411fb-2f6b-4f39-8ff6-65ce8a849b15 - - - - -] glance.connect_retries = None log_opt_values /usr/lib/python3/dist-packages/oslo_config/cfg.py:2609
2026-01-22 00:38:39.776 158525 DEBUG oslo_service.service [req-92e411fb-2f6b-4f39-8ff6-65ce8a849b15 - - - - -] glance.connect_retry_delay = None log_opt_values /usr/lib/python3/dist-packages/oslo_config/cfg.py:2609
2026-01-22 00:38:39.777 158525 DEBUG oslo_service.service [req-92e411fb-2f6b-4f39-8ff6-65ce8a849b15 - - - - -] glance.debug = False log_opt_values /usr/lib/python3/dist-packages/oslo_config/cfg.py:2609
2026-01-22 00:38:39.776 158974 DEBUG nova.service [req-798a89d4-3ac7-4eb4-bc07-2b5d7ff53846 - - - - -] Join ServiceGroup membership for this service conductor start /usr/lib/python3/dist-packages/nova/service.py:199
2026-01-22 00:38:39.777 158525 DEBUG oslo_service.service [req-92e411fb-2f6b-4f39-8ff6-65ce8a849b15 - - - - -] glance.default_trusted_certificate_ids = [] log_opt_values /usr/lib/python3/dist-packages/oslo_config/cfg.py:2609
2026-01-22 00:38:39.777 158974 DEBUG nova.servicegroup.drivers.db [req-798a89d4-3ac7-4eb4-bc07-2b5d7ff53846 - - - - -] DB_Driver: join new ServiceGroup member juju-f748f2-0-lxd-7 to the conductor group, service = join /usr/lib/python3/dist-packages/nova/servicegroup/drivers/db.py:44
2026-01-22 00:38:39.777 158525 DEBUG oslo_service.service [req-92e411fb-2f6b-4f39-8ff6-65ce8a849b15 - - - - -] glance.enable_certificate_validation = False log_opt_values /usr/lib/python3/dist-packages/oslo_config/cfg.py:2609
2026-01-22 00:38:39.777 158525 DEBUG oslo_service.service [req-92e411fb-2f6b-4f39-8ff6-65ce8a849b15 - - - - -] glance.enable_rbd_download = False log_opt_values /usr/lib/python3/dist-packages/oslo_config/cfg.py:2609
2026-01-22 00:38:39.777 158525 DEBUG oslo_service.service [req-92e411fb-2f6b-4f39-8ff6-65ce8a849b15 - - - - -] glance.endpoint_override = None log_opt_values /usr/lib/python3/dist-packages/oslo_config/cfg.py:2609
2026-01-22 00:38:39.775 158975 DEBUG oslo_messaging._drivers.amqpdriver [-] AMQPListener connection consume poll /usr/lib/python3/dist-packages/oslo_messaging/_drivers/amqpdriver.py:357
2026-01-22 00:38:39.777 158525 DEBUG oslo_service.service [req-92e411fb-2f6b-4f39-8ff6-65ce8a849b15 - - - - -] glance.insecure = False log_opt_values /usr/lib/python3/dist-packages/oslo_config/cfg.py:2609
2026-01-22 00:38:39.778 158525 DEBUG oslo_service.service [req-92e411fb-2f6b-4f39-8ff6-65ce8a849b15 - - - - -] glance.keyfile = None log_opt_values /usr/lib/python3/dist-packages/oslo_config/cfg.py:2609
2026-01-22 00:38:39.778 158525 DEBUG oslo_service.service [req-92e411fb-2f6b-4f39-8ff6-65ce8a849b15 - - - - -] glance.max_version = None log_opt_values /usr/lib/python3/dist-packages/oslo_config/cfg.py:2609
2026-01-22 00:38:39.778 158525 DEBUG oslo_service.service [req-92e411fb-2f6b-4f39-8ff6-65ce8a849b15 - - - - -] glance.min_version = None log_opt_values /usr/lib/python3/dist-packages/oslo_config/cfg.py:2609
2026-01-22 00:38:39.778 158525 DEBUG oslo_service.service [req-92e411fb-2f6b-4f39-8ff6-65ce8a849b15 - - - - -] glance.num_retries = 3 log_opt_values /usr/lib/python3/dist-packages/oslo_config/cfg.py:2609
2026-01-22 00:38:39.778 158975 DEBUG nova.service [req-d240ac03-5783-4652-ac3c-5d90e391e2c7 - - - - -] Join ServiceGroup membership for this service conductor start /usr/lib/python3/dist-packages/nova/service.py:199
2026-01-22 00:38:39.778 158525 DEBUG oslo_service.service [req-92e411fb-2f6b-4f39-8ff6-65ce8a849b15 - - - - -] glance.rbd_ceph_conf = log_opt_values /usr/lib/python3/dist-packages/oslo_config/cfg.py:2609
2026-01-22 00:38:39.778 158975 DEBUG nova.servicegroup.drivers.db [req-d240ac03-5783-4652-ac3c-5d90e391e2c7 - - - - -] DB_Driver: join new ServiceGroup member juju-f748f2-0-lxd-7 to the conductor group, service = join /usr/lib/python3/dist-packages/nova/servicegroup/drivers/db.py:44
2026-01-22 00:38:39.778 158525 DEBUG oslo_service.service [req-92e411fb-2f6b-4f39-8ff6-65ce8a849b15 - - - - -] glance.rbd_connect_timeout = 5 log_opt_values /usr/lib/python3/dist-packages/oslo_config/cfg.py:2609
2026-01-22 00:38:39.778 158525 DEBUG oslo_service.service [req-92e411fb-2f6b-4f39-8ff6-65ce8a849b15 - - - - -] glance.rbd_pool = log_opt_values /usr/lib/python3/dist-packages/oslo_config/cfg.py:2609
2026-01-22 00:38:39.779 158525 DEBUG oslo_service.service [req-92e411fb-2f6b-4f39-8ff6-65ce8a849b15 - - - - -] glance.rbd_user = log_opt_values /usr/lib/python3/dist-packages/oslo_config/cfg.py:2609
2026-01-22 00:38:39.779 158525 DEBUG oslo_service.service [req-92e411fb-2f6b-4f39-8ff6-65ce8a849b15 - - - - -] glance.region_name = None log_opt_values /usr/lib/python3/dist-packages/oslo_config/cfg.py:2609
2026-01-22 00:38:39.779 158525 DEBUG oslo_service.service [req-92e411fb-2f6b-4f39-8ff6-65ce8a849b15 - - - - -] glance.service_name = None log_opt_values /usr/lib/python3/dist-packages/oslo_config/cfg.py:2609
2026-01-22 00:38:39.779 158525 DEBUG oslo_service.service [req-92e411fb-2f6b-4f39-8ff6-65ce8a849b15 - - - - -] glance.service_type = image log_opt_values /usr/lib/python3/dist-packages/oslo_config/cfg.py:2609
2026-01-22 00:38:39.779 158525 DEBUG oslo_service.service [req-92e411fb-2f6b-4f39-8ff6-65ce8a849b15 - - - - -] glance.split_loggers = False log_opt_values /usr/lib/python3/dist-packages/oslo_config/cfg.py:2609
2026-01-22 00:38:39.779 158525 DEBUG oslo_service.service [req-92e411fb-2f6b-4f39-8ff6-65ce8a849b15 - - - - -] glance.status_code_retries = None log_opt_values /usr/lib/python3/dist-packages/oslo_config/cfg.py:2609
2026-01-22 00:38:39.779 158974 DEBUG oslo_messaging._drivers.amqpdriver [-] received message msg_id: fece2f4a96354289a3b2460baaf706dd reply to reply_d4265743e54d4a26ada8f7ded757ee67 __call__ /usr/lib/python3/dist-packages/oslo_messaging/_drivers/amqpdriver.py:320
2026-01-22 00:38:39.779 158525 DEBUG oslo_service.service [req-92e411fb-2f6b-4f39-8ff6-65ce8a849b15 - - - - -] glance.status_code_retry_delay = None log_opt_values /usr/lib/python3/dist-packages/oslo_config/cfg.py:2609
2026-01-22 00:38:39.780 158525 DEBUG oslo_service.service [req-92e411fb-2f6b-4f39-8ff6-65ce8a849b15 - - - - -] glance.timeout = None log_opt_values /usr/lib/python3/dist-packages/oslo_config/cfg.py:2609
2026-01-22 00:38:39.780 158525 DEBUG oslo_service.service [req-92e411fb-2f6b-4f39-8ff6-65ce8a849b15 - - - - -] glance.valid_interfaces = ['internal', 'public'] log_opt_values /usr/lib/python3/dist-packages/oslo_config/cfg.py:2609
2026-01-22 00:38:39.780 158525 DEBUG oslo_service.service [req-92e411fb-2f6b-4f39-8ff6-65ce8a849b15 - - - - -] glance.verify_glance_signatures = False log_opt_values /usr/lib/python3/dist-packages/oslo_config/cfg.py:2609
2026-01-22 00:38:39.780 158972 DEBUG nova.service [req-0b433a5b-51b5-474d-8f0a-a6fc34c80660 - - - - -] Creating RPC server for service conductor start /usr/lib/python3/dist-packages/nova/service.py:182
2026-01-22 00:38:39.780 158525 DEBUG oslo_service.service [req-92e411fb-2f6b-4f39-8ff6-65ce8a849b15 - - - - -] glance.version = None log_opt_values /usr/lib/python3/dist-packages/oslo_config/cfg.py:2609
2026-01-22 00:38:39.780 158525 DEBUG oslo_service.service [req-92e411fb-2f6b-4f39-8ff6-65ce8a849b15 - - - - -] guestfs.debug = False log_opt_values /usr/lib/python3/dist-packages/oslo_config/cfg.py:2609
2026-01-22 00:38:39.780 158525 DEBUG oslo_service.service [req-92e411fb-2f6b-4f39-8ff6-65ce8a849b15 - - - - -] hyperv.config_drive_cdrom = False log_opt_values /usr/lib/python3/dist-packages/oslo_config/cfg.py:2609
2026-01-22 00:38:39.781 158525 DEBUG oslo_service.service [req-92e411fb-2f6b-4f39-8ff6-65ce8a849b15 - - - - -] hyperv.config_drive_inject_password = False log_opt_values /usr/lib/python3/dist-packages/oslo_config/cfg.py:2609
2026-01-22 00:38:39.781 158525 DEBUG oslo_service.service [req-92e411fb-2f6b-4f39-8ff6-65ce8a849b15 - - - - -] hyperv.dynamic_memory_ratio = 1.0 log_opt_values /usr/lib/python3/dist-packages/oslo_config/cfg.py:2609
2026-01-22 00:38:39.781 158525 DEBUG oslo_service.service [req-92e411fb-2f6b-4f39-8ff6-65ce8a849b15 - - - - -] hyperv.enable_instance_metrics_collection = False log_opt_values /usr/lib/python3/dist-packages/oslo_config/cfg.py:2609
2026-01-22 00:38:39.781 158525 DEBUG oslo_service.service [req-92e411fb-2f6b-4f39-8ff6-65ce8a849b15 - - - - -] hyperv.enable_remotefx = False log_opt_values /usr/lib/python3/dist-packages/oslo_config/cfg.py:2609
2026-01-22 00:38:39.781 158525 DEBUG oslo_service.service [req-92e411fb-2f6b-4f39-8ff6-65ce8a849b15 - - - - -] hyperv.instances_path_share = log_opt_values /usr/lib/python3/dist-packages/oslo_config/cfg.py:2609
2026-01-22 00:38:39.781 158525 DEBUG oslo_service.service [req-92e411fb-2f6b-4f39-8ff6-65ce8a849b15 - - - - -] hyperv.iscsi_initiator_list = [] log_opt_values /usr/lib/python3/dist-packages/oslo_config/cfg.py:2609
2026-01-22 00:38:39.781 158975 DEBUG oslo_messaging._drivers.amqpdriver [-] AMQPListener connection timeout poll /usr/lib/python3/dist-packages/oslo_messaging/_drivers/amqpdriver.py:360
2026-01-22 00:38:39.781 158525 DEBUG oslo_service.service [req-92e411fb-2f6b-4f39-8ff6-65ce8a849b15 - - - - -] hyperv.limit_cpu_features = False log_opt_values /usr/lib/python3/dist-packages/oslo_config/cfg.py:2609
2026-01-22 00:38:39.782 158975 DEBUG oslo_messaging._drivers.amqpdriver [-] Listener is running poll /usr/lib/python3/dist-packages/oslo_messaging/_drivers/amqpdriver.py:343
2026-01-22 00:38:39.782 158525 DEBUG oslo_service.service [req-92e411fb-2f6b-4f39-8ff6-65ce8a849b15 - - - - -] hyperv.mounted_disk_query_retry_count = 10 log_opt_values /usr/lib/python3/dist-packages/oslo_config/cfg.py:2609
2026-01-22 00:38:39.782 158974 DEBUG oslo_messaging._drivers.amqpdriver [-] AMQPListener connection timeout poll /usr/lib/python3/dist-packages/oslo_messaging/_drivers/amqpdriver.py:360
2026-01-22 00:38:39.782 158525 DEBUG oslo_service.service [req-92e411fb-2f6b-4f39-8ff6-65ce8a849b15 - - - - -] hyperv.mounted_disk_query_retry_interval = 5 log_opt_values /usr/lib/python3/dist-packages/oslo_config/cfg.py:2609
2026-01-22 00:38:39.782 158974 DEBUG oslo_messaging._drivers.amqpdriver [-] Listener is running poll /usr/lib/python3/dist-packages/oslo_messaging/_drivers/amqpdriver.py:343
2026-01-22 00:38:39.782 158975 DEBUG oslo_messaging._drivers.amqpdriver [-] AMQPListener connection consume poll /usr/lib/python3/dist-packages/oslo_messaging/_drivers/amqpdriver.py:357
2026-01-22 00:38:39.782 158525 DEBUG oslo_service.service [req-92e411fb-2f6b-4f39-8ff6-65ce8a849b15 - - - - -] hyperv.power_state_check_timeframe = 60 log_opt_values /usr/lib/python3/dist-packages/oslo_config/cfg.py:2609
2026-01-22 00:38:39.782 158974 DEBUG oslo_messaging._drivers.amqpdriver [-] Poll the incoming message with unique_id: 664654e31a6f4997b8d23ce3aed57a75 poll /usr/lib/python3/dist-packages/oslo_messaging/_drivers/amqpdriver.py:346
2026-01-22 00:38:39.782 158525 DEBUG oslo_service.service [req-92e411fb-2f6b-4f39-8ff6-65ce8a849b15 - - - - -] hyperv.power_state_event_polling_interval = 2 log_opt_values /usr/lib/python3/dist-packages/oslo_config/cfg.py:2609
2026-01-22 00:38:39.782 158525 DEBUG oslo_service.service [req-92e411fb-2f6b-4f39-8ff6-65ce8a849b15 - - - - -] hyperv.qemu_img_cmd = qemu-img.exe log_opt_values /usr/lib/python3/dist-packages/oslo_config/cfg.py:2609
2026-01-22 00:38:39.782 158525 DEBUG oslo_service.service [req-92e411fb-2f6b-4f39-8ff6-65ce8a849b15 - - - - -] hyperv.use_multipath_io = False log_opt_values /usr/lib/python3/dist-packages/oslo_config/cfg.py:2609
2026-01-22 00:38:39.782 158974 DEBUG oslo_messaging._drivers.amqpdriver [-] Listener is running poll /usr/lib/python3/dist-packages/oslo_messaging/_drivers/amqpdriver.py:343
2026-01-22 00:38:39.783 158974 DEBUG oslo_messaging._drivers.amqpdriver [-] AMQPListener connection consume poll /usr/lib/python3/dist-packages/oslo_messaging/_drivers/amqpdriver.py:357
2026-01-22 00:38:39.783 158525 DEBUG oslo_service.service [req-92e411fb-2f6b-4f39-8ff6-65ce8a849b15 - - - - -] hyperv.volume_attach_retry_count = 10 log_opt_values /usr/lib/python3/dist-packages/oslo_config/cfg.py:2609
2026-01-22 00:38:39.783 158525 DEBUG oslo_service.service [req-92e411fb-2f6b-4f39-8ff6-65ce8a849b15 - - - - -] hyperv.volume_attach_retry_interval = 5 log_opt_values /usr/lib/python3/dist-packages/oslo_config/cfg.py:2609
2026-01-22 00:38:39.783 158525 DEBUG oslo_service.service [req-92e411fb-2f6b-4f39-8ff6-65ce8a849b15 - - - - -] hyperv.vswitch_name = None log_opt_values /usr/lib/python3/dist-packages/oslo_config/cfg.py:2609
2026-01-22 00:38:39.783 158525 DEBUG oslo_service.service [req-92e411fb-2f6b-4f39-8ff6-65ce8a849b15 - - - - -] hyperv.wait_soft_reboot_seconds = 60 log_opt_values /usr/lib/python3/dist-packages/oslo_config/cfg.py:2609
2026-01-22 00:38:39.783 158525 DEBUG oslo_service.service [req-92e411fb-2f6b-4f39-8ff6-65ce8a849b15 - - - - -] mks.enabled = False log_opt_values /usr/lib/python3/dist-packages/oslo_config/cfg.py:2609
2026-01-22 00:38:39.784 158525 DEBUG oslo_service.service [req-92e411fb-2f6b-4f39-8ff6-65ce8a849b15 - - - - -] mks.mksproxy_base_url = http://127.0.0.1:6090/ log_opt_values /usr/lib/python3/dist-packages/oslo_config/cfg.py:2609
2026-01-22 00:38:39.784 158525 DEBUG oslo_service.service [req-92e411fb-2f6b-4f39-8ff6-65ce8a849b15 - - - - -] image_cache.manager_interval = 2400 log_opt_values /usr/lib/python3/dist-packages/oslo_config/cfg.py:2609
2026-01-22 00:38:39.784 158525 DEBUG oslo_service.service [req-92e411fb-2f6b-4f39-8ff6-65ce8a849b15 - - - - -] image_cache.precache_concurrency = 1 log_opt_values /usr/lib/python3/dist-packages/oslo_config/cfg.py:2609
2026-01-22 00:38:39.784 158525 DEBUG oslo_service.service [req-92e411fb-2f6b-4f39-8ff6-65ce8a849b15 - - - - -] image_cache.remove_unused_base_images = True log_opt_values /usr/lib/python3/dist-packages/oslo_config/cfg.py:2609
2026-01-22 00:38:39.784 158525 DEBUG oslo_service.service [req-92e411fb-2f6b-4f39-8ff6-65ce8a849b15 - - - - -] image_cache.remove_unused_original_minimum_age_seconds = 86400 log_opt_values /usr/lib/python3/dist-packages/oslo_config/cfg.py:2609
2026-01-22 00:38:39.785 158525 DEBUG oslo_service.service [req-92e411fb-2f6b-4f39-8ff6-65ce8a849b15 - - - - -] image_cache.remove_unused_resized_minimum_age_seconds = 3600 log_opt_values /usr/lib/python3/dist-packages/oslo_config/cfg.py:2609
2026-01-22 00:38:39.785 158525 DEBUG oslo_service.service [req-92e411fb-2f6b-4f39-8ff6-65ce8a849b15 - - - - -] image_cache.subdirectory_name = _base log_opt_values /usr/lib/python3/dist-packages/oslo_config/cfg.py:2609
2026-01-22 00:38:39.785 158525 DEBUG oslo_service.service [req-92e411fb-2f6b-4f39-8ff6-65ce8a849b15 - - - - -] ironic.api_max_retries = 60 log_opt_values /usr/lib/python3/dist-packages/oslo_config/cfg.py:2609
2026-01-22 00:38:39.785 158525 DEBUG oslo_service.service [req-92e411fb-2f6b-4f39-8ff6-65ce8a849b15 - - - - -] ironic.api_retry_interval = 2 log_opt_values /usr/lib/python3/dist-packages/oslo_config/cfg.py:2609
2026-01-22 00:38:39.785 158525 DEBUG oslo_service.service [req-92e411fb-2f6b-4f39-8ff6-65ce8a849b15 - - - - -] ironic.auth_section = None log_opt_values /usr/lib/python3/dist-packages/oslo_config/cfg.py:2609
2026-01-22 00:38:39.785 158525 DEBUG oslo_service.service [req-92e411fb-2f6b-4f39-8ff6-65ce8a849b15 - - - - -] ironic.auth_type = None log_opt_values /usr/lib/python3/dist-packages/oslo_config/cfg.py:2609
2026-01-22 00:38:39.785 158525 DEBUG oslo_service.service [req-92e411fb-2f6b-4f39-8ff6-65ce8a849b15 - - - - -] ironic.cafile = None log_opt_values /usr/lib/python3/dist-packages/oslo_config/cfg.py:2609
2026-01-22 00:38:39.786 158525 DEBUG oslo_service.service [req-92e411fb-2f6b-4f39-8ff6-65ce8a849b15 - - - - -] ironic.certfile = None log_opt_values /usr/lib/python3/dist-packages/oslo_config/cfg.py:2609
2026-01-22 00:38:39.786 158525 DEBUG oslo_service.service [req-92e411fb-2f6b-4f39-8ff6-65ce8a849b15 - - - - -] ironic.collect_timing = False log_opt_values /usr/lib/python3/dist-packages/oslo_config/cfg.py:2609
2026-01-22 00:38:39.786 158525 DEBUG oslo_service.service [req-92e411fb-2f6b-4f39-8ff6-65ce8a849b15 - - - - -] ironic.connect_retries = None log_opt_values /usr/lib/python3/dist-packages/oslo_config/cfg.py:2609
2026-01-22 00:38:39.786 158525 DEBUG oslo_service.service [req-92e411fb-2f6b-4f39-8ff6-65ce8a849b15 - - - - -] ironic.connect_retry_delay = None log_opt_values /usr/lib/python3/dist-packages/oslo_config/cfg.py:2609
2026-01-22 00:38:39.786 158525 DEBUG oslo_service.service [req-92e411fb-2f6b-4f39-8ff6-65ce8a849b15 - - - - -] ironic.endpoint_override = None log_opt_values /usr/lib/python3/dist-packages/oslo_config/cfg.py:2609
2026-01-22 00:38:39.787 158525 DEBUG oslo_service.service [req-92e411fb-2f6b-4f39-8ff6-65ce8a849b15 - - - - -] ironic.insecure = False log_opt_values /usr/lib/python3/dist-packages/oslo_config/cfg.py:2609
2026-01-22 00:38:39.787 158525 DEBUG oslo_service.service [req-92e411fb-2f6b-4f39-8ff6-65ce8a849b15 - - - - -] ironic.keyfile = None log_opt_values /usr/lib/python3/dist-packages/oslo_config/cfg.py:2609
2026-01-22 00:38:39.787 158525 DEBUG oslo_service.service [req-92e411fb-2f6b-4f39-8ff6-65ce8a849b15 - - - - -] ironic.max_version = None log_opt_values /usr/lib/python3/dist-packages/oslo_config/cfg.py:2609
2026-01-22 00:38:39.787 158525 DEBUG oslo_service.service [req-92e411fb-2f6b-4f39-8ff6-65ce8a849b15 - - - - -] ironic.min_version = None log_opt_values /usr/lib/python3/dist-packages/oslo_config/cfg.py:2609
2026-01-22 00:38:39.787 158525 DEBUG oslo_service.service [req-92e411fb-2f6b-4f39-8ff6-65ce8a849b15 - - - - -] ironic.partition_key = None log_opt_values /usr/lib/python3/dist-packages/oslo_config/cfg.py:2609
2026-01-22 00:38:39.787 158525 DEBUG oslo_service.service [req-92e411fb-2f6b-4f39-8ff6-65ce8a849b15 - - - - -] ironic.peer_list = [] log_opt_values /usr/lib/python3/dist-packages/oslo_config/cfg.py:2609
2026-01-22 00:38:39.788 158525 DEBUG oslo_service.service [req-92e411fb-2f6b-4f39-8ff6-65ce8a849b15 - - - - -] ironic.region_name = None log_opt_values /usr/lib/python3/dist-packages/oslo_config/cfg.py:2609
2026-01-22 00:38:39.788 158525 DEBUG oslo_service.service [req-92e411fb-2f6b-4f39-8ff6-65ce8a849b15 - - - - -] ironic.serial_console_state_timeout = 10 log_opt_values /usr/lib/python3/dist-packages/oslo_config/cfg.py:2609
2026-01-22 00:38:39.788 158525 DEBUG oslo_service.service [req-92e411fb-2f6b-4f39-8ff6-65ce8a849b15 - - - - -] ironic.service_name = None log_opt_values /usr/lib/python3/dist-packages/oslo_config/cfg.py:2609
2026-01-22 00:38:39.788 158525 DEBUG oslo_service.service [req-92e411fb-2f6b-4f39-8ff6-65ce8a849b15 - - - - -] ironic.service_type = baremetal log_opt_values /usr/lib/python3/dist-packages/oslo_config/cfg.py:2609
2026-01-22 00:38:39.788 158525 DEBUG oslo_service.service [req-92e411fb-2f6b-4f39-8ff6-65ce8a849b15 - - - - -] ironic.split_loggers = False log_opt_values /usr/lib/python3/dist-packages/oslo_config/cfg.py:2609
2026-01-22 00:38:39.788 158525 DEBUG oslo_service.service [req-92e411fb-2f6b-4f39-8ff6-65ce8a849b15 - - - - -] ironic.status_code_retries = None log_opt_values /usr/lib/python3/dist-packages/oslo_config/cfg.py:2609
2026-01-22 00:38:39.788 158525 DEBUG oslo_service.service [req-92e411fb-2f6b-4f39-8ff6-65ce8a849b15 - - - - -] ironic.status_code_retry_delay = None log_opt_values /usr/lib/python3/dist-packages/oslo_config/cfg.py:2609
2026-01-22 00:38:39.789 158525 DEBUG oslo_service.service [req-92e411fb-2f6b-4f39-8ff6-65ce8a849b15 - - - - -] ironic.timeout = None log_opt_values /usr/lib/python3/dist-packages/oslo_config/cfg.py:2609
2026-01-22 00:38:39.789 158525 DEBUG oslo_service.service [req-92e411fb-2f6b-4f39-8ff6-65ce8a849b15 - - - - -] ironic.valid_interfaces = ['internal', 'public'] log_opt_values /usr/lib/python3/dist-packages/oslo_config/cfg.py:2609
2026-01-22 00:38:39.789 158525 DEBUG oslo_service.service [req-92e411fb-2f6b-4f39-8ff6-65ce8a849b15 - - - - -] ironic.version = None log_opt_values /usr/lib/python3/dist-packages/oslo_config/cfg.py:2609
2026-01-22 00:38:39.789 158525 DEBUG oslo_service.service [req-92e411fb-2f6b-4f39-8ff6-65ce8a849b15 - - - - -] key_manager.backend = barbican log_opt_values /usr/lib/python3/dist-packages/oslo_config/cfg.py:2609
2026-01-22 00:38:39.789 158525 DEBUG oslo_service.service [req-92e411fb-2f6b-4f39-8ff6-65ce8a849b15 - - - - -] key_manager.fixed_key = **** log_opt_values /usr/lib/python3/dist-packages/oslo_config/cfg.py:2609
2026-01-22 00:38:39.789 158525 DEBUG oslo_service.service [req-92e411fb-2f6b-4f39-8ff6-65ce8a849b15 - - - - -] barbican.auth_endpoint = http://localhost/identity/v3 log_opt_values /usr/lib/python3/dist-packages/oslo_config/cfg.py:2609
2026-01-22 00:38:39.790 158525 DEBUG oslo_service.service [req-92e411fb-2f6b-4f39-8ff6-65ce8a849b15 - - - - -] barbican.barbican_api_version = None log_opt_values /usr/lib/python3/dist-packages/oslo_config/cfg.py:2609
2026-01-22 00:38:39.790 158525 DEBUG oslo_service.service [req-92e411fb-2f6b-4f39-8ff6-65ce8a849b15 - - - - -] barbican.barbican_endpoint = None log_opt_values /usr/lib/python3/dist-packages/oslo_config/cfg.py:2609
2026-01-22 00:38:39.790 158525 DEBUG oslo_service.service [req-92e411fb-2f6b-4f39-8ff6-65ce8a849b15 - - - - -] barbican.barbican_endpoint_type = public log_opt_values /usr/lib/python3/dist-packages/oslo_config/cfg.py:2609
2026-01-22 00:38:39.790 158525 DEBUG oslo_service.service [req-92e411fb-2f6b-4f39-8ff6-65ce8a849b15 - - - - -] barbican.barbican_region_name = None log_opt_values /usr/lib/python3/dist-packages/oslo_config/cfg.py:2609
2026-01-22 00:38:39.790 158525 DEBUG oslo_service.service [req-92e411fb-2f6b-4f39-8ff6-65ce8a849b15 - - - - -] barbican.cafile = None log_opt_values /usr/lib/python3/dist-packages/oslo_config/cfg.py:2609
2026-01-22 00:38:39.790 158525 DEBUG oslo_service.service [req-92e411fb-2f6b-4f39-8ff6-65ce8a849b15 - - - - -] barbican.certfile = None log_opt_values /usr/lib/python3/dist-packages/oslo_config/cfg.py:2609
2026-01-22 00:38:39.791 158525 DEBUG oslo_service.service [req-92e411fb-2f6b-4f39-8ff6-65ce8a849b15 - - - - -] barbican.collect_timing = False log_opt_values /usr/lib/python3/dist-packages/oslo_config/cfg.py:2609
2026-01-22 00:38:39.791 158525 DEBUG oslo_service.service [req-92e411fb-2f6b-4f39-8ff6-65ce8a849b15 - - - - -] barbican.insecure = False log_opt_values /usr/lib/python3/dist-packages/oslo_config/cfg.py:2609
2026-01-22 00:38:39.791 158525 DEBUG oslo_service.service [req-92e411fb-2f6b-4f39-8ff6-65ce8a849b15 - - - - -] barbican.keyfile = None log_opt_values /usr/lib/python3/dist-packages/oslo_config/cfg.py:2609
2026-01-22 00:38:39.791 158525 DEBUG oslo_service.service [req-92e411fb-2f6b-4f39-8ff6-65ce8a849b15 - - - - -] barbican.number_of_retries = 60 log_opt_values /usr/lib/python3/dist-packages/oslo_config/cfg.py:2609
2026-01-22 00:38:39.791 158525 DEBUG oslo_service.service [req-92e411fb-2f6b-4f39-8ff6-65ce8a849b15 - - - - -] barbican.retry_delay = 1 log_opt_values /usr/lib/python3/dist-packages/oslo_config/cfg.py:2609
2026-01-22 00:38:39.791 158525 DEBUG oslo_service.service [req-92e411fb-2f6b-4f39-8ff6-65ce8a849b15 - - - - -] barbican.send_service_user_token = False log_opt_values /usr/lib/python3/dist-packages/oslo_config/cfg.py:2609
2026-01-22 00:38:39.791 158525 DEBUG oslo_service.service [req-92e411fb-2f6b-4f39-8ff6-65ce8a849b15 - - - - -] barbican.split_loggers = False log_opt_values /usr/lib/python3/dist-packages/oslo_config/cfg.py:2609
2026-01-22 00:38:39.792 158525 DEBUG oslo_service.service [req-92e411fb-2f6b-4f39-8ff6-65ce8a849b15 - - - - -] barbican.timeout = None log_opt_values /usr/lib/python3/dist-packages/oslo_config/cfg.py:2609
2026-01-22 00:38:39.792 158525 DEBUG oslo_service.service [req-92e411fb-2f6b-4f39-8ff6-65ce8a849b15 - - - - -] barbican.verify_ssl = True log_opt_values /usr/lib/python3/dist-packages/oslo_config/cfg.py:2609
2026-01-22 00:38:39.792 158525 DEBUG oslo_service.service [req-92e411fb-2f6b-4f39-8ff6-65ce8a849b15 - - - - -] barbican.verify_ssl_path = None log_opt_values /usr/lib/python3/dist-packages/oslo_config/cfg.py:2609
2026-01-22 00:38:39.792 158525 DEBUG oslo_service.service [req-92e411fb-2f6b-4f39-8ff6-65ce8a849b15 - - - - -] barbican_service_user.auth_section = None log_opt_values /usr/lib/python3/dist-packages/oslo_config/cfg.py:2609
2026-01-22 00:38:39.792 158525 DEBUG oslo_service.service [req-92e411fb-2f6b-4f39-8ff6-65ce8a849b15 - - - - -] barbican_service_user.auth_type = None log_opt_values /usr/lib/python3/dist-packages/oslo_config/cfg.py:2609
2026-01-22 00:38:39.792 158525 DEBUG oslo_service.service [req-92e411fb-2f6b-4f39-8ff6-65ce8a849b15 - - - - -] barbican_service_user.cafile = None log_opt_values /usr/lib/python3/dist-packages/oslo_config/cfg.py:2609
2026-01-22 00:38:39.793 158525 DEBUG oslo_service.service [req-92e411fb-2f6b-4f39-8ff6-65ce8a849b15 - - - - -] barbican_service_user.certfile = None log_opt_values /usr/lib/python3/dist-packages/oslo_config/cfg.py:2609
2026-01-22 00:38:39.793 158525 DEBUG oslo_service.service [req-92e411fb-2f6b-4f39-8ff6-65ce8a849b15 - - - - -] barbican_service_user.collect_timing = False log_opt_values /usr/lib/python3/dist-packages/oslo_config/cfg.py:2609
2026-01-22 00:38:39.793 158525 DEBUG oslo_service.service [req-92e411fb-2f6b-4f39-8ff6-65ce8a849b15 - - - - -] barbican_service_user.insecure = False log_opt_values /usr/lib/python3/dist-packages/oslo_config/cfg.py:2609
2026-01-22 00:38:39.793 158525 DEBUG oslo_service.service [req-92e411fb-2f6b-4f39-8ff6-65ce8a849b15 - - - - -] barbican_service_user.keyfile = None log_opt_values /usr/lib/python3/dist-packages/oslo_config/cfg.py:2609
2026-01-22 00:38:39.793 158525 DEBUG oslo_service.service [req-92e411fb-2f6b-4f39-8ff6-65ce8a849b15 - - - - -] barbican_service_user.split_loggers = False log_opt_values /usr/lib/python3/dist-packages/oslo_config/cfg.py:2609
2026-01-22 00:38:39.793 158525 DEBUG oslo_service.service [req-92e411fb-2f6b-4f39-8ff6-65ce8a849b15 - - - - -] barbican_service_user.timeout = None log_opt_values /usr/lib/python3/dist-packages/oslo_config/cfg.py:2609
2026-01-22 00:38:39.794 158525 DEBUG oslo_service.service [req-92e411fb-2f6b-4f39-8ff6-65ce8a849b15 - - - - -] vault.approle_role_id = None log_opt_values /usr/lib/python3/dist-packages/oslo_config/cfg.py:2609
2026-01-22 00:38:39.794 158525 DEBUG oslo_service.service [req-92e411fb-2f6b-4f39-8ff6-65ce8a849b15 - - - - -] vault.approle_secret_id = None log_opt_values /usr/lib/python3/dist-packages/oslo_config/cfg.py:2609
2026-01-22 00:38:39.795 158525 DEBUG oslo_service.service [req-92e411fb-2f6b-4f39-8ff6-65ce8a849b15 - - - - -] vault.cafile = None log_opt_values /usr/lib/python3/dist-packages/oslo_config/cfg.py:2609
2026-01-22 00:38:39.795 158525 DEBUG oslo_service.service [req-92e411fb-2f6b-4f39-8ff6-65ce8a849b15 - - - - -] vault.certfile = None log_opt_values /usr/lib/python3/dist-packages/oslo_config/cfg.py:2609
2026-01-22 00:38:39.795 158525 DEBUG oslo_service.service [req-92e411fb-2f6b-4f39-8ff6-65ce8a849b15 - - - - -] vault.collect_timing = False log_opt_values /usr/lib/python3/dist-packages/oslo_config/cfg.py:2609
2026-01-22 00:38:39.795 158525 DEBUG oslo_service.service [req-92e411fb-2f6b-4f39-8ff6-65ce8a849b15 - - - - -] vault.insecure = False log_opt_values /usr/lib/python3/dist-packages/oslo_config/cfg.py:2609
2026-01-22 00:38:39.795 158525 DEBUG oslo_service.service [req-92e411fb-2f6b-4f39-8ff6-65ce8a849b15 - - - - -] vault.keyfile = None log_opt_values /usr/lib/python3/dist-packages/oslo_config/cfg.py:2609
2026-01-22 00:38:39.795 158525 DEBUG oslo_service.service [req-92e411fb-2f6b-4f39-8ff6-65ce8a849b15 - - - - -] vault.kv_mountpoint = secret log_opt_values /usr/lib/python3/dist-packages/oslo_config/cfg.py:2609
2026-01-22 00:38:39.796 158525 DEBUG oslo_service.service [req-92e411fb-2f6b-4f39-8ff6-65ce8a849b15 - - - - -] vault.kv_version = 2 log_opt_values /usr/lib/python3/dist-packages/oslo_config/cfg.py:2609
2026-01-22 00:38:39.796 158525 DEBUG oslo_service.service [req-92e411fb-2f6b-4f39-8ff6-65ce8a849b15 - - - - -] vault.namespace = None log_opt_values /usr/lib/python3/dist-packages/oslo_config/cfg.py:2609
2026-01-22 00:38:39.796 158525 DEBUG oslo_service.service [req-92e411fb-2f6b-4f39-8ff6-65ce8a849b15 - - - - -] vault.root_token_id = None log_opt_values /usr/lib/python3/dist-packages/oslo_config/cfg.py:2609
2026-01-22 00:38:39.796 158525 DEBUG oslo_service.service [req-92e411fb-2f6b-4f39-8ff6-65ce8a849b15 - - - - -] vault.split_loggers = False log_opt_values /usr/lib/python3/dist-packages/oslo_config/cfg.py:2609
2026-01-22 00:38:39.796 158525 DEBUG oslo_service.service [req-92e411fb-2f6b-4f39-8ff6-65ce8a849b15 - - - - -] vault.ssl_ca_crt_file = None log_opt_values /usr/lib/python3/dist-packages/oslo_config/cfg.py:2609
2026-01-22 00:38:39.796 158973 DEBUG nova.service [req-5f8a43e9-838f-4d0d-b690-07d977e81d5f - - - - -] Creating RPC server for service conductor start /usr/lib/python3/dist-packages/nova/service.py:182
2026-01-22 00:38:39.796 158525 DEBUG oslo_service.service [req-92e411fb-2f6b-4f39-8ff6-65ce8a849b15 - - - - -] vault.timeout = None log_opt_values /usr/lib/python3/dist-packages/oslo_config/cfg.py:2609
2026-01-22 00:38:39.796 158525 DEBUG oslo_service.service [req-92e411fb-2f6b-4f39-8ff6-65ce8a849b15 - - - - -] vault.use_ssl = False log_opt_values /usr/lib/python3/dist-packages/oslo_config/cfg.py:2609
2026-01-22 00:38:39.797 158525 DEBUG oslo_service.service [req-92e411fb-2f6b-4f39-8ff6-65ce8a849b15 - - - - -] vault.vault_url = http://127.0.0.1:8200 log_opt_values /usr/lib/python3/dist-packages/oslo_config/cfg.py:2609
2026-01-22 00:38:39.797 158525 DEBUG oslo_service.service [req-92e411fb-2f6b-4f39-8ff6-65ce8a849b15 - - - - -] keystone.cafile = None log_opt_values /usr/lib/python3/dist-packages/oslo_config/cfg.py:2609
2026-01-22 00:38:39.797 158525 DEBUG oslo_service.service [req-92e411fb-2f6b-4f39-8ff6-65ce8a849b15 - - - - -] keystone.certfile = None log_opt_values /usr/lib/python3/dist-packages/oslo_config/cfg.py:2609
2026-01-22 00:38:39.797 158525 DEBUG oslo_service.service [req-92e411fb-2f6b-4f39-8ff6-65ce8a849b15 - - - - -] keystone.collect_timing = False log_opt_values /usr/lib/python3/dist-packages/oslo_config/cfg.py:2609
2026-01-22 00:38:39.797 158525 DEBUG oslo_service.service [req-92e411fb-2f6b-4f39-8ff6-65ce8a849b15 - - - - -] keystone.connect_retries = None log_opt_values /usr/lib/python3/dist-packages/oslo_config/cfg.py:2609
2026-01-22 00:38:39.797 158525 DEBUG oslo_service.service [req-92e411fb-2f6b-4f39-8ff6-65ce8a849b15 - - - - -] keystone.connect_retry_delay = None log_opt_values /usr/lib/python3/dist-packages/oslo_config/cfg.py:2609
2026-01-22 00:38:39.798 158525 DEBUG oslo_service.service [req-92e411fb-2f6b-4f39-8ff6-65ce8a849b15 - - - - -] keystone.endpoint_override = None log_opt_values /usr/lib/python3/dist-packages/oslo_config/cfg.py:2609
2026-01-22 00:38:39.798 158525 DEBUG oslo_service.service [req-92e411fb-2f6b-4f39-8ff6-65ce8a849b15 - - - - -] keystone.insecure = False log_opt_values /usr/lib/python3/dist-packages/oslo_config/cfg.py:2609
2026-01-22 00:38:39.798 158525 DEBUG oslo_service.service [req-92e411fb-2f6b-4f39-8ff6-65ce8a849b15 - - - - -] keystone.keyfile = None log_opt_values /usr/lib/python3/dist-packages/oslo_config/cfg.py:2609
2026-01-22 00:38:39.798 158525 DEBUG oslo_service.service [req-92e411fb-2f6b-4f39-8ff6-65ce8a849b15 - - - - -] keystone.max_version = None log_opt_values /usr/lib/python3/dist-packages/oslo_config/cfg.py:2609
2026-01-22 00:38:39.798 158525 DEBUG oslo_service.service [req-92e411fb-2f6b-4f39-8ff6-65ce8a849b15 - - - - -] keystone.min_version = None log_opt_values /usr/lib/python3/dist-packages/oslo_config/cfg.py:2609
2026-01-22 00:38:39.798 158525 DEBUG oslo_service.service [req-92e411fb-2f6b-4f39-8ff6-65ce8a849b15 - - - - -] keystone.region_name = None log_opt_values /usr/lib/python3/dist-packages/oslo_config/cfg.py:2609
2026-01-22 00:38:39.798 158974 DEBUG oslo_messaging._drivers.amqpdriver [req-4feea482-b8a0-426b-a88a-41af08b0ea63 - - - - -] sending reply msg_id: fece2f4a96354289a3b2460baaf706dd reply queue: reply_d4265743e54d4a26ada8f7ded757ee67 time elapsed: 0.018643520999830798s _send_reply /usr/lib/python3/dist-packages/oslo_messaging/_drivers/amqpdriver.py:118
2026-01-22 00:38:39.798 158525 DEBUG oslo_service.service [req-92e411fb-2f6b-4f39-8ff6-65ce8a849b15 - - - - -] keystone.service_name = None log_opt_values /usr/lib/python3/dist-packages/oslo_config/cfg.py:2609
2026-01-22 00:38:39.799 158525 DEBUG oslo_service.service [req-92e411fb-2f6b-4f39-8ff6-65ce8a849b15 - - - - -] keystone.service_type = identity log_opt_values /usr/lib/python3/dist-packages/oslo_config/cfg.py:2609
2026-01-22 00:38:39.799 158525 DEBUG oslo_service.service [req-92e411fb-2f6b-4f39-8ff6-65ce8a849b15 - - - - -] keystone.split_loggers = False log_opt_values /usr/lib/python3/dist-packages/oslo_config/cfg.py:2609
2026-01-22 00:38:39.799 158525 DEBUG oslo_service.service [req-92e411fb-2f6b-4f39-8ff6-65ce8a849b15 - - - - -] keystone.status_code_retries = None log_opt_values /usr/lib/python3/dist-packages/oslo_config/cfg.py:2609
2026-01-22 00:38:39.799 158525 DEBUG oslo_service.service [req-92e411fb-2f6b-4f39-8ff6-65ce8a849b15 - - - - -] keystone.status_code_retry_delay = None log_opt_values /usr/lib/python3/dist-packages/oslo_config/cfg.py:2609
2026-01-22 00:38:39.799 158525 DEBUG oslo_service.service [req-92e411fb-2f6b-4f39-8ff6-65ce8a849b15 - - - - -] keystone.timeout = None log_opt_values /usr/lib/python3/dist-packages/oslo_config/cfg.py:2609
