2026-01-15 00:40:12.293 154948 DEBUG oslo_service.service [req-f69f115f-164d-42d2-938f-831b1940c895 - - - - -] use_eventlog = False log_opt_values /usr/lib/python3/dist-packages/oslo_config/cfg.py:2602
2026-01-15 00:40:12.293 154948 DEBUG oslo_service.service [req-f69f115f-164d-42d2-938f-831b1940c895 - - - - -] use_journal = False log_opt_values /usr/lib/python3/dist-packages/oslo_config/cfg.py:2602
2026-01-15 00:40:12.293 154948 DEBUG oslo_service.service [req-f69f115f-164d-42d2-938f-831b1940c895 - - - - -] use_json = False log_opt_values /usr/lib/python3/dist-packages/oslo_config/cfg.py:2602
2026-01-15 00:40:12.294 154948 DEBUG oslo_service.service [req-f69f115f-164d-42d2-938f-831b1940c895 - - - - -] use_rootwrap_daemon = False log_opt_values /usr/lib/python3/dist-packages/oslo_config/cfg.py:2602
2026-01-15 00:40:12.294 154948 DEBUG oslo_service.service [req-f69f115f-164d-42d2-938f-831b1940c895 - - - - -] use_stderr = False log_opt_values /usr/lib/python3/dist-packages/oslo_config/cfg.py:2602
2026-01-15 00:40:12.294 154948 DEBUG oslo_service.service [req-f69f115f-164d-42d2-938f-831b1940c895 - - - - -] use_syslog = False log_opt_values /usr/lib/python3/dist-packages/oslo_config/cfg.py:2602
2026-01-15 00:40:12.295 154948 DEBUG oslo_service.service [req-f69f115f-164d-42d2-938f-831b1940c895 - - - - -] vcpu_pin_set = None log_opt_values /usr/lib/python3/dist-packages/oslo_config/cfg.py:2602
2026-01-15 00:40:12.295 154948 DEBUG oslo_service.service [req-f69f115f-164d-42d2-938f-831b1940c895 - - - - -] vif_plugging_is_fatal = True log_opt_values /usr/lib/python3/dist-packages/oslo_config/cfg.py:2602
2026-01-15 00:40:12.295 154948 DEBUG oslo_service.service [req-f69f115f-164d-42d2-938f-831b1940c895 - - - - -] vif_plugging_timeout = 300 log_opt_values /usr/lib/python3/dist-packages/oslo_config/cfg.py:2602
2026-01-15 00:40:12.295 154948 DEBUG oslo_service.service [req-f69f115f-164d-42d2-938f-831b1940c895 - - - - -] virt_mkfs = [] log_opt_values /usr/lib/python3/dist-packages/oslo_config/cfg.py:2602
2026-01-15 00:40:12.295 154948 DEBUG oslo_service.service [req-f69f115f-164d-42d2-938f-831b1940c895 - - - - -] volume_usage_poll_interval = 0 log_opt_values /usr/lib/python3/dist-packages/oslo_config/cfg.py:2602
2026-01-15 00:40:12.296 154948 DEBUG oslo_service.service [req-f69f115f-164d-42d2-938f-831b1940c895 - - - - -] watch_log_file = False log_opt_values /usr/lib/python3/dist-packages/oslo_config/cfg.py:2602
2026-01-15 00:40:12.296 154948 DEBUG oslo_service.service [req-f69f115f-164d-42d2-938f-831b1940c895 - - - - -] web = /usr/share/spice-html5 log_opt_values /usr/lib/python3/dist-packages/oslo_config/cfg.py:2602
2026-01-15 00:40:12.296 154948 DEBUG oslo_service.service [req-f69f115f-164d-42d2-938f-831b1940c895 - - - - -] oslo_concurrency.disable_process_locking = False log_opt_values /usr/lib/python3/dist-packages/oslo_config/cfg.py:2609
2026-01-15 00:40:12.297 154948 DEBUG oslo_service.service [req-f69f115f-164d-42d2-938f-831b1940c895 - - - - -] oslo_concurrency.lock_path = /var/lock/nova log_opt_values /usr/lib/python3/dist-packages/oslo_config/cfg.py:2609
2026-01-15 00:40:12.297 154948 WARNING oslo_config.cfg [req-f69f115f-164d-42d2-938f-831b1940c895 - - - - -] Deprecated: Option "auth_strategy" from group "api" is deprecated for removal ( The only non-default choice, ``noauth2``, is for internal development and testing purposes only and should not be used in deployments. This option and its middleware, NoAuthMiddleware[V2_18], will be removed in a future release. ). Its value may be silently ignored in the future.
2026-01-15 00:40:12.298 154948 DEBUG oslo_service.service [req-f69f115f-164d-42d2-938f-831b1940c895 - - - - -] api.auth_strategy = keystone log_opt_values /usr/lib/python3/dist-packages/oslo_config/cfg.py:2609
2026-01-15 00:40:12.298 154948 DEBUG oslo_service.service [req-f69f115f-164d-42d2-938f-831b1940c895 - - - - -] api.compute_link_prefix = None log_opt_values /usr/lib/python3/dist-packages/oslo_config/cfg.py:2609
2026-01-15 00:40:12.298 154948 DEBUG oslo_service.service [req-f69f115f-164d-42d2-938f-831b1940c895 - - - - -] api.config_drive_skip_versions = 1.0 2007-01-19 2007-03-01 2007-08-29 2007-10-10 2007-12-15 2008-02-01 2008-09-01 log_opt_values /usr/lib/python3/dist-packages/oslo_config/cfg.py:2609
2026-01-15 00:40:12.299 154948 DEBUG oslo_service.service [req-f69f115f-164d-42d2-938f-831b1940c895 - - - - -] api.dhcp_domain = novalocal log_opt_values /usr/lib/python3/dist-packages/oslo_config/cfg.py:2609
2026-01-15 00:40:12.299 154948 DEBUG oslo_service.service [req-f69f115f-164d-42d2-938f-831b1940c895 - - - - -] api.enable_instance_password = True log_opt_values /usr/lib/python3/dist-packages/oslo_config/cfg.py:2609
2026-01-15 00:40:12.299 154948 DEBUG oslo_service.service [req-f69f115f-164d-42d2-938f-831b1940c895 - - - - -] api.glance_link_prefix = None log_opt_values /usr/lib/python3/dist-packages/oslo_config/cfg.py:2609
2026-01-15 00:40:12.299 154948 DEBUG oslo_service.service [req-f69f115f-164d-42d2-938f-831b1940c895 - - - - -] api.instance_list_cells_batch_fixed_size = 100 log_opt_values /usr/lib/python3/dist-packages/oslo_config/cfg.py:2609
2026-01-15 00:40:12.300 154948 DEBUG oslo_service.service [req-f69f115f-164d-42d2-938f-831b1940c895 - - - - -] api.instance_list_cells_batch_strategy = distributed log_opt_values /usr/lib/python3/dist-packages/oslo_config/cfg.py:2609
2026-01-15 00:40:12.300 154948 DEBUG oslo_service.service [req-f69f115f-164d-42d2-938f-831b1940c895 - - - - -] api.instance_list_per_project_cells = False log_opt_values /usr/lib/python3/dist-packages/oslo_config/cfg.py:2609
2026-01-15 00:40:12.300 154948 DEBUG oslo_service.service [req-f69f115f-164d-42d2-938f-831b1940c895 - - - - -] api.list_records_by_skipping_down_cells = True log_opt_values /usr/lib/python3/dist-packages/oslo_config/cfg.py:2609
2026-01-15 00:40:12.300 154948 DEBUG oslo_service.service [req-f69f115f-164d-42d2-938f-831b1940c895 - - - - -] api.local_metadata_per_cell = False log_opt_values /usr/lib/python3/dist-packages/oslo_config/cfg.py:2609
2026-01-15 00:40:12.300 154948 DEBUG oslo_service.service [req-f69f115f-164d-42d2-938f-831b1940c895 - - - - -] api.max_limit = 1000 log_opt_values /usr/lib/python3/dist-packages/oslo_config/cfg.py:2609
2026-01-15 00:40:12.301 154948 DEBUG oslo_service.service [req-f69f115f-164d-42d2-938f-831b1940c895 - - - - -] api.metadata_cache_expiration = 15 log_opt_values /usr/lib/python3/dist-packages/oslo_config/cfg.py:2609
2026-01-15 00:40:12.301 154948 DEBUG oslo_service.service [req-f69f115f-164d-42d2-938f-831b1940c895 - - - - -] api.neutron_default_tenant_id = default log_opt_values /usr/lib/python3/dist-packages/oslo_config/cfg.py:2609
2026-01-15 00:40:12.301 155960 DEBUG oslo_db.sqlalchemy.engines [req-2a3698fb-f437-470f-af95-76d28dbbb886 - - - - -] MySQL server mode set to STRICT_TRANS_TABLES,STRICT_ALL_TABLES,NO_ZERO_IN_DATE,NO_ZERO_DATE,ERROR_FOR_DIVISION_BY_ZERO,TRADITIONAL,NO_ENGINE_SUBSTITUTION _check_effective_sql_mode /usr/lib/python3/dist-packages/oslo_db/sqlalchemy/engines.py:314
2026-01-15 00:40:12.301 154948 DEBUG oslo_service.service [req-f69f115f-164d-42d2-938f-831b1940c895 - - - - -] api.use_forwarded_for = False log_opt_values /usr/lib/python3/dist-packages/oslo_config/cfg.py:2609
2026-01-15 00:40:12.302 154948 DEBUG oslo_service.service [req-f69f115f-164d-42d2-938f-831b1940c895 - - - - -] api.use_neutron_default_nets = False log_opt_values /usr/lib/python3/dist-packages/oslo_config/cfg.py:2609
2026-01-15 00:40:12.302 154948 DEBUG oslo_service.service [req-f69f115f-164d-42d2-938f-831b1940c895 - - - - -] api.vendordata_dynamic_connect_timeout = 5 log_opt_values /usr/lib/python3/dist-packages/oslo_config/cfg.py:2609
2026-01-15 00:40:12.302 154948 DEBUG oslo_service.service [req-f69f115f-164d-42d2-938f-831b1940c895 - - - - -] api.vendordata_dynamic_failure_fatal = False log_opt_values /usr/lib/python3/dist-packages/oslo_config/cfg.py:2609
2026-01-15 00:40:12.302 154948 DEBUG oslo_service.service [req-f69f115f-164d-42d2-938f-831b1940c895 - - - - -] api.vendordata_dynamic_read_timeout = 5 log_opt_values /usr/lib/python3/dist-packages/oslo_config/cfg.py:2609
2026-01-15 00:40:12.302 154948 DEBUG oslo_service.service [req-f69f115f-164d-42d2-938f-831b1940c895 - - - - -] api.vendordata_dynamic_ssl_certfile = log_opt_values /usr/lib/python3/dist-packages/oslo_config/cfg.py:2609
2026-01-15 00:40:12.303 154948 DEBUG oslo_service.service [req-f69f115f-164d-42d2-938f-831b1940c895 - - - - -] api.vendordata_dynamic_targets = [] log_opt_values /usr/lib/python3/dist-packages/oslo_config/cfg.py:2609
2026-01-15 00:40:12.303 154948 DEBUG oslo_service.service [req-f69f115f-164d-42d2-938f-831b1940c895 - - - - -] api.vendordata_jsonfile_path = None log_opt_values /usr/lib/python3/dist-packages/oslo_config/cfg.py:2609
2026-01-15 00:40:12.303 154948 DEBUG oslo_service.service [req-f69f115f-164d-42d2-938f-831b1940c895 - - - - -] api.vendordata_providers = ['StaticJSON'] log_opt_values /usr/lib/python3/dist-packages/oslo_config/cfg.py:2609
2026-01-15 00:40:12.303 154948 DEBUG oslo_service.service [req-f69f115f-164d-42d2-938f-831b1940c895 - - - - -] cache.backend = dogpile.cache.null log_opt_values /usr/lib/python3/dist-packages/oslo_config/cfg.py:2609
2026-01-15 00:40:12.304 154948 DEBUG oslo_service.service [req-f69f115f-164d-42d2-938f-831b1940c895 - - - - -] cache.backend_argument = **** log_opt_values /usr/lib/python3/dist-packages/oslo_config/cfg.py:2609
2026-01-15 00:40:12.304 154948 DEBUG oslo_service.service [req-f69f115f-164d-42d2-938f-831b1940c895 - - - - -] cache.config_prefix = cache.oslo log_opt_values /usr/lib/python3/dist-packages/oslo_config/cfg.py:2609
2026-01-15 00:40:12.304 154948 DEBUG oslo_service.service [req-f69f115f-164d-42d2-938f-831b1940c895 - - - - -] cache.debug_cache_backend = False log_opt_values /usr/lib/python3/dist-packages/oslo_config/cfg.py:2609
2026-01-15 00:40:12.304 154948 DEBUG oslo_service.service [req-f69f115f-164d-42d2-938f-831b1940c895 - - - - -] cache.enabled = False log_opt_values /usr/lib/python3/dist-packages/oslo_config/cfg.py:2609
2026-01-15 00:40:12.305 154948 DEBUG oslo_service.service [req-f69f115f-164d-42d2-938f-831b1940c895 - - - - -] cache.expiration_time = 600 log_opt_values /usr/lib/python3/dist-packages/oslo_config/cfg.py:2609
2026-01-15 00:40:12.305 154948 DEBUG oslo_service.service [req-f69f115f-164d-42d2-938f-831b1940c895 - - - - -] cache.memcache_dead_retry = 300 log_opt_values /usr/lib/python3/dist-packages/oslo_config/cfg.py:2609
2026-01-15 00:40:12.305 154948 DEBUG oslo_service.service [req-f69f115f-164d-42d2-938f-831b1940c895 - - - - -] cache.memcache_pool_connection_get_timeout = 10 log_opt_values /usr/lib/python3/dist-packages/oslo_config/cfg.py:2609
2026-01-15 00:40:12.305 154948 DEBUG oslo_service.service [req-f69f115f-164d-42d2-938f-831b1940c895 - - - - -] cache.memcache_pool_flush_on_reconnect = False log_opt_values /usr/lib/python3/dist-packages/oslo_config/cfg.py:2609
2026-01-15 00:40:12.306 154948 DEBUG oslo_service.service [req-f69f115f-164d-42d2-938f-831b1940c895 - - - - -] cache.memcache_pool_maxsize = 10 log_opt_values /usr/lib/python3/dist-packages/oslo_config/cfg.py:2609
2026-01-15 00:40:12.308 154948 DEBUG oslo_service.service [req-f69f115f-164d-42d2-938f-831b1940c895 - - - - -] cache.memcache_pool_unused_timeout = 60 log_opt_values /usr/lib/python3/dist-packages/oslo_config/cfg.py:2609
2026-01-15 00:40:12.309 155959 DEBUG oslo_messaging._drivers.amqpdriver [-] Listener is running poll /usr/lib/python3/dist-packages/oslo_messaging/_drivers/amqpdriver.py:343
2026-01-15 00:40:12.309 154948 DEBUG oslo_service.service [req-f69f115f-164d-42d2-938f-831b1940c895 - - - - -] cache.memcache_servers = ['localhost:11211'] log_opt_values /usr/lib/python3/dist-packages/oslo_config/cfg.py:2609
2026-01-15 00:40:12.309 155959 DEBUG oslo_messaging._drivers.amqpdriver [-] AMQPListener connection consume poll /usr/lib/python3/dist-packages/oslo_messaging/_drivers/amqpdriver.py:357
2026-01-15 00:40:12.309 154948 DEBUG oslo_service.service [req-f69f115f-164d-42d2-938f-831b1940c895 - - - - -] cache.memcache_socket_timeout = 1.0 log_opt_values /usr/lib/python3/dist-packages/oslo_config/cfg.py:2609
2026-01-15 00:40:12.309 154948 DEBUG oslo_service.service [req-f69f115f-164d-42d2-938f-831b1940c895 - - - - -] cache.proxies = [] log_opt_values /usr/lib/python3/dist-packages/oslo_config/cfg.py:2609
2026-01-15 00:40:12.310 155959 DEBUG nova.service [req-91040661-7551-4c6e-9e21-1df7d08b9b03 - - - - -] Join ServiceGroup membership for this service scheduler start /usr/lib/python3/dist-packages/nova/service.py:199
2026-01-15 00:40:12.310 154948 DEBUG oslo_service.service [req-f69f115f-164d-42d2-938f-831b1940c895 - - - - -] cache.tls_allowed_ciphers = None log_opt_values /usr/lib/python3/dist-packages/oslo_config/cfg.py:2609
2026-01-15 00:40:12.310 155959 DEBUG nova.servicegroup.drivers.db [req-91040661-7551-4c6e-9e21-1df7d08b9b03 - - - - -] DB_Driver: join new ServiceGroup member juju-9220d7-0-lxd-7 to the scheduler group, service = join /usr/lib/python3/dist-packages/nova/servicegroup/drivers/db.py:44
2026-01-15 00:40:12.310 154948 DEBUG oslo_service.service [req-f69f115f-164d-42d2-938f-831b1940c895 - - - - -] cache.tls_cafile = None log_opt_values /usr/lib/python3/dist-packages/oslo_config/cfg.py:2609
2026-01-15 00:40:12.310 154948 DEBUG oslo_service.service [req-f69f115f-164d-42d2-938f-831b1940c895 - - - - -] cache.tls_certfile = None log_opt_values /usr/lib/python3/dist-packages/oslo_config/cfg.py:2609
2026-01-15 00:40:12.310 154948 DEBUG oslo_service.service [req-f69f115f-164d-42d2-938f-831b1940c895 - - - - -] cache.tls_enabled = False log_opt_values /usr/lib/python3/dist-packages/oslo_config/cfg.py:2609
2026-01-15 00:40:12.311 154948 DEBUG oslo_service.service [req-f69f115f-164d-42d2-938f-831b1940c895 - - - - -] cache.tls_keyfile = None log_opt_values /usr/lib/python3/dist-packages/oslo_config/cfg.py:2609
2026-01-15 00:40:12.311 154948 DEBUG oslo_service.service [req-f69f115f-164d-42d2-938f-831b1940c895 - - - - -] cinder.auth_section = None log_opt_values /usr/lib/python3/dist-packages/oslo_config/cfg.py:2609
2026-01-15 00:40:12.311 154948 DEBUG oslo_service.service [req-f69f115f-164d-42d2-938f-831b1940c895 - - - - -] cinder.auth_type = None log_opt_values /usr/lib/python3/dist-packages/oslo_config/cfg.py:2609
2026-01-15 00:40:12.312 154948 DEBUG oslo_service.service [req-f69f115f-164d-42d2-938f-831b1940c895 - - - - -] cinder.cafile = None log_opt_values /usr/lib/python3/dist-packages/oslo_config/cfg.py:2609
2026-01-15 00:40:12.311 155958 DEBUG nova.service [req-36df8408-4975-4252-9919-9c8aed952f72 - - - - -] Creating RPC server for service scheduler start /usr/lib/python3/dist-packages/nova/service.py:182
2026-01-15 00:40:12.312 154948 DEBUG oslo_service.service [req-f69f115f-164d-42d2-938f-831b1940c895 - - - - -] cinder.catalog_info = volumev3::publicURL log_opt_values /usr/lib/python3/dist-packages/oslo_config/cfg.py:2609
2026-01-15 00:40:12.312 154948 DEBUG oslo_service.service [req-f69f115f-164d-42d2-938f-831b1940c895 - - - - -] cinder.certfile = None log_opt_values /usr/lib/python3/dist-packages/oslo_config/cfg.py:2609
2026-01-15 00:40:12.312 154948 DEBUG oslo_service.service [req-f69f115f-164d-42d2-938f-831b1940c895 - - - - -] cinder.collect_timing = False log_opt_values /usr/lib/python3/dist-packages/oslo_config/cfg.py:2609
2026-01-15 00:40:12.312 155959 DEBUG oslo_messaging._drivers.amqpdriver [-] AMQPListener connection timeout poll /usr/lib/python3/dist-packages/oslo_messaging/_drivers/amqpdriver.py:360
2026-01-15 00:40:12.312 154948 DEBUG oslo_service.service [req-f69f115f-164d-42d2-938f-831b1940c895 - - - - -] cinder.cross_az_attach = True log_opt_values /usr/lib/python3/dist-packages/oslo_config/cfg.py:2609
2026-01-15 00:40:12.313 155959 DEBUG oslo_messaging._drivers.amqpdriver [-] Listener is running poll /usr/lib/python3/dist-packages/oslo_messaging/_drivers/amqpdriver.py:343
2026-01-15 00:40:12.313 154948 DEBUG oslo_service.service [req-f69f115f-164d-42d2-938f-831b1940c895 - - - - -] cinder.debug = False log_opt_values /usr/lib/python3/dist-packages/oslo_config/cfg.py:2609
2026-01-15 00:40:12.313 155959 DEBUG oslo_messaging._drivers.amqpdriver [-] AMQPListener connection consume poll /usr/lib/python3/dist-packages/oslo_messaging/_drivers/amqpdriver.py:357
2026-01-15 00:40:12.313 154948 DEBUG oslo_service.service [req-f69f115f-164d-42d2-938f-831b1940c895 - - - - -] cinder.endpoint_template = None log_opt_values /usr/lib/python3/dist-packages/oslo_config/cfg.py:2609
2026-01-15 00:40:12.313 154948 DEBUG oslo_service.service [req-f69f115f-164d-42d2-938f-831b1940c895 - - - - -] cinder.http_retries = 3 log_opt_values /usr/lib/python3/dist-packages/oslo_config/cfg.py:2609
2026-01-15 00:40:12.313 154948 DEBUG oslo_service.service [req-f69f115f-164d-42d2-938f-831b1940c895 - - - - -] cinder.insecure = False log_opt_values /usr/lib/python3/dist-packages/oslo_config/cfg.py:2609
2026-01-15 00:40:12.313 154948 DEBUG oslo_service.service [req-f69f115f-164d-42d2-938f-831b1940c895 - - - - -] cinder.keyfile = None log_opt_values /usr/lib/python3/dist-packages/oslo_config/cfg.py:2609
2026-01-15 00:40:12.314 154948 DEBUG oslo_service.service [req-f69f115f-164d-42d2-938f-831b1940c895 - - - - -] cinder.os_region_name = None log_opt_values /usr/lib/python3/dist-packages/oslo_config/cfg.py:2609
2026-01-15 00:40:12.314 154948 DEBUG oslo_service.service [req-f69f115f-164d-42d2-938f-831b1940c895 - - - - -] cinder.split_loggers = False log_opt_values /usr/lib/python3/dist-packages/oslo_config/cfg.py:2609
2026-01-15 00:40:12.314 154948 DEBUG oslo_service.service [req-f69f115f-164d-42d2-938f-831b1940c895 - - - - -] cinder.timeout = None log_opt_values /usr/lib/python3/dist-packages/oslo_config/cfg.py:2609
2026-01-15 00:40:12.314 154948 DEBUG oslo_service.service [req-f69f115f-164d-42d2-938f-831b1940c895 - - - - -] compute.consecutive_build_service_disable_threshold = 10 log_opt_values /usr/lib/python3/dist-packages/oslo_config/cfg.py:2609
2026-01-15 00:40:12.314 154948 DEBUG oslo_service.service [req-f69f115f-164d-42d2-938f-831b1940c895 - - - - -] compute.cpu_dedicated_set = None log_opt_values /usr/lib/python3/dist-packages/oslo_config/cfg.py:2609
2026-01-15 00:40:12.315 154948 DEBUG oslo_service.service [req-f69f115f-164d-42d2-938f-831b1940c895 - - - - -] compute.cpu_shared_set = None log_opt_values /usr/lib/python3/dist-packages/oslo_config/cfg.py:2609
2026-01-15 00:40:12.315 154948 DEBUG oslo_service.service [req-f69f115f-164d-42d2-938f-831b1940c895 - - - - -] compute.image_type_exclude_list = [] log_opt_values /usr/lib/python3/dist-packages/oslo_config/cfg.py:2609
2026-01-15 00:40:12.315 154948 DEBUG oslo_service.service [req-f69f115f-164d-42d2-938f-831b1940c895 - - - - -] compute.live_migration_wait_for_vif_plug = True log_opt_values /usr/lib/python3/dist-packages/oslo_config/cfg.py:2609
2026-01-15 00:40:12.315 154948 DEBUG oslo_service.service [req-f69f115f-164d-42d2-938f-831b1940c895 - - - - -] compute.max_concurrent_disk_ops = 0 log_opt_values /usr/lib/python3/dist-packages/oslo_config/cfg.py:2609
2026-01-15 00:40:12.316 154948 DEBUG oslo_service.service [req-f69f115f-164d-42d2-938f-831b1940c895 - - - - -] compute.max_disk_devices_to_attach = -1 log_opt_values /usr/lib/python3/dist-packages/oslo_config/cfg.py:2609
2026-01-15 00:40:12.316 154948 DEBUG oslo_service.service [req-f69f115f-164d-42d2-938f-831b1940c895 - - - - -] compute.packing_host_numa_cells_allocation_strategy = True log_opt_values /usr/lib/python3/dist-packages/oslo_config/cfg.py:2609
2026-01-15 00:40:12.316 154948 DEBUG oslo_service.service [req-f69f115f-164d-42d2-938f-831b1940c895 - - - - -] compute.provider_config_location = /etc/nova/provider_config/ log_opt_values /usr/lib/python3/dist-packages/oslo_config/cfg.py:2609
2026-01-15 00:40:12.316 154948 DEBUG oslo_service.service [req-f69f115f-164d-42d2-938f-831b1940c895 - - - - -] compute.resource_provider_association_refresh = 300 log_opt_values /usr/lib/python3/dist-packages/oslo_config/cfg.py:2609
2026-01-15 00:40:12.316 154948 DEBUG oslo_service.service [req-f69f115f-164d-42d2-938f-831b1940c895 - - - - -] compute.shutdown_retry_interval = 10 log_opt_values /usr/lib/python3/dist-packages/oslo_config/cfg.py:2609
2026-01-15 00:40:12.317 154948 DEBUG oslo_service.service [req-f69f115f-164d-42d2-938f-831b1940c895 - - - - -] compute.vmdk_allowed_types = ['streamOptimized', 'monolithicSparse'] log_opt_values /usr/lib/python3/dist-packages/oslo_config/cfg.py:2609
2026-01-15 00:40:12.317 154948 DEBUG oslo_service.service [req-f69f115f-164d-42d2-938f-831b1940c895 - - - - -] conductor.workers = 4 log_opt_values /usr/lib/python3/dist-packages/oslo_config/cfg.py:2609
2026-01-15 00:40:12.317 154948 DEBUG oslo_service.service [req-f69f115f-164d-42d2-938f-831b1940c895 - - - - -] console.allowed_origins = [] log_opt_values /usr/lib/python3/dist-packages/oslo_config/cfg.py:2609
2026-01-15 00:40:12.317 154948 DEBUG oslo_service.service [req-f69f115f-164d-42d2-938f-831b1940c895 - - - - -] console.ssl_ciphers = None log_opt_values /usr/lib/python3/dist-packages/oslo_config/cfg.py:2609
2026-01-15 00:40:12.317 154948 DEBUG oslo_service.service [req-f69f115f-164d-42d2-938f-831b1940c895 - - - - -] console.ssl_minimum_version = default log_opt_values /usr/lib/python3/dist-packages/oslo_config/cfg.py:2609
2026-01-15 00:40:12.318 154948 DEBUG oslo_service.service [req-f69f115f-164d-42d2-938f-831b1940c895 - - - - -] consoleauth.token_ttl = 600 log_opt_values /usr/lib/python3/dist-packages/oslo_config/cfg.py:2609
2026-01-15 00:40:12.318 154948 DEBUG oslo_service.service [req-f69f115f-164d-42d2-938f-831b1940c895 - - - - -] cyborg.cafile = None log_opt_values /usr/lib/python3/dist-packages/oslo_config/cfg.py:2609
2026-01-15 00:40:12.318 154948 DEBUG oslo_service.service [req-f69f115f-164d-42d2-938f-831b1940c895 - - - - -] cyborg.certfile = None log_opt_values /usr/lib/python3/dist-packages/oslo_config/cfg.py:2609
2026-01-15 00:40:12.318 154948 DEBUG oslo_service.service [req-f69f115f-164d-42d2-938f-831b1940c895 - - - - -] cyborg.collect_timing = False log_opt_values /usr/lib/python3/dist-packages/oslo_config/cfg.py:2609
2026-01-15 00:40:12.318 154948 DEBUG oslo_service.service [req-f69f115f-164d-42d2-938f-831b1940c895 - - - - -] cyborg.connect_retries = None log_opt_values /usr/lib/python3/dist-packages/oslo_config/cfg.py:2609
2026-01-15 00:40:12.319 154948 DEBUG oslo_service.service [req-f69f115f-164d-42d2-938f-831b1940c895 - - - - -] cyborg.connect_retry_delay = None log_opt_values /usr/lib/python3/dist-packages/oslo_config/cfg.py:2609
2026-01-15 00:40:12.319 154948 DEBUG oslo_service.service [req-f69f115f-164d-42d2-938f-831b1940c895 - - - - -] cyborg.endpoint_override = None log_opt_values /usr/lib/python3/dist-packages/oslo_config/cfg.py:2609
2026-01-15 00:40:12.319 154948 DEBUG oslo_service.service [req-f69f115f-164d-42d2-938f-831b1940c895 - - - - -] cyborg.insecure = False log_opt_values /usr/lib/python3/dist-packages/oslo_config/cfg.py:2609
2026-01-15 00:40:12.320 154948 DEBUG oslo_service.service [req-f69f115f-164d-42d2-938f-831b1940c895 - - - - -] cyborg.keyfile = None log_opt_values /usr/lib/python3/dist-packages/oslo_config/cfg.py:2609
2026-01-15 00:40:12.320 154948 DEBUG oslo_service.service [req-f69f115f-164d-42d2-938f-831b1940c895 - - - - -] cyborg.max_version = None log_opt_values /usr/lib/python3/dist-packages/oslo_config/cfg.py:2609
2026-01-15 00:40:12.321 154948 DEBUG oslo_service.service [req-f69f115f-164d-42d2-938f-831b1940c895 - - - - -] cyborg.min_version = None log_opt_values /usr/lib/python3/dist-packages/oslo_config/cfg.py:2609
2026-01-15 00:40:12.322 154948 DEBUG oslo_service.service [req-f69f115f-164d-42d2-938f-831b1940c895 - - - - -] cyborg.region_name = None log_opt_values /usr/lib/python3/dist-packages/oslo_config/cfg.py:2609
2026-01-15 00:40:12.322 154948 DEBUG oslo_service.service [req-f69f115f-164d-42d2-938f-831b1940c895 - - - - -] cyborg.service_name = None log_opt_values /usr/lib/python3/dist-packages/oslo_config/cfg.py:2609
2026-01-15 00:40:12.322 154948 DEBUG oslo_service.service [req-f69f115f-164d-42d2-938f-831b1940c895 - - - - -] cyborg.service_type = accelerator log_opt_values /usr/lib/python3/dist-packages/oslo_config/cfg.py:2609
2026-01-15 00:40:12.323 154948 DEBUG oslo_service.service [req-f69f115f-164d-42d2-938f-831b1940c895 - - - - -] cyborg.split_loggers = False log_opt_values /usr/lib/python3/dist-packages/oslo_config/cfg.py:2609
2026-01-15 00:40:12.323 154948 DEBUG oslo_service.service [req-f69f115f-164d-42d2-938f-831b1940c895 - - - - -] cyborg.status_code_retries = None log_opt_values /usr/lib/python3/dist-packages/oslo_config/cfg.py:2609
2026-01-15 00:40:12.323 154948 DEBUG oslo_service.service [req-f69f115f-164d-42d2-938f-831b1940c895 - - - - -] cyborg.status_code_retry_delay = None log_opt_values /usr/lib/python3/dist-packages/oslo_config/cfg.py:2609
2026-01-15 00:40:12.323 154948 DEBUG oslo_service.service [req-f69f115f-164d-42d2-938f-831b1940c895 - - - - -] cyborg.timeout = None log_opt_values /usr/lib/python3/dist-packages/oslo_config/cfg.py:2609
2026-01-15 00:40:12.323 154948 DEBUG oslo_service.service [req-f69f115f-164d-42d2-938f-831b1940c895 - - - - -] cyborg.valid_interfaces = ['internal', 'public'] log_opt_values /usr/lib/python3/dist-packages/oslo_config/cfg.py:2609
2026-01-15 00:40:12.323 154948 DEBUG oslo_service.service [req-f69f115f-164d-42d2-938f-831b1940c895 - - - - -] cyborg.version = None log_opt_values /usr/lib/python3/dist-packages/oslo_config/cfg.py:2609
2026-01-15 00:40:12.324 154948 DEBUG oslo_service.service [req-f69f115f-164d-42d2-938f-831b1940c895 - - - - -] database.backend = sqlalchemy log_opt_values /usr/lib/python3/dist-packages/oslo_config/cfg.py:2609
2026-01-15 00:40:12.324 154948 DEBUG oslo_service.service [req-f69f115f-164d-42d2-938f-831b1940c895 - - - - -] database.connection = **** log_opt_values /usr/lib/python3/dist-packages/oslo_config/cfg.py:2609
2026-01-15 00:40:12.324 154948 DEBUG oslo_service.service [req-f69f115f-164d-42d2-938f-831b1940c895 - - - - -] database.connection_debug = 0 log_opt_values /usr/lib/python3/dist-packages/oslo_config/cfg.py:2609
2026-01-15 00:40:12.324 154948 DEBUG oslo_service.service [req-f69f115f-164d-42d2-938f-831b1940c895 - - - - -] database.connection_parameters = log_opt_values /usr/lib/python3/dist-packages/oslo_config/cfg.py:2609
2026-01-15 00:40:12.324 154948 DEBUG oslo_service.service [req-f69f115f-164d-42d2-938f-831b1940c895 - - - - -] database.connection_recycle_time = 3600 log_opt_values /usr/lib/python3/dist-packages/oslo_config/cfg.py:2609
2026-01-15 00:40:12.325 154948 DEBUG oslo_service.service [req-f69f115f-164d-42d2-938f-831b1940c895 - - - - -] database.connection_trace = False log_opt_values /usr/lib/python3/dist-packages/oslo_config/cfg.py:2609
2026-01-15 00:40:12.326 154948 DEBUG oslo_service.service [req-f69f115f-164d-42d2-938f-831b1940c895 - - - - -] database.db_inc_retry_interval = True log_opt_values /usr/lib/python3/dist-packages/oslo_config/cfg.py:2609
2026-01-15 00:40:12.326 154948 DEBUG oslo_service.service [req-f69f115f-164d-42d2-938f-831b1940c895 - - - - -] database.db_max_retries = 20 log_opt_values /usr/lib/python3/dist-packages/oslo_config/cfg.py:2609
2026-01-15 00:40:12.326 154948 DEBUG oslo_service.service [req-f69f115f-164d-42d2-938f-831b1940c895 - - - - -] database.db_max_retry_interval = 10 log_opt_values /usr/lib/python3/dist-packages/oslo_config/cfg.py:2609
2026-01-15 00:40:12.326 154948 DEBUG oslo_service.service [req-f69f115f-164d-42d2-938f-831b1940c895 - - - - -] database.db_retry_interval = 1 log_opt_values /usr/lib/python3/dist-packages/oslo_config/cfg.py:2609
2026-01-15 00:40:12.327 154948 DEBUG oslo_service.service [req-f69f115f-164d-42d2-938f-831b1940c895 - - - - -] database.max_overflow = 50 log_opt_values /usr/lib/python3/dist-packages/oslo_config/cfg.py:2609
2026-01-15 00:40:12.327 155960 DEBUG nova.service [req-2a3698fb-f437-470f-af95-76d28dbbb886 - - - - -] Creating RPC server for service scheduler start /usr/lib/python3/dist-packages/nova/service.py:182
2026-01-15 00:40:12.327 154948 DEBUG oslo_service.service [req-f69f115f-164d-42d2-938f-831b1940c895 - - - - -] database.max_pool_size = 4 log_opt_values /usr/lib/python3/dist-packages/oslo_config/cfg.py:2609
2026-01-15 00:40:12.328 154948 DEBUG oslo_service.service [req-f69f115f-164d-42d2-938f-831b1940c895 - - - - -] database.max_retries = 10 log_opt_values /usr/lib/python3/dist-packages/oslo_config/cfg.py:2609
2026-01-15 00:40:12.328 154948 DEBUG oslo_service.service [req-f69f115f-164d-42d2-938f-831b1940c895 - - - - -] database.mysql_enable_ndb = False log_opt_values /usr/lib/python3/dist-packages/oslo_config/cfg.py:2609
2026-01-15 00:40:12.328 154948 DEBUG oslo_service.service [req-f69f115f-164d-42d2-938f-831b1940c895 - - - - -] database.mysql_sql_mode = TRADITIONAL log_opt_values /usr/lib/python3/dist-packages/oslo_config/cfg.py:2609
2026-01-15 00:40:12.328 154948 DEBUG oslo_service.service [req-f69f115f-164d-42d2-938f-831b1940c895 - - - - -] database.pool_timeout = None log_opt_values /usr/lib/python3/dist-packages/oslo_config/cfg.py:2609
2026-01-15 00:40:12.329 154948 DEBUG oslo_service.service [req-f69f115f-164d-42d2-938f-831b1940c895 - - - - -] database.retry_interval = 10 log_opt_values /usr/lib/python3/dist-packages/oslo_config/cfg.py:2609
2026-01-15 00:40:12.329 154948 DEBUG oslo_service.service [req-f69f115f-164d-42d2-938f-831b1940c895 - - - - -] database.slave_connection = **** log_opt_values /usr/lib/python3/dist-packages/oslo_config/cfg.py:2609
2026-01-15 00:40:12.329 154948 DEBUG oslo_service.service [req-f69f115f-164d-42d2-938f-831b1940c895 - - - - -] database.sqlite_synchronous = True log_opt_values /usr/lib/python3/dist-packages/oslo_config/cfg.py:2609
2026-01-15 00:40:12.330 154948 DEBUG oslo_service.service [req-f69f115f-164d-42d2-938f-831b1940c895 - - - - -] database.use_db_reconnect = False log_opt_values /usr/lib/python3/dist-packages/oslo_config/cfg.py:2609
2026-01-15 00:40:12.330 154948 DEBUG oslo_service.service [req-f69f115f-164d-42d2-938f-831b1940c895 - - - - -] api_database.backend = sqlalchemy log_opt_values /usr/lib/python3/dist-packages/oslo_config/cfg.py:2609
2026-01-15 00:40:12.330 154948 DEBUG oslo_service.service [req-f69f115f-164d-42d2-938f-831b1940c895 - - - - -] api_database.connection = **** log_opt_values /usr/lib/python3/dist-packages/oslo_config/cfg.py:2609
2026-01-15 00:40:12.331 154948 DEBUG oslo_service.service [req-f69f115f-164d-42d2-938f-831b1940c895 - - - - -] api_database.connection_debug = 0 log_opt_values /usr/lib/python3/dist-packages/oslo_config/cfg.py:2609
2026-01-15 00:40:12.331 154948 DEBUG oslo_service.service [req-f69f115f-164d-42d2-938f-831b1940c895 - - - - -] api_database.connection_parameters = log_opt_values /usr/lib/python3/dist-packages/oslo_config/cfg.py:2609
2026-01-15 00:40:12.331 154948 DEBUG oslo_service.service [req-f69f115f-164d-42d2-938f-831b1940c895 - - - - -] api_database.connection_recycle_time = 3600 log_opt_values /usr/lib/python3/dist-packages/oslo_config/cfg.py:2609
2026-01-15 00:40:12.331 154948 DEBUG oslo_service.service [req-f69f115f-164d-42d2-938f-831b1940c895 - - - - -] api_database.connection_trace = False log_opt_values /usr/lib/python3/dist-packages/oslo_config/cfg.py:2609
2026-01-15 00:40:12.331 154948 DEBUG oslo_service.service [req-f69f115f-164d-42d2-938f-831b1940c895 - - - - -] api_database.db_inc_retry_interval = True log_opt_values /usr/lib/python3/dist-packages/oslo_config/cfg.py:2609
2026-01-15 00:40:12.332 154948 DEBUG oslo_service.service [req-f69f115f-164d-42d2-938f-831b1940c895 - - - - -] api_database.db_max_retries = 20 log_opt_values /usr/lib/python3/dist-packages/oslo_config/cfg.py:2609
2026-01-15 00:40:12.332 154948 DEBUG oslo_service.service [req-f69f115f-164d-42d2-938f-831b1940c895 - - - - -] api_database.db_max_retry_interval = 10 log_opt_values /usr/lib/python3/dist-packages/oslo_config/cfg.py:2609
2026-01-15 00:40:12.332 154948 DEBUG oslo_service.service [req-f69f115f-164d-42d2-938f-831b1940c895 - - - - -] api_database.db_retry_interval = 1 log_opt_values /usr/lib/python3/dist-packages/oslo_config/cfg.py:2609
2026-01-15 00:40:12.332 154948 DEBUG oslo_service.service [req-f69f115f-164d-42d2-938f-831b1940c895 - - - - -] api_database.max_overflow = 50 log_opt_values /usr/lib/python3/dist-packages/oslo_config/cfg.py:2609
2026-01-15 00:40:12.333 154948 DEBUG oslo_service.service [req-f69f115f-164d-42d2-938f-831b1940c895 - - - - -] api_database.max_pool_size = 4 log_opt_values /usr/lib/python3/dist-packages/oslo_config/cfg.py:2609
2026-01-15 00:40:12.333 154948 DEBUG oslo_service.service [req-f69f115f-164d-42d2-938f-831b1940c895 - - - - -] api_database.max_retries = 10 log_opt_values /usr/lib/python3/dist-packages/oslo_config/cfg.py:2609
2026-01-15 00:40:12.333 154948 DEBUG oslo_service.service [req-f69f115f-164d-42d2-938f-831b1940c895 - - - - -] api_database.mysql_enable_ndb = False log_opt_values /usr/lib/python3/dist-packages/oslo_config/cfg.py:2609
2026-01-15 00:40:12.333 154948 DEBUG oslo_service.service [req-f69f115f-164d-42d2-938f-831b1940c895 - - - - -] api_database.mysql_sql_mode = TRADITIONAL log_opt_values /usr/lib/python3/dist-packages/oslo_config/cfg.py:2609
2026-01-15 00:40:12.334 154948 DEBUG oslo_service.service [req-f69f115f-164d-42d2-938f-831b1940c895 - - - - -] api_database.pool_timeout = None log_opt_values /usr/lib/python3/dist-packages/oslo_config/cfg.py:2609
2026-01-15 00:40:12.334 154948 DEBUG oslo_service.service [req-f69f115f-164d-42d2-938f-831b1940c895 - - - - -] api_database.retry_interval = 10 log_opt_values /usr/lib/python3/dist-packages/oslo_config/cfg.py:2609
2026-01-15 00:40:12.334 154948 DEBUG oslo_service.service [req-f69f115f-164d-42d2-938f-831b1940c895 - - - - -] api_database.slave_connection = **** log_opt_values /usr/lib/python3/dist-packages/oslo_config/cfg.py:2609
2026-01-15 00:40:12.334 154948 DEBUG oslo_service.service [req-f69f115f-164d-42d2-938f-831b1940c895 - - - - -] api_database.sqlite_synchronous = True log_opt_values /usr/lib/python3/dist-packages/oslo_config/cfg.py:2609
2026-01-15 00:40:12.334 154948 DEBUG oslo_service.service [req-f69f115f-164d-42d2-938f-831b1940c895 - - - - -] devices.enabled_mdev_types = [] log_opt_values /usr/lib/python3/dist-packages/oslo_config/cfg.py:2609
2026-01-15 00:40:12.337 155955 DEBUG oslo_messaging._drivers.amqpdriver [-] Listener is running poll /usr/lib/python3/dist-packages/oslo_messaging/_drivers/amqpdriver.py:343
2026-01-15 00:40:12.338 155955 DEBUG oslo_messaging._drivers.amqpdriver [-] AMQPListener connection consume poll /usr/lib/python3/dist-packages/oslo_messaging/_drivers/amqpdriver.py:357
2026-01-15 00:40:12.338 154948 DEBUG oslo_service.service [req-f69f115f-164d-42d2-938f-831b1940c895 - - - - -] ephemeral_storage_encryption.cipher = aes-xts-plain64 log_opt_values /usr/lib/python3/dist-packages/oslo_config/cfg.py:2609
2026-01-15 00:40:12.338 155955 DEBUG nova.service [req-82671729-0881-484b-bca8-767652552793 - - - - -] Join ServiceGroup membership for this service scheduler start /usr/lib/python3/dist-packages/nova/service.py:199
2026-01-15 00:40:12.339 155955 DEBUG nova.servicegroup.drivers.db [req-82671729-0881-484b-bca8-767652552793 - - - - -] DB_Driver: join new ServiceGroup member juju-9220d7-0-lxd-7 to the scheduler group, service = join /usr/lib/python3/dist-packages/nova/servicegroup/drivers/db.py:44
2026-01-15 00:40:12.339 154948 DEBUG oslo_service.service [req-f69f115f-164d-42d2-938f-831b1940c895 - - - - -] ephemeral_storage_encryption.enabled = False log_opt_values /usr/lib/python3/dist-packages/oslo_config/cfg.py:2609
2026-01-15 00:40:12.339 154948 DEBUG oslo_service.service [req-f69f115f-164d-42d2-938f-831b1940c895 - - - - -] ephemeral_storage_encryption.key_size = 512 log_opt_values /usr/lib/python3/dist-packages/oslo_config/cfg.py:2609
2026-01-15 00:40:12.339 154948 WARNING oslo_config.cfg [req-f69f115f-164d-42d2-938f-831b1940c895 - - - - -] Deprecated: Option "api_servers" from group "glance" is deprecated for removal ( Support for image service configuration via standard keystoneauth1 Adapter options was added in the 17.0.0 Queens release. The api_servers option was retained temporarily to allow consumers time to cut over to a real load balancing solution. ). Its value may be silently ignored in the future.
2026-01-15 00:40:12.340 154948 DEBUG oslo_service.service [req-f69f115f-164d-42d2-938f-831b1940c895 - - - - -] glance.api_servers = ['http://252.141.117.250:9292'] log_opt_values /usr/lib/python3/dist-packages/oslo_config/cfg.py:2609
2026-01-15 00:40:12.340 154948 DEBUG oslo_service.service [req-f69f115f-164d-42d2-938f-831b1940c895 - - - - -] glance.cafile = None log_opt_values /usr/lib/python3/dist-packages/oslo_config/cfg.py:2609
2026-01-15 00:40:12.340 154948 DEBUG oslo_service.service [req-f69f115f-164d-42d2-938f-831b1940c895 - - - - -] glance.certfile = None log_opt_values /usr/lib/python3/dist-packages/oslo_config/cfg.py:2609
2026-01-15 00:40:12.340 154948 DEBUG oslo_service.service [req-f69f115f-164d-42d2-938f-831b1940c895 - - - - -] glance.collect_timing = False log_opt_values /usr/lib/python3/dist-packages/oslo_config/cfg.py:2609
2026-01-15 00:40:12.340 154948 DEBUG oslo_service.service [req-f69f115f-164d-42d2-938f-831b1940c895 - - - - -] glance.connect_retries = None log_opt_values /usr/lib/python3/dist-packages/oslo_config/cfg.py:2609
2026-01-15 00:40:12.341 154948 DEBUG oslo_service.service [req-f69f115f-164d-42d2-938f-831b1940c895 - - - - -] glance.connect_retry_delay = None log_opt_values /usr/lib/python3/dist-packages/oslo_config/cfg.py:2609
2026-01-15 00:40:12.341 154948 DEBUG oslo_service.service [req-f69f115f-164d-42d2-938f-831b1940c895 - - - - -] glance.debug = False log_opt_values /usr/lib/python3/dist-packages/oslo_config/cfg.py:2609
2026-01-15 00:40:12.341 154948 DEBUG oslo_service.service [req-f69f115f-164d-42d2-938f-831b1940c895 - - - - -] glance.default_trusted_certificate_ids = [] log_opt_values /usr/lib/python3/dist-packages/oslo_config/cfg.py:2609
2026-01-15 00:40:12.341 155955 DEBUG oslo_messaging._drivers.amqpdriver [-] AMQPListener connection timeout poll /usr/lib/python3/dist-packages/oslo_messaging/_drivers/amqpdriver.py:360
2026-01-15 00:40:12.341 154948 DEBUG oslo_service.service [req-f69f115f-164d-42d2-938f-831b1940c895 - - - - -] glance.enable_certificate_validation = False log_opt_values /usr/lib/python3/dist-packages/oslo_config/cfg.py:2609
2026-01-15 00:40:12.341 154948 DEBUG oslo_service.service [req-f69f115f-164d-42d2-938f-831b1940c895 - - - - -] glance.enable_rbd_download = False log_opt_values /usr/lib/python3/dist-packages/oslo_config/cfg.py:2609
2026-01-15 00:40:12.341 155955 DEBUG oslo_messaging._drivers.amqpdriver [-] Listener is running poll /usr/lib/python3/dist-packages/oslo_messaging/_drivers/amqpdriver.py:343
2026-01-15 00:40:12.342 155955 DEBUG oslo_messaging._drivers.amqpdriver [-] AMQPListener connection consume poll /usr/lib/python3/dist-packages/oslo_messaging/_drivers/amqpdriver.py:357
2026-01-15 00:40:12.342 154948 DEBUG oslo_service.service [req-f69f115f-164d-42d2-938f-831b1940c895 - - - - -] glance.endpoint_override = None log_opt_values /usr/lib/python3/dist-packages/oslo_config/cfg.py:2609
2026-01-15 00:40:12.342 154948 DEBUG oslo_service.service [req-f69f115f-164d-42d2-938f-831b1940c895 - - - - -] glance.insecure = False log_opt_values /usr/lib/python3/dist-packages/oslo_config/cfg.py:2609
2026-01-15 00:40:12.342 155958 DEBUG oslo_messaging._drivers.amqpdriver [-] Listener is running poll /usr/lib/python3/dist-packages/oslo_messaging/_drivers/amqpdriver.py:343
2026-01-15 00:40:12.342 154948 DEBUG oslo_service.service [req-f69f115f-164d-42d2-938f-831b1940c895 - - - - -] glance.keyfile = None log_opt_values /usr/lib/python3/dist-packages/oslo_config/cfg.py:2609
2026-01-15 00:40:12.342 154948 DEBUG oslo_service.service [req-f69f115f-164d-42d2-938f-831b1940c895 - - - - -] glance.max_version = None log_opt_values /usr/lib/python3/dist-packages/oslo_config/cfg.py:2609
2026-01-15 00:40:12.343 154948 DEBUG oslo_service.service [req-f69f115f-164d-42d2-938f-831b1940c895 - - - - -] glance.min_version = None log_opt_values /usr/lib/python3/dist-packages/oslo_config/cfg.py:2609
2026-01-15 00:40:12.342 155958 DEBUG oslo_messaging._drivers.amqpdriver [-] AMQPListener connection consume poll /usr/lib/python3/dist-packages/oslo_messaging/_drivers/amqpdriver.py:357
2026-01-15 00:40:12.343 154948 DEBUG oslo_service.service [req-f69f115f-164d-42d2-938f-831b1940c895 - - - - -] glance.num_retries = 3 log_opt_values /usr/lib/python3/dist-packages/oslo_config/cfg.py:2609
2026-01-15 00:40:12.343 154948 DEBUG oslo_service.service [req-f69f115f-164d-42d2-938f-831b1940c895 - - - - -] glance.rbd_ceph_conf = log_opt_values /usr/lib/python3/dist-packages/oslo_config/cfg.py:2609
2026-01-15 00:40:12.343 154948 DEBUG oslo_service.service [req-f69f115f-164d-42d2-938f-831b1940c895 - - - - -] glance.rbd_connect_timeout = 5 log_opt_values /usr/lib/python3/dist-packages/oslo_config/cfg.py:2609
2026-01-15 00:40:12.344 154948 DEBUG oslo_service.service [req-f69f115f-164d-42d2-938f-831b1940c895 - - - - -] glance.rbd_pool = log_opt_values /usr/lib/python3/dist-packages/oslo_config/cfg.py:2609
2026-01-15 00:40:12.343 155958 DEBUG nova.service [req-36df8408-4975-4252-9919-9c8aed952f72 - - - - -] Join ServiceGroup membership for this service scheduler start /usr/lib/python3/dist-packages/nova/service.py:199
2026-01-15 00:40:12.344 154948 DEBUG oslo_service.service [req-f69f115f-164d-42d2-938f-831b1940c895 - - - - -] glance.rbd_user = log_opt_values /usr/lib/python3/dist-packages/oslo_config/cfg.py:2609
2026-01-15 00:40:12.344 154948 DEBUG oslo_service.service [req-f69f115f-164d-42d2-938f-831b1940c895 - - - - -] glance.region_name = None log_opt_values /usr/lib/python3/dist-packages/oslo_config/cfg.py:2609
2026-01-15 00:40:12.344 155958 DEBUG nova.servicegroup.drivers.db [req-36df8408-4975-4252-9919-9c8aed952f72 - - - - -] DB_Driver: join new ServiceGroup member juju-9220d7-0-lxd-7 to the scheduler group, service = join /usr/lib/python3/dist-packages/nova/servicegroup/drivers/db.py:44
2026-01-15 00:40:12.344 154948 DEBUG oslo_service.service [req-f69f115f-164d-42d2-938f-831b1940c895 - - - - -] glance.service_name = None log_opt_values /usr/lib/python3/dist-packages/oslo_config/cfg.py:2609
2026-01-15 00:40:12.344 154948 DEBUG oslo_service.service [req-f69f115f-164d-42d2-938f-831b1940c895 - - - - -] glance.service_type = image log_opt_values /usr/lib/python3/dist-packages/oslo_config/cfg.py:2609
2026-01-15 00:40:12.345 154948 DEBUG oslo_service.service [req-f69f115f-164d-42d2-938f-831b1940c895 - - - - -] glance.split_loggers = False log_opt_values /usr/lib/python3/dist-packages/oslo_config/cfg.py:2609
2026-01-15 00:40:12.345 154948 DEBUG oslo_service.service [req-f69f115f-164d-42d2-938f-831b1940c895 - - - - -] glance.status_code_retries = None log_opt_values /usr/lib/python3/dist-packages/oslo_config/cfg.py:2609
2026-01-15 00:40:12.345 154948 DEBUG oslo_service.service [req-f69f115f-164d-42d2-938f-831b1940c895 - - - - -] glance.status_code_retry_delay = None log_opt_values /usr/lib/python3/dist-packages/oslo_config/cfg.py:2609
2026-01-15 00:40:12.345 154948 DEBUG oslo_service.service [req-f69f115f-164d-42d2-938f-831b1940c895 - - - - -] glance.timeout = None log_opt_values /usr/lib/python3/dist-packages/oslo_config/cfg.py:2609
2026-01-15 00:40:12.345 154948 DEBUG oslo_service.service [req-f69f115f-164d-42d2-938f-831b1940c895 - - - - -] glance.valid_interfaces = ['internal', 'public'] log_opt_values /usr/lib/python3/dist-packages/oslo_config/cfg.py:2609
2026-01-15 00:40:12.346 154948 DEBUG oslo_service.service [req-f69f115f-164d-42d2-938f-831b1940c895 - - - - -] glance.verify_glance_signatures = False log_opt_values /usr/lib/python3/dist-packages/oslo_config/cfg.py:2609
2026-01-15 00:40:12.346 154948 DEBUG oslo_service.service [req-f69f115f-164d-42d2-938f-831b1940c895 - - - - -] glance.version = None log_opt_values /usr/lib/python3/dist-packages/oslo_config/cfg.py:2609
2026-01-15 00:40:12.346 154948 DEBUG oslo_service.service [req-f69f115f-164d-42d2-938f-831b1940c895 - - - - -] guestfs.debug = False log_opt_values /usr/lib/python3/dist-packages/oslo_config/cfg.py:2609
2026-01-15 00:40:12.346 154948 DEBUG oslo_service.service [req-f69f115f-164d-42d2-938f-831b1940c895 - - - - -] hyperv.config_drive_cdrom = False log_opt_values /usr/lib/python3/dist-packages/oslo_config/cfg.py:2609
2026-01-15 00:40:12.346 154948 DEBUG oslo_service.service [req-f69f115f-164d-42d2-938f-831b1940c895 - - - - -] hyperv.config_drive_inject_password = False log_opt_values /usr/lib/python3/dist-packages/oslo_config/cfg.py:2609
2026-01-15 00:40:12.347 154948 DEBUG oslo_service.service [req-f69f115f-164d-42d2-938f-831b1940c895 - - - - -] hyperv.dynamic_memory_ratio = 1.0 log_opt_values /usr/lib/python3/dist-packages/oslo_config/cfg.py:2609
2026-01-15 00:40:12.347 154948 DEBUG oslo_service.service [req-f69f115f-164d-42d2-938f-831b1940c895 - - - - -] hyperv.enable_instance_metrics_collection = False log_opt_values /usr/lib/python3/dist-packages/oslo_config/cfg.py:2609
2026-01-15 00:40:12.347 154948 DEBUG oslo_service.service [req-f69f115f-164d-42d2-938f-831b1940c895 - - - - -] hyperv.enable_remotefx = False log_opt_values /usr/lib/python3/dist-packages/oslo_config/cfg.py:2609
2026-01-15 00:40:12.347 154948 DEBUG oslo_service.service [req-f69f115f-164d-42d2-938f-831b1940c895 - - - - -] hyperv.instances_path_share = log_opt_values /usr/lib/python3/dist-packages/oslo_config/cfg.py:2609
2026-01-15 00:40:12.348 154948 DEBUG oslo_service.service [req-f69f115f-164d-42d2-938f-831b1940c895 - - - - -] hyperv.iscsi_initiator_list = [] log_opt_values /usr/lib/python3/dist-packages/oslo_config/cfg.py:2609
2026-01-15 00:40:12.348 154948 DEBUG oslo_service.service [req-f69f115f-164d-42d2-938f-831b1940c895 - - - - -] hyperv.limit_cpu_features = False log_opt_values /usr/lib/python3/dist-packages/oslo_config/cfg.py:2609
2026-01-15 00:40:12.348 154948 DEBUG oslo_service.service [req-f69f115f-164d-42d2-938f-831b1940c895 - - - - -] hyperv.mounted_disk_query_retry_count = 10 log_opt_values /usr/lib/python3/dist-packages/oslo_config/cfg.py:2609
2026-01-15 00:40:12.348 154948 DEBUG oslo_service.service [req-f69f115f-164d-42d2-938f-831b1940c895 - - - - -] hyperv.mounted_disk_query_retry_interval = 5 log_opt_values /usr/lib/python3/dist-packages/oslo_config/cfg.py:2609
2026-01-15 00:40:12.348 154948 DEBUG oslo_service.service [req-f69f115f-164d-42d2-938f-831b1940c895 - - - - -] hyperv.power_state_check_timeframe = 60 log_opt_values /usr/lib/python3/dist-packages/oslo_config/cfg.py:2609
2026-01-15 00:40:12.349 154948 DEBUG oslo_service.service [req-f69f115f-164d-42d2-938f-831b1940c895 - - - - -] hyperv.power_state_event_polling_interval = 2 log_opt_values /usr/lib/python3/dist-packages/oslo_config/cfg.py:2609
2026-01-15 00:40:12.349 154948 DEBUG oslo_service.service [req-f69f115f-164d-42d2-938f-831b1940c895 - - - - -] hyperv.qemu_img_cmd = qemu-img.exe log_opt_values /usr/lib/python3/dist-packages/oslo_config/cfg.py:2609
2026-01-15 00:40:12.349 154948 DEBUG oslo_service.service [req-f69f115f-164d-42d2-938f-831b1940c895 - - - - -] hyperv.use_multipath_io = False log_opt_values /usr/lib/python3/dist-packages/oslo_config/cfg.py:2609
2026-01-15 00:40:12.349 154948 DEBUG oslo_service.service [req-f69f115f-164d-42d2-938f-831b1940c895 - - - - -] hyperv.volume_attach_retry_count = 10 log_opt_values /usr/lib/python3/dist-packages/oslo_config/cfg.py:2609
2026-01-15 00:40:12.349 154948 DEBUG oslo_service.service [req-f69f115f-164d-42d2-938f-831b1940c895 - - - - -] hyperv.volume_attach_retry_interval = 5 log_opt_values /usr/lib/python3/dist-packages/oslo_config/cfg.py:2609
2026-01-15 00:40:12.349 154948 DEBUG oslo_service.service [req-f69f115f-164d-42d2-938f-831b1940c895 - - - - -] hyperv.vswitch_name = None log_opt_values /usr/lib/python3/dist-packages/oslo_config/cfg.py:2609
2026-01-15 00:40:12.349 155958 DEBUG oslo_messaging._drivers.amqpdriver [-] AMQPListener connection timeout poll /usr/lib/python3/dist-packages/oslo_messaging/_drivers/amqpdriver.py:360
2026-01-15 00:40:12.350 154948 DEBUG oslo_service.service [req-f69f115f-164d-42d2-938f-831b1940c895 - - - - -] hyperv.wait_soft_reboot_seconds = 60 log_opt_values /usr/lib/python3/dist-packages/oslo_config/cfg.py:2609
2026-01-15 00:40:12.350 154948 DEBUG oslo_service.service [req-f69f115f-164d-42d2-938f-831b1940c895 - - - - -] mks.enabled = False log_opt_values /usr/lib/python3/dist-packages/oslo_config/cfg.py:2609
2026-01-15 00:40:12.350 155958 DEBUG oslo_messaging._drivers.amqpdriver [-] Listener is running poll /usr/lib/python3/dist-packages/oslo_messaging/_drivers/amqpdriver.py:343
2026-01-15 00:40:12.350 155958 DEBUG oslo_messaging._drivers.amqpdriver [-] AMQPListener connection consume poll /usr/lib/python3/dist-packages/oslo_messaging/_drivers/amqpdriver.py:357
2026-01-15 00:40:12.351 154948 DEBUG oslo_service.service [req-f69f115f-164d-42d2-938f-831b1940c895 - - - - -] mks.mksproxy_base_url = http://127.0.0.1:6090/ log_opt_values /usr/lib/python3/dist-packages/oslo_config/cfg.py:2609
2026-01-15 00:40:12.351 154948 DEBUG oslo_service.service [req-f69f115f-164d-42d2-938f-831b1940c895 - - - - -] image_cache.manager_interval = 2400 log_opt_values /usr/lib/python3/dist-packages/oslo_config/cfg.py:2609
2026-01-15 00:40:12.351 154948 DEBUG oslo_service.service [req-f69f115f-164d-42d2-938f-831b1940c895 - - - - -] image_cache.precache_concurrency = 1 log_opt_values /usr/lib/python3/dist-packages/oslo_config/cfg.py:2609
2026-01-15 00:40:12.351 154948 DEBUG oslo_service.service [req-f69f115f-164d-42d2-938f-831b1940c895 - - - - -] image_cache.remove_unused_base_images = True log_opt_values /usr/lib/python3/dist-packages/oslo_config/cfg.py:2609
