2026-01-15 00:38:57.633 150738 DEBUG nova.service [req-f1db0bfb-3fbe-40aa-ad23-192777e925c7 - - - - -] Creating RPC server for service scheduler start /usr/lib/python3/dist-packages/nova/service.py:182
2026-01-15 00:38:57.633 148960 DEBUG oslo_service.service [req-a4837803-3d5a-48c7-b3d6-cf19da761cdc - - - - -] cyborg.valid_interfaces = ['internal', 'public'] log_opt_values /usr/lib/python3/dist-packages/oslo_config/cfg.py:2609
2026-01-15 00:38:57.634 148960 DEBUG oslo_service.service [req-a4837803-3d5a-48c7-b3d6-cf19da761cdc - - - - -] cyborg.version = None log_opt_values /usr/lib/python3/dist-packages/oslo_config/cfg.py:2609
2026-01-15 00:38:57.634 148960 DEBUG oslo_service.service [req-a4837803-3d5a-48c7-b3d6-cf19da761cdc - - - - -] database.backend = sqlalchemy log_opt_values /usr/lib/python3/dist-packages/oslo_config/cfg.py:2609
2026-01-15 00:38:57.634 148960 DEBUG oslo_service.service [req-a4837803-3d5a-48c7-b3d6-cf19da761cdc - - - - -] database.connection = **** log_opt_values /usr/lib/python3/dist-packages/oslo_config/cfg.py:2609
2026-01-15 00:38:57.634 148960 DEBUG oslo_service.service [req-a4837803-3d5a-48c7-b3d6-cf19da761cdc - - - - -] database.connection_debug = 0 log_opt_values /usr/lib/python3/dist-packages/oslo_config/cfg.py:2609
2026-01-15 00:38:57.635 148960 DEBUG oslo_service.service [req-a4837803-3d5a-48c7-b3d6-cf19da761cdc - - - - -] database.connection_parameters = log_opt_values /usr/lib/python3/dist-packages/oslo_config/cfg.py:2609
2026-01-15 00:38:57.635 148960 DEBUG oslo_service.service [req-a4837803-3d5a-48c7-b3d6-cf19da761cdc - - - - -] database.connection_recycle_time = 3600 log_opt_values /usr/lib/python3/dist-packages/oslo_config/cfg.py:2609
2026-01-15 00:38:57.635 148960 DEBUG oslo_service.service [req-a4837803-3d5a-48c7-b3d6-cf19da761cdc - - - - -] database.connection_trace = False log_opt_values /usr/lib/python3/dist-packages/oslo_config/cfg.py:2609
2026-01-15 00:38:57.636 148960 DEBUG oslo_service.service [req-a4837803-3d5a-48c7-b3d6-cf19da761cdc - - - - -] database.db_inc_retry_interval = True log_opt_values /usr/lib/python3/dist-packages/oslo_config/cfg.py:2609
2026-01-15 00:38:57.636 148960 DEBUG oslo_service.service [req-a4837803-3d5a-48c7-b3d6-cf19da761cdc - - - - -] database.db_max_retries = 20 log_opt_values /usr/lib/python3/dist-packages/oslo_config/cfg.py:2609
2026-01-15 00:38:57.636 148960 DEBUG oslo_service.service [req-a4837803-3d5a-48c7-b3d6-cf19da761cdc - - - - -] database.db_max_retry_interval = 10 log_opt_values /usr/lib/python3/dist-packages/oslo_config/cfg.py:2609
2026-01-15 00:38:57.636 150737 DEBUG nova.service [req-2ebb2934-59b5-448b-ac29-558e76a982a9 - - - - -] Creating RPC server for service scheduler start /usr/lib/python3/dist-packages/nova/service.py:182
2026-01-15 00:38:57.637 148960 DEBUG oslo_service.service [req-a4837803-3d5a-48c7-b3d6-cf19da761cdc - - - - -] database.db_retry_interval = 1 log_opt_values /usr/lib/python3/dist-packages/oslo_config/cfg.py:2609
2026-01-15 00:38:57.641 148960 DEBUG oslo_service.service [req-a4837803-3d5a-48c7-b3d6-cf19da761cdc - - - - -] database.max_overflow = 50 log_opt_values /usr/lib/python3/dist-packages/oslo_config/cfg.py:2609
2026-01-15 00:38:57.642 148960 DEBUG oslo_service.service [req-a4837803-3d5a-48c7-b3d6-cf19da761cdc - - - - -] database.max_pool_size = 4 log_opt_values /usr/lib/python3/dist-packages/oslo_config/cfg.py:2609
2026-01-15 00:38:57.642 148960 DEBUG oslo_service.service [req-a4837803-3d5a-48c7-b3d6-cf19da761cdc - - - - -] database.max_retries = 10 log_opt_values /usr/lib/python3/dist-packages/oslo_config/cfg.py:2609
2026-01-15 00:38:57.642 148960 DEBUG oslo_service.service [req-a4837803-3d5a-48c7-b3d6-cf19da761cdc - - - - -] database.mysql_enable_ndb = False log_opt_values /usr/lib/python3/dist-packages/oslo_config/cfg.py:2609
2026-01-15 00:38:57.643 148960 DEBUG oslo_service.service [req-a4837803-3d5a-48c7-b3d6-cf19da761cdc - - - - -] database.mysql_sql_mode = TRADITIONAL log_opt_values /usr/lib/python3/dist-packages/oslo_config/cfg.py:2609
2026-01-15 00:38:57.644 148960 DEBUG oslo_service.service [req-a4837803-3d5a-48c7-b3d6-cf19da761cdc - - - - -] database.pool_timeout = None log_opt_values /usr/lib/python3/dist-packages/oslo_config/cfg.py:2609
2026-01-15 00:38:57.645 148960 DEBUG oslo_service.service [req-a4837803-3d5a-48c7-b3d6-cf19da761cdc - - - - -] database.retry_interval = 10 log_opt_values /usr/lib/python3/dist-packages/oslo_config/cfg.py:2609
2026-01-15 00:38:57.646 148960 DEBUG oslo_service.service [req-a4837803-3d5a-48c7-b3d6-cf19da761cdc - - - - -] database.slave_connection = **** log_opt_values /usr/lib/python3/dist-packages/oslo_config/cfg.py:2609
2026-01-15 00:38:57.646 148960 DEBUG oslo_service.service [req-a4837803-3d5a-48c7-b3d6-cf19da761cdc - - - - -] database.sqlite_synchronous = True log_opt_values /usr/lib/python3/dist-packages/oslo_config/cfg.py:2609
2026-01-15 00:38:57.647 148960 DEBUG oslo_service.service [req-a4837803-3d5a-48c7-b3d6-cf19da761cdc - - - - -] database.use_db_reconnect = False log_opt_values /usr/lib/python3/dist-packages/oslo_config/cfg.py:2609
2026-01-15 00:38:57.647 148960 DEBUG oslo_service.service [req-a4837803-3d5a-48c7-b3d6-cf19da761cdc - - - - -] api_database.backend = sqlalchemy log_opt_values /usr/lib/python3/dist-packages/oslo_config/cfg.py:2609
2026-01-15 00:38:57.648 148960 DEBUG oslo_service.service [req-a4837803-3d5a-48c7-b3d6-cf19da761cdc - - - - -] api_database.connection = **** log_opt_values /usr/lib/python3/dist-packages/oslo_config/cfg.py:2609
2026-01-15 00:38:57.650 148960 DEBUG oslo_service.service [req-a4837803-3d5a-48c7-b3d6-cf19da761cdc - - - - -] api_database.connection_debug = 0 log_opt_values /usr/lib/python3/dist-packages/oslo_config/cfg.py:2609
2026-01-15 00:38:57.651 148960 DEBUG oslo_service.service [req-a4837803-3d5a-48c7-b3d6-cf19da761cdc - - - - -] api_database.connection_parameters = log_opt_values /usr/lib/python3/dist-packages/oslo_config/cfg.py:2609
2026-01-15 00:38:57.652 148960 DEBUG oslo_service.service [req-a4837803-3d5a-48c7-b3d6-cf19da761cdc - - - - -] api_database.connection_recycle_time = 3600 log_opt_values /usr/lib/python3/dist-packages/oslo_config/cfg.py:2609
2026-01-15 00:38:57.654 148960 DEBUG oslo_service.service [req-a4837803-3d5a-48c7-b3d6-cf19da761cdc - - - - -] api_database.connection_trace = False log_opt_values /usr/lib/python3/dist-packages/oslo_config/cfg.py:2609
2026-01-15 00:38:57.654 148960 DEBUG oslo_service.service [req-a4837803-3d5a-48c7-b3d6-cf19da761cdc - - - - -] api_database.db_inc_retry_interval = True log_opt_values /usr/lib/python3/dist-packages/oslo_config/cfg.py:2609
2026-01-15 00:38:57.654 150739 DEBUG oslo_messaging._drivers.amqpdriver [-] Listener is running poll /usr/lib/python3/dist-packages/oslo_messaging/_drivers/amqpdriver.py:343
2026-01-15 00:38:57.654 150739 DEBUG oslo_messaging._drivers.amqpdriver [-] AMQPListener connection consume poll /usr/lib/python3/dist-packages/oslo_messaging/_drivers/amqpdriver.py:357
2026-01-15 00:38:57.654 148960 DEBUG oslo_service.service [req-a4837803-3d5a-48c7-b3d6-cf19da761cdc - - - - -] api_database.db_max_retries = 20 log_opt_values /usr/lib/python3/dist-packages/oslo_config/cfg.py:2609
2026-01-15 00:38:57.655 148960 DEBUG oslo_service.service [req-a4837803-3d5a-48c7-b3d6-cf19da761cdc - - - - -] api_database.db_max_retry_interval = 10 log_opt_values /usr/lib/python3/dist-packages/oslo_config/cfg.py:2609
2026-01-15 00:38:57.655 150739 DEBUG nova.service [req-afcd4f22-ed90-4877-ae20-80eb86d272ce - - - - -] Join ServiceGroup membership for this service scheduler start /usr/lib/python3/dist-packages/nova/service.py:199
2026-01-15 00:38:57.655 148960 DEBUG oslo_service.service [req-a4837803-3d5a-48c7-b3d6-cf19da761cdc - - - - -] api_database.db_retry_interval = 1 log_opt_values /usr/lib/python3/dist-packages/oslo_config/cfg.py:2609
2026-01-15 00:38:57.655 150739 DEBUG nova.servicegroup.drivers.db [req-afcd4f22-ed90-4877-ae20-80eb86d272ce - - - - -] DB_Driver: join new ServiceGroup member juju-9220d7-0-lxd-7 to the scheduler group, service = join /usr/lib/python3/dist-packages/nova/servicegroup/drivers/db.py:44
2026-01-15 00:38:57.655 148960 DEBUG oslo_service.service [req-a4837803-3d5a-48c7-b3d6-cf19da761cdc - - - - -] api_database.max_overflow = 50 log_opt_values /usr/lib/python3/dist-packages/oslo_config/cfg.py:2609
2026-01-15 00:38:57.655 148960 DEBUG oslo_service.service [req-a4837803-3d5a-48c7-b3d6-cf19da761cdc - - - - -] api_database.max_pool_size = 4 log_opt_values /usr/lib/python3/dist-packages/oslo_config/cfg.py:2609
2026-01-15 00:38:57.656 148960 DEBUG oslo_service.service [req-a4837803-3d5a-48c7-b3d6-cf19da761cdc - - - - -] api_database.max_retries = 10 log_opt_values /usr/lib/python3/dist-packages/oslo_config/cfg.py:2609
2026-01-15 00:38:57.656 148960 DEBUG oslo_service.service [req-a4837803-3d5a-48c7-b3d6-cf19da761cdc - - - - -] api_database.mysql_enable_ndb = False log_opt_values /usr/lib/python3/dist-packages/oslo_config/cfg.py:2609
2026-01-15 00:38:57.657 148960 DEBUG oslo_service.service [req-a4837803-3d5a-48c7-b3d6-cf19da761cdc - - - - -] api_database.mysql_sql_mode = TRADITIONAL log_opt_values /usr/lib/python3/dist-packages/oslo_config/cfg.py:2609
2026-01-15 00:38:57.657 148960 DEBUG oslo_service.service [req-a4837803-3d5a-48c7-b3d6-cf19da761cdc - - - - -] api_database.pool_timeout = None log_opt_values /usr/lib/python3/dist-packages/oslo_config/cfg.py:2609
2026-01-15 00:38:57.657 148960 DEBUG oslo_service.service [req-a4837803-3d5a-48c7-b3d6-cf19da761cdc - - - - -] api_database.retry_interval = 10 log_opt_values /usr/lib/python3/dist-packages/oslo_config/cfg.py:2609
2026-01-15 00:38:57.657 148960 DEBUG oslo_service.service [req-a4837803-3d5a-48c7-b3d6-cf19da761cdc - - - - -] api_database.slave_connection = **** log_opt_values /usr/lib/python3/dist-packages/oslo_config/cfg.py:2609
2026-01-15 00:38:57.658 148960 DEBUG oslo_service.service [req-a4837803-3d5a-48c7-b3d6-cf19da761cdc - - - - -] api_database.sqlite_synchronous = True log_opt_values /usr/lib/python3/dist-packages/oslo_config/cfg.py:2609
2026-01-15 00:38:57.658 150739 DEBUG oslo_messaging._drivers.amqpdriver [-] AMQPListener connection timeout poll /usr/lib/python3/dist-packages/oslo_messaging/_drivers/amqpdriver.py:360
2026-01-15 00:38:57.658 150739 DEBUG oslo_messaging._drivers.amqpdriver [-] Listener is running poll /usr/lib/python3/dist-packages/oslo_messaging/_drivers/amqpdriver.py:343
2026-01-15 00:38:57.658 148960 DEBUG oslo_service.service [req-a4837803-3d5a-48c7-b3d6-cf19da761cdc - - - - -] devices.enabled_mdev_types = [] log_opt_values /usr/lib/python3/dist-packages/oslo_config/cfg.py:2609
2026-01-15 00:38:57.658 150739 DEBUG oslo_messaging._drivers.amqpdriver [-] AMQPListener connection consume poll /usr/lib/python3/dist-packages/oslo_messaging/_drivers/amqpdriver.py:357
2026-01-15 00:38:57.659 148960 DEBUG oslo_service.service [req-a4837803-3d5a-48c7-b3d6-cf19da761cdc - - - - -] ephemeral_storage_encryption.cipher = aes-xts-plain64 log_opt_values /usr/lib/python3/dist-packages/oslo_config/cfg.py:2609
2026-01-15 00:38:57.660 148960 DEBUG oslo_service.service [req-a4837803-3d5a-48c7-b3d6-cf19da761cdc - - - - -] ephemeral_storage_encryption.enabled = False log_opt_values /usr/lib/python3/dist-packages/oslo_config/cfg.py:2609
2026-01-15 00:38:57.659 150731 DEBUG oslo_messaging._drivers.amqpdriver [-] Listener is running poll /usr/lib/python3/dist-packages/oslo_messaging/_drivers/amqpdriver.py:343
2026-01-15 00:38:57.661 148960 DEBUG oslo_service.service [req-a4837803-3d5a-48c7-b3d6-cf19da761cdc - - - - -] ephemeral_storage_encryption.key_size = 512 log_opt_values /usr/lib/python3/dist-packages/oslo_config/cfg.py:2609
2026-01-15 00:38:57.661 150731 DEBUG oslo_messaging._drivers.amqpdriver [-] AMQPListener connection consume poll /usr/lib/python3/dist-packages/oslo_messaging/_drivers/amqpdriver.py:357
2026-01-15 00:38:57.662 148960 WARNING oslo_config.cfg [req-a4837803-3d5a-48c7-b3d6-cf19da761cdc - - - - -] Deprecated: Option "api_servers" from group "glance" is deprecated for removal ( Support for image service configuration via standard keystoneauth1 Adapter options was added in the 17.0.0 Queens release. The api_servers option was retained temporarily to allow consumers time to cut over to a real load balancing solution. ). Its value may be silently ignored in the future.
2026-01-15 00:38:57.665 148960 DEBUG oslo_service.service [req-a4837803-3d5a-48c7-b3d6-cf19da761cdc - - - - -] glance.api_servers = ['http://252.141.117.250:9292'] log_opt_values /usr/lib/python3/dist-packages/oslo_config/cfg.py:2609
2026-01-15 00:38:57.665 148960 DEBUG oslo_service.service [req-a4837803-3d5a-48c7-b3d6-cf19da761cdc - - - - -] glance.cafile = None log_opt_values /usr/lib/python3/dist-packages/oslo_config/cfg.py:2609
2026-01-15 00:38:57.666 148960 DEBUG oslo_service.service [req-a4837803-3d5a-48c7-b3d6-cf19da761cdc - - - - -] glance.certfile = None log_opt_values /usr/lib/python3/dist-packages/oslo_config/cfg.py:2609
2026-01-15 00:38:57.665 150731 DEBUG nova.service [req-ffd07001-0506-460c-9346-fbc3f48702b5 - - - - -] Join ServiceGroup membership for this service scheduler start /usr/lib/python3/dist-packages/nova/service.py:199
2026-01-15 00:38:57.668 150731 DEBUG nova.servicegroup.drivers.db [req-ffd07001-0506-460c-9346-fbc3f48702b5 - - - - -] DB_Driver: join new ServiceGroup member juju-9220d7-0-lxd-7 to the scheduler group, service = join /usr/lib/python3/dist-packages/nova/servicegroup/drivers/db.py:44
2026-01-15 00:38:57.666 148960 DEBUG oslo_service.service [req-a4837803-3d5a-48c7-b3d6-cf19da761cdc - - - - -] glance.collect_timing = False log_opt_values /usr/lib/python3/dist-packages/oslo_config/cfg.py:2609
2026-01-15 00:38:57.669 148960 DEBUG oslo_service.service [req-a4837803-3d5a-48c7-b3d6-cf19da761cdc - - - - -] glance.connect_retries = None log_opt_values /usr/lib/python3/dist-packages/oslo_config/cfg.py:2609
2026-01-15 00:38:57.671 150731 DEBUG oslo_messaging._drivers.amqpdriver [-] AMQPListener connection timeout poll /usr/lib/python3/dist-packages/oslo_messaging/_drivers/amqpdriver.py:360
2026-01-15 00:38:57.671 150731 DEBUG oslo_messaging._drivers.amqpdriver [-] Listener is running poll /usr/lib/python3/dist-packages/oslo_messaging/_drivers/amqpdriver.py:343
2026-01-15 00:38:57.671 150731 DEBUG oslo_messaging._drivers.amqpdriver [-] AMQPListener connection consume poll /usr/lib/python3/dist-packages/oslo_messaging/_drivers/amqpdriver.py:357
2026-01-15 00:38:57.669 148960 DEBUG oslo_service.service [req-a4837803-3d5a-48c7-b3d6-cf19da761cdc - - - - -] glance.connect_retry_delay = None log_opt_values /usr/lib/python3/dist-packages/oslo_config/cfg.py:2609
2026-01-15 00:38:57.671 150738 DEBUG oslo_messaging._drivers.amqpdriver [-] Listener is running poll /usr/lib/python3/dist-packages/oslo_messaging/_drivers/amqpdriver.py:343
2026-01-15 00:38:57.672 148960 DEBUG oslo_service.service [req-a4837803-3d5a-48c7-b3d6-cf19da761cdc - - - - -] glance.debug = False log_opt_values /usr/lib/python3/dist-packages/oslo_config/cfg.py:2609
2026-01-15 00:38:57.672 150738 DEBUG oslo_messaging._drivers.amqpdriver [-] AMQPListener connection consume poll /usr/lib/python3/dist-packages/oslo_messaging/_drivers/amqpdriver.py:357
2026-01-15 00:38:57.672 148960 DEBUG oslo_service.service [req-a4837803-3d5a-48c7-b3d6-cf19da761cdc - - - - -] glance.default_trusted_certificate_ids = [] log_opt_values /usr/lib/python3/dist-packages/oslo_config/cfg.py:2609
2026-01-15 00:38:57.673 148960 DEBUG oslo_service.service [req-a4837803-3d5a-48c7-b3d6-cf19da761cdc - - - - -] glance.enable_certificate_validation = False log_opt_values /usr/lib/python3/dist-packages/oslo_config/cfg.py:2609
2026-01-15 00:38:57.673 148960 DEBUG oslo_service.service [req-a4837803-3d5a-48c7-b3d6-cf19da761cdc - - - - -] glance.enable_rbd_download = False log_opt_values /usr/lib/python3/dist-packages/oslo_config/cfg.py:2609
2026-01-15 00:38:57.674 148960 DEBUG oslo_service.service [req-a4837803-3d5a-48c7-b3d6-cf19da761cdc - - - - -] glance.endpoint_override = None log_opt_values /usr/lib/python3/dist-packages/oslo_config/cfg.py:2609
2026-01-15 00:38:57.674 150738 DEBUG nova.service [req-f1db0bfb-3fbe-40aa-ad23-192777e925c7 - - - - -] Join ServiceGroup membership for this service scheduler start /usr/lib/python3/dist-packages/nova/service.py:199
2026-01-15 00:38:57.674 148960 DEBUG oslo_service.service [req-a4837803-3d5a-48c7-b3d6-cf19da761cdc - - - - -] glance.insecure = False log_opt_values /usr/lib/python3/dist-packages/oslo_config/cfg.py:2609
2026-01-15 00:38:57.675 150738 DEBUG nova.servicegroup.drivers.db [req-f1db0bfb-3fbe-40aa-ad23-192777e925c7 - - - - -] DB_Driver: join new ServiceGroup member juju-9220d7-0-lxd-7 to the scheduler group, service = join /usr/lib/python3/dist-packages/nova/servicegroup/drivers/db.py:44
2026-01-15 00:38:57.675 148960 DEBUG oslo_service.service [req-a4837803-3d5a-48c7-b3d6-cf19da761cdc - - - - -] glance.keyfile = None log_opt_values /usr/lib/python3/dist-packages/oslo_config/cfg.py:2609
2026-01-15 00:38:57.675 148960 DEBUG oslo_service.service [req-a4837803-3d5a-48c7-b3d6-cf19da761cdc - - - - -] glance.max_version = None log_opt_values /usr/lib/python3/dist-packages/oslo_config/cfg.py:2609
2026-01-15 00:38:57.675 148960 DEBUG oslo_service.service [req-a4837803-3d5a-48c7-b3d6-cf19da761cdc - - - - -] glance.min_version = None log_opt_values /usr/lib/python3/dist-packages/oslo_config/cfg.py:2609
2026-01-15 00:38:57.676 148960 DEBUG oslo_service.service [req-a4837803-3d5a-48c7-b3d6-cf19da761cdc - - - - -] glance.num_retries = 3 log_opt_values /usr/lib/python3/dist-packages/oslo_config/cfg.py:2609
2026-01-15 00:38:57.676 148960 DEBUG oslo_service.service [req-a4837803-3d5a-48c7-b3d6-cf19da761cdc - - - - -] glance.rbd_ceph_conf = log_opt_values /usr/lib/python3/dist-packages/oslo_config/cfg.py:2609
2026-01-15 00:38:57.677 148960 DEBUG oslo_service.service [req-a4837803-3d5a-48c7-b3d6-cf19da761cdc - - - - -] glance.rbd_connect_timeout = 5 log_opt_values /usr/lib/python3/dist-packages/oslo_config/cfg.py:2609
2026-01-15 00:38:57.677 148960 DEBUG oslo_service.service [req-a4837803-3d5a-48c7-b3d6-cf19da761cdc - - - - -] glance.rbd_pool = log_opt_values /usr/lib/python3/dist-packages/oslo_config/cfg.py:2609
2026-01-15 00:38:57.678 150738 DEBUG oslo_messaging._drivers.amqpdriver [-] AMQPListener connection timeout poll /usr/lib/python3/dist-packages/oslo_messaging/_drivers/amqpdriver.py:360
2026-01-15 00:38:57.678 148960 DEBUG oslo_service.service [req-a4837803-3d5a-48c7-b3d6-cf19da761cdc - - - - -] glance.rbd_user = log_opt_values /usr/lib/python3/dist-packages/oslo_config/cfg.py:2609
2026-01-15 00:38:57.678 150738 DEBUG oslo_messaging._drivers.amqpdriver [-] Listener is running poll /usr/lib/python3/dist-packages/oslo_messaging/_drivers/amqpdriver.py:343
2026-01-15 00:38:57.678 148960 DEBUG oslo_service.service [req-a4837803-3d5a-48c7-b3d6-cf19da761cdc - - - - -] glance.region_name = None log_opt_values /usr/lib/python3/dist-packages/oslo_config/cfg.py:2609
2026-01-15 00:38:57.679 148960 DEBUG oslo_service.service [req-a4837803-3d5a-48c7-b3d6-cf19da761cdc - - - - -] glance.service_name = None log_opt_values /usr/lib/python3/dist-packages/oslo_config/cfg.py:2609
2026-01-15 00:38:57.679 148960 DEBUG oslo_service.service [req-a4837803-3d5a-48c7-b3d6-cf19da761cdc - - - - -] glance.service_type = image log_opt_values /usr/lib/python3/dist-packages/oslo_config/cfg.py:2609
2026-01-15 00:38:57.679 148960 DEBUG oslo_service.service [req-a4837803-3d5a-48c7-b3d6-cf19da761cdc - - - - -] glance.split_loggers = False log_opt_values /usr/lib/python3/dist-packages/oslo_config/cfg.py:2609
2026-01-15 00:38:57.679 148960 DEBUG oslo_service.service [req-a4837803-3d5a-48c7-b3d6-cf19da761cdc - - - - -] glance.status_code_retries = None log_opt_values /usr/lib/python3/dist-packages/oslo_config/cfg.py:2609
2026-01-15 00:38:57.680 148960 DEBUG oslo_service.service [req-a4837803-3d5a-48c7-b3d6-cf19da761cdc - - - - -] glance.status_code_retry_delay = None log_opt_values /usr/lib/python3/dist-packages/oslo_config/cfg.py:2609
2026-01-15 00:38:57.680 148960 DEBUG oslo_service.service [req-a4837803-3d5a-48c7-b3d6-cf19da761cdc - - - - -] glance.timeout = None log_opt_values /usr/lib/python3/dist-packages/oslo_config/cfg.py:2609
2026-01-15 00:38:57.680 148960 DEBUG oslo_service.service [req-a4837803-3d5a-48c7-b3d6-cf19da761cdc - - - - -] glance.valid_interfaces = ['internal', 'public'] log_opt_values /usr/lib/python3/dist-packages/oslo_config/cfg.py:2609
2026-01-15 00:38:57.678 150738 DEBUG oslo_messaging._drivers.amqpdriver [-] AMQPListener connection consume poll /usr/lib/python3/dist-packages/oslo_messaging/_drivers/amqpdriver.py:357
2026-01-15 00:38:57.680 148960 DEBUG oslo_service.service [req-a4837803-3d5a-48c7-b3d6-cf19da761cdc - - - - -] glance.verify_glance_signatures = False log_opt_values /usr/lib/python3/dist-packages/oslo_config/cfg.py:2609
2026-01-15 00:38:57.681 148960 DEBUG oslo_service.service [req-a4837803-3d5a-48c7-b3d6-cf19da761cdc - - - - -] glance.version = None log_opt_values /usr/lib/python3/dist-packages/oslo_config/cfg.py:2609
2026-01-15 00:38:57.681 148960 DEBUG oslo_service.service [req-a4837803-3d5a-48c7-b3d6-cf19da761cdc - - - - -] guestfs.debug = False log_opt_values /usr/lib/python3/dist-packages/oslo_config/cfg.py:2609
2026-01-15 00:38:57.681 148960 DEBUG oslo_service.service [req-a4837803-3d5a-48c7-b3d6-cf19da761cdc - - - - -] hyperv.config_drive_cdrom = False log_opt_values /usr/lib/python3/dist-packages/oslo_config/cfg.py:2609
2026-01-15 00:38:57.682 148960 DEBUG oslo_service.service [req-a4837803-3d5a-48c7-b3d6-cf19da761cdc - - - - -] hyperv.config_drive_inject_password = False log_opt_values /usr/lib/python3/dist-packages/oslo_config/cfg.py:2609
2026-01-15 00:38:57.682 148960 DEBUG oslo_service.service [req-a4837803-3d5a-48c7-b3d6-cf19da761cdc - - - - -] hyperv.dynamic_memory_ratio = 1.0 log_opt_values /usr/lib/python3/dist-packages/oslo_config/cfg.py:2609
2026-01-15 00:38:57.682 148960 DEBUG oslo_service.service [req-a4837803-3d5a-48c7-b3d6-cf19da761cdc - - - - -] hyperv.enable_instance_metrics_collection = False log_opt_values /usr/lib/python3/dist-packages/oslo_config/cfg.py:2609
2026-01-15 00:38:57.682 148960 DEBUG oslo_service.service [req-a4837803-3d5a-48c7-b3d6-cf19da761cdc - - - - -] hyperv.enable_remotefx = False log_opt_values /usr/lib/python3/dist-packages/oslo_config/cfg.py:2609
2026-01-15 00:38:57.682 148960 DEBUG oslo_service.service [req-a4837803-3d5a-48c7-b3d6-cf19da761cdc - - - - -] hyperv.instances_path_share = log_opt_values /usr/lib/python3/dist-packages/oslo_config/cfg.py:2609
2026-01-15 00:38:57.683 148960 DEBUG oslo_service.service [req-a4837803-3d5a-48c7-b3d6-cf19da761cdc - - - - -] hyperv.iscsi_initiator_list = [] log_opt_values /usr/lib/python3/dist-packages/oslo_config/cfg.py:2609
2026-01-15 00:38:57.683 148960 DEBUG oslo_service.service [req-a4837803-3d5a-48c7-b3d6-cf19da761cdc - - - - -] hyperv.limit_cpu_features = False log_opt_values /usr/lib/python3/dist-packages/oslo_config/cfg.py:2609
2026-01-15 00:38:57.684 148960 DEBUG oslo_service.service [req-a4837803-3d5a-48c7-b3d6-cf19da761cdc - - - - -] hyperv.mounted_disk_query_retry_count = 10 log_opt_values /usr/lib/python3/dist-packages/oslo_config/cfg.py:2609
2026-01-15 00:38:57.685 148960 DEBUG oslo_service.service [req-a4837803-3d5a-48c7-b3d6-cf19da761cdc - - - - -] hyperv.mounted_disk_query_retry_interval = 5 log_opt_values /usr/lib/python3/dist-packages/oslo_config/cfg.py:2609
2026-01-15 00:38:57.685 148960 DEBUG oslo_service.service [req-a4837803-3d5a-48c7-b3d6-cf19da761cdc - - - - -] hyperv.power_state_check_timeframe = 60 log_opt_values /usr/lib/python3/dist-packages/oslo_config/cfg.py:2609
2026-01-15 00:38:57.685 148960 DEBUG oslo_service.service [req-a4837803-3d5a-48c7-b3d6-cf19da761cdc - - - - -] hyperv.power_state_event_polling_interval = 2 log_opt_values /usr/lib/python3/dist-packages/oslo_config/cfg.py:2609
2026-01-15 00:38:57.685 150737 DEBUG oslo_messaging._drivers.amqpdriver [-] Listener is running poll /usr/lib/python3/dist-packages/oslo_messaging/_drivers/amqpdriver.py:343
2026-01-15 00:38:57.685 148960 DEBUG oslo_service.service [req-a4837803-3d5a-48c7-b3d6-cf19da761cdc - - - - -] hyperv.qemu_img_cmd = qemu-img.exe log_opt_values /usr/lib/python3/dist-packages/oslo_config/cfg.py:2609
2026-01-15 00:38:57.686 148960 DEBUG oslo_service.service [req-a4837803-3d5a-48c7-b3d6-cf19da761cdc - - - - -] hyperv.use_multipath_io = False log_opt_values /usr/lib/python3/dist-packages/oslo_config/cfg.py:2609
2026-01-15 00:38:57.686 148960 DEBUG oslo_service.service [req-a4837803-3d5a-48c7-b3d6-cf19da761cdc - - - - -] hyperv.volume_attach_retry_count = 10 log_opt_values /usr/lib/python3/dist-packages/oslo_config/cfg.py:2609
2026-01-15 00:38:57.686 148960 DEBUG oslo_service.service [req-a4837803-3d5a-48c7-b3d6-cf19da761cdc - - - - -] hyperv.volume_attach_retry_interval = 5 log_opt_values /usr/lib/python3/dist-packages/oslo_config/cfg.py:2609
2026-01-15 00:38:57.686 150737 DEBUG oslo_messaging._drivers.amqpdriver [-] AMQPListener connection consume poll /usr/lib/python3/dist-packages/oslo_messaging/_drivers/amqpdriver.py:357
2026-01-15 00:38:57.686 148960 DEBUG oslo_service.service [req-a4837803-3d5a-48c7-b3d6-cf19da761cdc - - - - -] hyperv.vswitch_name = None log_opt_values /usr/lib/python3/dist-packages/oslo_config/cfg.py:2609
2026-01-15 00:38:57.686 148960 DEBUG oslo_service.service [req-a4837803-3d5a-48c7-b3d6-cf19da761cdc - - - - -] hyperv.wait_soft_reboot_seconds = 60 log_opt_values /usr/lib/python3/dist-packages/oslo_config/cfg.py:2609
2026-01-15 00:38:57.687 148960 DEBUG oslo_service.service [req-a4837803-3d5a-48c7-b3d6-cf19da761cdc - - - - -] mks.enabled = False log_opt_values /usr/lib/python3/dist-packages/oslo_config/cfg.py:2609
2026-01-15 00:38:57.687 150737 DEBUG nova.service [req-2ebb2934-59b5-448b-ac29-558e76a982a9 - - - - -] Join ServiceGroup membership for this service scheduler start /usr/lib/python3/dist-packages/nova/service.py:199
2026-01-15 00:38:57.687 150737 DEBUG nova.servicegroup.drivers.db [req-2ebb2934-59b5-448b-ac29-558e76a982a9 - - - - -] DB_Driver: join new ServiceGroup member juju-9220d7-0-lxd-7 to the scheduler group, service = join /usr/lib/python3/dist-packages/nova/servicegroup/drivers/db.py:44
2026-01-15 00:38:57.687 148960 DEBUG oslo_service.service [req-a4837803-3d5a-48c7-b3d6-cf19da761cdc - - - - -] mks.mksproxy_base_url = http://127.0.0.1:6090/ log_opt_values /usr/lib/python3/dist-packages/oslo_config/cfg.py:2609
2026-01-15 00:38:57.688 148960 DEBUG oslo_service.service [req-a4837803-3d5a-48c7-b3d6-cf19da761cdc - - - - -] image_cache.manager_interval = 2400 log_opt_values /usr/lib/python3/dist-packages/oslo_config/cfg.py:2609
2026-01-15 00:38:57.688 148960 DEBUG oslo_service.service [req-a4837803-3d5a-48c7-b3d6-cf19da761cdc - - - - -] image_cache.precache_concurrency = 1 log_opt_values /usr/lib/python3/dist-packages/oslo_config/cfg.py:2609
2026-01-15 00:38:57.689 148960 DEBUG oslo_service.service [req-a4837803-3d5a-48c7-b3d6-cf19da761cdc - - - - -] image_cache.remove_unused_base_images = True log_opt_values /usr/lib/python3/dist-packages/oslo_config/cfg.py:2609
2026-01-15 00:38:57.689 148960 DEBUG oslo_service.service [req-a4837803-3d5a-48c7-b3d6-cf19da761cdc - - - - -] image_cache.remove_unused_original_minimum_age_seconds = 86400 log_opt_values /usr/lib/python3/dist-packages/oslo_config/cfg.py:2609
2026-01-15 00:38:57.689 148960 DEBUG oslo_service.service [req-a4837803-3d5a-48c7-b3d6-cf19da761cdc - - - - -] image_cache.remove_unused_resized_minimum_age_seconds = 3600 log_opt_values /usr/lib/python3/dist-packages/oslo_config/cfg.py:2609
2026-01-15 00:38:57.689 148960 DEBUG oslo_service.service [req-a4837803-3d5a-48c7-b3d6-cf19da761cdc - - - - -] image_cache.subdirectory_name = _base log_opt_values /usr/lib/python3/dist-packages/oslo_config/cfg.py:2609
2026-01-15 00:38:57.689 148960 DEBUG oslo_service.service [req-a4837803-3d5a-48c7-b3d6-cf19da761cdc - - - - -] ironic.api_max_retries = 60 log_opt_values /usr/lib/python3/dist-packages/oslo_config/cfg.py:2609
2026-01-15 00:38:57.690 148960 DEBUG oslo_service.service [req-a4837803-3d5a-48c7-b3d6-cf19da761cdc - - - - -] ironic.api_retry_interval = 2 log_opt_values /usr/lib/python3/dist-packages/oslo_config/cfg.py:2609
2026-01-15 00:38:57.690 148960 DEBUG oslo_service.service [req-a4837803-3d5a-48c7-b3d6-cf19da761cdc - - - - -] ironic.auth_section = None log_opt_values /usr/lib/python3/dist-packages/oslo_config/cfg.py:2609
2026-01-15 00:38:57.690 148960 DEBUG oslo_service.service [req-a4837803-3d5a-48c7-b3d6-cf19da761cdc - - - - -] ironic.auth_type = None log_opt_values /usr/lib/python3/dist-packages/oslo_config/cfg.py:2609
2026-01-15 00:38:57.690 148960 DEBUG oslo_service.service [req-a4837803-3d5a-48c7-b3d6-cf19da761cdc - - - - -] ironic.cafile = None log_opt_values /usr/lib/python3/dist-packages/oslo_config/cfg.py:2609
2026-01-15 00:38:57.691 148960 DEBUG oslo_service.service [req-a4837803-3d5a-48c7-b3d6-cf19da761cdc - - - - -] ironic.certfile = None log_opt_values /usr/lib/python3/dist-packages/oslo_config/cfg.py:2609
2026-01-15 00:38:57.691 148960 DEBUG oslo_service.service [req-a4837803-3d5a-48c7-b3d6-cf19da761cdc - - - - -] ironic.collect_timing = False log_opt_values /usr/lib/python3/dist-packages/oslo_config/cfg.py:2609
2026-01-15 00:38:57.691 148960 DEBUG oslo_service.service [req-a4837803-3d5a-48c7-b3d6-cf19da761cdc - - - - -] ironic.connect_retries = None log_opt_values /usr/lib/python3/dist-packages/oslo_config/cfg.py:2609
2026-01-15 00:38:57.691 148960 DEBUG oslo_service.service [req-a4837803-3d5a-48c7-b3d6-cf19da761cdc - - - - -] ironic.connect_retry_delay = None log_opt_values /usr/lib/python3/dist-packages/oslo_config/cfg.py:2609
2026-01-15 00:38:57.691 148960 DEBUG oslo_service.service [req-a4837803-3d5a-48c7-b3d6-cf19da761cdc - - - - -] ironic.endpoint_override = None log_opt_values /usr/lib/python3/dist-packages/oslo_config/cfg.py:2609
2026-01-15 00:38:57.692 148960 DEBUG oslo_service.service [req-a4837803-3d5a-48c7-b3d6-cf19da761cdc - - - - -] ironic.insecure = False log_opt_values /usr/lib/python3/dist-packages/oslo_config/cfg.py:2609
2026-01-15 00:38:57.692 148960 DEBUG oslo_service.service [req-a4837803-3d5a-48c7-b3d6-cf19da761cdc - - - - -] ironic.keyfile = None log_opt_values /usr/lib/python3/dist-packages/oslo_config/cfg.py:2609
2026-01-15 00:38:57.692 148960 DEBUG oslo_service.service [req-a4837803-3d5a-48c7-b3d6-cf19da761cdc - - - - -] ironic.max_version = None log_opt_values /usr/lib/python3/dist-packages/oslo_config/cfg.py:2609
2026-01-15 00:38:57.692 148960 DEBUG oslo_service.service [req-a4837803-3d5a-48c7-b3d6-cf19da761cdc - - - - -] ironic.min_version = None log_opt_values /usr/lib/python3/dist-packages/oslo_config/cfg.py:2609
2026-01-15 00:38:57.692 148960 DEBUG oslo_service.service [req-a4837803-3d5a-48c7-b3d6-cf19da761cdc - - - - -] ironic.partition_key = None log_opt_values /usr/lib/python3/dist-packages/oslo_config/cfg.py:2609
2026-01-15 00:38:57.692 148960 DEBUG oslo_service.service [req-a4837803-3d5a-48c7-b3d6-cf19da761cdc - - - - -] ironic.peer_list = [] log_opt_values /usr/lib/python3/dist-packages/oslo_config/cfg.py:2609
2026-01-15 00:38:57.693 148960 DEBUG oslo_service.service [req-a4837803-3d5a-48c7-b3d6-cf19da761cdc - - - - -] ironic.region_name = None log_opt_values /usr/lib/python3/dist-packages/oslo_config/cfg.py:2609
2026-01-15 00:38:57.693 148960 DEBUG oslo_service.service [req-a4837803-3d5a-48c7-b3d6-cf19da761cdc - - - - -] ironic.serial_console_state_timeout = 10 log_opt_values /usr/lib/python3/dist-packages/oslo_config/cfg.py:2609
2026-01-15 00:38:57.693 148960 DEBUG oslo_service.service [req-a4837803-3d5a-48c7-b3d6-cf19da761cdc - - - - -] ironic.service_name = None log_opt_values /usr/lib/python3/dist-packages/oslo_config/cfg.py:2609
2026-01-15 00:38:57.693 148960 DEBUG oslo_service.service [req-a4837803-3d5a-48c7-b3d6-cf19da761cdc - - - - -] ironic.service_type = baremetal log_opt_values /usr/lib/python3/dist-packages/oslo_config/cfg.py:2609
2026-01-15 00:38:57.693 148960 DEBUG oslo_service.service [req-a4837803-3d5a-48c7-b3d6-cf19da761cdc - - - - -] ironic.split_loggers = False log_opt_values /usr/lib/python3/dist-packages/oslo_config/cfg.py:2609
2026-01-15 00:38:57.694 148960 DEBUG oslo_service.service [req-a4837803-3d5a-48c7-b3d6-cf19da761cdc - - - - -] ironic.status_code_retries = None log_opt_values /usr/lib/python3/dist-packages/oslo_config/cfg.py:2609
2026-01-15 00:38:57.694 148960 DEBUG oslo_service.service [req-a4837803-3d5a-48c7-b3d6-cf19da761cdc - - - - -] ironic.status_code_retry_delay = None log_opt_values /usr/lib/python3/dist-packages/oslo_config/cfg.py:2609
2026-01-15 00:38:57.695 148960 DEBUG oslo_service.service [req-a4837803-3d5a-48c7-b3d6-cf19da761cdc - - - - -] ironic.timeout = None log_opt_values /usr/lib/python3/dist-packages/oslo_config/cfg.py:2609
2026-01-15 00:38:57.695 148960 DEBUG oslo_service.service [req-a4837803-3d5a-48c7-b3d6-cf19da761cdc - - - - -] ironic.valid_interfaces = ['internal', 'public'] log_opt_values /usr/lib/python3/dist-packages/oslo_config/cfg.py:2609
2026-01-15 00:38:57.695 148960 DEBUG oslo_service.service [req-a4837803-3d5a-48c7-b3d6-cf19da761cdc - - - - -] ironic.version = None log_opt_values /usr/lib/python3/dist-packages/oslo_config/cfg.py:2609
2026-01-15 00:38:57.695 148960 DEBUG oslo_service.service [req-a4837803-3d5a-48c7-b3d6-cf19da761cdc - - - - -] key_manager.backend = barbican log_opt_values /usr/lib/python3/dist-packages/oslo_config/cfg.py:2609
2026-01-15 00:38:57.695 148960 DEBUG oslo_service.service [req-a4837803-3d5a-48c7-b3d6-cf19da761cdc - - - - -] key_manager.fixed_key = **** log_opt_values /usr/lib/python3/dist-packages/oslo_config/cfg.py:2609
2026-01-15 00:38:57.696 148960 DEBUG oslo_service.service [req-a4837803-3d5a-48c7-b3d6-cf19da761cdc - - - - -] barbican.auth_endpoint = http://localhost/identity/v3 log_opt_values /usr/lib/python3/dist-packages/oslo_config/cfg.py:2609
2026-01-15 00:38:57.696 148960 DEBUG oslo_service.service [req-a4837803-3d5a-48c7-b3d6-cf19da761cdc - - - - -] barbican.barbican_api_version = None log_opt_values /usr/lib/python3/dist-packages/oslo_config/cfg.py:2609
2026-01-15 00:38:57.696 148960 DEBUG oslo_service.service [req-a4837803-3d5a-48c7-b3d6-cf19da761cdc - - - - -] barbican.barbican_endpoint = None log_opt_values /usr/lib/python3/dist-packages/oslo_config/cfg.py:2609
2026-01-15 00:38:57.696 148960 DEBUG oslo_service.service [req-a4837803-3d5a-48c7-b3d6-cf19da761cdc - - - - -] barbican.barbican_endpoint_type = public log_opt_values /usr/lib/python3/dist-packages/oslo_config/cfg.py:2609
2026-01-15 00:38:57.697 148960 DEBUG oslo_service.service [req-a4837803-3d5a-48c7-b3d6-cf19da761cdc - - - - -] barbican.barbican_region_name = None log_opt_values /usr/lib/python3/dist-packages/oslo_config/cfg.py:2609
2026-01-15 00:38:57.697 148960 DEBUG oslo_service.service [req-a4837803-3d5a-48c7-b3d6-cf19da761cdc - - - - -] barbican.cafile = None log_opt_values /usr/lib/python3/dist-packages/oslo_config/cfg.py:2609
2026-01-15 00:38:57.697 148960 DEBUG oslo_service.service [req-a4837803-3d5a-48c7-b3d6-cf19da761cdc - - - - -] barbican.certfile = None log_opt_values /usr/lib/python3/dist-packages/oslo_config/cfg.py:2609
2026-01-15 00:38:57.697 148960 DEBUG oslo_service.service [req-a4837803-3d5a-48c7-b3d6-cf19da761cdc - - - - -] barbican.collect_timing = False log_opt_values /usr/lib/python3/dist-packages/oslo_config/cfg.py:2609
2026-01-15 00:38:57.697 148960 DEBUG oslo_service.service [req-a4837803-3d5a-48c7-b3d6-cf19da761cdc - - - - -] barbican.insecure = False log_opt_values /usr/lib/python3/dist-packages/oslo_config/cfg.py:2609
2026-01-15 00:38:57.698 148960 DEBUG oslo_service.service [req-a4837803-3d5a-48c7-b3d6-cf19da761cdc - - - - -] barbican.keyfile = None log_opt_values /usr/lib/python3/dist-packages/oslo_config/cfg.py:2609
2026-01-15 00:38:57.698 148960 DEBUG oslo_service.service [req-a4837803-3d5a-48c7-b3d6-cf19da761cdc - - - - -] barbican.number_of_retries = 60 log_opt_values /usr/lib/python3/dist-packages/oslo_config/cfg.py:2609
2026-01-15 00:38:57.698 148960 DEBUG oslo_service.service [req-a4837803-3d5a-48c7-b3d6-cf19da761cdc - - - - -] barbican.retry_delay = 1 log_opt_values /usr/lib/python3/dist-packages/oslo_config/cfg.py:2609
2026-01-15 00:38:57.699 148960 DEBUG oslo_service.service [req-a4837803-3d5a-48c7-b3d6-cf19da761cdc - - - - -] barbican.send_service_user_token = False log_opt_values /usr/lib/python3/dist-packages/oslo_config/cfg.py:2609
2026-01-15 00:38:57.699 148960 DEBUG oslo_service.service [req-a4837803-3d5a-48c7-b3d6-cf19da761cdc - - - - -] barbican.split_loggers = False log_opt_values /usr/lib/python3/dist-packages/oslo_config/cfg.py:2609
2026-01-15 00:38:57.699 148960 DEBUG oslo_service.service [req-a4837803-3d5a-48c7-b3d6-cf19da761cdc - - - - -] barbican.timeout = None log_opt_values /usr/lib/python3/dist-packages/oslo_config/cfg.py:2609
2026-01-15 00:38:57.699 148960 DEBUG oslo_service.service [req-a4837803-3d5a-48c7-b3d6-cf19da761cdc - - - - -] barbican.verify_ssl = True log_opt_values /usr/lib/python3/dist-packages/oslo_config/cfg.py:2609
2026-01-15 00:38:57.699 148960 DEBUG oslo_service.service [req-a4837803-3d5a-48c7-b3d6-cf19da761cdc - - - - -] barbican.verify_ssl_path = None log_opt_values /usr/lib/python3/dist-packages/oslo_config/cfg.py:2609
2026-01-15 00:38:57.700 148960 DEBUG oslo_service.service [req-a4837803-3d5a-48c7-b3d6-cf19da761cdc - - - - -] barbican_service_user.auth_section = None log_opt_values /usr/lib/python3/dist-packages/oslo_config/cfg.py:2609
2026-01-15 00:38:57.700 148960 DEBUG oslo_service.service [req-a4837803-3d5a-48c7-b3d6-cf19da761cdc - - - - -] barbican_service_user.auth_type = None log_opt_values /usr/lib/python3/dist-packages/oslo_config/cfg.py:2609
2026-01-15 00:38:57.700 148960 DEBUG oslo_service.service [req-a4837803-3d5a-48c7-b3d6-cf19da761cdc - - - - -] barbican_service_user.cafile = None log_opt_values /usr/lib/python3/dist-packages/oslo_config/cfg.py:2609
2026-01-15 00:38:57.700 148960 DEBUG oslo_service.service [req-a4837803-3d5a-48c7-b3d6-cf19da761cdc - - - - -] barbican_service_user.certfile = None log_opt_values /usr/lib/python3/dist-packages/oslo_config/cfg.py:2609
2026-01-15 00:38:57.700 148960 DEBUG oslo_service.service [req-a4837803-3d5a-48c7-b3d6-cf19da761cdc - - - - -] barbican_service_user.collect_timing = False log_opt_values /usr/lib/python3/dist-packages/oslo_config/cfg.py:2609
2026-01-15 00:38:57.701 148960 DEBUG oslo_service.service [req-a4837803-3d5a-48c7-b3d6-cf19da761cdc - - - - -] barbican_service_user.insecure = False log_opt_values /usr/lib/python3/dist-packages/oslo_config/cfg.py:2609
2026-01-15 00:38:57.701 148960 DEBUG oslo_service.service [req-a4837803-3d5a-48c7-b3d6-cf19da761cdc - - - - -] barbican_service_user.keyfile = None log_opt_values /usr/lib/python3/dist-packages/oslo_config/cfg.py:2609
2026-01-15 00:38:57.701 148960 DEBUG oslo_service.service [req-a4837803-3d5a-48c7-b3d6-cf19da761cdc - - - - -] barbican_service_user.split_loggers = False log_opt_values /usr/lib/python3/dist-packages/oslo_config/cfg.py:2609
2026-01-15 00:38:57.701 148960 DEBUG oslo_service.service [req-a4837803-3d5a-48c7-b3d6-cf19da761cdc - - - - -] barbican_service_user.timeout = None log_opt_values /usr/lib/python3/dist-packages/oslo_config/cfg.py:2609
2026-01-15 00:38:57.701 148960 DEBUG oslo_service.service [req-a4837803-3d5a-48c7-b3d6-cf19da761cdc - - - - -] vault.approle_role_id = None log_opt_values /usr/lib/python3/dist-packages/oslo_config/cfg.py:2609
2026-01-15 00:38:57.702 148960 DEBUG oslo_service.service [req-a4837803-3d5a-48c7-b3d6-cf19da761cdc - - - - -] vault.approle_secret_id = None log_opt_values /usr/lib/python3/dist-packages/oslo_config/cfg.py:2609
2026-01-15 00:38:57.702 148960 DEBUG oslo_service.service [req-a4837803-3d5a-48c7-b3d6-cf19da761cdc - - - - -] vault.cafile = None log_opt_values /usr/lib/python3/dist-packages/oslo_config/cfg.py:2609
2026-01-15 00:38:57.702 150737 DEBUG oslo_messaging._drivers.amqpdriver [-] AMQPListener connection timeout poll /usr/lib/python3/dist-packages/oslo_messaging/_drivers/amqpdriver.py:360
2026-01-15 00:38:57.702 150737 DEBUG oslo_messaging._drivers.amqpdriver [-] Listener is running poll /usr/lib/python3/dist-packages/oslo_messaging/_drivers/amqpdriver.py:343
2026-01-15 00:38:57.702 148960 DEBUG oslo_service.service [req-a4837803-3d5a-48c7-b3d6-cf19da761cdc - - - - -] vault.certfile = None log_opt_values /usr/lib/python3/dist-packages/oslo_config/cfg.py:2609
2026-01-15 00:38:57.702 150737 DEBUG oslo_messaging._drivers.amqpdriver [-] AMQPListener connection consume poll /usr/lib/python3/dist-packages/oslo_messaging/_drivers/amqpdriver.py:357
2026-01-15 00:38:57.702 148960 DEBUG oslo_service.service [req-a4837803-3d5a-48c7-b3d6-cf19da761cdc - - - - -] vault.collect_timing = False log_opt_values /usr/lib/python3/dist-packages/oslo_config/cfg.py:2609
2026-01-15 00:38:57.702 148960 DEBUG oslo_service.service [req-a4837803-3d5a-48c7-b3d6-cf19da761cdc - - - - -] vault.insecure = False log_opt_values /usr/lib/python3/dist-packages/oslo_config/cfg.py:2609
2026-01-15 00:38:57.703 148960 DEBUG oslo_service.service [req-a4837803-3d5a-48c7-b3d6-cf19da761cdc - - - - -] vault.keyfile = None log_opt_values /usr/lib/python3/dist-packages/oslo_config/cfg.py:2609
2026-01-15 00:38:57.703 148960 DEBUG oslo_service.service [req-a4837803-3d5a-48c7-b3d6-cf19da761cdc - - - - -] vault.kv_mountpoint = secret log_opt_values /usr/lib/python3/dist-packages/oslo_config/cfg.py:2609
2026-01-15 00:38:57.703 148960 DEBUG oslo_service.service [req-a4837803-3d5a-48c7-b3d6-cf19da761cdc - - - - -] vault.kv_version = 2 log_opt_values /usr/lib/python3/dist-packages/oslo_config/cfg.py:2609
2026-01-15 00:38:57.703 148960 DEBUG oslo_service.service [req-a4837803-3d5a-48c7-b3d6-cf19da761cdc - - - - -] vault.namespace = None log_opt_values /usr/lib/python3/dist-packages/oslo_config/cfg.py:2609
2026-01-15 00:38:57.703 148960 DEBUG oslo_service.service [req-a4837803-3d5a-48c7-b3d6-cf19da761cdc - - - - -] vault.root_token_id = None log_opt_values /usr/lib/python3/dist-packages/oslo_config/cfg.py:2609
2026-01-15 00:38:57.704 148960 DEBUG oslo_service.service [req-a4837803-3d5a-48c7-b3d6-cf19da761cdc - - - - -] vault.split_loggers = False log_opt_values /usr/lib/python3/dist-packages/oslo_config/cfg.py:2609
2026-01-15 00:38:57.704 148960 DEBUG oslo_service.service [req-a4837803-3d5a-48c7-b3d6-cf19da761cdc - - - - -] vault.ssl_ca_crt_file = None log_opt_values /usr/lib/python3/dist-packages/oslo_config/cfg.py:2609
2026-01-15 00:38:57.704 148960 DEBUG oslo_service.service [req-a4837803-3d5a-48c7-b3d6-cf19da761cdc - - - - -] vault.timeout = None log_opt_values /usr/lib/python3/dist-packages/oslo_config/cfg.py:2609
2026-01-15 00:38:57.704 148960 DEBUG oslo_service.service [req-a4837803-3d5a-48c7-b3d6-cf19da761cdc - - - - -] vault.use_ssl = False log_opt_values /usr/lib/python3/dist-packages/oslo_config/cfg.py:2609
2026-01-15 00:38:57.705 148960 DEBUG oslo_service.service [req-a4837803-3d5a-48c7-b3d6-cf19da761cdc - - - - -] vault.vault_url = http://127.0.0.1:8200 log_opt_values /usr/lib/python3/dist-packages/oslo_config/cfg.py:2609
2026-01-15 00:38:57.705 148960 DEBUG oslo_service.service [req-a4837803-3d5a-48c7-b3d6-cf19da761cdc - - - - -] keystone.cafile = None log_opt_values /usr/lib/python3/dist-packages/oslo_config/cfg.py:2609
2026-01-15 00:38:57.705 148960 DEBUG oslo_service.service [req-a4837803-3d5a-48c7-b3d6-cf19da761cdc - - - - -] keystone.certfile = None log_opt_values /usr/lib/python3/dist-packages/oslo_config/cfg.py:2609
2026-01-15 00:38:57.705 148960 DEBUG oslo_service.service [req-a4837803-3d5a-48c7-b3d6-cf19da761cdc - - - - -] keystone.collect_timing = False log_opt_values /usr/lib/python3/dist-packages/oslo_config/cfg.py:2609
2026-01-15 00:38:57.705 148960 DEBUG oslo_service.service [req-a4837803-3d5a-48c7-b3d6-cf19da761cdc - - - - -] keystone.connect_retries = None log_opt_values /usr/lib/python3/dist-packages/oslo_config/cfg.py:2609
2026-01-15 00:38:57.706 148960 DEBUG oslo_service.service [req-a4837803-3d5a-48c7-b3d6-cf19da761cdc - - - - -] keystone.connect_retry_delay = None log_opt_values /usr/lib/python3/dist-packages/oslo_config/cfg.py:2609
2026-01-15 00:38:57.706 148960 DEBUG oslo_service.service [req-a4837803-3d5a-48c7-b3d6-cf19da761cdc - - - - -] keystone.endpoint_override = None log_opt_values /usr/lib/python3/dist-packages/oslo_config/cfg.py:2609
2026-01-15 00:38:57.706 148960 DEBUG oslo_service.service [req-a4837803-3d5a-48c7-b3d6-cf19da761cdc - - - - -] keystone.insecure = False log_opt_values /usr/lib/python3/dist-packages/oslo_config/cfg.py:2609
2026-01-15 00:38:57.706 148960 DEBUG oslo_service.service [req-a4837803-3d5a-48c7-b3d6-cf19da761cdc - - - - -] keystone.keyfile = None log_opt_values /usr/lib/python3/dist-packages/oslo_config/cfg.py:2609
2026-01-15 00:38:57.706 148960 DEBUG oslo_service.service [req-a4837803-3d5a-48c7-b3d6-cf19da761cdc - - - - -] keystone.max_version = None log_opt_values /usr/lib/python3/dist-packages/oslo_config/cfg.py:2609
2026-01-15 00:38:57.707 148960 DEBUG oslo_service.service [req-a4837803-3d5a-48c7-b3d6-cf19da761cdc - - - - -] keystone.min_version = None log_opt_values /usr/lib/python3/dist-packages/oslo_config/cfg.py:2609
2026-01-15 00:38:57.707 148960 DEBUG oslo_service.service [req-a4837803-3d5a-48c7-b3d6-cf19da761cdc - - - - -] keystone.region_name = None log_opt_values /usr/lib/python3/dist-packages/oslo_config/cfg.py:2609
2026-01-15 00:38:57.707 148960 DEBUG oslo_service.service [req-a4837803-3d5a-48c7-b3d6-cf19da761cdc - - - - -] keystone.service_name = None log_opt_values /usr/lib/python3/dist-packages/oslo_config/cfg.py:2609
2026-01-15 00:38:57.707 148960 DEBUG oslo_service.service [req-a4837803-3d5a-48c7-b3d6-cf19da761cdc - - - - -] keystone.service_type = identity log_opt_values /usr/lib/python3/dist-packages/oslo_config/cfg.py:2609
2026-01-15 00:38:57.707 148960 DEBUG oslo_service.service [req-a4837803-3d5a-48c7-b3d6-cf19da761cdc - - - - -] keystone.split_loggers = False log_opt_values /usr/lib/python3/dist-packages/oslo_config/cfg.py:2609
2026-01-15 00:38:57.708 148960 DEBUG oslo_service.service [req-a4837803-3d5a-48c7-b3d6-cf19da761cdc - - - - -] keystone.status_code_retries = None log_opt_values /usr/lib/python3/dist-packages/oslo_config/cfg.py:2609
2026-01-15 00:38:57.708 148960 DEBUG oslo_service.service [req-a4837803-3d5a-48c7-b3d6-cf19da761cdc - - - - -] keystone.status_code_retry_delay = None log_opt_values /usr/lib/python3/dist-packages/oslo_config/cfg.py:2609
2026-01-15 00:38:57.708 148960 DEBUG oslo_service.service [req-a4837803-3d5a-48c7-b3d6-cf19da761cdc - - - - -] keystone.timeout = None log_opt_values /usr/lib/python3/dist-packages/oslo_config/cfg.py:2609
2026-01-15 00:38:57.708 148960 DEBUG oslo_service.service [req-a4837803-3d5a-48c7-b3d6-cf19da761cdc - - - - -] keystone.valid_interfaces = ['internal', 'public'] log_opt_values /usr/lib/python3/dist-packages/oslo_config/cfg.py:2609
2026-01-15 00:38:57.709 148960 DEBUG oslo_service.service [req-a4837803-3d5a-48c7-b3d6-cf19da761cdc - - - - -] keystone.version = None log_opt_values /usr/lib/python3/dist-packages/oslo_config/cfg.py:2609
2026-01-15 00:38:57.709 148960 DEBUG oslo_service.service [req-a4837803-3d5a-48c7-b3d6-cf19da761cdc - - - - -] libvirt.connection_uri = log_opt_values /usr/lib/python3/dist-packages/oslo_config/cfg.py:2609
2026-01-15 00:38:57.709 148960 DEBUG oslo_service.service [req-a4837803-3d5a-48c7-b3d6-cf19da761cdc - - - - -] libvirt.cpu_mode = None log_opt_values /usr/lib/python3/dist-packages/oslo_config/cfg.py:2609
2026-01-15 00:38:57.709 148960 DEBUG oslo_service.service [req-a4837803-3d5a-48c7-b3d6-cf19da761cdc - - - - -] libvirt.cpu_model_extra_flags = [] log_opt_values /usr/lib/python3/dist-packages/oslo_config/cfg.py:2609
2026-01-15 00:38:57.710 148960 DEBUG oslo_service.service [req-a4837803-3d5a-48c7-b3d6-cf19da761cdc - - - - -] libvirt.cpu_models = [] log_opt_values /usr/lib/python3/dist-packages/oslo_config/cfg.py:2609
2026-01-15 00:38:57.710 148960 DEBUG oslo_service.service [req-a4837803-3d5a-48c7-b3d6-cf19da761cdc - - - - -] libvirt.device_detach_attempts = 8 log_opt_values /usr/lib/python3/dist-packages/oslo_config/cfg.py:2609
2026-01-15 00:38:57.710 148960 DEBUG oslo_service.service [req-a4837803-3d5a-48c7-b3d6-cf19da761cdc - - - - -] libvirt.device_detach_timeout = 20 log_opt_values /usr/lib/python3/dist-packages/oslo_config/cfg.py:2609
2026-01-15 00:38:57.710 148960 DEBUG oslo_service.service [req-a4837803-3d5a-48c7-b3d6-cf19da761cdc - - - - -] libvirt.disk_cachemodes = [] log_opt_values /usr/lib/python3/dist-packages/oslo_config/cfg.py:2609
2026-01-15 00:38:57.710 148960 DEBUG oslo_service.service [req-a4837803-3d5a-48c7-b3d6-cf19da761cdc - - - - -] libvirt.disk_prefix = None log_opt_values /usr/lib/python3/dist-packages/oslo_config/cfg.py:2609
2026-01-15 00:38:57.711 148960 DEBUG oslo_service.service [req-a4837803-3d5a-48c7-b3d6-cf19da761cdc - - - - -] libvirt.enabled_perf_events = [] log_opt_values /usr/lib/python3/dist-packages/oslo_config/cfg.py:2609
2026-01-15 00:38:57.711 148960 DEBUG oslo_service.service [req-a4837803-3d5a-48c7-b3d6-cf19da761cdc - - - - -] libvirt.file_backed_memory = 0 log_opt_values /usr/lib/python3/dist-packages/oslo_config/cfg.py:2609
2026-01-15 00:38:57.711 148960 DEBUG oslo_service.service [req-a4837803-3d5a-48c7-b3d6-cf19da761cdc - - - - -] libvirt.gid_maps = [] log_opt_values /usr/lib/python3/dist-packages/oslo_config/cfg.py:2609
2026-01-15 00:38:57.711 148960 DEBUG oslo_service.service [req-a4837803-3d5a-48c7-b3d6-cf19da761cdc - - - - -] libvirt.hw_disk_discard = None log_opt_values /usr/lib/python3/dist-packages/oslo_config/cfg.py:2609
