2026-01-15 00:40:12.183 154954 DEBUG oslo_service.service [req-e705b7f3-7745-4010-a9cc-86105f4a5d1d - - - - -] cache.memcache_dead_retry = 300 log_opt_values /usr/lib/python3/dist-packages/oslo_config/cfg.py:2609
2026-01-15 00:40:12.183 154954 DEBUG oslo_service.service [req-e705b7f3-7745-4010-a9cc-86105f4a5d1d - - - - -] cache.memcache_pool_connection_get_timeout = 10 log_opt_values /usr/lib/python3/dist-packages/oslo_config/cfg.py:2609
2026-01-15 00:40:12.183 154954 DEBUG oslo_service.service [req-e705b7f3-7745-4010-a9cc-86105f4a5d1d - - - - -] cache.memcache_pool_flush_on_reconnect = False log_opt_values /usr/lib/python3/dist-packages/oslo_config/cfg.py:2609
2026-01-15 00:40:12.183 154954 DEBUG oslo_service.service [req-e705b7f3-7745-4010-a9cc-86105f4a5d1d - - - - -] cache.memcache_pool_maxsize = 10 log_opt_values /usr/lib/python3/dist-packages/oslo_config/cfg.py:2609
2026-01-15 00:40:12.183 154954 DEBUG oslo_service.service [req-e705b7f3-7745-4010-a9cc-86105f4a5d1d - - - - -] cache.memcache_pool_unused_timeout = 60 log_opt_values /usr/lib/python3/dist-packages/oslo_config/cfg.py:2609
2026-01-15 00:40:12.184 154954 DEBUG oslo_service.service [req-e705b7f3-7745-4010-a9cc-86105f4a5d1d - - - - -] cache.memcache_servers = ['localhost:11211'] log_opt_values /usr/lib/python3/dist-packages/oslo_config/cfg.py:2609
2026-01-15 00:40:12.184 154954 DEBUG oslo_service.service [req-e705b7f3-7745-4010-a9cc-86105f4a5d1d - - - - -] cache.memcache_socket_timeout = 1.0 log_opt_values /usr/lib/python3/dist-packages/oslo_config/cfg.py:2609
2026-01-15 00:40:12.184 154954 DEBUG oslo_service.service [req-e705b7f3-7745-4010-a9cc-86105f4a5d1d - - - - -] cache.proxies = [] log_opt_values /usr/lib/python3/dist-packages/oslo_config/cfg.py:2609
2026-01-15 00:40:12.184 154954 DEBUG oslo_service.service [req-e705b7f3-7745-4010-a9cc-86105f4a5d1d - - - - -] cache.tls_allowed_ciphers = None log_opt_values /usr/lib/python3/dist-packages/oslo_config/cfg.py:2609
2026-01-15 00:40:12.184 154954 DEBUG oslo_service.service [req-e705b7f3-7745-4010-a9cc-86105f4a5d1d - - - - -] cache.tls_cafile = None log_opt_values /usr/lib/python3/dist-packages/oslo_config/cfg.py:2609
2026-01-15 00:40:12.184 154954 DEBUG oslo_service.service [req-e705b7f3-7745-4010-a9cc-86105f4a5d1d - - - - -] cache.tls_certfile = None log_opt_values /usr/lib/python3/dist-packages/oslo_config/cfg.py:2609
2026-01-15 00:40:12.185 154954 DEBUG oslo_service.service [req-e705b7f3-7745-4010-a9cc-86105f4a5d1d - - - - -] cache.tls_enabled = False log_opt_values /usr/lib/python3/dist-packages/oslo_config/cfg.py:2609
2026-01-15 00:40:12.185 154954 DEBUG oslo_service.service [req-e705b7f3-7745-4010-a9cc-86105f4a5d1d - - - - -] cache.tls_keyfile = None log_opt_values /usr/lib/python3/dist-packages/oslo_config/cfg.py:2609
2026-01-15 00:40:12.185 154954 DEBUG oslo_service.service [req-e705b7f3-7745-4010-a9cc-86105f4a5d1d - - - - -] cinder.auth_section = None log_opt_values /usr/lib/python3/dist-packages/oslo_config/cfg.py:2609
2026-01-15 00:40:12.185 154954 DEBUG oslo_service.service [req-e705b7f3-7745-4010-a9cc-86105f4a5d1d - - - - -] cinder.auth_type = None log_opt_values /usr/lib/python3/dist-packages/oslo_config/cfg.py:2609
2026-01-15 00:40:12.185 154954 DEBUG oslo_service.service [req-e705b7f3-7745-4010-a9cc-86105f4a5d1d - - - - -] cinder.cafile = None log_opt_values /usr/lib/python3/dist-packages/oslo_config/cfg.py:2609
2026-01-15 00:40:12.185 154954 DEBUG oslo_service.service [req-e705b7f3-7745-4010-a9cc-86105f4a5d1d - - - - -] cinder.catalog_info = volumev3::publicURL log_opt_values /usr/lib/python3/dist-packages/oslo_config/cfg.py:2609
2026-01-15 00:40:12.186 154954 DEBUG oslo_service.service [req-e705b7f3-7745-4010-a9cc-86105f4a5d1d - - - - -] cinder.certfile = None log_opt_values /usr/lib/python3/dist-packages/oslo_config/cfg.py:2609
2026-01-15 00:40:12.186 154954 DEBUG oslo_service.service [req-e705b7f3-7745-4010-a9cc-86105f4a5d1d - - - - -] cinder.collect_timing = False log_opt_values /usr/lib/python3/dist-packages/oslo_config/cfg.py:2609
2026-01-15 00:40:12.186 154954 DEBUG oslo_service.service [req-e705b7f3-7745-4010-a9cc-86105f4a5d1d - - - - -] cinder.cross_az_attach = True log_opt_values /usr/lib/python3/dist-packages/oslo_config/cfg.py:2609
2026-01-15 00:40:12.186 154954 DEBUG oslo_service.service [req-e705b7f3-7745-4010-a9cc-86105f4a5d1d - - - - -] cinder.debug = False log_opt_values /usr/lib/python3/dist-packages/oslo_config/cfg.py:2609
2026-01-15 00:40:12.186 154954 DEBUG oslo_service.service [req-e705b7f3-7745-4010-a9cc-86105f4a5d1d - - - - -] cinder.endpoint_template = None log_opt_values /usr/lib/python3/dist-packages/oslo_config/cfg.py:2609
2026-01-15 00:40:12.187 154954 DEBUG oslo_service.service [req-e705b7f3-7745-4010-a9cc-86105f4a5d1d - - - - -] cinder.http_retries = 3 log_opt_values /usr/lib/python3/dist-packages/oslo_config/cfg.py:2609
2026-01-15 00:40:12.187 154954 DEBUG oslo_service.service [req-e705b7f3-7745-4010-a9cc-86105f4a5d1d - - - - -] cinder.insecure = False log_opt_values /usr/lib/python3/dist-packages/oslo_config/cfg.py:2609
2026-01-15 00:40:12.187 154954 DEBUG oslo_service.service [req-e705b7f3-7745-4010-a9cc-86105f4a5d1d - - - - -] cinder.keyfile = None log_opt_values /usr/lib/python3/dist-packages/oslo_config/cfg.py:2609
2026-01-15 00:40:12.187 154954 DEBUG oslo_service.service [req-e705b7f3-7745-4010-a9cc-86105f4a5d1d - - - - -] cinder.os_region_name = None log_opt_values /usr/lib/python3/dist-packages/oslo_config/cfg.py:2609
2026-01-15 00:40:12.187 154954 DEBUG oslo_service.service [req-e705b7f3-7745-4010-a9cc-86105f4a5d1d - - - - -] cinder.split_loggers = False log_opt_values /usr/lib/python3/dist-packages/oslo_config/cfg.py:2609
2026-01-15 00:40:12.187 154954 DEBUG oslo_service.service [req-e705b7f3-7745-4010-a9cc-86105f4a5d1d - - - - -] cinder.timeout = None log_opt_values /usr/lib/python3/dist-packages/oslo_config/cfg.py:2609
2026-01-15 00:40:12.188 154954 DEBUG oslo_service.service [req-e705b7f3-7745-4010-a9cc-86105f4a5d1d - - - - -] compute.consecutive_build_service_disable_threshold = 10 log_opt_values /usr/lib/python3/dist-packages/oslo_config/cfg.py:2609
2026-01-15 00:40:12.188 154954 DEBUG oslo_service.service [req-e705b7f3-7745-4010-a9cc-86105f4a5d1d - - - - -] compute.cpu_dedicated_set = None log_opt_values /usr/lib/python3/dist-packages/oslo_config/cfg.py:2609
2026-01-15 00:40:12.188 154954 DEBUG oslo_service.service [req-e705b7f3-7745-4010-a9cc-86105f4a5d1d - - - - -] compute.cpu_shared_set = None log_opt_values /usr/lib/python3/dist-packages/oslo_config/cfg.py:2609
2026-01-15 00:40:12.188 154954 DEBUG oslo_service.service [req-e705b7f3-7745-4010-a9cc-86105f4a5d1d - - - - -] compute.image_type_exclude_list = [] log_opt_values /usr/lib/python3/dist-packages/oslo_config/cfg.py:2609
2026-01-15 00:40:12.188 154954 DEBUG oslo_service.service [req-e705b7f3-7745-4010-a9cc-86105f4a5d1d - - - - -] compute.live_migration_wait_for_vif_plug = True log_opt_values /usr/lib/python3/dist-packages/oslo_config/cfg.py:2609
2026-01-15 00:40:12.189 154954 DEBUG oslo_service.service [req-e705b7f3-7745-4010-a9cc-86105f4a5d1d - - - - -] compute.max_concurrent_disk_ops = 0 log_opt_values /usr/lib/python3/dist-packages/oslo_config/cfg.py:2609
2026-01-15 00:40:12.189 154954 DEBUG oslo_service.service [req-e705b7f3-7745-4010-a9cc-86105f4a5d1d - - - - -] compute.max_disk_devices_to_attach = -1 log_opt_values /usr/lib/python3/dist-packages/oslo_config/cfg.py:2609
2026-01-15 00:40:12.189 154954 DEBUG oslo_service.service [req-e705b7f3-7745-4010-a9cc-86105f4a5d1d - - - - -] compute.packing_host_numa_cells_allocation_strategy = True log_opt_values /usr/lib/python3/dist-packages/oslo_config/cfg.py:2609
2026-01-15 00:40:12.189 154954 DEBUG oslo_service.service [req-e705b7f3-7745-4010-a9cc-86105f4a5d1d - - - - -] compute.provider_config_location = /etc/nova/provider_config/ log_opt_values /usr/lib/python3/dist-packages/oslo_config/cfg.py:2609
2026-01-15 00:40:12.189 154954 DEBUG oslo_service.service [req-e705b7f3-7745-4010-a9cc-86105f4a5d1d - - - - -] compute.resource_provider_association_refresh = 300 log_opt_values /usr/lib/python3/dist-packages/oslo_config/cfg.py:2609
2026-01-15 00:40:12.189 154954 DEBUG oslo_service.service [req-e705b7f3-7745-4010-a9cc-86105f4a5d1d - - - - -] compute.shutdown_retry_interval = 10 log_opt_values /usr/lib/python3/dist-packages/oslo_config/cfg.py:2609
2026-01-15 00:40:12.190 154954 DEBUG oslo_service.service [req-e705b7f3-7745-4010-a9cc-86105f4a5d1d - - - - -] compute.vmdk_allowed_types = ['streamOptimized', 'monolithicSparse'] log_opt_values /usr/lib/python3/dist-packages/oslo_config/cfg.py:2609
2026-01-15 00:40:12.190 154954 DEBUG oslo_service.service [req-e705b7f3-7745-4010-a9cc-86105f4a5d1d - - - - -] conductor.workers = 4 log_opt_values /usr/lib/python3/dist-packages/oslo_config/cfg.py:2609
2026-01-15 00:40:12.190 154954 DEBUG oslo_service.service [req-e705b7f3-7745-4010-a9cc-86105f4a5d1d - - - - -] console.allowed_origins = [] log_opt_values /usr/lib/python3/dist-packages/oslo_config/cfg.py:2609
2026-01-15 00:40:12.190 154954 DEBUG oslo_service.service [req-e705b7f3-7745-4010-a9cc-86105f4a5d1d - - - - -] console.ssl_ciphers = None log_opt_values /usr/lib/python3/dist-packages/oslo_config/cfg.py:2609
2026-01-15 00:40:12.190 154954 DEBUG oslo_service.service [req-e705b7f3-7745-4010-a9cc-86105f4a5d1d - - - - -] console.ssl_minimum_version = default log_opt_values /usr/lib/python3/dist-packages/oslo_config/cfg.py:2609
2026-01-15 00:40:12.191 154954 DEBUG oslo_service.service [req-e705b7f3-7745-4010-a9cc-86105f4a5d1d - - - - -] consoleauth.token_ttl = 600 log_opt_values /usr/lib/python3/dist-packages/oslo_config/cfg.py:2609
2026-01-15 00:40:12.191 154954 DEBUG oslo_service.service [req-e705b7f3-7745-4010-a9cc-86105f4a5d1d - - - - -] cyborg.cafile = None log_opt_values /usr/lib/python3/dist-packages/oslo_config/cfg.py:2609
2026-01-15 00:40:12.191 154954 DEBUG oslo_service.service [req-e705b7f3-7745-4010-a9cc-86105f4a5d1d - - - - -] cyborg.certfile = None log_opt_values /usr/lib/python3/dist-packages/oslo_config/cfg.py:2609
2026-01-15 00:40:12.191 154954 DEBUG oslo_service.service [req-e705b7f3-7745-4010-a9cc-86105f4a5d1d - - - - -] cyborg.collect_timing = False log_opt_values /usr/lib/python3/dist-packages/oslo_config/cfg.py:2609
2026-01-15 00:40:12.191 154954 DEBUG oslo_service.service [req-e705b7f3-7745-4010-a9cc-86105f4a5d1d - - - - -] cyborg.connect_retries = None log_opt_values /usr/lib/python3/dist-packages/oslo_config/cfg.py:2609
2026-01-15 00:40:12.191 154954 DEBUG oslo_service.service [req-e705b7f3-7745-4010-a9cc-86105f4a5d1d - - - - -] cyborg.connect_retry_delay = None log_opt_values /usr/lib/python3/dist-packages/oslo_config/cfg.py:2609
2026-01-15 00:40:12.192 154954 DEBUG oslo_service.service [req-e705b7f3-7745-4010-a9cc-86105f4a5d1d - - - - -] cyborg.endpoint_override = None log_opt_values /usr/lib/python3/dist-packages/oslo_config/cfg.py:2609
2026-01-15 00:40:12.192 154954 DEBUG oslo_service.service [req-e705b7f3-7745-4010-a9cc-86105f4a5d1d - - - - -] cyborg.insecure = False log_opt_values /usr/lib/python3/dist-packages/oslo_config/cfg.py:2609
2026-01-15 00:40:12.192 154954 DEBUG oslo_service.service [req-e705b7f3-7745-4010-a9cc-86105f4a5d1d - - - - -] cyborg.keyfile = None log_opt_values /usr/lib/python3/dist-packages/oslo_config/cfg.py:2609
2026-01-15 00:40:12.192 154954 DEBUG oslo_service.service [req-e705b7f3-7745-4010-a9cc-86105f4a5d1d - - - - -] cyborg.max_version = None log_opt_values /usr/lib/python3/dist-packages/oslo_config/cfg.py:2609
2026-01-15 00:40:12.192 154954 DEBUG oslo_service.service [req-e705b7f3-7745-4010-a9cc-86105f4a5d1d - - - - -] cyborg.min_version = None log_opt_values /usr/lib/python3/dist-packages/oslo_config/cfg.py:2609
2026-01-15 00:40:12.192 154954 DEBUG oslo_service.service [req-e705b7f3-7745-4010-a9cc-86105f4a5d1d - - - - -] cyborg.region_name = None log_opt_values /usr/lib/python3/dist-packages/oslo_config/cfg.py:2609
2026-01-15 00:40:12.193 154954 DEBUG oslo_service.service [req-e705b7f3-7745-4010-a9cc-86105f4a5d1d - - - - -] cyborg.service_name = None log_opt_values /usr/lib/python3/dist-packages/oslo_config/cfg.py:2609
2026-01-15 00:40:12.193 154954 DEBUG oslo_service.service [req-e705b7f3-7745-4010-a9cc-86105f4a5d1d - - - - -] cyborg.service_type = accelerator log_opt_values /usr/lib/python3/dist-packages/oslo_config/cfg.py:2609
2026-01-15 00:40:12.193 154954 DEBUG oslo_service.service [req-e705b7f3-7745-4010-a9cc-86105f4a5d1d - - - - -] cyborg.split_loggers = False log_opt_values /usr/lib/python3/dist-packages/oslo_config/cfg.py:2609
2026-01-15 00:40:12.193 154954 DEBUG oslo_service.service [req-e705b7f3-7745-4010-a9cc-86105f4a5d1d - - - - -] cyborg.status_code_retries = None log_opt_values /usr/lib/python3/dist-packages/oslo_config/cfg.py:2609
2026-01-15 00:40:12.193 154954 DEBUG oslo_service.service [req-e705b7f3-7745-4010-a9cc-86105f4a5d1d - - - - -] cyborg.status_code_retry_delay = None log_opt_values /usr/lib/python3/dist-packages/oslo_config/cfg.py:2609
2026-01-15 00:40:12.193 154954 DEBUG oslo_service.service [req-e705b7f3-7745-4010-a9cc-86105f4a5d1d - - - - -] cyborg.timeout = None log_opt_values /usr/lib/python3/dist-packages/oslo_config/cfg.py:2609
2026-01-15 00:40:12.194 154954 DEBUG oslo_service.service [req-e705b7f3-7745-4010-a9cc-86105f4a5d1d - - - - -] cyborg.valid_interfaces = ['internal', 'public'] log_opt_values /usr/lib/python3/dist-packages/oslo_config/cfg.py:2609
2026-01-15 00:40:12.194 154954 DEBUG oslo_service.service [req-e705b7f3-7745-4010-a9cc-86105f4a5d1d - - - - -] cyborg.version = None log_opt_values /usr/lib/python3/dist-packages/oslo_config/cfg.py:2609
2026-01-15 00:40:12.194 154954 DEBUG oslo_service.service [req-e705b7f3-7745-4010-a9cc-86105f4a5d1d - - - - -] database.backend = sqlalchemy log_opt_values /usr/lib/python3/dist-packages/oslo_config/cfg.py:2609
2026-01-15 00:40:12.194 154954 DEBUG oslo_service.service [req-e705b7f3-7745-4010-a9cc-86105f4a5d1d - - - - -] database.connection = **** log_opt_values /usr/lib/python3/dist-packages/oslo_config/cfg.py:2609
2026-01-15 00:40:12.194 154954 DEBUG oslo_service.service [req-e705b7f3-7745-4010-a9cc-86105f4a5d1d - - - - -] database.connection_debug = 0 log_opt_values /usr/lib/python3/dist-packages/oslo_config/cfg.py:2609
2026-01-15 00:40:12.195 154954 DEBUG oslo_service.service [req-e705b7f3-7745-4010-a9cc-86105f4a5d1d - - - - -] database.connection_parameters = log_opt_values /usr/lib/python3/dist-packages/oslo_config/cfg.py:2609
2026-01-15 00:40:12.195 154954 DEBUG oslo_service.service [req-e705b7f3-7745-4010-a9cc-86105f4a5d1d - - - - -] database.connection_recycle_time = 3600 log_opt_values /usr/lib/python3/dist-packages/oslo_config/cfg.py:2609
2026-01-15 00:40:12.195 154954 DEBUG oslo_service.service [req-e705b7f3-7745-4010-a9cc-86105f4a5d1d - - - - -] database.connection_trace = False log_opt_values /usr/lib/python3/dist-packages/oslo_config/cfg.py:2609
2026-01-15 00:40:12.195 154954 DEBUG oslo_service.service [req-e705b7f3-7745-4010-a9cc-86105f4a5d1d - - - - -] database.db_inc_retry_interval = True log_opt_values /usr/lib/python3/dist-packages/oslo_config/cfg.py:2609
2026-01-15 00:40:12.195 154954 DEBUG oslo_service.service [req-e705b7f3-7745-4010-a9cc-86105f4a5d1d - - - - -] database.db_max_retries = 20 log_opt_values /usr/lib/python3/dist-packages/oslo_config/cfg.py:2609
2026-01-15 00:40:12.195 154954 DEBUG oslo_service.service [req-e705b7f3-7745-4010-a9cc-86105f4a5d1d - - - - -] database.db_max_retry_interval = 10 log_opt_values /usr/lib/python3/dist-packages/oslo_config/cfg.py:2609
2026-01-15 00:40:12.196 154954 DEBUG oslo_service.service [req-e705b7f3-7745-4010-a9cc-86105f4a5d1d - - - - -] database.db_retry_interval = 1 log_opt_values /usr/lib/python3/dist-packages/oslo_config/cfg.py:2609
2026-01-15 00:40:12.196 154954 DEBUG oslo_service.service [req-e705b7f3-7745-4010-a9cc-86105f4a5d1d - - - - -] database.max_overflow = 50 log_opt_values /usr/lib/python3/dist-packages/oslo_config/cfg.py:2609
2026-01-15 00:40:12.196 154954 DEBUG oslo_service.service [req-e705b7f3-7745-4010-a9cc-86105f4a5d1d - - - - -] database.max_pool_size = 4 log_opt_values /usr/lib/python3/dist-packages/oslo_config/cfg.py:2609
2026-01-15 00:40:12.196 155921 DEBUG oslo_db.sqlalchemy.engines [req-9f60179d-fc01-472c-8152-46c8c14d53e0 - - - - -] MySQL server mode set to STRICT_TRANS_TABLES,STRICT_ALL_TABLES,NO_ZERO_IN_DATE,NO_ZERO_DATE,ERROR_FOR_DIVISION_BY_ZERO,TRADITIONAL,NO_ENGINE_SUBSTITUTION _check_effective_sql_mode /usr/lib/python3/dist-packages/oslo_db/sqlalchemy/engines.py:314
2026-01-15 00:40:12.196 154954 DEBUG oslo_service.service [req-e705b7f3-7745-4010-a9cc-86105f4a5d1d - - - - -] database.max_retries = 10 log_opt_values /usr/lib/python3/dist-packages/oslo_config/cfg.py:2609
2026-01-15 00:40:12.196 154954 DEBUG oslo_service.service [req-e705b7f3-7745-4010-a9cc-86105f4a5d1d - - - - -] database.mysql_enable_ndb = False log_opt_values /usr/lib/python3/dist-packages/oslo_config/cfg.py:2609
2026-01-15 00:40:12.197 154954 DEBUG oslo_service.service [req-e705b7f3-7745-4010-a9cc-86105f4a5d1d - - - - -] database.mysql_sql_mode = TRADITIONAL log_opt_values /usr/lib/python3/dist-packages/oslo_config/cfg.py:2609
2026-01-15 00:40:12.197 154954 DEBUG oslo_service.service [req-e705b7f3-7745-4010-a9cc-86105f4a5d1d - - - - -] database.pool_timeout = None log_opt_values /usr/lib/python3/dist-packages/oslo_config/cfg.py:2609
2026-01-15 00:40:12.197 154954 DEBUG oslo_service.service [req-e705b7f3-7745-4010-a9cc-86105f4a5d1d - - - - -] database.retry_interval = 10 log_opt_values /usr/lib/python3/dist-packages/oslo_config/cfg.py:2609
2026-01-15 00:40:12.197 154954 DEBUG oslo_service.service [req-e705b7f3-7745-4010-a9cc-86105f4a5d1d - - - - -] database.slave_connection = **** log_opt_values /usr/lib/python3/dist-packages/oslo_config/cfg.py:2609
2026-01-15 00:40:12.197 154954 DEBUG oslo_service.service [req-e705b7f3-7745-4010-a9cc-86105f4a5d1d - - - - -] database.sqlite_synchronous = True log_opt_values /usr/lib/python3/dist-packages/oslo_config/cfg.py:2609
2026-01-15 00:40:12.197 154954 DEBUG oslo_service.service [req-e705b7f3-7745-4010-a9cc-86105f4a5d1d - - - - -] database.use_db_reconnect = False log_opt_values /usr/lib/python3/dist-packages/oslo_config/cfg.py:2609
2026-01-15 00:40:12.198 154954 DEBUG oslo_service.service [req-e705b7f3-7745-4010-a9cc-86105f4a5d1d - - - - -] api_database.backend = sqlalchemy log_opt_values /usr/lib/python3/dist-packages/oslo_config/cfg.py:2609
2026-01-15 00:40:12.198 154954 DEBUG oslo_service.service [req-e705b7f3-7745-4010-a9cc-86105f4a5d1d - - - - -] api_database.connection = **** log_opt_values /usr/lib/python3/dist-packages/oslo_config/cfg.py:2609
2026-01-15 00:40:12.198 154954 DEBUG oslo_service.service [req-e705b7f3-7745-4010-a9cc-86105f4a5d1d - - - - -] api_database.connection_debug = 0 log_opt_values /usr/lib/python3/dist-packages/oslo_config/cfg.py:2609
2026-01-15 00:40:12.198 154954 DEBUG oslo_service.service [req-e705b7f3-7745-4010-a9cc-86105f4a5d1d - - - - -] api_database.connection_parameters = log_opt_values /usr/lib/python3/dist-packages/oslo_config/cfg.py:2609
2026-01-15 00:40:12.198 154954 DEBUG oslo_service.service [req-e705b7f3-7745-4010-a9cc-86105f4a5d1d - - - - -] api_database.connection_recycle_time = 3600 log_opt_values /usr/lib/python3/dist-packages/oslo_config/cfg.py:2609
2026-01-15 00:40:12.199 154954 DEBUG oslo_service.service [req-e705b7f3-7745-4010-a9cc-86105f4a5d1d - - - - -] api_database.connection_trace = False log_opt_values /usr/lib/python3/dist-packages/oslo_config/cfg.py:2609
2026-01-15 00:40:12.199 154954 DEBUG oslo_service.service [req-e705b7f3-7745-4010-a9cc-86105f4a5d1d - - - - -] api_database.db_inc_retry_interval = True log_opt_values /usr/lib/python3/dist-packages/oslo_config/cfg.py:2609
2026-01-15 00:40:12.199 154954 DEBUG oslo_service.service [req-e705b7f3-7745-4010-a9cc-86105f4a5d1d - - - - -] api_database.db_max_retries = 20 log_opt_values /usr/lib/python3/dist-packages/oslo_config/cfg.py:2609
2026-01-15 00:40:12.199 154954 DEBUG oslo_service.service [req-e705b7f3-7745-4010-a9cc-86105f4a5d1d - - - - -] api_database.db_max_retry_interval = 10 log_opt_values /usr/lib/python3/dist-packages/oslo_config/cfg.py:2609
2026-01-15 00:40:12.199 154954 DEBUG oslo_service.service [req-e705b7f3-7745-4010-a9cc-86105f4a5d1d - - - - -] api_database.db_retry_interval = 1 log_opt_values /usr/lib/python3/dist-packages/oslo_config/cfg.py:2609
2026-01-15 00:40:12.199 154954 DEBUG oslo_service.service [req-e705b7f3-7745-4010-a9cc-86105f4a5d1d - - - - -] api_database.max_overflow = 50 log_opt_values /usr/lib/python3/dist-packages/oslo_config/cfg.py:2609
2026-01-15 00:40:12.200 154954 DEBUG oslo_service.service [req-e705b7f3-7745-4010-a9cc-86105f4a5d1d - - - - -] api_database.max_pool_size = 4 log_opt_values /usr/lib/python3/dist-packages/oslo_config/cfg.py:2609
2026-01-15 00:40:12.200 154954 DEBUG oslo_service.service [req-e705b7f3-7745-4010-a9cc-86105f4a5d1d - - - - -] api_database.max_retries = 10 log_opt_values /usr/lib/python3/dist-packages/oslo_config/cfg.py:2609
2026-01-15 00:40:12.200 154954 DEBUG oslo_service.service [req-e705b7f3-7745-4010-a9cc-86105f4a5d1d - - - - -] api_database.mysql_enable_ndb = False log_opt_values /usr/lib/python3/dist-packages/oslo_config/cfg.py:2609
2026-01-15 00:40:12.200 154954 DEBUG oslo_service.service [req-e705b7f3-7745-4010-a9cc-86105f4a5d1d - - - - -] api_database.mysql_sql_mode = TRADITIONAL log_opt_values /usr/lib/python3/dist-packages/oslo_config/cfg.py:2609
2026-01-15 00:40:12.200 154954 DEBUG oslo_service.service [req-e705b7f3-7745-4010-a9cc-86105f4a5d1d - - - - -] api_database.pool_timeout = None log_opt_values /usr/lib/python3/dist-packages/oslo_config/cfg.py:2609
2026-01-15 00:40:12.200 154954 DEBUG oslo_service.service [req-e705b7f3-7745-4010-a9cc-86105f4a5d1d - - - - -] api_database.retry_interval = 10 log_opt_values /usr/lib/python3/dist-packages/oslo_config/cfg.py:2609
2026-01-15 00:40:12.200 155913 DEBUG oslo_messaging._drivers.amqpdriver [-] Listener is running poll /usr/lib/python3/dist-packages/oslo_messaging/_drivers/amqpdriver.py:343
2026-01-15 00:40:12.200 155919 DEBUG oslo_messaging._drivers.amqpdriver [-] Listener is running poll /usr/lib/python3/dist-packages/oslo_messaging/_drivers/amqpdriver.py:343
2026-01-15 00:40:12.201 154954 DEBUG oslo_service.service [req-e705b7f3-7745-4010-a9cc-86105f4a5d1d - - - - -] api_database.slave_connection = **** log_opt_values /usr/lib/python3/dist-packages/oslo_config/cfg.py:2609
2026-01-15 00:40:12.201 155913 DEBUG oslo_messaging._drivers.amqpdriver [-] AMQPListener connection consume poll /usr/lib/python3/dist-packages/oslo_messaging/_drivers/amqpdriver.py:357
2026-01-15 00:40:12.201 154954 DEBUG oslo_service.service [req-e705b7f3-7745-4010-a9cc-86105f4a5d1d - - - - -] api_database.sqlite_synchronous = True log_opt_values /usr/lib/python3/dist-packages/oslo_config/cfg.py:2609
2026-01-15 00:40:12.201 155919 DEBUG oslo_messaging._drivers.amqpdriver [-] AMQPListener connection consume poll /usr/lib/python3/dist-packages/oslo_messaging/_drivers/amqpdriver.py:357
2026-01-15 00:40:12.201 154954 DEBUG oslo_service.service [req-e705b7f3-7745-4010-a9cc-86105f4a5d1d - - - - -] devices.enabled_mdev_types = [] log_opt_values /usr/lib/python3/dist-packages/oslo_config/cfg.py:2609
2026-01-15 00:40:12.201 154954 DEBUG oslo_service.service [req-e705b7f3-7745-4010-a9cc-86105f4a5d1d - - - - -] ephemeral_storage_encryption.cipher = aes-xts-plain64 log_opt_values /usr/lib/python3/dist-packages/oslo_config/cfg.py:2609
2026-01-15 00:40:12.201 154954 DEBUG oslo_service.service [req-e705b7f3-7745-4010-a9cc-86105f4a5d1d - - - - -] ephemeral_storage_encryption.enabled = False log_opt_values /usr/lib/python3/dist-packages/oslo_config/cfg.py:2609
2026-01-15 00:40:12.201 155913 DEBUG nova.service [req-0b542eca-24ba-453d-877c-b97404f37119 - - - - -] Join ServiceGroup membership for this service conductor start /usr/lib/python3/dist-packages/nova/service.py:199
2026-01-15 00:40:12.201 154954 DEBUG oslo_service.service [req-e705b7f3-7745-4010-a9cc-86105f4a5d1d - - - - -] ephemeral_storage_encryption.key_size = 512 log_opt_values /usr/lib/python3/dist-packages/oslo_config/cfg.py:2609
2026-01-15 00:40:12.202 155913 DEBUG nova.servicegroup.drivers.db [req-0b542eca-24ba-453d-877c-b97404f37119 - - - - -] DB_Driver: join new ServiceGroup member juju-9220d7-0-lxd-7 to the conductor group, service = join /usr/lib/python3/dist-packages/nova/servicegroup/drivers/db.py:44
2026-01-15 00:40:12.202 154954 WARNING oslo_config.cfg [req-e705b7f3-7745-4010-a9cc-86105f4a5d1d - - - - -] Deprecated: Option "api_servers" from group "glance" is deprecated for removal ( Support for image service configuration via standard keystoneauth1 Adapter options was added in the 17.0.0 Queens release. The api_servers option was retained temporarily to allow consumers time to cut over to a real load balancing solution. ). Its value may be silently ignored in the future.
2026-01-15 00:40:12.202 154954 DEBUG oslo_service.service [req-e705b7f3-7745-4010-a9cc-86105f4a5d1d - - - - -] glance.api_servers = ['http://252.141.117.250:9292'] log_opt_values /usr/lib/python3/dist-packages/oslo_config/cfg.py:2609
2026-01-15 00:40:12.202 154954 DEBUG oslo_service.service [req-e705b7f3-7745-4010-a9cc-86105f4a5d1d - - - - -] glance.cafile = None log_opt_values /usr/lib/python3/dist-packages/oslo_config/cfg.py:2609
2026-01-15 00:40:12.202 155919 DEBUG nova.service [req-c1150677-f77d-4602-b228-e503264ae60d - - - - -] Join ServiceGroup membership for this service conductor start /usr/lib/python3/dist-packages/nova/service.py:199
2026-01-15 00:40:12.202 154954 DEBUG oslo_service.service [req-e705b7f3-7745-4010-a9cc-86105f4a5d1d - - - - -] glance.certfile = None log_opt_values /usr/lib/python3/dist-packages/oslo_config/cfg.py:2609
2026-01-15 00:40:12.203 155913 DEBUG oslo_messaging._drivers.amqpdriver [-] received message msg_id: ac57a8b60dde4715a3cc27c6ba0cb607 reply to reply_ac21f5fdb3734747bd7284fcb6b2ba08 __call__ /usr/lib/python3/dist-packages/oslo_messaging/_drivers/amqpdriver.py:320
2026-01-15 00:40:12.203 155919 DEBUG nova.servicegroup.drivers.db [req-c1150677-f77d-4602-b228-e503264ae60d - - - - -] DB_Driver: join new ServiceGroup member juju-9220d7-0-lxd-7 to the conductor group, service = join /usr/lib/python3/dist-packages/nova/servicegroup/drivers/db.py:44
2026-01-15 00:40:12.203 154954 DEBUG oslo_service.service [req-e705b7f3-7745-4010-a9cc-86105f4a5d1d - - - - -] glance.collect_timing = False log_opt_values /usr/lib/python3/dist-packages/oslo_config/cfg.py:2609
2026-01-15 00:40:12.203 154954 DEBUG oslo_service.service [req-e705b7f3-7745-4010-a9cc-86105f4a5d1d - - - - -] glance.connect_retries = None log_opt_values /usr/lib/python3/dist-packages/oslo_config/cfg.py:2609
2026-01-15 00:40:12.203 154954 DEBUG oslo_service.service [req-e705b7f3-7745-4010-a9cc-86105f4a5d1d - - - - -] glance.connect_retry_delay = None log_opt_values /usr/lib/python3/dist-packages/oslo_config/cfg.py:2609
2026-01-15 00:40:12.203 154954 DEBUG oslo_service.service [req-e705b7f3-7745-4010-a9cc-86105f4a5d1d - - - - -] glance.debug = False log_opt_values /usr/lib/python3/dist-packages/oslo_config/cfg.py:2609
2026-01-15 00:40:12.203 154954 DEBUG oslo_service.service [req-e705b7f3-7745-4010-a9cc-86105f4a5d1d - - - - -] glance.default_trusted_certificate_ids = [] log_opt_values /usr/lib/python3/dist-packages/oslo_config/cfg.py:2609
2026-01-15 00:40:12.204 154954 DEBUG oslo_service.service [req-e705b7f3-7745-4010-a9cc-86105f4a5d1d - - - - -] glance.enable_certificate_validation = False log_opt_values /usr/lib/python3/dist-packages/oslo_config/cfg.py:2609
2026-01-15 00:40:12.204 154954 DEBUG oslo_service.service [req-e705b7f3-7745-4010-a9cc-86105f4a5d1d - - - - -] glance.enable_rbd_download = False log_opt_values /usr/lib/python3/dist-packages/oslo_config/cfg.py:2609
2026-01-15 00:40:12.204 154954 DEBUG oslo_service.service [req-e705b7f3-7745-4010-a9cc-86105f4a5d1d - - - - -] glance.endpoint_override = None log_opt_values /usr/lib/python3/dist-packages/oslo_config/cfg.py:2609
2026-01-15 00:40:12.204 154954 DEBUG oslo_service.service [req-e705b7f3-7745-4010-a9cc-86105f4a5d1d - - - - -] glance.insecure = False log_opt_values /usr/lib/python3/dist-packages/oslo_config/cfg.py:2609
2026-01-15 00:40:12.204 154954 DEBUG oslo_service.service [req-e705b7f3-7745-4010-a9cc-86105f4a5d1d - - - - -] glance.keyfile = None log_opt_values /usr/lib/python3/dist-packages/oslo_config/cfg.py:2609
2026-01-15 00:40:12.204 154954 DEBUG oslo_service.service [req-e705b7f3-7745-4010-a9cc-86105f4a5d1d - - - - -] glance.max_version = None log_opt_values /usr/lib/python3/dist-packages/oslo_config/cfg.py:2609
2026-01-15 00:40:12.205 154954 DEBUG oslo_service.service [req-e705b7f3-7745-4010-a9cc-86105f4a5d1d - - - - -] glance.min_version = None log_opt_values /usr/lib/python3/dist-packages/oslo_config/cfg.py:2609
2026-01-15 00:40:12.205 155913 DEBUG oslo_messaging._drivers.amqpdriver [-] AMQPListener connection timeout poll /usr/lib/python3/dist-packages/oslo_messaging/_drivers/amqpdriver.py:360
2026-01-15 00:40:12.205 155913 DEBUG oslo_messaging._drivers.amqpdriver [-] Listener is running poll /usr/lib/python3/dist-packages/oslo_messaging/_drivers/amqpdriver.py:343
2026-01-15 00:40:12.205 154954 DEBUG oslo_service.service [req-e705b7f3-7745-4010-a9cc-86105f4a5d1d - - - - -] glance.num_retries = 3 log_opt_values /usr/lib/python3/dist-packages/oslo_config/cfg.py:2609
2026-01-15 00:40:12.205 155913 DEBUG oslo_messaging._drivers.amqpdriver [-] Poll the incoming message with unique_id: c5acfc4d3be842818b2d1a2f38e4ed41 poll /usr/lib/python3/dist-packages/oslo_messaging/_drivers/amqpdriver.py:346
2026-01-15 00:40:12.205 154954 DEBUG oslo_service.service [req-e705b7f3-7745-4010-a9cc-86105f4a5d1d - - - - -] glance.rbd_ceph_conf = log_opt_values /usr/lib/python3/dist-packages/oslo_config/cfg.py:2609
2026-01-15 00:40:12.205 154954 DEBUG oslo_service.service [req-e705b7f3-7745-4010-a9cc-86105f4a5d1d - - - - -] glance.rbd_connect_timeout = 5 log_opt_values /usr/lib/python3/dist-packages/oslo_config/cfg.py:2609
2026-01-15 00:40:12.205 155919 DEBUG oslo_messaging._drivers.amqpdriver [-] AMQPListener connection timeout poll /usr/lib/python3/dist-packages/oslo_messaging/_drivers/amqpdriver.py:360
2026-01-15 00:40:12.205 154954 DEBUG oslo_service.service [req-e705b7f3-7745-4010-a9cc-86105f4a5d1d - - - - -] glance.rbd_pool = log_opt_values /usr/lib/python3/dist-packages/oslo_config/cfg.py:2609
2026-01-15 00:40:12.205 155913 DEBUG oslo_messaging._drivers.amqpdriver [-] Listener is running poll /usr/lib/python3/dist-packages/oslo_messaging/_drivers/amqpdriver.py:343
2026-01-15 00:40:12.205 154954 DEBUG oslo_service.service [req-e705b7f3-7745-4010-a9cc-86105f4a5d1d - - - - -] glance.rbd_user = log_opt_values /usr/lib/python3/dist-packages/oslo_config/cfg.py:2609
2026-01-15 00:40:12.206 155913 DEBUG oslo_messaging._drivers.amqpdriver [-] AMQPListener connection consume poll /usr/lib/python3/dist-packages/oslo_messaging/_drivers/amqpdriver.py:357
2026-01-15 00:40:12.206 155919 DEBUG oslo_messaging._drivers.amqpdriver [-] Listener is running poll /usr/lib/python3/dist-packages/oslo_messaging/_drivers/amqpdriver.py:343
2026-01-15 00:40:12.206 154954 DEBUG oslo_service.service [req-e705b7f3-7745-4010-a9cc-86105f4a5d1d - - - - -] glance.region_name = None log_opt_values /usr/lib/python3/dist-packages/oslo_config/cfg.py:2609
2026-01-15 00:40:12.206 155919 DEBUG oslo_messaging._drivers.amqpdriver [-] AMQPListener connection consume poll /usr/lib/python3/dist-packages/oslo_messaging/_drivers/amqpdriver.py:357
2026-01-15 00:40:12.206 154954 DEBUG oslo_service.service [req-e705b7f3-7745-4010-a9cc-86105f4a5d1d - - - - -] glance.service_name = None log_opt_values /usr/lib/python3/dist-packages/oslo_config/cfg.py:2609
2026-01-15 00:40:12.206 154954 DEBUG oslo_service.service [req-e705b7f3-7745-4010-a9cc-86105f4a5d1d - - - - -] glance.service_type = image log_opt_values /usr/lib/python3/dist-packages/oslo_config/cfg.py:2609
2026-01-15 00:40:12.206 154954 DEBUG oslo_service.service [req-e705b7f3-7745-4010-a9cc-86105f4a5d1d - - - - -] glance.split_loggers = False log_opt_values /usr/lib/python3/dist-packages/oslo_config/cfg.py:2609
2026-01-15 00:40:12.206 154954 DEBUG oslo_service.service [req-e705b7f3-7745-4010-a9cc-86105f4a5d1d - - - - -] glance.status_code_retries = None log_opt_values /usr/lib/python3/dist-packages/oslo_config/cfg.py:2609
2026-01-15 00:40:12.207 154954 DEBUG oslo_service.service [req-e705b7f3-7745-4010-a9cc-86105f4a5d1d - - - - -] glance.status_code_retry_delay = None log_opt_values /usr/lib/python3/dist-packages/oslo_config/cfg.py:2609
2026-01-15 00:40:12.207 154954 DEBUG oslo_service.service [req-e705b7f3-7745-4010-a9cc-86105f4a5d1d - - - - -] glance.timeout = None log_opt_values /usr/lib/python3/dist-packages/oslo_config/cfg.py:2609
2026-01-15 00:40:12.207 154954 DEBUG oslo_service.service [req-e705b7f3-7745-4010-a9cc-86105f4a5d1d - - - - -] glance.valid_interfaces = ['internal', 'public'] log_opt_values /usr/lib/python3/dist-packages/oslo_config/cfg.py:2609
2026-01-15 00:40:12.207 154954 DEBUG oslo_service.service [req-e705b7f3-7745-4010-a9cc-86105f4a5d1d - - - - -] glance.verify_glance_signatures = False log_opt_values /usr/lib/python3/dist-packages/oslo_config/cfg.py:2609
2026-01-15 00:40:12.207 154954 DEBUG oslo_service.service [req-e705b7f3-7745-4010-a9cc-86105f4a5d1d - - - - -] glance.version = None log_opt_values /usr/lib/python3/dist-packages/oslo_config/cfg.py:2609
2026-01-15 00:40:12.207 154954 DEBUG oslo_service.service [req-e705b7f3-7745-4010-a9cc-86105f4a5d1d - - - - -] guestfs.debug = False log_opt_values /usr/lib/python3/dist-packages/oslo_config/cfg.py:2609
2026-01-15 00:40:12.208 154954 DEBUG oslo_service.service [req-e705b7f3-7745-4010-a9cc-86105f4a5d1d - - - - -] hyperv.config_drive_cdrom = False log_opt_values /usr/lib/python3/dist-packages/oslo_config/cfg.py:2609
2026-01-15 00:40:12.209 154954 DEBUG oslo_service.service [req-e705b7f3-7745-4010-a9cc-86105f4a5d1d - - - - -] hyperv.config_drive_inject_password = False log_opt_values /usr/lib/python3/dist-packages/oslo_config/cfg.py:2609
2026-01-15 00:40:12.209 154954 DEBUG oslo_service.service [req-e705b7f3-7745-4010-a9cc-86105f4a5d1d - - - - -] hyperv.dynamic_memory_ratio = 1.0 log_opt_values /usr/lib/python3/dist-packages/oslo_config/cfg.py:2609
2026-01-15 00:40:12.210 154954 DEBUG oslo_service.service [req-e705b7f3-7745-4010-a9cc-86105f4a5d1d - - - - -] hyperv.enable_instance_metrics_collection = False log_opt_values /usr/lib/python3/dist-packages/oslo_config/cfg.py:2609
2026-01-15 00:40:12.209 155920 DEBUG oslo_messaging._drivers.amqpdriver [-] Listener is running poll /usr/lib/python3/dist-packages/oslo_messaging/_drivers/amqpdriver.py:343
2026-01-15 00:40:12.210 154954 DEBUG oslo_service.service [req-e705b7f3-7745-4010-a9cc-86105f4a5d1d - - - - -] hyperv.enable_remotefx = False log_opt_values /usr/lib/python3/dist-packages/oslo_config/cfg.py:2609
2026-01-15 00:40:12.210 155920 DEBUG oslo_messaging._drivers.amqpdriver [-] AMQPListener connection consume poll /usr/lib/python3/dist-packages/oslo_messaging/_drivers/amqpdriver.py:357
2026-01-15 00:40:12.210 154954 DEBUG oslo_service.service [req-e705b7f3-7745-4010-a9cc-86105f4a5d1d - - - - -] hyperv.instances_path_share = log_opt_values /usr/lib/python3/dist-packages/oslo_config/cfg.py:2609
2026-01-15 00:40:12.210 154954 DEBUG oslo_service.service [req-e705b7f3-7745-4010-a9cc-86105f4a5d1d - - - - -] hyperv.iscsi_initiator_list = [] log_opt_values /usr/lib/python3/dist-packages/oslo_config/cfg.py:2609
2026-01-15 00:40:12.210 154954 DEBUG oslo_service.service [req-e705b7f3-7745-4010-a9cc-86105f4a5d1d - - - - -] hyperv.limit_cpu_features = False log_opt_values /usr/lib/python3/dist-packages/oslo_config/cfg.py:2609
2026-01-15 00:40:12.210 154954 DEBUG oslo_service.service [req-e705b7f3-7745-4010-a9cc-86105f4a5d1d - - - - -] hyperv.mounted_disk_query_retry_count = 10 log_opt_values /usr/lib/python3/dist-packages/oslo_config/cfg.py:2609
2026-01-15 00:40:12.211 154954 DEBUG oslo_service.service [req-e705b7f3-7745-4010-a9cc-86105f4a5d1d - - - - -] hyperv.mounted_disk_query_retry_interval = 5 log_opt_values /usr/lib/python3/dist-packages/oslo_config/cfg.py:2609
2026-01-15 00:40:12.211 154954 DEBUG oslo_service.service [req-e705b7f3-7745-4010-a9cc-86105f4a5d1d - - - - -] hyperv.power_state_check_timeframe = 60 log_opt_values /usr/lib/python3/dist-packages/oslo_config/cfg.py:2609
2026-01-15 00:40:12.211 154954 DEBUG oslo_service.service [req-e705b7f3-7745-4010-a9cc-86105f4a5d1d - - - - -] hyperv.power_state_event_polling_interval = 2 log_opt_values /usr/lib/python3/dist-packages/oslo_config/cfg.py:2609
2026-01-15 00:40:12.211 154954 DEBUG oslo_service.service [req-e705b7f3-7745-4010-a9cc-86105f4a5d1d - - - - -] hyperv.qemu_img_cmd = qemu-img.exe log_opt_values /usr/lib/python3/dist-packages/oslo_config/cfg.py:2609
2026-01-15 00:40:12.211 154954 DEBUG oslo_service.service [req-e705b7f3-7745-4010-a9cc-86105f4a5d1d - - - - -] hyperv.use_multipath_io = False log_opt_values /usr/lib/python3/dist-packages/oslo_config/cfg.py:2609
2026-01-15 00:40:12.211 154954 DEBUG oslo_service.service [req-e705b7f3-7745-4010-a9cc-86105f4a5d1d - - - - -] hyperv.volume_attach_retry_count = 10 log_opt_values /usr/lib/python3/dist-packages/oslo_config/cfg.py:2609
2026-01-15 00:40:12.212 154954 DEBUG oslo_service.service [req-e705b7f3-7745-4010-a9cc-86105f4a5d1d - - - - -] hyperv.volume_attach_retry_interval = 5 log_opt_values /usr/lib/python3/dist-packages/oslo_config/cfg.py:2609
2026-01-15 00:40:12.212 155913 DEBUG oslo_messaging._drivers.amqpdriver [req-a0bd1b42-3781-43dc-8fc5-8f1092473e2a - - - - -] sending reply msg_id: ac57a8b60dde4715a3cc27c6ba0cb607 reply queue: reply_ac21f5fdb3734747bd7284fcb6b2ba08 time elapsed: 0.008815658999992593s _send_reply /usr/lib/python3/dist-packages/oslo_messaging/_drivers/amqpdriver.py:118
2026-01-15 00:40:12.212 154954 DEBUG oslo_service.service [req-e705b7f3-7745-4010-a9cc-86105f4a5d1d - - - - -] hyperv.vswitch_name = None log_opt_values /usr/lib/python3/dist-packages/oslo_config/cfg.py:2609
2026-01-15 00:40:12.212 154954 DEBUG oslo_service.service [req-e705b7f3-7745-4010-a9cc-86105f4a5d1d - - - - -] hyperv.wait_soft_reboot_seconds = 60 log_opt_values /usr/lib/python3/dist-packages/oslo_config/cfg.py:2609
2026-01-15 00:40:12.212 154954 DEBUG oslo_service.service [req-e705b7f3-7745-4010-a9cc-86105f4a5d1d - - - - -] mks.enabled = False log_opt_values /usr/lib/python3/dist-packages/oslo_config/cfg.py:2609
2026-01-15 00:40:12.213 154954 DEBUG oslo_service.service [req-e705b7f3-7745-4010-a9cc-86105f4a5d1d - - - - -] mks.mksproxy_base_url = http://127.0.0.1:6090/ log_opt_values /usr/lib/python3/dist-packages/oslo_config/cfg.py:2609
2026-01-15 00:40:12.213 154954 DEBUG oslo_service.service [req-e705b7f3-7745-4010-a9cc-86105f4a5d1d - - - - -] image_cache.manager_interval = 2400 log_opt_values /usr/lib/python3/dist-packages/oslo_config/cfg.py:2609
2026-01-15 00:40:12.213 154954 DEBUG oslo_service.service [req-e705b7f3-7745-4010-a9cc-86105f4a5d1d - - - - -] image_cache.precache_concurrency = 1 log_opt_values /usr/lib/python3/dist-packages/oslo_config/cfg.py:2609
2026-01-15 00:40:12.213 154954 DEBUG oslo_service.service [req-e705b7f3-7745-4010-a9cc-86105f4a5d1d - - - - -] image_cache.remove_unused_base_images = True log_opt_values /usr/lib/python3/dist-packages/oslo_config/cfg.py:2609
2026-01-15 00:40:12.213 155920 DEBUG nova.service [req-66dc2ce2-ee90-42c1-aea1-fa93ebf9e00a - - - - -] Join ServiceGroup membership for this service conductor start /usr/lib/python3/dist-packages/nova/service.py:199
2026-01-15 00:40:12.214 154954 DEBUG oslo_service.service [req-e705b7f3-7745-4010-a9cc-86105f4a5d1d - - - - -] image_cache.remove_unused_original_minimum_age_seconds = 86400 log_opt_values /usr/lib/python3/dist-packages/oslo_config/cfg.py:2609
2026-01-15 00:40:12.214 154954 DEBUG oslo_service.service [req-e705b7f3-7745-4010-a9cc-86105f4a5d1d - - - - -] image_cache.remove_unused_resized_minimum_age_seconds = 3600 log_opt_values /usr/lib/python3/dist-packages/oslo_config/cfg.py:2609
2026-01-15 00:40:12.214 155920 DEBUG nova.servicegroup.drivers.db [req-66dc2ce2-ee90-42c1-aea1-fa93ebf9e00a - - - - -] DB_Driver: join new ServiceGroup member juju-9220d7-0-lxd-7 to the conductor group, service = join /usr/lib/python3/dist-packages/nova/servicegroup/drivers/db.py:44
2026-01-15 00:40:12.214 154954 DEBUG oslo_service.service [req-e705b7f3-7745-4010-a9cc-86105f4a5d1d - - - - -] image_cache.subdirectory_name = _base log_opt_values /usr/lib/python3/dist-packages/oslo_config/cfg.py:2609
2026-01-15 00:40:12.214 154954 DEBUG oslo_service.service [req-e705b7f3-7745-4010-a9cc-86105f4a5d1d - - - - -] ironic.api_max_retries = 60 log_opt_values /usr/lib/python3/dist-packages/oslo_config/cfg.py:2609
2026-01-15 00:40:12.214 154954 DEBUG oslo_service.service [req-e705b7f3-7745-4010-a9cc-86105f4a5d1d - - - - -] ironic.api_retry_interval = 2 log_opt_values /usr/lib/python3/dist-packages/oslo_config/cfg.py:2609
2026-01-15 00:40:12.215 154954 DEBUG oslo_service.service [req-e705b7f3-7745-4010-a9cc-86105f4a5d1d - - - - -] ironic.auth_section = None log_opt_values /usr/lib/python3/dist-packages/oslo_config/cfg.py:2609
2026-01-15 00:40:12.215 154954 DEBUG oslo_service.service [req-e705b7f3-7745-4010-a9cc-86105f4a5d1d - - - - -] ironic.auth_type = None log_opt_values /usr/lib/python3/dist-packages/oslo_config/cfg.py:2609
2026-01-15 00:40:12.215 154954 DEBUG oslo_service.service [req-e705b7f3-7745-4010-a9cc-86105f4a5d1d - - - - -] ironic.cafile = None log_opt_values /usr/lib/python3/dist-packages/oslo_config/cfg.py:2609
2026-01-15 00:40:12.215 154954 DEBUG oslo_service.service [req-e705b7f3-7745-4010-a9cc-86105f4a5d1d - - - - -] ironic.certfile = None log_opt_values /usr/lib/python3/dist-packages/oslo_config/cfg.py:2609
2026-01-15 00:40:12.215 154954 DEBUG oslo_service.service [req-e705b7f3-7745-4010-a9cc-86105f4a5d1d - - - - -] ironic.collect_timing = False log_opt_values /usr/lib/python3/dist-packages/oslo_config/cfg.py:2609
2026-01-15 00:40:12.215 154954 DEBUG oslo_service.service [req-e705b7f3-7745-4010-a9cc-86105f4a5d1d - - - - -] ironic.connect_retries = None log_opt_values /usr/lib/python3/dist-packages/oslo_config/cfg.py:2609
2026-01-15 00:40:12.216 154954 DEBUG oslo_service.service [req-e705b7f3-7745-4010-a9cc-86105f4a5d1d - - - - -] ironic.connect_retry_delay = None log_opt_values /usr/lib/python3/dist-packages/oslo_config/cfg.py:2609
2026-01-15 00:40:12.216 154954 DEBUG oslo_service.service [req-e705b7f3-7745-4010-a9cc-86105f4a5d1d - - - - -] ironic.endpoint_override = None log_opt_values /usr/lib/python3/dist-packages/oslo_config/cfg.py:2609
2026-01-15 00:40:12.216 154954 DEBUG oslo_service.service [req-e705b7f3-7745-4010-a9cc-86105f4a5d1d - - - - -] ironic.insecure = False log_opt_values /usr/lib/python3/dist-packages/oslo_config/cfg.py:2609
2026-01-15 00:40:12.216 154954 DEBUG oslo_service.service [req-e705b7f3-7745-4010-a9cc-86105f4a5d1d - - - - -] ironic.keyfile = None log_opt_values /usr/lib/python3/dist-packages/oslo_config/cfg.py:2609
2026-01-15 00:40:12.216 155920 DEBUG oslo_messaging._drivers.amqpdriver [-] AMQPListener connection timeout poll /usr/lib/python3/dist-packages/oslo_messaging/_drivers/amqpdriver.py:360
2026-01-15 00:40:12.216 154954 DEBUG oslo_service.service [req-e705b7f3-7745-4010-a9cc-86105f4a5d1d - - - - -] ironic.max_version = None log_opt_values /usr/lib/python3/dist-packages/oslo_config/cfg.py:2609
2026-01-15 00:40:12.216 155920 DEBUG oslo_messaging._drivers.amqpdriver [-] Listener is running poll /usr/lib/python3/dist-packages/oslo_messaging/_drivers/amqpdriver.py:343
2026-01-15 00:40:12.216 155920 DEBUG oslo_messaging._drivers.amqpdriver [-] AMQPListener connection consume poll /usr/lib/python3/dist-packages/oslo_messaging/_drivers/amqpdriver.py:357
2026-01-15 00:40:12.216 154954 DEBUG oslo_service.service [req-e705b7f3-7745-4010-a9cc-86105f4a5d1d - - - - -] ironic.min_version = None log_opt_values /usr/lib/python3/dist-packages/oslo_config/cfg.py:2609
2026-01-15 00:40:12.217 154954 DEBUG oslo_service.service [req-e705b7f3-7745-4010-a9cc-86105f4a5d1d - - - - -] ironic.partition_key = None log_opt_values /usr/lib/python3/dist-packages/oslo_config/cfg.py:2609
2026-01-15 00:40:12.217 154954 DEBUG oslo_service.service [req-e705b7f3-7745-4010-a9cc-86105f4a5d1d - - - - -] ironic.peer_list = [] log_opt_values /usr/lib/python3/dist-packages/oslo_config/cfg.py:2609
2026-01-15 00:40:12.217 154954 DEBUG oslo_service.service [req-e705b7f3-7745-4010-a9cc-86105f4a5d1d - - - - -] ironic.region_name = None log_opt_values /usr/lib/python3/dist-packages/oslo_config/cfg.py:2609
2026-01-15 00:40:12.217 154954 DEBUG oslo_service.service [req-e705b7f3-7745-4010-a9cc-86105f4a5d1d - - - - -] ironic.serial_console_state_timeout = 10 log_opt_values /usr/lib/python3/dist-packages/oslo_config/cfg.py:2609
2026-01-15 00:40:12.217 154954 DEBUG oslo_service.service [req-e705b7f3-7745-4010-a9cc-86105f4a5d1d - - - - -] ironic.service_name = None log_opt_values /usr/lib/python3/dist-packages/oslo_config/cfg.py:2609
2026-01-15 00:40:12.217 154954 DEBUG oslo_service.service [req-e705b7f3-7745-4010-a9cc-86105f4a5d1d - - - - -] ironic.service_type = baremetal log_opt_values /usr/lib/python3/dist-packages/oslo_config/cfg.py:2609
2026-01-15 00:40:12.218 154954 DEBUG oslo_service.service [req-e705b7f3-7745-4010-a9cc-86105f4a5d1d - - - - -] ironic.split_loggers = False log_opt_values /usr/lib/python3/dist-packages/oslo_config/cfg.py:2609
2026-01-15 00:40:12.218 154954 DEBUG oslo_service.service [req-e705b7f3-7745-4010-a9cc-86105f4a5d1d - - - - -] ironic.status_code_retries = None log_opt_values /usr/lib/python3/dist-packages/oslo_config/cfg.py:2609
2026-01-15 00:40:12.218 154954 DEBUG oslo_service.service [req-e705b7f3-7745-4010-a9cc-86105f4a5d1d - - - - -] ironic.status_code_retry_delay = None log_opt_values /usr/lib/python3/dist-packages/oslo_config/cfg.py:2609
2026-01-15 00:40:12.218 154954 DEBUG oslo_service.service [req-e705b7f3-7745-4010-a9cc-86105f4a5d1d - - - - -] ironic.timeout = None log_opt_values /usr/lib/python3/dist-packages/oslo_config/cfg.py:2609
2026-01-15 00:40:12.218 154954 DEBUG oslo_service.service [req-e705b7f3-7745-4010-a9cc-86105f4a5d1d - - - - -] ironic.valid_interfaces = ['internal', 'public'] log_opt_values /usr/lib/python3/dist-packages/oslo_config/cfg.py:2609
2026-01-15 00:40:12.219 154954 DEBUG oslo_service.service [req-e705b7f3-7745-4010-a9cc-86105f4a5d1d - - - - -] ironic.version = None log_opt_values /usr/lib/python3/dist-packages/oslo_config/cfg.py:2609
2026-01-15 00:40:12.219 154954 DEBUG oslo_service.service [req-e705b7f3-7745-4010-a9cc-86105f4a5d1d - - - - -] key_manager.backend = barbican log_opt_values /usr/lib/python3/dist-packages/oslo_config/cfg.py:2609
2026-01-15 00:40:12.219 154954 DEBUG oslo_service.service [req-e705b7f3-7745-4010-a9cc-86105f4a5d1d - - - - -] key_manager.fixed_key = **** log_opt_values /usr/lib/python3/dist-packages/oslo_config/cfg.py:2609
2026-01-15 00:40:12.219 154954 DEBUG oslo_service.service [req-e705b7f3-7745-4010-a9cc-86105f4a5d1d - - - - -] barbican.auth_endpoint = http://localhost/identity/v3 log_opt_values /usr/lib/python3/dist-packages/oslo_config/cfg.py:2609
2026-01-15 00:40:12.219 154954 DEBUG oslo_service.service [req-e705b7f3-7745-4010-a9cc-86105f4a5d1d - - - - -] barbican.barbican_api_version = None log_opt_values /usr/lib/python3/dist-packages/oslo_config/cfg.py:2609
2026-01-15 00:40:12.220 154954 DEBUG oslo_service.service [req-e705b7f3-7745-4010-a9cc-86105f4a5d1d - - - - -] barbican.barbican_endpoint = None log_opt_values /usr/lib/python3/dist-packages/oslo_config/cfg.py:2609
2026-01-15 00:40:12.220 154954 DEBUG oslo_service.service [req-e705b7f3-7745-4010-a9cc-86105f4a5d1d - - - - -] barbican.barbican_endpoint_type = public log_opt_values /usr/lib/python3/dist-packages/oslo_config/cfg.py:2609
2026-01-15 00:40:12.220 154954 DEBUG oslo_service.service [req-e705b7f3-7745-4010-a9cc-86105f4a5d1d - - - - -] barbican.barbican_region_name = None log_opt_values /usr/lib/python3/dist-packages/oslo_config/cfg.py:2609
2026-01-15 00:40:12.220 154954 DEBUG oslo_service.service [req-e705b7f3-7745-4010-a9cc-86105f4a5d1d - - - - -] barbican.cafile = None log_opt_values /usr/lib/python3/dist-packages/oslo_config/cfg.py:2609
2026-01-15 00:40:12.220 154954 DEBUG oslo_service.service [req-e705b7f3-7745-4010-a9cc-86105f4a5d1d - - - - -] barbican.certfile = None log_opt_values /usr/lib/python3/dist-packages/oslo_config/cfg.py:2609
2026-01-15 00:40:12.220 154954 DEBUG oslo_service.service [req-e705b7f3-7745-4010-a9cc-86105f4a5d1d - - - - -] barbican.collect_timing = False log_opt_values /usr/lib/python3/dist-packages/oslo_config/cfg.py:2609
2026-01-15 00:40:12.221 154954 DEBUG oslo_service.service [req-e705b7f3-7745-4010-a9cc-86105f4a5d1d - - - - -] barbican.insecure = False log_opt_values /usr/lib/python3/dist-packages/oslo_config/cfg.py:2609
2026-01-15 00:40:12.221 154954 DEBUG oslo_service.service [req-e705b7f3-7745-4010-a9cc-86105f4a5d1d - - - - -] barbican.keyfile = None log_opt_values /usr/lib/python3/dist-packages/oslo_config/cfg.py:2609
2026-01-15 00:40:12.221 154954 DEBUG oslo_service.service [req-e705b7f3-7745-4010-a9cc-86105f4a5d1d - - - - -] barbican.number_of_retries = 60 log_opt_values /usr/lib/python3/dist-packages/oslo_config/cfg.py:2609
2026-01-15 00:40:12.221 154954 DEBUG oslo_service.service [req-e705b7f3-7745-4010-a9cc-86105f4a5d1d - - - - -] barbican.retry_delay = 1 log_opt_values /usr/lib/python3/dist-packages/oslo_config/cfg.py:2609
2026-01-15 00:40:12.221 154954 DEBUG oslo_service.service [req-e705b7f3-7745-4010-a9cc-86105f4a5d1d - - - - -] barbican.send_service_user_token = False log_opt_values /usr/lib/python3/dist-packages/oslo_config/cfg.py:2609
