2026-01-12 00:38:00.698 137088 DEBUG oslo_service.service [req-b8e6beb4-2f63-462f-9a62-dfd91251b944 - - - - -] osapi_compute_workers = 4 log_opt_values /usr/lib/python3/dist-packages/oslo_config/cfg.py:2602
2026-01-12 00:38:00.699 137088 DEBUG oslo_service.service [req-b8e6beb4-2f63-462f-9a62-dfd91251b944 - - - - -] password_length = 12 log_opt_values /usr/lib/python3/dist-packages/oslo_config/cfg.py:2602
2026-01-12 00:38:00.700 137088 DEBUG oslo_service.service [req-b8e6beb4-2f63-462f-9a62-dfd91251b944 - - - - -] periodic_enable = True log_opt_values /usr/lib/python3/dist-packages/oslo_config/cfg.py:2602
2026-01-12 00:38:00.700 137088 DEBUG oslo_service.service [req-b8e6beb4-2f63-462f-9a62-dfd91251b944 - - - - -] periodic_fuzzy_delay = 60 log_opt_values /usr/lib/python3/dist-packages/oslo_config/cfg.py:2602
2026-01-12 00:38:00.702 137088 DEBUG oslo_service.service [req-b8e6beb4-2f63-462f-9a62-dfd91251b944 - - - - -] pointer_model = usbtablet log_opt_values /usr/lib/python3/dist-packages/oslo_config/cfg.py:2602
2026-01-12 00:38:00.702 137088 DEBUG oslo_service.service [req-b8e6beb4-2f63-462f-9a62-dfd91251b944 - - - - -] preallocate_images = none log_opt_values /usr/lib/python3/dist-packages/oslo_config/cfg.py:2602
2026-01-12 00:38:00.704 137088 DEBUG oslo_service.service [req-b8e6beb4-2f63-462f-9a62-dfd91251b944 - - - - -] publish_errors = False log_opt_values /usr/lib/python3/dist-packages/oslo_config/cfg.py:2602
2026-01-12 00:38:00.705 137088 DEBUG oslo_service.service [req-b8e6beb4-2f63-462f-9a62-dfd91251b944 - - - - -] pybasedir = /usr/lib/python3/dist-packages log_opt_values /usr/lib/python3/dist-packages/oslo_config/cfg.py:2602
2026-01-12 00:38:00.707 137088 DEBUG oslo_service.service [req-b8e6beb4-2f63-462f-9a62-dfd91251b944 - - - - -] ram_allocation_ratio = 0.98 log_opt_values /usr/lib/python3/dist-packages/oslo_config/cfg.py:2602
2026-01-12 00:38:00.707 137088 DEBUG oslo_service.service [req-b8e6beb4-2f63-462f-9a62-dfd91251b944 - - - - -] rate_limit_burst = 0 log_opt_values /usr/lib/python3/dist-packages/oslo_config/cfg.py:2602
2026-01-12 00:38:00.708 137088 DEBUG oslo_service.service [req-b8e6beb4-2f63-462f-9a62-dfd91251b944 - - - - -] rate_limit_except_level = CRITICAL log_opt_values /usr/lib/python3/dist-packages/oslo_config/cfg.py:2602
2026-01-12 00:38:00.708 137088 DEBUG oslo_service.service [req-b8e6beb4-2f63-462f-9a62-dfd91251b944 - - - - -] rate_limit_interval = 0 log_opt_values /usr/lib/python3/dist-packages/oslo_config/cfg.py:2602
2026-01-12 00:38:00.708 137088 DEBUG oslo_service.service [req-b8e6beb4-2f63-462f-9a62-dfd91251b944 - - - - -] reboot_timeout = 0 log_opt_values /usr/lib/python3/dist-packages/oslo_config/cfg.py:2602
2026-01-12 00:38:00.709 137088 DEBUG oslo_service.service [req-b8e6beb4-2f63-462f-9a62-dfd91251b944 - - - - -] reclaim_instance_interval = 0 log_opt_values /usr/lib/python3/dist-packages/oslo_config/cfg.py:2602
2026-01-12 00:38:00.710 138746 DEBUG nova.service [req-b6c2d345-b583-4be9-aa9f-b62041ee82e3 - - - - -] Creating RPC server for service conductor start /usr/lib/python3/dist-packages/nova/service.py:182
2026-01-12 00:38:00.710 137088 DEBUG oslo_service.service [req-b8e6beb4-2f63-462f-9a62-dfd91251b944 - - - - -] record = None log_opt_values /usr/lib/python3/dist-packages/oslo_config/cfg.py:2602
2026-01-12 00:38:00.710 137088 DEBUG oslo_service.service [req-b8e6beb4-2f63-462f-9a62-dfd91251b944 - - - - -] report_interval = 10 log_opt_values /usr/lib/python3/dist-packages/oslo_config/cfg.py:2602
2026-01-12 00:38:00.711 137088 DEBUG oslo_service.service [req-b8e6beb4-2f63-462f-9a62-dfd91251b944 - - - - -] rescue_timeout = 0 log_opt_values /usr/lib/python3/dist-packages/oslo_config/cfg.py:2602
2026-01-12 00:38:00.711 137088 DEBUG oslo_service.service [req-b8e6beb4-2f63-462f-9a62-dfd91251b944 - - - - -] reserved_host_cpus = 0 log_opt_values /usr/lib/python3/dist-packages/oslo_config/cfg.py:2602
2026-01-12 00:38:00.712 137088 DEBUG oslo_service.service [req-b8e6beb4-2f63-462f-9a62-dfd91251b944 - - - - -] reserved_host_disk_mb = 0 log_opt_values /usr/lib/python3/dist-packages/oslo_config/cfg.py:2602
2026-01-12 00:38:00.713 137088 DEBUG oslo_service.service [req-b8e6beb4-2f63-462f-9a62-dfd91251b944 - - - - -] reserved_host_memory_mb = 512 log_opt_values /usr/lib/python3/dist-packages/oslo_config/cfg.py:2602
2026-01-12 00:38:00.713 137088 DEBUG oslo_service.service [req-b8e6beb4-2f63-462f-9a62-dfd91251b944 - - - - -] reserved_huge_pages = None log_opt_values /usr/lib/python3/dist-packages/oslo_config/cfg.py:2602
2026-01-12 00:38:00.714 137088 DEBUG oslo_service.service [req-b8e6beb4-2f63-462f-9a62-dfd91251b944 - - - - -] resize_confirm_window = 0 log_opt_values /usr/lib/python3/dist-packages/oslo_config/cfg.py:2602
2026-01-12 00:38:00.717 137088 DEBUG oslo_service.service [req-b8e6beb4-2f63-462f-9a62-dfd91251b944 - - - - -] resize_fs_using_block_device = False log_opt_values /usr/lib/python3/dist-packages/oslo_config/cfg.py:2602
2026-01-12 00:38:00.717 137088 DEBUG oslo_service.service [req-b8e6beb4-2f63-462f-9a62-dfd91251b944 - - - - -] resume_guests_state_on_host_boot = False log_opt_values /usr/lib/python3/dist-packages/oslo_config/cfg.py:2602
2026-01-12 00:38:00.718 137088 DEBUG oslo_service.service [req-b8e6beb4-2f63-462f-9a62-dfd91251b944 - - - - -] rootwrap_config = /etc/nova/rootwrap.conf log_opt_values /usr/lib/python3/dist-packages/oslo_config/cfg.py:2602
2026-01-12 00:38:00.718 137088 DEBUG oslo_service.service [req-b8e6beb4-2f63-462f-9a62-dfd91251b944 - - - - -] rpc_response_timeout = 60 log_opt_values /usr/lib/python3/dist-packages/oslo_config/cfg.py:2602
2026-01-12 00:38:00.718 137088 DEBUG oslo_service.service [req-b8e6beb4-2f63-462f-9a62-dfd91251b944 - - - - -] run_external_periodic_tasks = True log_opt_values /usr/lib/python3/dist-packages/oslo_config/cfg.py:2602
2026-01-12 00:38:00.718 138752 DEBUG nova.service [req-e96864d9-ca52-4d58-b8a6-dc0de8a16b0d - - - - -] Creating RPC server for service conductor start /usr/lib/python3/dist-packages/nova/service.py:182
2026-01-12 00:38:00.719 137088 DEBUG oslo_service.service [req-b8e6beb4-2f63-462f-9a62-dfd91251b944 - - - - -] running_deleted_instance_action = reap log_opt_values /usr/lib/python3/dist-packages/oslo_config/cfg.py:2602
2026-01-12 00:38:00.719 137088 DEBUG oslo_service.service [req-b8e6beb4-2f63-462f-9a62-dfd91251b944 - - - - -] running_deleted_instance_poll_interval = 1800 log_opt_values /usr/lib/python3/dist-packages/oslo_config/cfg.py:2602
2026-01-12 00:38:00.719 138753 DEBUG oslo_db.sqlalchemy.engines [req-088b71a9-5864-4657-83d2-c8b2d54618e8 - - - - -] MySQL server mode set to STRICT_TRANS_TABLES,STRICT_ALL_TABLES,NO_ZERO_IN_DATE,NO_ZERO_DATE,ERROR_FOR_DIVISION_BY_ZERO,TRADITIONAL,NO_ENGINE_SUBSTITUTION _check_effective_sql_mode /usr/lib/python3/dist-packages/oslo_db/sqlalchemy/engines.py:314
2026-01-12 00:38:00.719 137088 DEBUG oslo_service.service [req-b8e6beb4-2f63-462f-9a62-dfd91251b944 - - - - -] running_deleted_instance_timeout = 0 log_opt_values /usr/lib/python3/dist-packages/oslo_config/cfg.py:2602
2026-01-12 00:38:00.719 137088 DEBUG oslo_service.service [req-b8e6beb4-2f63-462f-9a62-dfd91251b944 - - - - -] scheduler_instance_sync_interval = 120 log_opt_values /usr/lib/python3/dist-packages/oslo_config/cfg.py:2602
2026-01-12 00:38:00.720 137088 DEBUG oslo_service.service [req-b8e6beb4-2f63-462f-9a62-dfd91251b944 - - - - -] service_down_time = 60 log_opt_values /usr/lib/python3/dist-packages/oslo_config/cfg.py:2602
2026-01-12 00:38:00.720 137088 DEBUG oslo_service.service [req-b8e6beb4-2f63-462f-9a62-dfd91251b944 - - - - -] servicegroup_driver = db log_opt_values /usr/lib/python3/dist-packages/oslo_config/cfg.py:2602
2026-01-12 00:38:00.720 137088 DEBUG oslo_service.service [req-b8e6beb4-2f63-462f-9a62-dfd91251b944 - - - - -] shelved_offload_time = 0 log_opt_values /usr/lib/python3/dist-packages/oslo_config/cfg.py:2602
2026-01-12 00:38:00.721 137088 DEBUG oslo_service.service [req-b8e6beb4-2f63-462f-9a62-dfd91251b944 - - - - -] shelved_poll_interval = 3600 log_opt_values /usr/lib/python3/dist-packages/oslo_config/cfg.py:2602
2026-01-12 00:38:00.721 137088 DEBUG oslo_service.service [req-b8e6beb4-2f63-462f-9a62-dfd91251b944 - - - - -] shutdown_timeout = 60 log_opt_values /usr/lib/python3/dist-packages/oslo_config/cfg.py:2602
2026-01-12 00:38:00.721 137088 DEBUG oslo_service.service [req-b8e6beb4-2f63-462f-9a62-dfd91251b944 - - - - -] source_is_ipv6 = False log_opt_values /usr/lib/python3/dist-packages/oslo_config/cfg.py:2602
2026-01-12 00:38:00.722 137088 DEBUG oslo_service.service [req-b8e6beb4-2f63-462f-9a62-dfd91251b944 - - - - -] ssl_only = False log_opt_values /usr/lib/python3/dist-packages/oslo_config/cfg.py:2602
2026-01-12 00:38:00.722 137088 DEBUG oslo_service.service [req-b8e6beb4-2f63-462f-9a62-dfd91251b944 - - - - -] state_path = /var/lib/nova log_opt_values /usr/lib/python3/dist-packages/oslo_config/cfg.py:2602
2026-01-12 00:38:00.722 137088 DEBUG oslo_service.service [req-b8e6beb4-2f63-462f-9a62-dfd91251b944 - - - - -] sync_power_state_interval = 600 log_opt_values /usr/lib/python3/dist-packages/oslo_config/cfg.py:2602
2026-01-12 00:38:00.723 137088 DEBUG oslo_service.service [req-b8e6beb4-2f63-462f-9a62-dfd91251b944 - - - - -] sync_power_state_pool_size = 1000 log_opt_values /usr/lib/python3/dist-packages/oslo_config/cfg.py:2602
2026-01-12 00:38:00.723 137088 DEBUG oslo_service.service [req-b8e6beb4-2f63-462f-9a62-dfd91251b944 - - - - -] syslog_log_facility = LOG_USER log_opt_values /usr/lib/python3/dist-packages/oslo_config/cfg.py:2602
2026-01-12 00:38:00.723 137088 DEBUG oslo_service.service [req-b8e6beb4-2f63-462f-9a62-dfd91251b944 - - - - -] tempdir = None log_opt_values /usr/lib/python3/dist-packages/oslo_config/cfg.py:2602
2026-01-12 00:38:00.723 137088 DEBUG oslo_service.service [req-b8e6beb4-2f63-462f-9a62-dfd91251b944 - - - - -] timeout_nbd = 10 log_opt_values /usr/lib/python3/dist-packages/oslo_config/cfg.py:2602
2026-01-12 00:38:00.724 137088 DEBUG oslo_service.service [req-b8e6beb4-2f63-462f-9a62-dfd91251b944 - - - - -] transport_url = **** log_opt_values /usr/lib/python3/dist-packages/oslo_config/cfg.py:2602
2026-01-12 00:38:00.724 137088 DEBUG oslo_service.service [req-b8e6beb4-2f63-462f-9a62-dfd91251b944 - - - - -] update_resources_interval = 0 log_opt_values /usr/lib/python3/dist-packages/oslo_config/cfg.py:2602
2026-01-12 00:38:00.724 137088 DEBUG oslo_service.service [req-b8e6beb4-2f63-462f-9a62-dfd91251b944 - - - - -] use_cow_images = True log_opt_values /usr/lib/python3/dist-packages/oslo_config/cfg.py:2602
2026-01-12 00:38:00.724 137088 DEBUG oslo_service.service [req-b8e6beb4-2f63-462f-9a62-dfd91251b944 - - - - -] use_eventlog = False log_opt_values /usr/lib/python3/dist-packages/oslo_config/cfg.py:2602
2026-01-12 00:38:00.725 137088 DEBUG oslo_service.service [req-b8e6beb4-2f63-462f-9a62-dfd91251b944 - - - - -] use_journal = False log_opt_values /usr/lib/python3/dist-packages/oslo_config/cfg.py:2602
2026-01-12 00:38:00.725 137088 DEBUG oslo_service.service [req-b8e6beb4-2f63-462f-9a62-dfd91251b944 - - - - -] use_json = False log_opt_values /usr/lib/python3/dist-packages/oslo_config/cfg.py:2602
2026-01-12 00:38:00.725 137088 DEBUG oslo_service.service [req-b8e6beb4-2f63-462f-9a62-dfd91251b944 - - - - -] use_rootwrap_daemon = False log_opt_values /usr/lib/python3/dist-packages/oslo_config/cfg.py:2602
2026-01-12 00:38:00.725 137088 DEBUG oslo_service.service [req-b8e6beb4-2f63-462f-9a62-dfd91251b944 - - - - -] use_stderr = False log_opt_values /usr/lib/python3/dist-packages/oslo_config/cfg.py:2602
2026-01-12 00:38:00.726 137088 DEBUG oslo_service.service [req-b8e6beb4-2f63-462f-9a62-dfd91251b944 - - - - -] use_syslog = False log_opt_values /usr/lib/python3/dist-packages/oslo_config/cfg.py:2602
2026-01-12 00:38:00.726 137088 DEBUG oslo_service.service [req-b8e6beb4-2f63-462f-9a62-dfd91251b944 - - - - -] vcpu_pin_set = None log_opt_values /usr/lib/python3/dist-packages/oslo_config/cfg.py:2602
2026-01-12 00:38:00.726 137088 DEBUG oslo_service.service [req-b8e6beb4-2f63-462f-9a62-dfd91251b944 - - - - -] vif_plugging_is_fatal = True log_opt_values /usr/lib/python3/dist-packages/oslo_config/cfg.py:2602
2026-01-12 00:38:00.727 137088 DEBUG oslo_service.service [req-b8e6beb4-2f63-462f-9a62-dfd91251b944 - - - - -] vif_plugging_timeout = 300 log_opt_values /usr/lib/python3/dist-packages/oslo_config/cfg.py:2602
2026-01-12 00:38:00.727 137088 DEBUG oslo_service.service [req-b8e6beb4-2f63-462f-9a62-dfd91251b944 - - - - -] virt_mkfs = [] log_opt_values /usr/lib/python3/dist-packages/oslo_config/cfg.py:2602
2026-01-12 00:38:00.727 137088 DEBUG oslo_service.service [req-b8e6beb4-2f63-462f-9a62-dfd91251b944 - - - - -] volume_usage_poll_interval = 0 log_opt_values /usr/lib/python3/dist-packages/oslo_config/cfg.py:2602
2026-01-12 00:38:00.727 137088 DEBUG oslo_service.service [req-b8e6beb4-2f63-462f-9a62-dfd91251b944 - - - - -] watch_log_file = False log_opt_values /usr/lib/python3/dist-packages/oslo_config/cfg.py:2602
2026-01-12 00:38:00.728 137088 DEBUG oslo_service.service [req-b8e6beb4-2f63-462f-9a62-dfd91251b944 - - - - -] web = /usr/share/spice-html5 log_opt_values /usr/lib/python3/dist-packages/oslo_config/cfg.py:2602
2026-01-12 00:38:00.728 137088 DEBUG oslo_service.service [req-b8e6beb4-2f63-462f-9a62-dfd91251b944 - - - - -] oslo_concurrency.disable_process_locking = False log_opt_values /usr/lib/python3/dist-packages/oslo_config/cfg.py:2609
2026-01-12 00:38:00.728 137088 DEBUG oslo_service.service [req-b8e6beb4-2f63-462f-9a62-dfd91251b944 - - - - -] oslo_concurrency.lock_path = /var/lock/nova log_opt_values /usr/lib/python3/dist-packages/oslo_config/cfg.py:2609
2026-01-12 00:38:00.729 137088 DEBUG oslo_service.service [req-b8e6beb4-2f63-462f-9a62-dfd91251b944 - - - - -] oslo_messaging_metrics.metrics_buffer_size = 1000 log_opt_values /usr/lib/python3/dist-packages/oslo_config/cfg.py:2609
2026-01-12 00:38:00.729 137088 DEBUG oslo_service.service [req-b8e6beb4-2f63-462f-9a62-dfd91251b944 - - - - -] oslo_messaging_metrics.metrics_enabled = False log_opt_values /usr/lib/python3/dist-packages/oslo_config/cfg.py:2609
2026-01-12 00:38:00.730 137088 DEBUG oslo_service.service [req-b8e6beb4-2f63-462f-9a62-dfd91251b944 - - - - -] oslo_messaging_metrics.metrics_process_name = log_opt_values /usr/lib/python3/dist-packages/oslo_config/cfg.py:2609
2026-01-12 00:38:00.730 137088 DEBUG oslo_service.service [req-b8e6beb4-2f63-462f-9a62-dfd91251b944 - - - - -] oslo_messaging_metrics.metrics_socket_file = /var/tmp/metrics_collector.sock log_opt_values /usr/lib/python3/dist-packages/oslo_config/cfg.py:2609
2026-01-12 00:38:00.731 137088 DEBUG oslo_service.service [req-b8e6beb4-2f63-462f-9a62-dfd91251b944 - - - - -] oslo_messaging_metrics.metrics_thread_stop_timeout = 10 log_opt_values /usr/lib/python3/dist-packages/oslo_config/cfg.py:2609
2026-01-12 00:38:00.731 137088 WARNING oslo_config.cfg [req-b8e6beb4-2f63-462f-9a62-dfd91251b944 - - - - -] Deprecated: Option "auth_strategy" from group "api" is deprecated for removal ( The only non-default choice, ``noauth2``, is for internal development and testing purposes only and should not be used in deployments. This option and its middleware, NoAuthMiddleware[V2_18], will be removed in a future release. ). Its value may be silently ignored in the future.
2026-01-12 00:38:00.733 137088 DEBUG oslo_service.service [req-b8e6beb4-2f63-462f-9a62-dfd91251b944 - - - - -] api.auth_strategy = keystone log_opt_values /usr/lib/python3/dist-packages/oslo_config/cfg.py:2609
2026-01-12 00:38:00.734 137088 DEBUG oslo_service.service [req-b8e6beb4-2f63-462f-9a62-dfd91251b944 - - - - -] api.compute_link_prefix = None log_opt_values /usr/lib/python3/dist-packages/oslo_config/cfg.py:2609
2026-01-12 00:38:00.734 137088 DEBUG oslo_service.service [req-b8e6beb4-2f63-462f-9a62-dfd91251b944 - - - - -] api.config_drive_skip_versions = 1.0 2007-01-19 2007-03-01 2007-08-29 2007-10-10 2007-12-15 2008-02-01 2008-09-01 log_opt_values /usr/lib/python3/dist-packages/oslo_config/cfg.py:2609
2026-01-12 00:38:00.735 137088 DEBUG oslo_service.service [req-b8e6beb4-2f63-462f-9a62-dfd91251b944 - - - - -] api.dhcp_domain = novalocal log_opt_values /usr/lib/python3/dist-packages/oslo_config/cfg.py:2609
2026-01-12 00:38:00.735 137088 DEBUG oslo_service.service [req-b8e6beb4-2f63-462f-9a62-dfd91251b944 - - - - -] api.enable_instance_password = True log_opt_values /usr/lib/python3/dist-packages/oslo_config/cfg.py:2609
2026-01-12 00:38:00.736 137088 DEBUG oslo_service.service [req-b8e6beb4-2f63-462f-9a62-dfd91251b944 - - - - -] api.glance_link_prefix = None log_opt_values /usr/lib/python3/dist-packages/oslo_config/cfg.py:2609
2026-01-12 00:38:00.737 137088 DEBUG oslo_service.service [req-b8e6beb4-2f63-462f-9a62-dfd91251b944 - - - - -] api.instance_list_cells_batch_fixed_size = 100 log_opt_values /usr/lib/python3/dist-packages/oslo_config/cfg.py:2609
2026-01-12 00:38:00.739 137088 DEBUG oslo_service.service [req-b8e6beb4-2f63-462f-9a62-dfd91251b944 - - - - -] api.instance_list_cells_batch_strategy = distributed log_opt_values /usr/lib/python3/dist-packages/oslo_config/cfg.py:2609
2026-01-12 00:38:00.739 137088 DEBUG oslo_service.service [req-b8e6beb4-2f63-462f-9a62-dfd91251b944 - - - - -] api.instance_list_per_project_cells = False log_opt_values /usr/lib/python3/dist-packages/oslo_config/cfg.py:2609
2026-01-12 00:38:00.739 137088 DEBUG oslo_service.service [req-b8e6beb4-2f63-462f-9a62-dfd91251b944 - - - - -] api.list_records_by_skipping_down_cells = True log_opt_values /usr/lib/python3/dist-packages/oslo_config/cfg.py:2609
2026-01-12 00:38:00.741 137088 DEBUG oslo_service.service [req-b8e6beb4-2f63-462f-9a62-dfd91251b944 - - - - -] api.local_metadata_per_cell = False log_opt_values /usr/lib/python3/dist-packages/oslo_config/cfg.py:2609
2026-01-12 00:38:00.741 137088 DEBUG oslo_service.service [req-b8e6beb4-2f63-462f-9a62-dfd91251b944 - - - - -] api.max_limit = 1000 log_opt_values /usr/lib/python3/dist-packages/oslo_config/cfg.py:2609
2026-01-12 00:38:00.741 137088 DEBUG oslo_service.service [req-b8e6beb4-2f63-462f-9a62-dfd91251b944 - - - - -] api.metadata_cache_expiration = 15 log_opt_values /usr/lib/python3/dist-packages/oslo_config/cfg.py:2609
2026-01-12 00:38:00.744 137088 DEBUG oslo_service.service [req-b8e6beb4-2f63-462f-9a62-dfd91251b944 - - - - -] api.neutron_default_tenant_id = default log_opt_values /usr/lib/python3/dist-packages/oslo_config/cfg.py:2609
2026-01-12 00:38:00.744 137088 DEBUG oslo_service.service [req-b8e6beb4-2f63-462f-9a62-dfd91251b944 - - - - -] api.use_forwarded_for = False log_opt_values /usr/lib/python3/dist-packages/oslo_config/cfg.py:2609
2026-01-12 00:38:00.745 137088 DEBUG oslo_service.service [req-b8e6beb4-2f63-462f-9a62-dfd91251b944 - - - - -] api.use_neutron_default_nets = False log_opt_values /usr/lib/python3/dist-packages/oslo_config/cfg.py:2609
2026-01-12 00:38:00.746 137088 DEBUG oslo_service.service [req-b8e6beb4-2f63-462f-9a62-dfd91251b944 - - - - -] api.vendordata_dynamic_connect_timeout = 5 log_opt_values /usr/lib/python3/dist-packages/oslo_config/cfg.py:2609
2026-01-12 00:38:00.746 137088 DEBUG oslo_service.service [req-b8e6beb4-2f63-462f-9a62-dfd91251b944 - - - - -] api.vendordata_dynamic_failure_fatal = False log_opt_values /usr/lib/python3/dist-packages/oslo_config/cfg.py:2609
2026-01-12 00:38:00.747 137088 DEBUG oslo_service.service [req-b8e6beb4-2f63-462f-9a62-dfd91251b944 - - - - -] api.vendordata_dynamic_read_timeout = 5 log_opt_values /usr/lib/python3/dist-packages/oslo_config/cfg.py:2609
2026-01-12 00:38:00.748 137088 DEBUG oslo_service.service [req-b8e6beb4-2f63-462f-9a62-dfd91251b944 - - - - -] api.vendordata_dynamic_ssl_certfile = log_opt_values /usr/lib/python3/dist-packages/oslo_config/cfg.py:2609
2026-01-12 00:38:00.749 137088 DEBUG oslo_service.service [req-b8e6beb4-2f63-462f-9a62-dfd91251b944 - - - - -] api.vendordata_dynamic_targets = [] log_opt_values /usr/lib/python3/dist-packages/oslo_config/cfg.py:2609
2026-01-12 00:38:00.750 137088 DEBUG oslo_service.service [req-b8e6beb4-2f63-462f-9a62-dfd91251b944 - - - - -] api.vendordata_jsonfile_path = None log_opt_values /usr/lib/python3/dist-packages/oslo_config/cfg.py:2609
2026-01-12 00:38:00.750 137088 DEBUG oslo_service.service [req-b8e6beb4-2f63-462f-9a62-dfd91251b944 - - - - -] api.vendordata_providers = ['StaticJSON'] log_opt_values /usr/lib/python3/dist-packages/oslo_config/cfg.py:2609
2026-01-12 00:38:00.751 137088 DEBUG oslo_service.service [req-b8e6beb4-2f63-462f-9a62-dfd91251b944 - - - - -] cache.backend = dogpile.cache.null log_opt_values /usr/lib/python3/dist-packages/oslo_config/cfg.py:2609
2026-01-12 00:38:00.751 137088 DEBUG oslo_service.service [req-b8e6beb4-2f63-462f-9a62-dfd91251b944 - - - - -] cache.backend_argument = **** log_opt_values /usr/lib/python3/dist-packages/oslo_config/cfg.py:2609
2026-01-12 00:38:00.751 137088 DEBUG oslo_service.service [req-b8e6beb4-2f63-462f-9a62-dfd91251b944 - - - - -] cache.config_prefix = cache.oslo log_opt_values /usr/lib/python3/dist-packages/oslo_config/cfg.py:2609
2026-01-12 00:38:00.752 137088 DEBUG oslo_service.service [req-b8e6beb4-2f63-462f-9a62-dfd91251b944 - - - - -] cache.debug_cache_backend = False log_opt_values /usr/lib/python3/dist-packages/oslo_config/cfg.py:2609
2026-01-12 00:38:00.752 137088 DEBUG oslo_service.service [req-b8e6beb4-2f63-462f-9a62-dfd91251b944 - - - - -] cache.enabled = False log_opt_values /usr/lib/python3/dist-packages/oslo_config/cfg.py:2609
2026-01-12 00:38:00.752 137088 DEBUG oslo_service.service [req-b8e6beb4-2f63-462f-9a62-dfd91251b944 - - - - -] cache.expiration_time = 600 log_opt_values /usr/lib/python3/dist-packages/oslo_config/cfg.py:2609
2026-01-12 00:38:00.752 137088 DEBUG oslo_service.service [req-b8e6beb4-2f63-462f-9a62-dfd91251b944 - - - - -] cache.memcache_dead_retry = 300 log_opt_values /usr/lib/python3/dist-packages/oslo_config/cfg.py:2609
2026-01-12 00:38:00.753 137088 DEBUG oslo_service.service [req-b8e6beb4-2f63-462f-9a62-dfd91251b944 - - - - -] cache.memcache_pool_connection_get_timeout = 10 log_opt_values /usr/lib/python3/dist-packages/oslo_config/cfg.py:2609
2026-01-12 00:38:00.753 137088 DEBUG oslo_service.service [req-b8e6beb4-2f63-462f-9a62-dfd91251b944 - - - - -] cache.memcache_pool_flush_on_reconnect = False log_opt_values /usr/lib/python3/dist-packages/oslo_config/cfg.py:2609
2026-01-12 00:38:00.753 137088 DEBUG oslo_service.service [req-b8e6beb4-2f63-462f-9a62-dfd91251b944 - - - - -] cache.memcache_pool_maxsize = 10 log_opt_values /usr/lib/python3/dist-packages/oslo_config/cfg.py:2609
2026-01-12 00:38:00.754 137088 DEBUG oslo_service.service [req-b8e6beb4-2f63-462f-9a62-dfd91251b944 - - - - -] cache.memcache_pool_unused_timeout = 60 log_opt_values /usr/lib/python3/dist-packages/oslo_config/cfg.py:2609
2026-01-12 00:38:00.754 137088 DEBUG oslo_service.service [req-b8e6beb4-2f63-462f-9a62-dfd91251b944 - - - - -] cache.memcache_servers = ['localhost:11211'] log_opt_values /usr/lib/python3/dist-packages/oslo_config/cfg.py:2609
2026-01-12 00:38:00.754 137088 DEBUG oslo_service.service [req-b8e6beb4-2f63-462f-9a62-dfd91251b944 - - - - -] cache.memcache_socket_timeout = 1.0 log_opt_values /usr/lib/python3/dist-packages/oslo_config/cfg.py:2609
2026-01-12 00:38:00.754 137088 DEBUG oslo_service.service [req-b8e6beb4-2f63-462f-9a62-dfd91251b944 - - - - -] cache.proxies = [] log_opt_values /usr/lib/python3/dist-packages/oslo_config/cfg.py:2609
2026-01-12 00:38:00.755 137088 DEBUG oslo_service.service [req-b8e6beb4-2f63-462f-9a62-dfd91251b944 - - - - -] cache.tls_allowed_ciphers = None log_opt_values /usr/lib/python3/dist-packages/oslo_config/cfg.py:2609
2026-01-12 00:38:00.755 137088 DEBUG oslo_service.service [req-b8e6beb4-2f63-462f-9a62-dfd91251b944 - - - - -] cache.tls_cafile = None log_opt_values /usr/lib/python3/dist-packages/oslo_config/cfg.py:2609
2026-01-12 00:38:00.755 137088 DEBUG oslo_service.service [req-b8e6beb4-2f63-462f-9a62-dfd91251b944 - - - - -] cache.tls_certfile = None log_opt_values /usr/lib/python3/dist-packages/oslo_config/cfg.py:2609
2026-01-12 00:38:00.755 138746 DEBUG oslo_messaging._drivers.amqpdriver [-] Listener is running poll /usr/lib/python3/dist-packages/oslo_messaging/_drivers/amqpdriver.py:343
2026-01-12 00:38:00.755 137088 DEBUG oslo_service.service [req-b8e6beb4-2f63-462f-9a62-dfd91251b944 - - - - -] cache.tls_enabled = False log_opt_values /usr/lib/python3/dist-packages/oslo_config/cfg.py:2609
2026-01-12 00:38:00.755 138746 DEBUG oslo_messaging._drivers.amqpdriver [-] AMQPListener connection consume poll /usr/lib/python3/dist-packages/oslo_messaging/_drivers/amqpdriver.py:357
2026-01-12 00:38:00.755 137088 DEBUG oslo_service.service [req-b8e6beb4-2f63-462f-9a62-dfd91251b944 - - - - -] cache.tls_keyfile = None log_opt_values /usr/lib/python3/dist-packages/oslo_config/cfg.py:2609
2026-01-12 00:38:00.756 137088 DEBUG oslo_service.service [req-b8e6beb4-2f63-462f-9a62-dfd91251b944 - - - - -] cinder.auth_section = None log_opt_values /usr/lib/python3/dist-packages/oslo_config/cfg.py:2609
2026-01-12 00:38:00.756 138746 DEBUG nova.service [req-b6c2d345-b583-4be9-aa9f-b62041ee82e3 - - - - -] Join ServiceGroup membership for this service conductor start /usr/lib/python3/dist-packages/nova/service.py:199
2026-01-12 00:38:00.755 138745 DEBUG oslo_messaging._drivers.amqpdriver [-] Listener is running poll /usr/lib/python3/dist-packages/oslo_messaging/_drivers/amqpdriver.py:343
2026-01-12 00:38:00.756 138746 DEBUG nova.servicegroup.drivers.db [req-b6c2d345-b583-4be9-aa9f-b62041ee82e3 - - - - -] DB_Driver: join new ServiceGroup member juju-baca4f-0-lxd-7 to the conductor group, service = join /usr/lib/python3/dist-packages/nova/servicegroup/drivers/db.py:44
2026-01-12 00:38:00.756 138745 DEBUG oslo_messaging._drivers.amqpdriver [-] AMQPListener connection consume poll /usr/lib/python3/dist-packages/oslo_messaging/_drivers/amqpdriver.py:357
2026-01-12 00:38:00.757 138745 DEBUG nova.service [req-dd12e63a-fe7b-4dd2-8fae-8e50c7be16d7 - - - - -] Join ServiceGroup membership for this service conductor start /usr/lib/python3/dist-packages/nova/service.py:199
2026-01-12 00:38:00.756 137088 DEBUG oslo_service.service [req-b8e6beb4-2f63-462f-9a62-dfd91251b944 - - - - -] cinder.auth_type = None log_opt_values /usr/lib/python3/dist-packages/oslo_config/cfg.py:2609
2026-01-12 00:38:00.758 138745 DEBUG nova.servicegroup.drivers.db [req-dd12e63a-fe7b-4dd2-8fae-8e50c7be16d7 - - - - -] DB_Driver: join new ServiceGroup member juju-baca4f-0-lxd-7 to the conductor group, service = join /usr/lib/python3/dist-packages/nova/servicegroup/drivers/db.py:44
2026-01-12 00:38:00.758 137088 DEBUG oslo_service.service [req-b8e6beb4-2f63-462f-9a62-dfd91251b944 - - - - -] cinder.cafile = None log_opt_values /usr/lib/python3/dist-packages/oslo_config/cfg.py:2609
2026-01-12 00:38:00.759 137088 DEBUG oslo_service.service [req-b8e6beb4-2f63-462f-9a62-dfd91251b944 - - - - -] cinder.catalog_info = volumev3::publicURL log_opt_values /usr/lib/python3/dist-packages/oslo_config/cfg.py:2609
2026-01-12 00:38:00.759 138746 DEBUG oslo_messaging._drivers.amqpdriver [-] AMQPListener connection timeout poll /usr/lib/python3/dist-packages/oslo_messaging/_drivers/amqpdriver.py:360
2026-01-12 00:38:00.760 138746 DEBUG oslo_messaging._drivers.amqpdriver [-] Listener is running poll /usr/lib/python3/dist-packages/oslo_messaging/_drivers/amqpdriver.py:343
2026-01-12 00:38:00.760 137088 DEBUG oslo_service.service [req-b8e6beb4-2f63-462f-9a62-dfd91251b944 - - - - -] cinder.certfile = None log_opt_values /usr/lib/python3/dist-packages/oslo_config/cfg.py:2609
2026-01-12 00:38:00.760 138746 DEBUG oslo_messaging._drivers.amqpdriver [-] AMQPListener connection consume poll /usr/lib/python3/dist-packages/oslo_messaging/_drivers/amqpdriver.py:357
2026-01-12 00:38:00.760 137088 DEBUG oslo_service.service [req-b8e6beb4-2f63-462f-9a62-dfd91251b944 - - - - -] cinder.collect_timing = False log_opt_values /usr/lib/python3/dist-packages/oslo_config/cfg.py:2609
2026-01-12 00:38:00.760 137088 DEBUG oslo_service.service [req-b8e6beb4-2f63-462f-9a62-dfd91251b944 - - - - -] cinder.cross_az_attach = True log_opt_values /usr/lib/python3/dist-packages/oslo_config/cfg.py:2609
2026-01-12 00:38:00.761 137088 DEBUG oslo_service.service [req-b8e6beb4-2f63-462f-9a62-dfd91251b944 - - - - -] cinder.debug = False log_opt_values /usr/lib/python3/dist-packages/oslo_config/cfg.py:2609
2026-01-12 00:38:00.761 137088 DEBUG oslo_service.service [req-b8e6beb4-2f63-462f-9a62-dfd91251b944 - - - - -] cinder.endpoint_template = None log_opt_values /usr/lib/python3/dist-packages/oslo_config/cfg.py:2609
2026-01-12 00:38:00.761 137088 DEBUG oslo_service.service [req-b8e6beb4-2f63-462f-9a62-dfd91251b944 - - - - -] cinder.http_retries = 3 log_opt_values /usr/lib/python3/dist-packages/oslo_config/cfg.py:2609
2026-01-12 00:38:00.761 137088 DEBUG oslo_service.service [req-b8e6beb4-2f63-462f-9a62-dfd91251b944 - - - - -] cinder.insecure = False log_opt_values /usr/lib/python3/dist-packages/oslo_config/cfg.py:2609
2026-01-12 00:38:00.762 137088 DEBUG oslo_service.service [req-b8e6beb4-2f63-462f-9a62-dfd91251b944 - - - - -] cinder.keyfile = None log_opt_values /usr/lib/python3/dist-packages/oslo_config/cfg.py:2609
2026-01-12 00:38:00.762 137088 DEBUG oslo_service.service [req-b8e6beb4-2f63-462f-9a62-dfd91251b944 - - - - -] cinder.os_region_name = None log_opt_values /usr/lib/python3/dist-packages/oslo_config/cfg.py:2609
2026-01-12 00:38:00.763 137088 DEBUG oslo_service.service [req-b8e6beb4-2f63-462f-9a62-dfd91251b944 - - - - -] cinder.split_loggers = False log_opt_values /usr/lib/python3/dist-packages/oslo_config/cfg.py:2609
2026-01-12 00:38:00.763 137088 DEBUG oslo_service.service [req-b8e6beb4-2f63-462f-9a62-dfd91251b944 - - - - -] cinder.timeout = None log_opt_values /usr/lib/python3/dist-packages/oslo_config/cfg.py:2609
2026-01-12 00:38:00.763 138745 DEBUG oslo_messaging._drivers.amqpdriver [-] AMQPListener connection timeout poll /usr/lib/python3/dist-packages/oslo_messaging/_drivers/amqpdriver.py:360
2026-01-12 00:38:00.763 137088 DEBUG oslo_service.service [req-b8e6beb4-2f63-462f-9a62-dfd91251b944 - - - - -] compute.consecutive_build_service_disable_threshold = 10 log_opt_values /usr/lib/python3/dist-packages/oslo_config/cfg.py:2609
2026-01-12 00:38:00.764 137088 DEBUG oslo_service.service [req-b8e6beb4-2f63-462f-9a62-dfd91251b944 - - - - -] compute.cpu_dedicated_set = None log_opt_values /usr/lib/python3/dist-packages/oslo_config/cfg.py:2609
2026-01-12 00:38:00.763 138745 DEBUG oslo_messaging._drivers.amqpdriver [-] Listener is running poll /usr/lib/python3/dist-packages/oslo_messaging/_drivers/amqpdriver.py:343
2026-01-12 00:38:00.764 138745 DEBUG oslo_messaging._drivers.amqpdriver [-] AMQPListener connection consume poll /usr/lib/python3/dist-packages/oslo_messaging/_drivers/amqpdriver.py:357
2026-01-12 00:38:00.764 137088 DEBUG oslo_service.service [req-b8e6beb4-2f63-462f-9a62-dfd91251b944 - - - - -] compute.cpu_shared_set = None log_opt_values /usr/lib/python3/dist-packages/oslo_config/cfg.py:2609
2026-01-12 00:38:00.765 137088 DEBUG oslo_service.service [req-b8e6beb4-2f63-462f-9a62-dfd91251b944 - - - - -] compute.image_type_exclude_list = [] log_opt_values /usr/lib/python3/dist-packages/oslo_config/cfg.py:2609
2026-01-12 00:38:00.765 137088 DEBUG oslo_service.service [req-b8e6beb4-2f63-462f-9a62-dfd91251b944 - - - - -] compute.live_migration_wait_for_vif_plug = True log_opt_values /usr/lib/python3/dist-packages/oslo_config/cfg.py:2609
2026-01-12 00:38:00.765 137088 DEBUG oslo_service.service [req-b8e6beb4-2f63-462f-9a62-dfd91251b944 - - - - -] compute.max_concurrent_disk_ops = 0 log_opt_values /usr/lib/python3/dist-packages/oslo_config/cfg.py:2609
2026-01-12 00:38:00.765 137088 DEBUG oslo_service.service [req-b8e6beb4-2f63-462f-9a62-dfd91251b944 - - - - -] compute.max_disk_devices_to_attach = -1 log_opt_values /usr/lib/python3/dist-packages/oslo_config/cfg.py:2609
2026-01-12 00:38:00.766 137088 DEBUG oslo_service.service [req-b8e6beb4-2f63-462f-9a62-dfd91251b944 - - - - -] compute.packing_host_numa_cells_allocation_strategy = True log_opt_values /usr/lib/python3/dist-packages/oslo_config/cfg.py:2609
2026-01-12 00:38:00.766 137088 DEBUG oslo_service.service [req-b8e6beb4-2f63-462f-9a62-dfd91251b944 - - - - -] compute.provider_config_location = /etc/nova/provider_config/ log_opt_values /usr/lib/python3/dist-packages/oslo_config/cfg.py:2609
2026-01-12 00:38:00.767 137088 DEBUG oslo_service.service [req-b8e6beb4-2f63-462f-9a62-dfd91251b944 - - - - -] compute.resource_provider_association_refresh = 300 log_opt_values /usr/lib/python3/dist-packages/oslo_config/cfg.py:2609
2026-01-12 00:38:00.767 137088 DEBUG oslo_service.service [req-b8e6beb4-2f63-462f-9a62-dfd91251b944 - - - - -] compute.shutdown_retry_interval = 10 log_opt_values /usr/lib/python3/dist-packages/oslo_config/cfg.py:2609
2026-01-12 00:38:00.767 137088 DEBUG oslo_service.service [req-b8e6beb4-2f63-462f-9a62-dfd91251b944 - - - - -] compute.vmdk_allowed_types = ['streamOptimized', 'monolithicSparse'] log_opt_values /usr/lib/python3/dist-packages/oslo_config/cfg.py:2609
2026-01-12 00:38:00.767 137088 DEBUG oslo_service.service [req-b8e6beb4-2f63-462f-9a62-dfd91251b944 - - - - -] conductor.workers = 4 log_opt_values /usr/lib/python3/dist-packages/oslo_config/cfg.py:2609
2026-01-12 00:38:00.768 137088 DEBUG oslo_service.service [req-b8e6beb4-2f63-462f-9a62-dfd91251b944 - - - - -] console.allowed_origins = [] log_opt_values /usr/lib/python3/dist-packages/oslo_config/cfg.py:2609
2026-01-12 00:38:00.768 137088 DEBUG oslo_service.service [req-b8e6beb4-2f63-462f-9a62-dfd91251b944 - - - - -] console.ssl_ciphers = None log_opt_values /usr/lib/python3/dist-packages/oslo_config/cfg.py:2609
2026-01-12 00:38:00.768 137088 DEBUG oslo_service.service [req-b8e6beb4-2f63-462f-9a62-dfd91251b944 - - - - -] console.ssl_minimum_version = default log_opt_values /usr/lib/python3/dist-packages/oslo_config/cfg.py:2609
2026-01-12 00:38:00.769 137088 DEBUG oslo_service.service [req-b8e6beb4-2f63-462f-9a62-dfd91251b944 - - - - -] consoleauth.token_ttl = 600 log_opt_values /usr/lib/python3/dist-packages/oslo_config/cfg.py:2609
2026-01-12 00:38:00.769 137088 DEBUG oslo_service.service [req-b8e6beb4-2f63-462f-9a62-dfd91251b944 - - - - -] cyborg.cafile = None log_opt_values /usr/lib/python3/dist-packages/oslo_config/cfg.py:2609
2026-01-12 00:38:00.769 137088 DEBUG oslo_service.service [req-b8e6beb4-2f63-462f-9a62-dfd91251b944 - - - - -] cyborg.certfile = None log_opt_values /usr/lib/python3/dist-packages/oslo_config/cfg.py:2609
2026-01-12 00:38:00.770 137088 DEBUG oslo_service.service [req-b8e6beb4-2f63-462f-9a62-dfd91251b944 - - - - -] cyborg.collect_timing = False log_opt_values /usr/lib/python3/dist-packages/oslo_config/cfg.py:2609
2026-01-12 00:38:00.770 137088 DEBUG oslo_service.service [req-b8e6beb4-2f63-462f-9a62-dfd91251b944 - - - - -] cyborg.connect_retries = None log_opt_values /usr/lib/python3/dist-packages/oslo_config/cfg.py:2609
2026-01-12 00:38:00.770 137088 DEBUG oslo_service.service [req-b8e6beb4-2f63-462f-9a62-dfd91251b944 - - - - -] cyborg.connect_retry_delay = None log_opt_values /usr/lib/python3/dist-packages/oslo_config/cfg.py:2609
2026-01-12 00:38:00.770 137088 DEBUG oslo_service.service [req-b8e6beb4-2f63-462f-9a62-dfd91251b944 - - - - -] cyborg.endpoint_override = None log_opt_values /usr/lib/python3/dist-packages/oslo_config/cfg.py:2609
2026-01-12 00:38:00.771 137088 DEBUG oslo_service.service [req-b8e6beb4-2f63-462f-9a62-dfd91251b944 - - - - -] cyborg.insecure = False log_opt_values /usr/lib/python3/dist-packages/oslo_config/cfg.py:2609
2026-01-12 00:38:00.771 137088 DEBUG oslo_service.service [req-b8e6beb4-2f63-462f-9a62-dfd91251b944 - - - - -] cyborg.keyfile = None log_opt_values /usr/lib/python3/dist-packages/oslo_config/cfg.py:2609
2026-01-12 00:38:00.771 137088 DEBUG oslo_service.service [req-b8e6beb4-2f63-462f-9a62-dfd91251b944 - - - - -] cyborg.max_version = None log_opt_values /usr/lib/python3/dist-packages/oslo_config/cfg.py:2609
2026-01-12 00:38:00.772 137088 DEBUG oslo_service.service [req-b8e6beb4-2f63-462f-9a62-dfd91251b944 - - - - -] cyborg.min_version = None log_opt_values /usr/lib/python3/dist-packages/oslo_config/cfg.py:2609
2026-01-12 00:38:00.772 137088 DEBUG oslo_service.service [req-b8e6beb4-2f63-462f-9a62-dfd91251b944 - - - - -] cyborg.region_name = None log_opt_values /usr/lib/python3/dist-packages/oslo_config/cfg.py:2609
2026-01-12 00:38:00.772 137088 DEBUG oslo_service.service [req-b8e6beb4-2f63-462f-9a62-dfd91251b944 - - - - -] cyborg.service_name = None log_opt_values /usr/lib/python3/dist-packages/oslo_config/cfg.py:2609
2026-01-12 00:38:00.772 138752 DEBUG oslo_messaging._drivers.amqpdriver [-] Listener is running poll /usr/lib/python3/dist-packages/oslo_messaging/_drivers/amqpdriver.py:343
2026-01-12 00:38:00.772 137088 DEBUG oslo_service.service [req-b8e6beb4-2f63-462f-9a62-dfd91251b944 - - - - -] cyborg.service_type = accelerator log_opt_values /usr/lib/python3/dist-packages/oslo_config/cfg.py:2609
2026-01-12 00:38:00.772 138752 DEBUG oslo_messaging._drivers.amqpdriver [-] AMQPListener connection consume poll /usr/lib/python3/dist-packages/oslo_messaging/_drivers/amqpdriver.py:357
2026-01-12 00:38:00.773 137088 DEBUG oslo_service.service [req-b8e6beb4-2f63-462f-9a62-dfd91251b944 - - - - -] cyborg.split_loggers = False log_opt_values /usr/lib/python3/dist-packages/oslo_config/cfg.py:2609
2026-01-12 00:38:00.773 137088 DEBUG oslo_service.service [req-b8e6beb4-2f63-462f-9a62-dfd91251b944 - - - - -] cyborg.status_code_retries = None log_opt_values /usr/lib/python3/dist-packages/oslo_config/cfg.py:2609
2026-01-12 00:38:00.773 137088 DEBUG oslo_service.service [req-b8e6beb4-2f63-462f-9a62-dfd91251b944 - - - - -] cyborg.status_code_retry_delay = None log_opt_values /usr/lib/python3/dist-packages/oslo_config/cfg.py:2609
2026-01-12 00:38:00.773 138752 DEBUG nova.service [req-e96864d9-ca52-4d58-b8a6-dc0de8a16b0d - - - - -] Join ServiceGroup membership for this service conductor start /usr/lib/python3/dist-packages/nova/service.py:199
2026-01-12 00:38:00.774 137088 DEBUG oslo_service.service [req-b8e6beb4-2f63-462f-9a62-dfd91251b944 - - - - -] cyborg.timeout = None log_opt_values /usr/lib/python3/dist-packages/oslo_config/cfg.py:2609
2026-01-12 00:38:00.774 137088 DEBUG oslo_service.service [req-b8e6beb4-2f63-462f-9a62-dfd91251b944 - - - - -] cyborg.valid_interfaces = ['internal', 'public'] log_opt_values /usr/lib/python3/dist-packages/oslo_config/cfg.py:2609
2026-01-12 00:38:00.774 137088 DEBUG oslo_service.service [req-b8e6beb4-2f63-462f-9a62-dfd91251b944 - - - - -] cyborg.version = None log_opt_values /usr/lib/python3/dist-packages/oslo_config/cfg.py:2609
2026-01-12 00:38:00.774 138752 DEBUG nova.servicegroup.drivers.db [req-e96864d9-ca52-4d58-b8a6-dc0de8a16b0d - - - - -] DB_Driver: join new ServiceGroup member juju-baca4f-0-lxd-7 to the conductor group, service = join /usr/lib/python3/dist-packages/nova/servicegroup/drivers/db.py:44
2026-01-12 00:38:00.774 138753 DEBUG nova.service [req-088b71a9-5864-4657-83d2-c8b2d54618e8 - - - - -] Creating RPC server for service conductor start /usr/lib/python3/dist-packages/nova/service.py:182
2026-01-12 00:38:00.774 137088 DEBUG oslo_service.service [req-b8e6beb4-2f63-462f-9a62-dfd91251b944 - - - - -] database.backend = sqlalchemy log_opt_values /usr/lib/python3/dist-packages/oslo_config/cfg.py:2609
2026-01-12 00:38:00.775 137088 DEBUG oslo_service.service [req-b8e6beb4-2f63-462f-9a62-dfd91251b944 - - - - -] database.connection = **** log_opt_values /usr/lib/python3/dist-packages/oslo_config/cfg.py:2609
2026-01-12 00:38:00.775 137088 DEBUG oslo_service.service [req-b8e6beb4-2f63-462f-9a62-dfd91251b944 - - - - -] database.connection_debug = 0 log_opt_values /usr/lib/python3/dist-packages/oslo_config/cfg.py:2609
2026-01-12 00:38:00.775 137088 DEBUG oslo_service.service [req-b8e6beb4-2f63-462f-9a62-dfd91251b944 - - - - -] database.connection_parameters = log_opt_values /usr/lib/python3/dist-packages/oslo_config/cfg.py:2609
2026-01-12 00:38:00.776 137088 DEBUG oslo_service.service [req-b8e6beb4-2f63-462f-9a62-dfd91251b944 - - - - -] database.connection_recycle_time = 3600 log_opt_values /usr/lib/python3/dist-packages/oslo_config/cfg.py:2609
2026-01-12 00:38:00.776 137088 DEBUG oslo_service.service [req-b8e6beb4-2f63-462f-9a62-dfd91251b944 - - - - -] database.connection_trace = False log_opt_values /usr/lib/python3/dist-packages/oslo_config/cfg.py:2609
2026-01-12 00:38:00.776 137088 DEBUG oslo_service.service [req-b8e6beb4-2f63-462f-9a62-dfd91251b944 - - - - -] database.db_inc_retry_interval = True log_opt_values /usr/lib/python3/dist-packages/oslo_config/cfg.py:2609
2026-01-12 00:38:00.777 137088 DEBUG oslo_service.service [req-b8e6beb4-2f63-462f-9a62-dfd91251b944 - - - - -] database.db_max_retries = 20 log_opt_values /usr/lib/python3/dist-packages/oslo_config/cfg.py:2609
2026-01-12 00:38:00.777 137088 DEBUG oslo_service.service [req-b8e6beb4-2f63-462f-9a62-dfd91251b944 - - - - -] database.db_max_retry_interval = 10 log_opt_values /usr/lib/python3/dist-packages/oslo_config/cfg.py:2609
2026-01-12 00:38:00.777 137088 DEBUG oslo_service.service [req-b8e6beb4-2f63-462f-9a62-dfd91251b944 - - - - -] database.db_retry_interval = 1 log_opt_values /usr/lib/python3/dist-packages/oslo_config/cfg.py:2609
2026-01-12 00:38:00.777 137088 DEBUG oslo_service.service [req-b8e6beb4-2f63-462f-9a62-dfd91251b944 - - - - -] database.max_overflow = 50 log_opt_values /usr/lib/python3/dist-packages/oslo_config/cfg.py:2609
2026-01-12 00:38:00.778 137088 DEBUG oslo_service.service [req-b8e6beb4-2f63-462f-9a62-dfd91251b944 - - - - -] database.max_pool_size = 4 log_opt_values /usr/lib/python3/dist-packages/oslo_config/cfg.py:2609
2026-01-12 00:38:00.778 137088 DEBUG oslo_service.service [req-b8e6beb4-2f63-462f-9a62-dfd91251b944 - - - - -] database.max_retries = 10 log_opt_values /usr/lib/python3/dist-packages/oslo_config/cfg.py:2609
2026-01-12 00:38:00.778 138752 DEBUG oslo_messaging._drivers.amqpdriver [-] AMQPListener connection timeout poll /usr/lib/python3/dist-packages/oslo_messaging/_drivers/amqpdriver.py:360
2026-01-12 00:38:00.778 137088 DEBUG oslo_service.service [req-b8e6beb4-2f63-462f-9a62-dfd91251b944 - - - - -] database.mysql_enable_ndb = False log_opt_values /usr/lib/python3/dist-packages/oslo_config/cfg.py:2609
2026-01-12 00:38:00.779 138752 DEBUG oslo_messaging._drivers.amqpdriver [-] Listener is running poll /usr/lib/python3/dist-packages/oslo_messaging/_drivers/amqpdriver.py:343
2026-01-12 00:38:00.779 137088 DEBUG oslo_service.service [req-b8e6beb4-2f63-462f-9a62-dfd91251b944 - - - - -] database.mysql_sql_mode = TRADITIONAL log_opt_values /usr/lib/python3/dist-packages/oslo_config/cfg.py:2609
2026-01-12 00:38:00.779 138752 DEBUG oslo_messaging._drivers.amqpdriver [-] AMQPListener connection consume poll /usr/lib/python3/dist-packages/oslo_messaging/_drivers/amqpdriver.py:357
2026-01-12 00:38:00.779 137088 DEBUG oslo_service.service [req-b8e6beb4-2f63-462f-9a62-dfd91251b944 - - - - -] database.pool_timeout = None log_opt_values /usr/lib/python3/dist-packages/oslo_config/cfg.py:2609
2026-01-12 00:38:00.779 137088 DEBUG oslo_service.service [req-b8e6beb4-2f63-462f-9a62-dfd91251b944 - - - - -] database.retry_interval = 10 log_opt_values /usr/lib/python3/dist-packages/oslo_config/cfg.py:2609
2026-01-12 00:38:00.780 137088 DEBUG oslo_service.service [req-b8e6beb4-2f63-462f-9a62-dfd91251b944 - - - - -] database.slave_connection = **** log_opt_values /usr/lib/python3/dist-packages/oslo_config/cfg.py:2609
2026-01-12 00:38:00.780 137088 DEBUG oslo_service.service [req-b8e6beb4-2f63-462f-9a62-dfd91251b944 - - - - -] database.sqlite_synchronous = True log_opt_values /usr/lib/python3/dist-packages/oslo_config/cfg.py:2609
2026-01-12 00:38:00.780 137088 DEBUG oslo_service.service [req-b8e6beb4-2f63-462f-9a62-dfd91251b944 - - - - -] database.use_db_reconnect = False log_opt_values /usr/lib/python3/dist-packages/oslo_config/cfg.py:2609
2026-01-12 00:38:00.781 137088 DEBUG oslo_service.service [req-b8e6beb4-2f63-462f-9a62-dfd91251b944 - - - - -] api_database.backend = sqlalchemy log_opt_values /usr/lib/python3/dist-packages/oslo_config/cfg.py:2609
2026-01-12 00:38:00.781 137088 DEBUG oslo_service.service [req-b8e6beb4-2f63-462f-9a62-dfd91251b944 - - - - -] api_database.connection = **** log_opt_values /usr/lib/python3/dist-packages/oslo_config/cfg.py:2609
2026-01-12 00:38:00.781 137088 DEBUG oslo_service.service [req-b8e6beb4-2f63-462f-9a62-dfd91251b944 - - - - -] api_database.connection_debug = 0 log_opt_values /usr/lib/python3/dist-packages/oslo_config/cfg.py:2609
2026-01-12 00:38:00.782 137088 DEBUG oslo_service.service [req-b8e6beb4-2f63-462f-9a62-dfd91251b944 - - - - -] api_database.connection_parameters = log_opt_values /usr/lib/python3/dist-packages/oslo_config/cfg.py:2609
2026-01-12 00:38:00.782 137088 DEBUG oslo_service.service [req-b8e6beb4-2f63-462f-9a62-dfd91251b944 - - - - -] api_database.connection_recycle_time = 3600 log_opt_values /usr/lib/python3/dist-packages/oslo_config/cfg.py:2609
2026-01-12 00:38:00.782 137088 DEBUG oslo_service.service [req-b8e6beb4-2f63-462f-9a62-dfd91251b944 - - - - -] api_database.connection_trace = False log_opt_values /usr/lib/python3/dist-packages/oslo_config/cfg.py:2609
2026-01-12 00:38:00.783 137088 DEBUG oslo_service.service [req-b8e6beb4-2f63-462f-9a62-dfd91251b944 - - - - -] api_database.db_inc_retry_interval = True log_opt_values /usr/lib/python3/dist-packages/oslo_config/cfg.py:2609
2026-01-12 00:38:00.783 137088 DEBUG oslo_service.service [req-b8e6beb4-2f63-462f-9a62-dfd91251b944 - - - - -] api_database.db_max_retries = 20 log_opt_values /usr/lib/python3/dist-packages/oslo_config/cfg.py:2609
2026-01-12 00:38:00.783 137088 DEBUG oslo_service.service [req-b8e6beb4-2f63-462f-9a62-dfd91251b944 - - - - -] api_database.db_max_retry_interval = 10 log_opt_values /usr/lib/python3/dist-packages/oslo_config/cfg.py:2609
2026-01-12 00:38:00.784 137088 DEBUG oslo_service.service [req-b8e6beb4-2f63-462f-9a62-dfd91251b944 - - - - -] api_database.db_retry_interval = 1 log_opt_values /usr/lib/python3/dist-packages/oslo_config/cfg.py:2609
2026-01-12 00:38:00.784 137088 DEBUG oslo_service.service [req-b8e6beb4-2f63-462f-9a62-dfd91251b944 - - - - -] api_database.max_overflow = 50 log_opt_values /usr/lib/python3/dist-packages/oslo_config/cfg.py:2609
2026-01-12 00:38:00.784 137088 DEBUG oslo_service.service [req-b8e6beb4-2f63-462f-9a62-dfd91251b944 - - - - -] api_database.max_pool_size = 4 log_opt_values /usr/lib/python3/dist-packages/oslo_config/cfg.py:2609
2026-01-12 00:38:00.785 137088 DEBUG oslo_service.service [req-b8e6beb4-2f63-462f-9a62-dfd91251b944 - - - - -] api_database.max_retries = 10 log_opt_values /usr/lib/python3/dist-packages/oslo_config/cfg.py:2609
2026-01-12 00:38:00.785 137088 DEBUG oslo_service.service [req-b8e6beb4-2f63-462f-9a62-dfd91251b944 - - - - -] api_database.mysql_enable_ndb = False log_opt_values /usr/lib/python3/dist-packages/oslo_config/cfg.py:2609
2026-01-12 00:38:00.786 137088 DEBUG oslo_service.service [req-b8e6beb4-2f63-462f-9a62-dfd91251b944 - - - - -] api_database.mysql_sql_mode = TRADITIONAL log_opt_values /usr/lib/python3/dist-packages/oslo_config/cfg.py:2609
2026-01-12 00:38:00.786 137088 DEBUG oslo_service.service [req-b8e6beb4-2f63-462f-9a62-dfd91251b944 - - - - -] api_database.pool_timeout = None log_opt_values /usr/lib/python3/dist-packages/oslo_config/cfg.py:2609
2026-01-12 00:38:00.786 137088 DEBUG oslo_service.service [req-b8e6beb4-2f63-462f-9a62-dfd91251b944 - - - - -] api_database.retry_interval = 10 log_opt_values /usr/lib/python3/dist-packages/oslo_config/cfg.py:2609
2026-01-12 00:38:00.786 137088 DEBUG oslo_service.service [req-b8e6beb4-2f63-462f-9a62-dfd91251b944 - - - - -] api_database.slave_connection = **** log_opt_values /usr/lib/python3/dist-packages/oslo_config/cfg.py:2609
2026-01-12 00:38:00.787 137088 DEBUG oslo_service.service [req-b8e6beb4-2f63-462f-9a62-dfd91251b944 - - - - -] api_database.sqlite_synchronous = True log_opt_values /usr/lib/python3/dist-packages/oslo_config/cfg.py:2609
2026-01-12 00:38:00.787 137088 DEBUG oslo_service.service [req-b8e6beb4-2f63-462f-9a62-dfd91251b944 - - - - -] devices.enabled_mdev_types = [] log_opt_values /usr/lib/python3/dist-packages/oslo_config/cfg.py:2609
2026-01-12 00:38:00.787 137088 DEBUG oslo_service.service [req-b8e6beb4-2f63-462f-9a62-dfd91251b944 - - - - -] ephemeral_storage_encryption.cipher = aes-xts-plain64 log_opt_values /usr/lib/python3/dist-packages/oslo_config/cfg.py:2609
2026-01-12 00:38:00.788 137088 DEBUG oslo_service.service [req-b8e6beb4-2f63-462f-9a62-dfd91251b944 - - - - -] ephemeral_storage_encryption.enabled = False log_opt_values /usr/lib/python3/dist-packages/oslo_config/cfg.py:2609
2026-01-12 00:38:00.788 137088 DEBUG oslo_service.service [req-b8e6beb4-2f63-462f-9a62-dfd91251b944 - - - - -] ephemeral_storage_encryption.key_size = 512 log_opt_values /usr/lib/python3/dist-packages/oslo_config/cfg.py:2609
2026-01-12 00:38:00.788 137088 WARNING oslo_config.cfg [req-b8e6beb4-2f63-462f-9a62-dfd91251b944 - - - - -] Deprecated: Option "api_servers" from group "glance" is deprecated for removal ( Support for image service configuration via standard keystoneauth1 Adapter options was added in the 17.0.0 Queens release. The api_servers option was retained temporarily to allow consumers time to cut over to a real load balancing solution. ). Its value may be silently ignored in the future.
2026-01-12 00:38:00.789 137088 DEBUG oslo_service.service [req-b8e6beb4-2f63-462f-9a62-dfd91251b944 - - - - -] glance.api_servers = ['http://252.129.105.7:9292'] log_opt_values /usr/lib/python3/dist-packages/oslo_config/cfg.py:2609
2026-01-12 00:38:00.789 137088 DEBUG oslo_service.service [req-b8e6beb4-2f63-462f-9a62-dfd91251b944 - - - - -] glance.cafile = None log_opt_values /usr/lib/python3/dist-packages/oslo_config/cfg.py:2609
