2026-01-12 01:50:28.239 7 DEBUG oslo_service.service [-] ml2_type_gre.tunnel_id_ranges = [] log_opt_values /var/lib/kolla/venv/lib/python3.6/site-packages/oslo_config/cfg.py:2611
2026-01-12 01:50:28.240 7 DEBUG oslo_service.service [-] ml2_type_vlan.network_vlan_ranges = [] log_opt_values /var/lib/kolla/venv/lib/python3.6/site-packages/oslo_config/cfg.py:2611
2026-01-12 01:50:28.240 7 DEBUG oslo_service.service [-] ml2_type_vxlan.vni_ranges = [] log_opt_values /var/lib/kolla/venv/lib/python3.6/site-packages/oslo_config/cfg.py:2611
2026-01-12 01:50:28.240 7 DEBUG oslo_service.service [-] ml2_type_vxlan.vxlan_group = None log_opt_values /var/lib/kolla/venv/lib/python3.6/site-packages/oslo_config/cfg.py:2611
2026-01-12 01:50:28.240 7 DEBUG oslo_service.service [-] database.backend = sqlalchemy log_opt_values /var/lib/kolla/venv/lib/python3.6/site-packages/oslo_config/cfg.py:2611
2026-01-12 01:50:28.240 7 DEBUG oslo_service.service [-] database.connection = **** log_opt_values /var/lib/kolla/venv/lib/python3.6/site-packages/oslo_config/cfg.py:2611
2026-01-12 01:50:28.240 7 DEBUG oslo_service.service [-] database.connection_debug = 0 log_opt_values /var/lib/kolla/venv/lib/python3.6/site-packages/oslo_config/cfg.py:2611
2026-01-12 01:50:28.240 7 DEBUG oslo_service.service [-] database.connection_parameters = log_opt_values /var/lib/kolla/venv/lib/python3.6/site-packages/oslo_config/cfg.py:2611
2026-01-12 01:50:28.240 7 DEBUG oslo_service.service [-] database.connection_recycle_time = 10 log_opt_values /var/lib/kolla/venv/lib/python3.6/site-packages/oslo_config/cfg.py:2611
2026-01-12 01:50:28.240 7 DEBUG oslo_service.service [-] database.connection_trace = False log_opt_values /var/lib/kolla/venv/lib/python3.6/site-packages/oslo_config/cfg.py:2611
2026-01-12 01:50:28.240 7 DEBUG oslo_service.service [-] database.db_inc_retry_interval = True log_opt_values /var/lib/kolla/venv/lib/python3.6/site-packages/oslo_config/cfg.py:2611
2026-01-12 01:50:28.240 7 DEBUG oslo_service.service [-] database.db_max_retries = 20 log_opt_values /var/lib/kolla/venv/lib/python3.6/site-packages/oslo_config/cfg.py:2611
2026-01-12 01:50:28.240 7 DEBUG oslo_service.service [-] database.db_max_retry_interval = 10 log_opt_values /var/lib/kolla/venv/lib/python3.6/site-packages/oslo_config/cfg.py:2611
2026-01-12 01:50:28.240 7 DEBUG oslo_service.service [-] database.db_retry_interval = 1 log_opt_values /var/lib/kolla/venv/lib/python3.6/site-packages/oslo_config/cfg.py:2611
2026-01-12 01:50:28.240 7 DEBUG oslo_service.service [-] database.max_overflow = 50 log_opt_values /var/lib/kolla/venv/lib/python3.6/site-packages/oslo_config/cfg.py:2611
2026-01-12 01:50:28.240 7 DEBUG oslo_service.service [-] database.max_pool_size = 1 log_opt_values /var/lib/kolla/venv/lib/python3.6/site-packages/oslo_config/cfg.py:2611
2026-01-12 01:50:28.240 7 DEBUG oslo_service.service [-] database.max_retries = -1 log_opt_values /var/lib/kolla/venv/lib/python3.6/site-packages/oslo_config/cfg.py:2611
2026-01-12 01:50:28.240 7 DEBUG oslo_service.service [-] database.mysql_enable_ndb = False log_opt_values /var/lib/kolla/venv/lib/python3.6/site-packages/oslo_config/cfg.py:2611
2026-01-12 01:50:28.241 7 DEBUG oslo_service.service [-] database.mysql_sql_mode = TRADITIONAL log_opt_values /var/lib/kolla/venv/lib/python3.6/site-packages/oslo_config/cfg.py:2611
2026-01-12 01:50:28.241 7 DEBUG oslo_service.service [-] database.pool_timeout = None log_opt_values /var/lib/kolla/venv/lib/python3.6/site-packages/oslo_config/cfg.py:2611
2026-01-12 01:50:28.241 7 DEBUG oslo_service.service [-] database.retry_interval = 10 log_opt_values /var/lib/kolla/venv/lib/python3.6/site-packages/oslo_config/cfg.py:2611
2026-01-12 01:50:28.241 7 DEBUG oslo_service.service [-] database.slave_connection = **** log_opt_values /var/lib/kolla/venv/lib/python3.6/site-packages/oslo_config/cfg.py:2611
2026-01-12 01:50:28.241 7 DEBUG oslo_service.service [-] database.sqlite_synchronous = True log_opt_values /var/lib/kolla/venv/lib/python3.6/site-packages/oslo_config/cfg.py:2611
2026-01-12 01:50:28.241 7 DEBUG oslo_service.service [-] database.use_db_reconnect = False log_opt_values /var/lib/kolla/venv/lib/python3.6/site-packages/oslo_config/cfg.py:2611
2026-01-12 01:50:28.241 7 DEBUG oslo_service.service [-] ******************************************************************************** log_opt_values /var/lib/kolla/venv/lib/python3.6/site-packages/oslo_config/cfg.py:2613
2026-01-12 01:50:30.006 22 DEBUG neutron.wsgi [-] (22) accepted ('10.0.0.249', 36046) server /var/lib/kolla/venv/lib/python3.6/site-packages/eventlet/wsgi.py:1004
2026-01-12 01:50:30.014 22 INFO neutron.wsgi [-] 10.0.0.249 "GET / HTTP/1.1" status: 200 len: 228 time: 0.0061786
2026-01-12 01:50:31.992 23 DEBUG neutron.api.rpc.handlers.dhcp_rpc [req-3604b36a-c3ba-4cae-9dd7-a3f7fbe1f09b - - - - -] get_active_networks_info from cn-jenkins-deploy-platform-ansible-os-4990-1 get_active_networks_info /var/lib/kolla/venv/lib/python3.6/site-packages/neutron/api/rpc/handlers/dhcp_rpc.py:159
2026-01-12 01:50:32.016 26 DEBUG neutron_lib.callbacks.manager [req-409d702f-08d8-476c-b836-2875b5352233 - - - - -] Publish callbacks ['neutron.services.segments.db._update_segment_host_mapping_for_agent-8737314424435', 'neutron.services.l3_router.l3_router_plugin.DVRResourceOperationHandler.create_fip_agent_gw_ports-16457219'] for agent (dba1436b-7282-4110-bab6-7f7c073fd19f), after_create _notify_loop /var/lib/kolla/venv/lib/python3.6/site-packages/neutron_lib/callbacks/manager.py:177
2026-01-12 01:50:32.027 23 DEBUG neutron.scheduler.dhcp_agent_scheduler [req-3604b36a-c3ba-4cae-9dd7-a3f7fbe1f09b - - - - -] No non-hosted networks auto_schedule_networks /var/lib/kolla/venv/lib/python3.6/site-packages/neutron/scheduler/dhcp_agent_scheduler.py:60
2026-01-12 01:50:49.906 27 DEBUG neutron_lib.callbacks.manager [req-8aab9f8a-b14b-4167-a3bd-9ba3fdbe2b24 - - - - -] Publish callbacks ['neutron.services.segments.db._update_segment_host_mapping_for_agent-8737314424435', 'neutron.services.l3_router.l3_router_plugin.DVRResourceOperationHandler.create_fip_agent_gw_ports-16457219'] for agent (32a740f6-e2e9-4dc6-9245-1f50613b83e4), after_create _notify_loop /var/lib/kolla/venv/lib/python3.6/site-packages/neutron_lib/callbacks/manager.py:177
2026-01-12 01:51:00.055 22 DEBUG neutron.wsgi [-] (22) accepted ('10.0.0.249', 45598) server /var/lib/kolla/venv/lib/python3.6/site-packages/eventlet/wsgi.py:1004
2026-01-12 01:51:00.058 22 INFO neutron.wsgi [-] 10.0.0.249 "GET / HTTP/1.1" status: 200 len: 228 time: 0.0028417
2026-01-12 01:51:02.002 28 DEBUG neutron_lib.callbacks.manager [req-380a5fbf-6ca2-4d38-89db-06346725b121 - - - - -] Publish callbacks ['neutron.services.segments.db._update_segment_host_mapping_for_agent-8737314424435', 'neutron.plugins.ml2.plugin.Ml2Plugin._retry_binding_revived_agents-1320405'] for agent (dba1436b-7282-4110-bab6-7f7c073fd19f), after_update _notify_loop /var/lib/kolla/venv/lib/python3.6/site-packages/neutron_lib/callbacks/manager.py:177
2026-01-12 01:51:19.900 24 DEBUG neutron_lib.callbacks.manager [req-8aab9f8a-b14b-4167-a3bd-9ba3fdbe2b24 - - - - -] Publish callbacks ['neutron.services.segments.db._update_segment_host_mapping_for_agent-8737314424435', 'neutron.plugins.ml2.plugin.Ml2Plugin._retry_binding_revived_agents-1320405'] for agent (32a740f6-e2e9-4dc6-9245-1f50613b83e4), after_update _notify_loop /var/lib/kolla/venv/lib/python3.6/site-packages/neutron_lib/callbacks/manager.py:177
2026-01-12 01:51:30.099 22 DEBUG neutron.wsgi [-] (22) accepted ('10.0.0.249', 47194) server /var/lib/kolla/venv/lib/python3.6/site-packages/eventlet/wsgi.py:1004
2026-01-12 01:51:30.103 22 INFO neutron.wsgi [-] 10.0.0.249 "GET / HTTP/1.1" status: 200 len: 228 time: 0.0030646
2026-01-12 01:51:32.004 25 DEBUG neutron_lib.callbacks.manager [req-40d26890-4db9-4804-9bb5-237ccd6754a1 - - - - -] Publish callbacks ['neutron.services.segments.db._update_segment_host_mapping_for_agent-8737314424435', 'neutron.plugins.ml2.plugin.Ml2Plugin._retry_binding_revived_agents-1320405'] for agent (dba1436b-7282-4110-bab6-7f7c073fd19f), after_update _notify_loop /var/lib/kolla/venv/lib/python3.6/site-packages/neutron_lib/callbacks/manager.py:177
2026-01-12 01:51:32.199 29 DEBUG neutron.db.agents_db [req-05d33b2c-3c46-41b2-ba5f-2dfbc366c56a - - - - -] Agent healthcheck: found 2 active agents agent_health_check /var/lib/kolla/venv/lib/python3.6/site-packages/neutron/db/agents_db.py:318
2026-01-12 01:51:49.890 23 DEBUG neutron_lib.callbacks.manager [req-8aab9f8a-b14b-4167-a3bd-9ba3fdbe2b24 - - - - -] Publish callbacks ['neutron.services.segments.db._update_segment_host_mapping_for_agent-8737314424435', 'neutron.plugins.ml2.plugin.Ml2Plugin._retry_binding_revived_agents-1320405'] for agent (32a740f6-e2e9-4dc6-9245-1f50613b83e4), after_update _notify_loop /var/lib/kolla/venv/lib/python3.6/site-packages/neutron_lib/callbacks/manager.py:177
2026-01-12 01:52:00.144 22 DEBUG neutron.wsgi [-] (22) accepted ('10.0.0.249', 55284) server /var/lib/kolla/venv/lib/python3.6/site-packages/eventlet/wsgi.py:1004
2026-01-12 01:52:00.147 22 INFO neutron.wsgi [-] 10.0.0.249 "GET / HTTP/1.1" status: 200 len: 228 time: 0.0029693
2026-01-12 01:52:01.988 26 DEBUG neutron_lib.callbacks.manager [req-30980b94-fa42-4690-b558-127b6f310100 - - - - -] Publish callbacks ['neutron.services.segments.db._update_segment_host_mapping_for_agent-8737314424435', 'neutron.plugins.ml2.plugin.Ml2Plugin._retry_binding_revived_agents-1320405'] for agent (dba1436b-7282-4110-bab6-7f7c073fd19f), after_update _notify_loop /var/lib/kolla/venv/lib/python3.6/site-packages/neutron_lib/callbacks/manager.py:177
2026-01-12 01:52:09.196 29 DEBUG neutron.db.agents_db [req-05d33b2c-3c46-41b2-ba5f-2dfbc366c56a - - - - -] Agent healthcheck: found 2 active agents agent_health_check /var/lib/kolla/venv/lib/python3.6/site-packages/neutron/db/agents_db.py:318
2026-01-12 01:52:19.892 27 DEBUG neutron_lib.callbacks.manager [req-8aab9f8a-b14b-4167-a3bd-9ba3fdbe2b24 - - - - -] Publish callbacks ['neutron.services.segments.db._update_segment_host_mapping_for_agent-8737314424435', 'neutron.plugins.ml2.plugin.Ml2Plugin._retry_binding_revived_agents-1320405'] for agent (32a740f6-e2e9-4dc6-9245-1f50613b83e4), after_update _notify_loop /var/lib/kolla/venv/lib/python3.6/site-packages/neutron_lib/callbacks/manager.py:177
2026-01-12 01:52:30.188 22 DEBUG neutron.wsgi [-] (22) accepted ('10.0.0.249', 51222) server /var/lib/kolla/venv/lib/python3.6/site-packages/eventlet/wsgi.py:1004
2026-01-12 01:52:30.191 22 INFO neutron.wsgi [-] 10.0.0.249 "GET / HTTP/1.1" status: 200 len: 228 time: 0.0025768
2026-01-12 01:52:31.989 28 DEBUG neutron_lib.callbacks.manager [req-50e77a0d-e027-4392-bcee-89889ffea647 - - - - -] Publish callbacks ['neutron.services.segments.db._update_segment_host_mapping_for_agent-8737314424435', 'neutron.plugins.ml2.plugin.Ml2Plugin._retry_binding_revived_agents-1320405'] for agent (dba1436b-7282-4110-bab6-7f7c073fd19f), after_update _notify_loop /var/lib/kolla/venv/lib/python3.6/site-packages/neutron_lib/callbacks/manager.py:177
2026-01-12 01:52:46.202 29 DEBUG neutron.db.agents_db [req-05d33b2c-3c46-41b2-ba5f-2dfbc366c56a - - - - -] Agent healthcheck: found 2 active agents agent_health_check /var/lib/kolla/venv/lib/python3.6/site-packages/neutron/db/agents_db.py:318
2026-01-12 01:52:49.891 24 DEBUG neutron_lib.callbacks.manager [req-8aab9f8a-b14b-4167-a3bd-9ba3fdbe2b24 - - - - -] Publish callbacks ['neutron.services.segments.db._update_segment_host_mapping_for_agent-8737314424435', 'neutron.plugins.ml2.plugin.Ml2Plugin._retry_binding_revived_agents-1320405'] for agent (32a740f6-e2e9-4dc6-9245-1f50613b83e4), after_update _notify_loop /var/lib/kolla/venv/lib/python3.6/site-packages/neutron_lib/callbacks/manager.py:177
2026-01-12 01:53:00.232 22 DEBUG neutron.wsgi [-] (22) accepted ('10.0.0.249', 41168) server /var/lib/kolla/venv/lib/python3.6/site-packages/eventlet/wsgi.py:1004
2026-01-12 01:53:00.236 22 INFO neutron.wsgi [-] 10.0.0.249 "GET / HTTP/1.1" status: 200 len: 228 time: 0.0037179
2026-01-12 01:53:01.986 25 DEBUG neutron_lib.callbacks.manager [req-2fff71b3-db3e-42eb-aac6-14caf7fcdc6c - - - - -] Publish callbacks ['neutron.services.segments.db._update_segment_host_mapping_for_agent-8737314424435', 'neutron.plugins.ml2.plugin.Ml2Plugin._retry_binding_revived_agents-1320405'] for agent (dba1436b-7282-4110-bab6-7f7c073fd19f), after_update _notify_loop /var/lib/kolla/venv/lib/python3.6/site-packages/neutron_lib/callbacks/manager.py:177
2026-01-12 01:53:19.893 23 DEBUG neutron_lib.callbacks.manager [req-8aab9f8a-b14b-4167-a3bd-9ba3fdbe2b24 - - - - -] Publish callbacks ['neutron.services.segments.db._update_segment_host_mapping_for_agent-8737314424435', 'neutron.plugins.ml2.plugin.Ml2Plugin._retry_binding_revived_agents-1320405'] for agent (32a740f6-e2e9-4dc6-9245-1f50613b83e4), after_update _notify_loop /var/lib/kolla/venv/lib/python3.6/site-packages/neutron_lib/callbacks/manager.py:177
2026-01-12 01:53:23.210 29 DEBUG neutron.db.agents_db [req-05d33b2c-3c46-41b2-ba5f-2dfbc366c56a - - - - -] Agent healthcheck: found 2 active agents agent_health_check /var/lib/kolla/venv/lib/python3.6/site-packages/neutron/db/agents_db.py:318
2026-01-12 01:53:30.277 22 DEBUG neutron.wsgi [-] (22) accepted ('10.0.0.249', 50436) server /var/lib/kolla/venv/lib/python3.6/site-packages/eventlet/wsgi.py:1004
2026-01-12 01:53:30.280 22 INFO neutron.wsgi [-] 10.0.0.249 "GET / HTTP/1.1" status: 200 len: 228 time: 0.0025585
2026-01-12 01:53:31.981 26 DEBUG neutron_lib.callbacks.manager [req-a9adafee-dffd-4b81-9279-f7ca1f4d1bbb - - - - -] Publish callbacks ['neutron.services.segments.db._update_segment_host_mapping_for_agent-8737314424435', 'neutron.plugins.ml2.plugin.Ml2Plugin._retry_binding_revived_agents-1320405'] for agent (dba1436b-7282-4110-bab6-7f7c073fd19f), after_update _notify_loop /var/lib/kolla/venv/lib/python3.6/site-packages/neutron_lib/callbacks/manager.py:177
2026-01-12 01:53:49.897 27 DEBUG neutron_lib.callbacks.manager [req-8aab9f8a-b14b-4167-a3bd-9ba3fdbe2b24 - - - - -] Publish callbacks ['neutron.services.segments.db._update_segment_host_mapping_for_agent-8737314424435', 'neutron.plugins.ml2.plugin.Ml2Plugin._retry_binding_revived_agents-1320405'] for agent (32a740f6-e2e9-4dc6-9245-1f50613b83e4), after_update _notify_loop /var/lib/kolla/venv/lib/python3.6/site-packages/neutron_lib/callbacks/manager.py:177
2026-01-12 01:54:00.217 29 DEBUG neutron.db.agents_db [req-05d33b2c-3c46-41b2-ba5f-2dfbc366c56a - - - - -] Agent healthcheck: found 2 active agents agent_health_check /var/lib/kolla/venv/lib/python3.6/site-packages/neutron/db/agents_db.py:318
2026-01-12 01:54:00.325 22 DEBUG neutron.wsgi [-] (22) accepted ('10.0.0.249', 59104) server /var/lib/kolla/venv/lib/python3.6/site-packages/eventlet/wsgi.py:1004
2026-01-12 01:54:00.329 22 INFO neutron.wsgi [-] 10.0.0.249 "GET / HTTP/1.1" status: 200 len: 228 time: 0.0029254
2026-01-12 01:54:01.986 28 DEBUG neutron_lib.callbacks.manager [req-4bb1e276-c10c-4034-83fd-f9293703630b - - - - -] Publish callbacks ['neutron.services.segments.db._update_segment_host_mapping_for_agent-8737314424435', 'neutron.plugins.ml2.plugin.Ml2Plugin._retry_binding_revived_agents-1320405'] for agent (dba1436b-7282-4110-bab6-7f7c073fd19f), after_update _notify_loop /var/lib/kolla/venv/lib/python3.6/site-packages/neutron_lib/callbacks/manager.py:177
2026-01-12 01:54:19.897 24 DEBUG neutron_lib.callbacks.manager [req-8aab9f8a-b14b-4167-a3bd-9ba3fdbe2b24 - - - - -] Publish callbacks ['neutron.services.segments.db._update_segment_host_mapping_for_agent-8737314424435', 'neutron.plugins.ml2.plugin.Ml2Plugin._retry_binding_revived_agents-1320405'] for agent (32a740f6-e2e9-4dc6-9245-1f50613b83e4), after_update _notify_loop /var/lib/kolla/venv/lib/python3.6/site-packages/neutron_lib/callbacks/manager.py:177
2026-01-12 01:54:30.369 22 DEBUG neutron.wsgi [-] (22) accepted ('10.0.0.249', 41336) server /var/lib/kolla/venv/lib/python3.6/site-packages/eventlet/wsgi.py:1004
2026-01-12 01:54:30.372 22 INFO neutron.wsgi [-] 10.0.0.249 "GET / HTTP/1.1" status: 200 len: 228 time: 0.0027504
2026-01-12 01:54:31.990 25 DEBUG neutron_lib.callbacks.manager [req-c91d73f2-94cc-45ff-80d1-d903016d82cd - - - - -] Publish callbacks ['neutron.services.segments.db._update_segment_host_mapping_for_agent-8737314424435', 'neutron.plugins.ml2.plugin.Ml2Plugin._retry_binding_revived_agents-1320405'] for agent (dba1436b-7282-4110-bab6-7f7c073fd19f), after_update _notify_loop /var/lib/kolla/venv/lib/python3.6/site-packages/neutron_lib/callbacks/manager.py:177
2026-01-12 01:54:37.223 29 DEBUG neutron.db.agents_db [req-05d33b2c-3c46-41b2-ba5f-2dfbc366c56a - - - - -] Agent healthcheck: found 2 active agents agent_health_check /var/lib/kolla/venv/lib/python3.6/site-packages/neutron/db/agents_db.py:318
2026-01-12 01:54:50.016 23 DEBUG neutron_lib.callbacks.manager [req-8aab9f8a-b14b-4167-a3bd-9ba3fdbe2b24 - - - - -] Publish callbacks ['neutron.services.segments.db._update_segment_host_mapping_for_agent-8737314424435', 'neutron.plugins.ml2.plugin.Ml2Plugin._retry_binding_revived_agents-1320405'] for agent (32a740f6-e2e9-4dc6-9245-1f50613b83e4), after_update _notify_loop /var/lib/kolla/venv/lib/python3.6/site-packages/neutron_lib/callbacks/manager.py:177
2026-01-12 01:55:00.416 22 DEBUG neutron.wsgi [-] (22) accepted ('10.0.0.249', 52500) server /var/lib/kolla/venv/lib/python3.6/site-packages/eventlet/wsgi.py:1004
2026-01-12 01:55:00.421 22 INFO neutron.wsgi [-] 10.0.0.249 "GET / HTTP/1.1" status: 200 len: 228 time: 0.0040481
2026-01-12 01:55:01.995 26 DEBUG neutron_lib.callbacks.manager [req-c9bbe52c-e297-47f4-a325-39481f2524d7 - - - - -] Publish callbacks ['neutron.services.segments.db._update_segment_host_mapping_for_agent-8737314424435', 'neutron.plugins.ml2.plugin.Ml2Plugin._retry_binding_revived_agents-1320405'] for agent (dba1436b-7282-4110-bab6-7f7c073fd19f), after_update _notify_loop /var/lib/kolla/venv/lib/python3.6/site-packages/neutron_lib/callbacks/manager.py:177
2026-01-12 01:55:14.229 29 DEBUG neutron.db.agents_db [req-05d33b2c-3c46-41b2-ba5f-2dfbc366c56a - - - - -] Agent healthcheck: found 2 active agents agent_health_check /var/lib/kolla/venv/lib/python3.6/site-packages/neutron/db/agents_db.py:318
2026-01-12 01:55:19.902 27 DEBUG neutron_lib.callbacks.manager [req-8aab9f8a-b14b-4167-a3bd-9ba3fdbe2b24 - - - - -] Publish callbacks ['neutron.services.segments.db._update_segment_host_mapping_for_agent-8737314424435', 'neutron.plugins.ml2.plugin.Ml2Plugin._retry_binding_revived_agents-1320405'] for agent (32a740f6-e2e9-4dc6-9245-1f50613b83e4), after_update _notify_loop /var/lib/kolla/venv/lib/python3.6/site-packages/neutron_lib/callbacks/manager.py:177
2026-01-12 01:55:30.460 22 DEBUG neutron.wsgi [-] (22) accepted ('10.0.0.249', 34736) server /var/lib/kolla/venv/lib/python3.6/site-packages/eventlet/wsgi.py:1004
2026-01-12 01:55:30.464 22 INFO neutron.wsgi [-] 10.0.0.249 "GET / HTTP/1.1" status: 200 len: 228 time: 0.0025723
2026-01-12 01:55:32.000 28 DEBUG neutron_lib.callbacks.manager [req-1691ca0a-69af-4025-926b-c4a56a3ebdd8 - - - - -] Publish callbacks ['neutron.services.segments.db._update_segment_host_mapping_for_agent-8737314424435', 'neutron.plugins.ml2.plugin.Ml2Plugin._retry_binding_revived_agents-1320405'] for agent (dba1436b-7282-4110-bab6-7f7c073fd19f), after_update _notify_loop /var/lib/kolla/venv/lib/python3.6/site-packages/neutron_lib/callbacks/manager.py:177
2026-01-12 01:55:49.904 24 DEBUG neutron_lib.callbacks.manager [req-8aab9f8a-b14b-4167-a3bd-9ba3fdbe2b24 - - - - -] Publish callbacks ['neutron.services.segments.db._update_segment_host_mapping_for_agent-8737314424435', 'neutron.plugins.ml2.plugin.Ml2Plugin._retry_binding_revived_agents-1320405'] for agent (32a740f6-e2e9-4dc6-9245-1f50613b83e4), after_update _notify_loop /var/lib/kolla/venv/lib/python3.6/site-packages/neutron_lib/callbacks/manager.py:177
2026-01-12 01:55:51.235 29 DEBUG neutron.db.agents_db [req-05d33b2c-3c46-41b2-ba5f-2dfbc366c56a - - - - -] Agent healthcheck: found 2 active agents agent_health_check /var/lib/kolla/venv/lib/python3.6/site-packages/neutron/db/agents_db.py:318
2026-01-12 01:56:00.507 22 DEBUG neutron.wsgi [-] (22) accepted ('10.0.0.249', 44884) server /var/lib/kolla/venv/lib/python3.6/site-packages/eventlet/wsgi.py:1004
2026-01-12 01:56:00.510 22 INFO neutron.wsgi [-] 10.0.0.249 "GET / HTTP/1.1" status: 200 len: 228 time: 0.0024247
2026-01-12 01:56:02.011 25 DEBUG neutron_lib.callbacks.manager [req-0663bc72-aa22-4619-a480-378ee8cef002 - - - - -] Publish callbacks ['neutron.services.segments.db._update_segment_host_mapping_for_agent-8737314424435', 'neutron.plugins.ml2.plugin.Ml2Plugin._retry_binding_revived_agents-1320405'] for agent (dba1436b-7282-4110-bab6-7f7c073fd19f), after_update _notify_loop /var/lib/kolla/venv/lib/python3.6/site-packages/neutron_lib/callbacks/manager.py:177
2026-01-12 01:56:19.903 23 DEBUG neutron_lib.callbacks.manager [req-8aab9f8a-b14b-4167-a3bd-9ba3fdbe2b24 - - - - -] Publish callbacks ['neutron.services.segments.db._update_segment_host_mapping_for_agent-8737314424435', 'neutron.plugins.ml2.plugin.Ml2Plugin._retry_binding_revived_agents-1320405'] for agent (32a740f6-e2e9-4dc6-9245-1f50613b83e4), after_update _notify_loop /var/lib/kolla/venv/lib/python3.6/site-packages/neutron_lib/callbacks/manager.py:177
2026-01-12 01:56:28.240 29 DEBUG neutron.db.agents_db [req-05d33b2c-3c46-41b2-ba5f-2dfbc366c56a - - - - -] Agent healthcheck: found 2 active agents agent_health_check /var/lib/kolla/venv/lib/python3.6/site-packages/neutron/db/agents_db.py:318
2026-01-12 01:56:30.577 22 DEBUG neutron.wsgi [-] (22) accepted ('10.0.0.249', 56246) server /var/lib/kolla/venv/lib/python3.6/site-packages/eventlet/wsgi.py:1004
2026-01-12 01:56:30.581 22 INFO neutron.wsgi [-] 10.0.0.249 "GET / HTTP/1.1" status: 200 len: 228 time: 0.0026615
2026-01-12 01:56:32.047 26 DEBUG neutron_lib.callbacks.manager [req-8ad97c7e-6e22-45ed-9eba-2e206073d94e - - - - -] Publish callbacks ['neutron.services.segments.db._update_segment_host_mapping_for_agent-8737314424435', 'neutron.plugins.ml2.plugin.Ml2Plugin._retry_binding_revived_agents-1320405'] for agent (dba1436b-7282-4110-bab6-7f7c073fd19f), after_update _notify_loop /var/lib/kolla/venv/lib/python3.6/site-packages/neutron_lib/callbacks/manager.py:177
2026-01-12 01:56:49.904 27 DEBUG neutron_lib.callbacks.manager [req-8aab9f8a-b14b-4167-a3bd-9ba3fdbe2b24 - - - - -] Publish callbacks ['neutron.services.segments.db._update_segment_host_mapping_for_agent-8737314424435', 'neutron.plugins.ml2.plugin.Ml2Plugin._retry_binding_revived_agents-1320405'] for agent (32a740f6-e2e9-4dc6-9245-1f50613b83e4), after_update _notify_loop /var/lib/kolla/venv/lib/python3.6/site-packages/neutron_lib/callbacks/manager.py:177
2026-01-12 01:57:00.633 22 DEBUG neutron.wsgi [-] (22) accepted ('10.0.0.249', 44180) server /var/lib/kolla/venv/lib/python3.6/site-packages/eventlet/wsgi.py:1004
2026-01-12 01:57:00.637 22 INFO neutron.wsgi [-] 10.0.0.249 "GET / HTTP/1.1" status: 200 len: 228 time: 0.0027914
2026-01-12 01:57:02.005 28 DEBUG neutron_lib.callbacks.manager [req-f3072781-b21b-4d3f-9340-f18e79930783 - - - - -] Publish callbacks ['neutron.services.segments.db._update_segment_host_mapping_for_agent-8737314424435', 'neutron.plugins.ml2.plugin.Ml2Plugin._retry_binding_revived_agents-1320405'] for agent (dba1436b-7282-4110-bab6-7f7c073fd19f), after_update _notify_loop /var/lib/kolla/venv/lib/python3.6/site-packages/neutron_lib/callbacks/manager.py:177
2026-01-12 01:57:05.247 29 DEBUG neutron.db.agents_db [req-05d33b2c-3c46-41b2-ba5f-2dfbc366c56a - - - - -] Agent healthcheck: found 2 active agents agent_health_check /var/lib/kolla/venv/lib/python3.6/site-packages/neutron/db/agents_db.py:318
2026-01-12 01:57:19.907 24 DEBUG neutron_lib.callbacks.manager [req-8aab9f8a-b14b-4167-a3bd-9ba3fdbe2b24 - - - - -] Publish callbacks ['neutron.services.segments.db._update_segment_host_mapping_for_agent-8737314424435', 'neutron.plugins.ml2.plugin.Ml2Plugin._retry_binding_revived_agents-1320405'] for agent (32a740f6-e2e9-4dc6-9245-1f50613b83e4), after_update _notify_loop /var/lib/kolla/venv/lib/python3.6/site-packages/neutron_lib/callbacks/manager.py:177
2026-01-12 01:57:30.681 22 DEBUG neutron.wsgi [-] (22) accepted ('10.0.0.249', 51574) server /var/lib/kolla/venv/lib/python3.6/site-packages/eventlet/wsgi.py:1004
2026-01-12 01:57:30.684 22 INFO neutron.wsgi [-] 10.0.0.249 "GET / HTTP/1.1" status: 200 len: 228 time: 0.0029163
2026-01-12 01:57:32.002 25 DEBUG neutron_lib.callbacks.manager [req-8f6716e6-21ae-4e07-89d6-41f5516343e4 - - - - -] Publish callbacks ['neutron.services.segments.db._update_segment_host_mapping_for_agent-8737314424435', 'neutron.plugins.ml2.plugin.Ml2Plugin._retry_binding_revived_agents-1320405'] for agent (dba1436b-7282-4110-bab6-7f7c073fd19f), after_update _notify_loop /var/lib/kolla/venv/lib/python3.6/site-packages/neutron_lib/callbacks/manager.py:177
2026-01-12 01:57:42.254 29 DEBUG neutron.db.agents_db [req-05d33b2c-3c46-41b2-ba5f-2dfbc366c56a - - - - -] Agent healthcheck: found 2 active agents agent_health_check /var/lib/kolla/venv/lib/python3.6/site-packages/neutron/db/agents_db.py:318
2026-01-12 01:57:49.913 23 DEBUG neutron_lib.callbacks.manager [req-8aab9f8a-b14b-4167-a3bd-9ba3fdbe2b24 - - - - -] Publish callbacks ['neutron.services.segments.db._update_segment_host_mapping_for_agent-8737314424435', 'neutron.plugins.ml2.plugin.Ml2Plugin._retry_binding_revived_agents-1320405'] for agent (32a740f6-e2e9-4dc6-9245-1f50613b83e4), after_update _notify_loop /var/lib/kolla/venv/lib/python3.6/site-packages/neutron_lib/callbacks/manager.py:177
2026-01-12 01:58:00.726 22 DEBUG neutron.wsgi [-] (22) accepted ('10.0.0.249', 36408) server /var/lib/kolla/venv/lib/python3.6/site-packages/eventlet/wsgi.py:1004
2026-01-12 01:58:00.729 22 INFO neutron.wsgi [-] 10.0.0.249 "GET / HTTP/1.1" status: 200 len: 228 time: 0.0022945
2026-01-12 01:58:02.000 26 DEBUG neutron_lib.callbacks.manager [req-445aaa36-273c-44cf-9be9-e261a6432d8c - - - - -] Publish callbacks ['neutron.services.segments.db._update_segment_host_mapping_for_agent-8737314424435', 'neutron.plugins.ml2.plugin.Ml2Plugin._retry_binding_revived_agents-1320405'] for agent (dba1436b-7282-4110-bab6-7f7c073fd19f), after_update _notify_loop /var/lib/kolla/venv/lib/python3.6/site-packages/neutron_lib/callbacks/manager.py:177
2026-01-12 01:58:19.260 29 DEBUG neutron.db.agents_db [req-05d33b2c-3c46-41b2-ba5f-2dfbc366c56a - - - - -] Agent healthcheck: found 2 active agents agent_health_check /var/lib/kolla/venv/lib/python3.6/site-packages/neutron/db/agents_db.py:318
2026-01-12 01:58:19.912 27 DEBUG neutron_lib.callbacks.manager [req-8aab9f8a-b14b-4167-a3bd-9ba3fdbe2b24 - - - - -] Publish callbacks ['neutron.services.segments.db._update_segment_host_mapping_for_agent-8737314424435', 'neutron.plugins.ml2.plugin.Ml2Plugin._retry_binding_revived_agents-1320405'] for agent (32a740f6-e2e9-4dc6-9245-1f50613b83e4), after_update _notify_loop /var/lib/kolla/venv/lib/python3.6/site-packages/neutron_lib/callbacks/manager.py:177
2026-01-12 01:58:30.777 22 DEBUG neutron.wsgi [-] (22) accepted ('10.0.0.249', 40554) server /var/lib/kolla/venv/lib/python3.6/site-packages/eventlet/wsgi.py:1004
2026-01-12 01:58:30.781 22 INFO neutron.wsgi [-] 10.0.0.249 "GET / HTTP/1.1" status: 200 len: 228 time: 0.0025051
2026-01-12 01:58:31.996 28 DEBUG neutron_lib.callbacks.manager [req-1e996746-c50d-4c6c-adde-6f07944a71f3 - - - - -] Publish callbacks ['neutron.services.segments.db._update_segment_host_mapping_for_agent-8737314424435', 'neutron.plugins.ml2.plugin.Ml2Plugin._retry_binding_revived_agents-1320405'] for agent (dba1436b-7282-4110-bab6-7f7c073fd19f), after_update _notify_loop /var/lib/kolla/venv/lib/python3.6/site-packages/neutron_lib/callbacks/manager.py:177
2026-01-12 01:58:41.432 7 INFO oslo_service.service [-] Caught SIGTERM, stopping children
2026-01-12 01:58:41.432 7 DEBUG oslo_concurrency.lockutils [-] Acquired lock "singleton_lock" lock /var/lib/kolla/venv/lib/python3.6/site-packages/oslo_concurrency/lockutils.py:294
2026-01-12 01:58:41.433 7 DEBUG oslo_concurrency.lockutils [-] Releasing lock "singleton_lock" lock /var/lib/kolla/venv/lib/python3.6/site-packages/oslo_concurrency/lockutils.py:312
2026-01-12 01:58:41.433 7 DEBUG oslo_service.service [-] Stop services. stop /var/lib/kolla/venv/lib/python3.6/site-packages/oslo_service/service.py:695
2026-01-12 01:58:41.433 7 DEBUG neutron.service [-] calling RpcWorker stop() stop /var/lib/kolla/venv/lib/python3.6/site-packages/neutron/service.py:138
2026-01-12 01:58:41.433 7 DEBUG neutron.service [-] calling RpcWorker stop() stop /var/lib/kolla/venv/lib/python3.6/site-packages/neutron/service.py:138
2026-01-12 01:58:41.433 7 DEBUG oslo_service.service [-] Killing children. stop /var/lib/kolla/venv/lib/python3.6/site-packages/oslo_service/service.py:700
2026-01-12 01:58:41.433 7 INFO oslo_service.service [-] Waiting on 8 children to exit
2026-01-12 01:58:41.434 22 INFO neutron.wsgi [-] (22) wsgi exited, is_accepting=True
2026-01-12 01:58:41.434 29 DEBUG neutron.service [-] calling RpcWorker stop() stop /var/lib/kolla/venv/lib/python3.6/site-packages/neutron/service.py:138
2026-01-12 01:58:41.434 23 DEBUG neutron.service [-] calling RpcWorker stop() stop /var/lib/kolla/venv/lib/python3.6/site-packages/neutron/service.py:138
2026-01-12 01:58:41.434 24 DEBUG neutron.service [-] calling RpcWorker stop() stop /var/lib/kolla/venv/lib/python3.6/site-packages/neutron/service.py:138
2026-01-12 01:58:41.434 22 DEBUG oslo_concurrency.lockutils [req-fcacbdf3-9f5e-4224-be5c-9cdc28b015fc - - - - -] Acquired lock "singleton_lock" lock /var/lib/kolla/venv/lib/python3.6/site-packages/oslo_concurrency/lockutils.py:294
2026-01-12 01:58:41.434 23 DEBUG neutron.service [-] calling stop on stop /var/lib/kolla/venv/lib/python3.6/site-packages/neutron/service.py:141
2026-01-12 01:58:41.435 22 DEBUG oslo_concurrency.lockutils [req-fcacbdf3-9f5e-4224-be5c-9cdc28b015fc - - - - -] Releasing lock "singleton_lock" lock /var/lib/kolla/venv/lib/python3.6/site-packages/oslo_concurrency/lockutils.py:312
2026-01-12 01:58:41.434 29 DEBUG neutron.service [-] calling stop on stop /var/lib/kolla/venv/lib/python3.6/site-packages/neutron/service.py:141
2026-01-12 01:58:41.436 27 DEBUG neutron.service [-] calling RpcWorker stop() stop /var/lib/kolla/venv/lib/python3.6/site-packages/neutron/service.py:138
2026-01-12 01:58:41.434 24 DEBUG neutron.service [-] calling stop on stop /var/lib/kolla/venv/lib/python3.6/site-packages/neutron/service.py:141
2026-01-12 01:58:41.436 27 DEBUG neutron.service [-] calling stop on stop /var/lib/kolla/venv/lib/python3.6/site-packages/neutron/service.py:141
2026-01-12 01:58:41.439 7 INFO oslo_service.service [-] Child 22 exited with status 0
2026-01-12 01:58:41.439 28 DEBUG neutron.service [-] calling RpcWorker stop() stop /var/lib/kolla/venv/lib/python3.6/site-packages/neutron/service.py:138
2026-01-12 01:58:41.439 28 DEBUG neutron.service [-] calling stop on stop /var/lib/kolla/venv/lib/python3.6/site-packages/neutron/service.py:141
2026-01-12 01:58:41.444 26 DEBUG neutron.service [-] calling RpcWorker stop() stop /var/lib/kolla/venv/lib/python3.6/site-packages/neutron/service.py:138
2026-01-12 01:58:41.444 25 DEBUG neutron.service [-] calling RpcWorker stop() stop /var/lib/kolla/venv/lib/python3.6/site-packages/neutron/service.py:138
2026-01-12 01:58:41.445 25 DEBUG neutron.service [-] calling stop on stop /var/lib/kolla/venv/lib/python3.6/site-packages/neutron/service.py:141
2026-01-12 01:58:41.444 26 DEBUG neutron.service [-] calling stop on stop /var/lib/kolla/venv/lib/python3.6/site-packages/neutron/service.py:141
2026-01-12 01:58:43.109 27 DEBUG oslo_concurrency.lockutils [req-fcacbdf3-9f5e-4224-be5c-9cdc28b015fc - - - - -] Acquired lock "singleton_lock" lock /var/lib/kolla/venv/lib/python3.6/site-packages/oslo_concurrency/lockutils.py:294
2026-01-12 01:58:43.109 27 DEBUG oslo_concurrency.lockutils [req-fcacbdf3-9f5e-4224-be5c-9cdc28b015fc - - - - -] Releasing lock "singleton_lock" lock /var/lib/kolla/venv/lib/python3.6/site-packages/oslo_concurrency/lockutils.py:312
2026-01-12 01:58:43.110 27 DEBUG neutron.service [req-fcacbdf3-9f5e-4224-be5c-9cdc28b015fc - - - - -] calling RpcWorker wait() _wait /var/lib/kolla/venv/lib/python3.6/site-packages/neutron/service.py:128
2026-01-12 01:58:43.110 27 DEBUG neutron.service [req-fcacbdf3-9f5e-4224-be5c-9cdc28b015fc - - - - -] calling wait on _wait /var/lib/kolla/venv/lib/python3.6/site-packages/neutron/service.py:131
2026-01-12 01:58:43.120 27 WARNING amqp [req-fcacbdf3-9f5e-4224-be5c-9cdc28b015fc - - - - -] Received method (60, 30) during closing channel 1. This method will be ignored
2026-01-12 01:58:43.120 27 DEBUG neutron.service [req-fcacbdf3-9f5e-4224-be5c-9cdc28b015fc - - - - -] returning from RpcWorker wait() _wait /var/lib/kolla/venv/lib/python3.6/site-packages/neutron/service.py:135
2026-01-12 01:58:43.127 7 INFO oslo_service.service [-] Child 27 exited with status 0
2026-01-12 01:58:43.183 23 DEBUG neutron.service [-] calling stop on stop /var/lib/kolla/venv/lib/python3.6/site-packages/neutron/service.py:141
2026-01-12 01:58:43.190 25 DEBUG neutron.service [-] calling stop on stop /var/lib/kolla/venv/lib/python3.6/site-packages/neutron/service.py:141
2026-01-12 01:58:43.197 24 DEBUG neutron.service [-] calling stop on stop /var/lib/kolla/venv/lib/python3.6/site-packages/neutron/service.py:141
2026-01-12 01:58:43.211 25 DEBUG neutron.service [-] calling stop on stop /var/lib/kolla/venv/lib/python3.6/site-packages/neutron/service.py:141
2026-01-12 01:58:43.220 24 DEBUG neutron.service [-] calling stop on stop /var/lib/kolla/venv/lib/python3.6/site-packages/neutron/service.py:141
2026-01-12 01:58:43.221 29 DEBUG oslo_concurrency.lockutils [req-fcacbdf3-9f5e-4224-be5c-9cdc28b015fc - - - - -] Acquired lock "singleton_lock" lock /var/lib/kolla/venv/lib/python3.6/site-packages/oslo_concurrency/lockutils.py:294
2026-01-12 01:58:43.221 29 DEBUG oslo_concurrency.lockutils [req-fcacbdf3-9f5e-4224-be5c-9cdc28b015fc - - - - -] Releasing lock "singleton_lock" lock /var/lib/kolla/venv/lib/python3.6/site-packages/oslo_concurrency/lockutils.py:312
2026-01-12 01:58:43.221 29 DEBUG neutron.service [req-fcacbdf3-9f5e-4224-be5c-9cdc28b015fc - - - - -] calling RpcWorker wait() _wait /var/lib/kolla/venv/lib/python3.6/site-packages/neutron/service.py:128
2026-01-12 01:58:43.221 29 DEBUG neutron.service [req-fcacbdf3-9f5e-4224-be5c-9cdc28b015fc - - - - -] calling wait on _wait /var/lib/kolla/venv/lib/python3.6/site-packages/neutron/service.py:131
2026-01-12 01:58:43.222 23 DEBUG neutron.service [-] calling stop on stop /var/lib/kolla/venv/lib/python3.6/site-packages/neutron/service.py:141
2026-01-12 01:58:43.227 29 WARNING amqp [req-fcacbdf3-9f5e-4224-be5c-9cdc28b015fc - - - - -] Received method (60, 30) during closing channel 1. This method will be ignored
2026-01-12 01:58:43.228 29 DEBUG neutron.service [req-fcacbdf3-9f5e-4224-be5c-9cdc28b015fc - - - - -] returning from RpcWorker wait() _wait /var/lib/kolla/venv/lib/python3.6/site-packages/neutron/service.py:135
2026-01-12 01:58:43.231 23 DEBUG neutron.service [-] calling stop on stop /var/lib/kolla/venv/lib/python3.6/site-packages/neutron/service.py:141
2026-01-12 01:58:43.232 24 DEBUG neutron.service [-] calling stop on stop /var/lib/kolla/venv/lib/python3.6/site-packages/neutron/service.py:141
2026-01-12 01:58:43.232 7 INFO oslo_service.service [-] Child 29 exited with status 0
2026-01-12 01:58:43.233 25 DEBUG neutron.service [-] calling stop on stop /var/lib/kolla/venv/lib/python3.6/site-packages/neutron/service.py:141
2026-01-12 01:58:43.263 23 DEBUG oslo_concurrency.lockutils [req-fcacbdf3-9f5e-4224-be5c-9cdc28b015fc - - - - -] Acquired lock "singleton_lock" lock /var/lib/kolla/venv/lib/python3.6/site-packages/oslo_concurrency/lockutils.py:294
2026-01-12 01:58:43.263 23 DEBUG oslo_concurrency.lockutils [req-fcacbdf3-9f5e-4224-be5c-9cdc28b015fc - - - - -] Releasing lock "singleton_lock" lock /var/lib/kolla/venv/lib/python3.6/site-packages/oslo_concurrency/lockutils.py:312
2026-01-12 01:58:43.263 25 DEBUG oslo_concurrency.lockutils [req-fcacbdf3-9f5e-4224-be5c-9cdc28b015fc - - - - -] Acquired lock "singleton_lock" lock /var/lib/kolla/venv/lib/python3.6/site-packages/oslo_concurrency/lockutils.py:294
2026-01-12 01:58:43.263 23 DEBUG neutron.service [req-fcacbdf3-9f5e-4224-be5c-9cdc28b015fc - - - - -] calling RpcWorker wait() _wait /var/lib/kolla/venv/lib/python3.6/site-packages/neutron/service.py:128
2026-01-12 01:58:43.263 23 DEBUG neutron.service [req-fcacbdf3-9f5e-4224-be5c-9cdc28b015fc - - - - -] calling wait on _wait /var/lib/kolla/venv/lib/python3.6/site-packages/neutron/service.py:131
2026-01-12 01:58:43.263 25 DEBUG oslo_concurrency.lockutils [req-fcacbdf3-9f5e-4224-be5c-9cdc28b015fc - - - - -] Releasing lock "singleton_lock" lock /var/lib/kolla/venv/lib/python3.6/site-packages/oslo_concurrency/lockutils.py:312
2026-01-12 01:58:43.263 24 DEBUG oslo_concurrency.lockutils [req-fcacbdf3-9f5e-4224-be5c-9cdc28b015fc - - - - -] Acquired lock "singleton_lock" lock /var/lib/kolla/venv/lib/python3.6/site-packages/oslo_concurrency/lockutils.py:294
2026-01-12 01:58:43.263 25 DEBUG neutron.service [req-fcacbdf3-9f5e-4224-be5c-9cdc28b015fc - - - - -] calling RpcWorker wait() _wait /var/lib/kolla/venv/lib/python3.6/site-packages/neutron/service.py:128
2026-01-12 01:58:43.263 24 DEBUG oslo_concurrency.lockutils [req-fcacbdf3-9f5e-4224-be5c-9cdc28b015fc - - - - -] Releasing lock "singleton_lock" lock /var/lib/kolla/venv/lib/python3.6/site-packages/oslo_concurrency/lockutils.py:312
2026-01-12 01:58:43.264 25 DEBUG neutron.service [req-fcacbdf3-9f5e-4224-be5c-9cdc28b015fc - - - - -] calling wait on _wait /var/lib/kolla/venv/lib/python3.6/site-packages/neutron/service.py:131
2026-01-12 01:58:43.264 24 DEBUG neutron.service [req-fcacbdf3-9f5e-4224-be5c-9cdc28b015fc - - - - -] calling RpcWorker wait() _wait /var/lib/kolla/venv/lib/python3.6/site-packages/neutron/service.py:128
2026-01-12 01:58:43.264 24 DEBUG neutron.service [req-fcacbdf3-9f5e-4224-be5c-9cdc28b015fc - - - - -] calling wait on _wait /var/lib/kolla/venv/lib/python3.6/site-packages/neutron/service.py:131
2026-01-12 01:58:43.269 23 WARNING amqp [req-fcacbdf3-9f5e-4224-be5c-9cdc28b015fc - - - - -] Received method (60, 30) during closing channel 1. This method will be ignored
2026-01-12 01:58:43.270 23 DEBUG neutron.service [req-fcacbdf3-9f5e-4224-be5c-9cdc28b015fc - - - - -] calling wait on _wait /var/lib/kolla/venv/lib/python3.6/site-packages/neutron/service.py:131
2026-01-12 01:58:43.272 24 WARNING amqp [req-fcacbdf3-9f5e-4224-be5c-9cdc28b015fc - - - - -] Received method (60, 30) during closing channel 1. This method will be ignored
2026-01-12 01:58:43.272 24 DEBUG neutron.service [req-fcacbdf3-9f5e-4224-be5c-9cdc28b015fc - - - - -] calling wait on _wait /var/lib/kolla/venv/lib/python3.6/site-packages/neutron/service.py:131
2026-01-12 01:58:43.275 23 WARNING amqp [req-fcacbdf3-9f5e-4224-be5c-9cdc28b015fc - - - - -] Received method (60, 30) during closing channel 1. This method will be ignored
2026-01-12 01:58:43.275 23 DEBUG neutron.service [req-fcacbdf3-9f5e-4224-be5c-9cdc28b015fc - - - - -] calling wait on _wait /var/lib/kolla/venv/lib/python3.6/site-packages/neutron/service.py:131
2026-01-12 01:58:43.277 24 WARNING amqp [req-fcacbdf3-9f5e-4224-be5c-9cdc28b015fc - - - - -] Received method (60, 30) during closing channel 1. This method will be ignored
2026-01-12 01:58:43.277 25 WARNING amqp [req-fcacbdf3-9f5e-4224-be5c-9cdc28b015fc - - - - -] Received method (60, 30) during closing channel 1. This method will be ignored
2026-01-12 01:58:43.277 24 DEBUG neutron.service [req-fcacbdf3-9f5e-4224-be5c-9cdc28b015fc - - - - -] calling wait on _wait /var/lib/kolla/venv/lib/python3.6/site-packages/neutron/service.py:131
2026-01-12 01:58:43.278 25 DEBUG neutron.service [req-fcacbdf3-9f5e-4224-be5c-9cdc28b015fc - - - - -] calling wait on _wait /var/lib/kolla/venv/lib/python3.6/site-packages/neutron/service.py:131
2026-01-12 01:58:43.281 23 WARNING amqp [req-fcacbdf3-9f5e-4224-be5c-9cdc28b015fc - - - - -] Received method (60, 30) during closing channel 1. This method will be ignored
2026-01-12 01:58:43.282 23 DEBUG neutron.service [req-fcacbdf3-9f5e-4224-be5c-9cdc28b015fc - - - - -] calling wait on _wait /var/lib/kolla/venv/lib/python3.6/site-packages/neutron/service.py:131
2026-01-12 01:58:43.283 24 WARNING amqp [req-fcacbdf3-9f5e-4224-be5c-9cdc28b015fc - - - - -] Received method (60, 30) during closing channel 1. This method will be ignored
2026-01-12 01:58:43.283 24 DEBUG neutron.service [req-fcacbdf3-9f5e-4224-be5c-9cdc28b015fc - - - - -] calling wait on _wait /var/lib/kolla/venv/lib/python3.6/site-packages/neutron/service.py:131
2026-01-12 01:58:43.286 23 WARNING amqp [req-fcacbdf3-9f5e-4224-be5c-9cdc28b015fc - - - - -] Received method (60, 30) during closing channel 1. This method will be ignored
2026-01-12 01:58:43.287 23 DEBUG neutron.service [req-fcacbdf3-9f5e-4224-be5c-9cdc28b015fc - - - - -] returning from RpcWorker wait() _wait /var/lib/kolla/venv/lib/python3.6/site-packages/neutron/service.py:135
2026-01-12 01:58:43.288 24 WARNING amqp [req-fcacbdf3-9f5e-4224-be5c-9cdc28b015fc - - - - -] Received method (60, 30) during closing channel 1. This method will be ignored
2026-01-12 01:58:43.289 24 DEBUG neutron.service [req-fcacbdf3-9f5e-4224-be5c-9cdc28b015fc - - - - -] returning from RpcWorker wait() _wait /var/lib/kolla/venv/lib/python3.6/site-packages/neutron/service.py:135
2026-01-12 01:58:43.292 25 WARNING amqp [req-fcacbdf3-9f5e-4224-be5c-9cdc28b015fc - - - - -] Received method (60, 30) during closing channel 1. This method will be ignored
2026-01-12 01:58:43.292 7 INFO oslo_service.service [-] Child 23 exited with status 0
2026-01-12 01:58:43.293 25 DEBUG neutron.service [req-fcacbdf3-9f5e-4224-be5c-9cdc28b015fc - - - - -] calling wait on _wait /var/lib/kolla/venv/lib/python3.6/site-packages/neutron/service.py:131
2026-01-12 01:58:43.294 7 INFO oslo_service.service [-] Child 24 exited with status 0
2026-01-12 01:58:43.297 25 WARNING amqp [req-fcacbdf3-9f5e-4224-be5c-9cdc28b015fc - - - - -] Received method (60, 30) during closing channel 1. This method will be ignored
2026-01-12 01:58:43.297 25 DEBUG neutron.service [req-fcacbdf3-9f5e-4224-be5c-9cdc28b015fc - - - - -] calling wait on _wait /var/lib/kolla/venv/lib/python3.6/site-packages/neutron/service.py:131
2026-01-12 01:58:43.302 25 WARNING amqp [req-fcacbdf3-9f5e-4224-be5c-9cdc28b015fc - - - - -] Received method (60, 30) during closing channel 1. This method will be ignored
2026-01-12 01:58:43.303 25 DEBUG neutron.service [req-fcacbdf3-9f5e-4224-be5c-9cdc28b015fc - - - - -] returning from RpcWorker wait() _wait /var/lib/kolla/venv/lib/python3.6/site-packages/neutron/service.py:135
2026-01-12 01:58:43.307 7 INFO oslo_service.service [-] Child 25 exited with status 0
2026-01-12 01:58:45.191 28 DEBUG oslo_concurrency.lockutils [req-fcacbdf3-9f5e-4224-be5c-9cdc28b015fc - - - - -] Acquired lock "singleton_lock" lock /var/lib/kolla/venv/lib/python3.6/site-packages/oslo_concurrency/lockutils.py:294
2026-01-12 01:58:45.191 28 DEBUG oslo_concurrency.lockutils [req-fcacbdf3-9f5e-4224-be5c-9cdc28b015fc - - - - -] Releasing lock "singleton_lock" lock /var/lib/kolla/venv/lib/python3.6/site-packages/oslo_concurrency/lockutils.py:312
2026-01-12 01:58:45.191 28 DEBUG neutron.service [req-fcacbdf3-9f5e-4224-be5c-9cdc28b015fc - - - - -] calling RpcWorker wait() _wait /var/lib/kolla/venv/lib/python3.6/site-packages/neutron/service.py:128
2026-01-12 01:58:45.191 28 DEBUG neutron.service [req-fcacbdf3-9f5e-4224-be5c-9cdc28b015fc - - - - -] calling wait on _wait /var/lib/kolla/venv/lib/python3.6/site-packages/neutron/service.py:131
2026-01-12 01:58:45.197 28 WARNING amqp [req-fcacbdf3-9f5e-4224-be5c-9cdc28b015fc - - - - -] Received method (60, 30) during closing channel 1. This method will be ignored
2026-01-12 01:58:45.198 28 DEBUG neutron.service [req-fcacbdf3-9f5e-4224-be5c-9cdc28b015fc - - - - -] returning from RpcWorker wait() _wait /var/lib/kolla/venv/lib/python3.6/site-packages/neutron/service.py:135
2026-01-12 01:58:45.200 26 DEBUG oslo_concurrency.lockutils [req-fcacbdf3-9f5e-4224-be5c-9cdc28b015fc - - - - -] Acquired lock "singleton_lock" lock /var/lib/kolla/venv/lib/python3.6/site-packages/oslo_concurrency/lockutils.py:294
2026-01-12 01:58:45.200 26 DEBUG oslo_concurrency.lockutils [req-fcacbdf3-9f5e-4224-be5c-9cdc28b015fc - - - - -] Releasing lock "singleton_lock" lock /var/lib/kolla/venv/lib/python3.6/site-packages/oslo_concurrency/lockutils.py:312
2026-01-12 01:58:45.200 26 DEBUG neutron.service [req-fcacbdf3-9f5e-4224-be5c-9cdc28b015fc - - - - -] calling RpcWorker wait() _wait /var/lib/kolla/venv/lib/python3.6/site-packages/neutron/service.py:128
2026-01-12 01:58:45.200 26 DEBUG neutron.service [req-fcacbdf3-9f5e-4224-be5c-9cdc28b015fc - - - - -] calling wait on _wait /var/lib/kolla/venv/lib/python3.6/site-packages/neutron/service.py:131
2026-01-12 01:58:45.202 7 INFO oslo_service.service [-] Child 28 exited with status 0
2026-01-12 01:58:45.206 26 WARNING amqp [req-fcacbdf3-9f5e-4224-be5c-9cdc28b015fc - - - - -] Received method (60, 30) during closing channel 1. This method will be ignored
2026-01-12 01:58:45.207 26 DEBUG neutron.service [req-fcacbdf3-9f5e-4224-be5c-9cdc28b015fc - - - - -] returning from RpcWorker wait() _wait /var/lib/kolla/venv/lib/python3.6/site-packages/neutron/service.py:135
2026-01-12 01:58:45.211 7 INFO oslo_service.service [-] Child 26 exited with status 0
2026-01-12 01:58:45.211 7 INFO oslo_service.service [-] Wait called after thread killed. Cleaning up.
2026-01-12 01:58:45.211 7 DEBUG oslo_service.service [-] Stop services. stop /var/lib/kolla/venv/lib/python3.6/site-packages/oslo_service/service.py:695
2026-01-12 01:58:45.211 7 DEBUG oslo_service.service [-] Killing children. stop /var/lib/kolla/venv/lib/python3.6/site-packages/oslo_service/service.py:700
2026-01-12 01:58:49.046 7 INFO neutron.common.config [-] Logging enabled!
2026-01-12 01:58:49.046 7 INFO neutron.common.config [-] /var/lib/kolla/venv/bin/neutron-server version 20.5.1.dev23
2026-01-12 01:58:49.046 7 DEBUG neutron.common.config [-] command line: /var/lib/kolla/venv/bin/neutron-server --config-file /etc/neutron/neutron.conf --config-file /etc/neutron/ContrailPlugin.ini --config-file /etc/neutron/api-paste.ini setup_logging /var/lib/kolla/venv/lib/python3.6/site-packages/neutron/common/config.py:115
2026-01-12 01:58:49.050 7 INFO neutron.common.config [-] Logging enabled!
2026-01-12 01:58:49.050 7 INFO neutron.common.config [-] /var/lib/kolla/venv/bin/neutron-server version 20.5.1.dev23
2026-01-12 01:58:49.050 7 DEBUG neutron.common.config [-] command line: /var/lib/kolla/venv/bin/neutron-server --config-file /etc/neutron/neutron.conf --config-file /etc/neutron/ContrailPlugin.ini --config-file /etc/neutron/api-paste.ini setup_logging /var/lib/kolla/venv/lib/python3.6/site-packages/neutron/common/config.py:115
2026-01-12 01:58:49.051 7 DEBUG neutron.common.config [-] ******************************************************************************** log_opt_values /var/lib/kolla/venv/lib/python3.6/site-packages/oslo_config/cfg.py:2589
2026-01-12 01:58:49.051 7 DEBUG neutron.common.config [-] Configuration options gathered from: log_opt_values /var/lib/kolla/venv/lib/python3.6/site-packages/oslo_config/cfg.py:2590
2026-01-12 01:58:49.051 7 DEBUG neutron.common.config [-] command line args: ['--config-file', '/etc/neutron/neutron.conf', '--config-file', '/etc/neutron/ContrailPlugin.ini', '--config-file', '/etc/neutron/api-paste.ini'] log_opt_values /var/lib/kolla/venv/lib/python3.6/site-packages/oslo_config/cfg.py:2591
2026-01-12 01:58:49.052 7 DEBUG neutron.common.config [-] config files: ['/etc/neutron/neutron.conf', '/etc/neutron/ContrailPlugin.ini', '/etc/neutron/api-paste.ini'] log_opt_values /var/lib/kolla/venv/lib/python3.6/site-packages/oslo_config/cfg.py:2593
2026-01-12 01:58:49.052 7 DEBUG neutron.common.config [-] ================================================================================ log_opt_values /var/lib/kolla/venv/lib/python3.6/site-packages/oslo_config/cfg.py:2594
2026-01-12 01:58:49.052 7 DEBUG neutron.common.config [-] allow_bulk = True log_opt_values /var/lib/kolla/venv/lib/python3.6/site-packages/oslo_config/cfg.py:2603
2026-01-12 01:58:49.052 7 WARNING oslo_config.cfg [-] Deprecated: Option "allow_overlapping_ips" from group "DEFAULT" is deprecated for removal. Its value may be silently ignored in the future.
2026-01-12 01:58:49.053 7 DEBUG neutron.common.config [-] allow_overlapping_ips = True log_opt_values /var/lib/kolla/venv/lib/python3.6/site-packages/oslo_config/cfg.py:2603
2026-01-12 01:58:49.054 7 DEBUG neutron.common.config [-] api_extensions_path = /opt/plugin/site-packages/neutron_plugin_contrail/extensions:/opt/plugin/site-packages/neutron_lbaas/extensions log_opt_values /var/lib/kolla/venv/lib/python3.6/site-packages/oslo_config/cfg.py:2603
2026-01-12 01:58:49.054 7 DEBUG neutron.common.config [-] api_paste_config = /etc/neutron/api-paste.ini log_opt_values /var/lib/kolla/venv/lib/python3.6/site-packages/oslo_config/cfg.py:2603
2026-01-12 01:58:49.054 7 DEBUG neutron.common.config [-] api_workers = 1 log_opt_values /var/lib/kolla/venv/lib/python3.6/site-packages/oslo_config/cfg.py:2603
2026-01-12 01:58:49.054 7 DEBUG neutron.common.config [-] auth_strategy = keystone log_opt_values /var/lib/kolla/venv/lib/python3.6/site-packages/oslo_config/cfg.py:2603
2026-01-12 01:58:49.054 7 DEBUG neutron.common.config [-] backlog = 4096 log_opt_values /var/lib/kolla/venv/lib/python3.6/site-packages/oslo_config/cfg.py:2603
2026-01-12 01:58:49.054 7 DEBUG neutron.common.config [-] base_mac = fa:16:3e:00:00:00 log_opt_values /var/lib/kolla/venv/lib/python3.6/site-packages/oslo_config/cfg.py:2603
