2026-01-08 01:46:48.054 7 DEBUG oslo_service.service [-] ml2_type_gre.tunnel_id_ranges = [] log_opt_values /var/lib/kolla/venv/lib/python3.6/site-packages/oslo_config/cfg.py:2611
2026-01-08 01:46:48.054 7 DEBUG oslo_service.service [-] ml2_type_vlan.network_vlan_ranges = [] log_opt_values /var/lib/kolla/venv/lib/python3.6/site-packages/oslo_config/cfg.py:2611
2026-01-08 01:46:48.054 7 DEBUG oslo_service.service [-] ml2_type_vxlan.vni_ranges = [] log_opt_values /var/lib/kolla/venv/lib/python3.6/site-packages/oslo_config/cfg.py:2611
2026-01-08 01:46:48.054 7 DEBUG oslo_service.service [-] ml2_type_vxlan.vxlan_group = None log_opt_values /var/lib/kolla/venv/lib/python3.6/site-packages/oslo_config/cfg.py:2611
2026-01-08 01:46:48.054 7 DEBUG oslo_service.service [-] database.backend = sqlalchemy log_opt_values /var/lib/kolla/venv/lib/python3.6/site-packages/oslo_config/cfg.py:2611
2026-01-08 01:46:48.055 7 DEBUG oslo_service.service [-] database.connection = **** log_opt_values /var/lib/kolla/venv/lib/python3.6/site-packages/oslo_config/cfg.py:2611
2026-01-08 01:46:48.055 7 DEBUG oslo_service.service [-] database.connection_debug = 0 log_opt_values /var/lib/kolla/venv/lib/python3.6/site-packages/oslo_config/cfg.py:2611
2026-01-08 01:46:48.055 7 DEBUG oslo_service.service [-] database.connection_parameters = log_opt_values /var/lib/kolla/venv/lib/python3.6/site-packages/oslo_config/cfg.py:2611
2026-01-08 01:46:48.055 7 DEBUG oslo_service.service [-] database.connection_recycle_time = 10 log_opt_values /var/lib/kolla/venv/lib/python3.6/site-packages/oslo_config/cfg.py:2611
2026-01-08 01:46:48.055 7 DEBUG oslo_service.service [-] database.connection_trace = False log_opt_values /var/lib/kolla/venv/lib/python3.6/site-packages/oslo_config/cfg.py:2611
2026-01-08 01:46:48.055 7 DEBUG oslo_service.service [-] database.db_inc_retry_interval = True log_opt_values /var/lib/kolla/venv/lib/python3.6/site-packages/oslo_config/cfg.py:2611
2026-01-08 01:46:48.055 7 DEBUG oslo_service.service [-] database.db_max_retries = 20 log_opt_values /var/lib/kolla/venv/lib/python3.6/site-packages/oslo_config/cfg.py:2611
2026-01-08 01:46:48.055 7 DEBUG oslo_service.service [-] database.db_max_retry_interval = 10 log_opt_values /var/lib/kolla/venv/lib/python3.6/site-packages/oslo_config/cfg.py:2611
2026-01-08 01:46:48.055 7 DEBUG oslo_service.service [-] database.db_retry_interval = 1 log_opt_values /var/lib/kolla/venv/lib/python3.6/site-packages/oslo_config/cfg.py:2611
2026-01-08 01:46:48.055 7 DEBUG oslo_service.service [-] database.max_overflow = 50 log_opt_values /var/lib/kolla/venv/lib/python3.6/site-packages/oslo_config/cfg.py:2611
2026-01-08 01:46:48.055 7 DEBUG oslo_service.service [-] database.max_pool_size = 1 log_opt_values /var/lib/kolla/venv/lib/python3.6/site-packages/oslo_config/cfg.py:2611
2026-01-08 01:46:48.055 7 DEBUG oslo_service.service [-] database.max_retries = -1 log_opt_values /var/lib/kolla/venv/lib/python3.6/site-packages/oslo_config/cfg.py:2611
2026-01-08 01:46:48.055 7 DEBUG oslo_service.service [-] database.mysql_enable_ndb = False log_opt_values /var/lib/kolla/venv/lib/python3.6/site-packages/oslo_config/cfg.py:2611
2026-01-08 01:46:48.055 7 DEBUG oslo_service.service [-] database.mysql_sql_mode = TRADITIONAL log_opt_values /var/lib/kolla/venv/lib/python3.6/site-packages/oslo_config/cfg.py:2611
2026-01-08 01:46:48.055 7 DEBUG oslo_service.service [-] database.pool_timeout = None log_opt_values /var/lib/kolla/venv/lib/python3.6/site-packages/oslo_config/cfg.py:2611
2026-01-08 01:46:48.055 7 DEBUG oslo_service.service [-] database.retry_interval = 10 log_opt_values /var/lib/kolla/venv/lib/python3.6/site-packages/oslo_config/cfg.py:2611
2026-01-08 01:46:48.055 7 DEBUG oslo_service.service [-] database.slave_connection = **** log_opt_values /var/lib/kolla/venv/lib/python3.6/site-packages/oslo_config/cfg.py:2611
2026-01-08 01:46:48.055 7 DEBUG oslo_service.service [-] database.sqlite_synchronous = True log_opt_values /var/lib/kolla/venv/lib/python3.6/site-packages/oslo_config/cfg.py:2611
2026-01-08 01:46:48.056 7 DEBUG oslo_service.service [-] database.use_db_reconnect = False log_opt_values /var/lib/kolla/venv/lib/python3.6/site-packages/oslo_config/cfg.py:2611
2026-01-08 01:46:48.056 7 DEBUG oslo_service.service [-] ******************************************************************************** log_opt_values /var/lib/kolla/venv/lib/python3.6/site-packages/oslo_config/cfg.py:2613
2026-01-08 01:46:49.801 22 DEBUG neutron.wsgi [-] (22) accepted ('10.0.0.141', 54394) server /var/lib/kolla/venv/lib/python3.6/site-packages/eventlet/wsgi.py:1004
2026-01-08 01:46:49.808 22 INFO neutron.wsgi [-] 10.0.0.141 "GET / HTTP/1.1" status: 200 len: 228 time: 0.0052893
2026-01-08 01:46:51.647 24 DEBUG neutron.api.rpc.handlers.dhcp_rpc [req-668f8a71-4ead-4fcc-abda-0299d5936071 - - - - -] get_active_networks_info from cn-jenkins-deploy-platform-ansible-os-4979-1 get_active_networks_info /var/lib/kolla/venv/lib/python3.6/site-packages/neutron/api/rpc/handlers/dhcp_rpc.py:159
2026-01-08 01:46:51.663 26 DEBUG neutron_lib.callbacks.manager [req-95a8cb4e-14f2-4ed4-8466-0e7cffdf8e13 - - - - -] Publish callbacks ['neutron.services.segments.db._update_segment_host_mapping_for_agent-8771951646528', 'neutron.services.l3_router.l3_router_plugin.DVRResourceOperationHandler.create_fip_agent_gw_ports-470205'] for agent (a94770ca-170c-4b4c-a89c-cd64f5b6a5b1), after_create _notify_loop /var/lib/kolla/venv/lib/python3.6/site-packages/neutron_lib/callbacks/manager.py:177
2026-01-08 01:46:51.685 24 DEBUG neutron.scheduler.dhcp_agent_scheduler [req-668f8a71-4ead-4fcc-abda-0299d5936071 - - - - -] No non-hosted networks auto_schedule_networks /var/lib/kolla/venv/lib/python3.6/site-packages/neutron/scheduler/dhcp_agent_scheduler.py:60
2026-01-08 01:47:08.786 28 DEBUG neutron_lib.callbacks.manager [req-8e8acbb9-3a34-4d94-ab70-9e949a7ad80c - - - - -] Publish callbacks ['neutron.services.segments.db._update_segment_host_mapping_for_agent-8771951646528', 'neutron.services.l3_router.l3_router_plugin.DVRResourceOperationHandler.create_fip_agent_gw_ports-470205'] for agent (44dbe97c-0982-44a7-8899-283a6a91d2c4), after_create _notify_loop /var/lib/kolla/venv/lib/python3.6/site-packages/neutron_lib/callbacks/manager.py:177
2026-01-08 01:47:19.863 22 DEBUG neutron.wsgi [-] (22) accepted ('10.0.0.141', 42168) server /var/lib/kolla/venv/lib/python3.6/site-packages/eventlet/wsgi.py:1004
2026-01-08 01:47:19.867 22 INFO neutron.wsgi [-] 10.0.0.141 "GET / HTTP/1.1" status: 200 len: 228 time: 0.0029526
2026-01-08 01:47:21.642 24 DEBUG neutron_lib.callbacks.manager [req-5730b2ec-37c8-4eeb-9614-ceb1acd2176a - - - - -] Publish callbacks ['neutron.services.segments.db._update_segment_host_mapping_for_agent-8771951646528', 'neutron.plugins.ml2.plugin.Ml2Plugin._retry_binding_revived_agents--9223372036853212997'] for agent (a94770ca-170c-4b4c-a89c-cd64f5b6a5b1), after_update _notify_loop /var/lib/kolla/venv/lib/python3.6/site-packages/neutron_lib/callbacks/manager.py:177
2026-01-08 01:47:38.767 25 DEBUG neutron_lib.callbacks.manager [req-8e8acbb9-3a34-4d94-ab70-9e949a7ad80c - - - - -] Publish callbacks ['neutron.services.segments.db._update_segment_host_mapping_for_agent-8771951646528', 'neutron.plugins.ml2.plugin.Ml2Plugin._retry_binding_revived_agents--9223372036853212997'] for agent (44dbe97c-0982-44a7-8899-283a6a91d2c4), after_update _notify_loop /var/lib/kolla/venv/lib/python3.6/site-packages/neutron_lib/callbacks/manager.py:177
2026-01-08 01:47:41.012 29 DEBUG neutron.db.agents_db [req-40f98a05-3f78-4100-98d1-694f9270de32 - - - - -] Agent healthcheck: found 2 active agents agent_health_check /var/lib/kolla/venv/lib/python3.6/site-packages/neutron/db/agents_db.py:318
2026-01-08 01:47:49.907 22 DEBUG neutron.wsgi [-] (22) accepted ('10.0.0.141', 59438) server /var/lib/kolla/venv/lib/python3.6/site-packages/eventlet/wsgi.py:1004
2026-01-08 01:47:49.911 22 INFO neutron.wsgi [-] 10.0.0.141 "GET / HTTP/1.1" status: 200 len: 228 time: 0.0033603
2026-01-08 01:47:51.653 23 DEBUG neutron_lib.callbacks.manager [req-d95b5df9-6bc9-4bba-8058-bda29916a704 - - - - -] Publish callbacks ['neutron.services.segments.db._update_segment_host_mapping_for_agent-8771951646528', 'neutron.plugins.ml2.plugin.Ml2Plugin._retry_binding_revived_agents--9223372036853212997'] for agent (a94770ca-170c-4b4c-a89c-cd64f5b6a5b1), after_update _notify_loop /var/lib/kolla/venv/lib/python3.6/site-packages/neutron_lib/callbacks/manager.py:177
2026-01-08 01:48:08.767 27 DEBUG neutron_lib.callbacks.manager [req-8e8acbb9-3a34-4d94-ab70-9e949a7ad80c - - - - -] Publish callbacks ['neutron.services.segments.db._update_segment_host_mapping_for_agent-8771951646528', 'neutron.plugins.ml2.plugin.Ml2Plugin._retry_binding_revived_agents--9223372036853212997'] for agent (44dbe97c-0982-44a7-8899-283a6a91d2c4), after_update _notify_loop /var/lib/kolla/venv/lib/python3.6/site-packages/neutron_lib/callbacks/manager.py:177
2026-01-08 01:48:18.008 29 DEBUG neutron.db.agents_db [req-40f98a05-3f78-4100-98d1-694f9270de32 - - - - -] Agent healthcheck: found 2 active agents agent_health_check /var/lib/kolla/venv/lib/python3.6/site-packages/neutron/db/agents_db.py:318
2026-01-08 01:48:19.952 22 DEBUG neutron.wsgi [-] (22) accepted ('10.0.0.141', 45550) server /var/lib/kolla/venv/lib/python3.6/site-packages/eventlet/wsgi.py:1004
2026-01-08 01:48:19.955 22 INFO neutron.wsgi [-] 10.0.0.141 "GET / HTTP/1.1" status: 200 len: 228 time: 0.0026808
2026-01-08 01:48:21.640 26 DEBUG neutron_lib.callbacks.manager [req-1f3692cf-9429-4de9-a239-a899faca8030 - - - - -] Publish callbacks ['neutron.services.segments.db._update_segment_host_mapping_for_agent-8771951646528', 'neutron.plugins.ml2.plugin.Ml2Plugin._retry_binding_revived_agents--9223372036853212997'] for agent (a94770ca-170c-4b4c-a89c-cd64f5b6a5b1), after_update _notify_loop /var/lib/kolla/venv/lib/python3.6/site-packages/neutron_lib/callbacks/manager.py:177
2026-01-08 01:48:38.757 28 DEBUG neutron_lib.callbacks.manager [req-8e8acbb9-3a34-4d94-ab70-9e949a7ad80c - - - - -] Publish callbacks ['neutron.services.segments.db._update_segment_host_mapping_for_agent-8771951646528', 'neutron.plugins.ml2.plugin.Ml2Plugin._retry_binding_revived_agents--9223372036853212997'] for agent (44dbe97c-0982-44a7-8899-283a6a91d2c4), after_update _notify_loop /var/lib/kolla/venv/lib/python3.6/site-packages/neutron_lib/callbacks/manager.py:177
2026-01-08 01:48:49.996 22 DEBUG neutron.wsgi [-] (22) accepted ('10.0.0.141', 50110) server /var/lib/kolla/venv/lib/python3.6/site-packages/eventlet/wsgi.py:1004
2026-01-08 01:48:49.999 22 INFO neutron.wsgi [-] 10.0.0.141 "GET / HTTP/1.1" status: 200 len: 228 time: 0.0025425
2026-01-08 01:48:51.635 24 DEBUG neutron_lib.callbacks.manager [req-f4b12336-e4f5-4040-b0ac-52234abb9d69 - - - - -] Publish callbacks ['neutron.services.segments.db._update_segment_host_mapping_for_agent-8771951646528', 'neutron.plugins.ml2.plugin.Ml2Plugin._retry_binding_revived_agents--9223372036853212997'] for agent (a94770ca-170c-4b4c-a89c-cd64f5b6a5b1), after_update _notify_loop /var/lib/kolla/venv/lib/python3.6/site-packages/neutron_lib/callbacks/manager.py:177
2026-01-08 01:48:55.015 29 DEBUG neutron.db.agents_db [req-40f98a05-3f78-4100-98d1-694f9270de32 - - - - -] Agent healthcheck: found 2 active agents agent_health_check /var/lib/kolla/venv/lib/python3.6/site-packages/neutron/db/agents_db.py:318
2026-01-08 01:49:08.759 25 DEBUG neutron_lib.callbacks.manager [req-8e8acbb9-3a34-4d94-ab70-9e949a7ad80c - - - - -] Publish callbacks ['neutron.services.segments.db._update_segment_host_mapping_for_agent-8771951646528', 'neutron.plugins.ml2.plugin.Ml2Plugin._retry_binding_revived_agents--9223372036853212997'] for agent (44dbe97c-0982-44a7-8899-283a6a91d2c4), after_update _notify_loop /var/lib/kolla/venv/lib/python3.6/site-packages/neutron_lib/callbacks/manager.py:177
2026-01-08 01:49:20.046 22 DEBUG neutron.wsgi [-] (22) accepted ('10.0.0.141', 37536) server /var/lib/kolla/venv/lib/python3.6/site-packages/eventlet/wsgi.py:1004
2026-01-08 01:49:20.052 22 INFO neutron.wsgi [-] 10.0.0.141 "GET / HTTP/1.1" status: 200 len: 228 time: 0.0051444
2026-01-08 01:49:21.636 23 DEBUG neutron_lib.callbacks.manager [req-49f38085-4234-432f-9958-7bc79ffea42a - - - - -] Publish callbacks ['neutron.services.segments.db._update_segment_host_mapping_for_agent-8771951646528', 'neutron.plugins.ml2.plugin.Ml2Plugin._retry_binding_revived_agents--9223372036853212997'] for agent (a94770ca-170c-4b4c-a89c-cd64f5b6a5b1), after_update _notify_loop /var/lib/kolla/venv/lib/python3.6/site-packages/neutron_lib/callbacks/manager.py:177
2026-01-08 01:49:32.021 29 DEBUG neutron.db.agents_db [req-40f98a05-3f78-4100-98d1-694f9270de32 - - - - -] Agent healthcheck: found 2 active agents agent_health_check /var/lib/kolla/venv/lib/python3.6/site-packages/neutron/db/agents_db.py:318
2026-01-08 01:49:38.760 27 DEBUG neutron_lib.callbacks.manager [req-8e8acbb9-3a34-4d94-ab70-9e949a7ad80c - - - - -] Publish callbacks ['neutron.services.segments.db._update_segment_host_mapping_for_agent-8771951646528', 'neutron.plugins.ml2.plugin.Ml2Plugin._retry_binding_revived_agents--9223372036853212997'] for agent (44dbe97c-0982-44a7-8899-283a6a91d2c4), after_update _notify_loop /var/lib/kolla/venv/lib/python3.6/site-packages/neutron_lib/callbacks/manager.py:177
2026-01-08 01:49:50.096 22 DEBUG neutron.wsgi [-] (22) accepted ('10.0.0.141', 40748) server /var/lib/kolla/venv/lib/python3.6/site-packages/eventlet/wsgi.py:1004
2026-01-08 01:49:50.100 22 INFO neutron.wsgi [-] 10.0.0.141 "GET / HTTP/1.1" status: 200 len: 228 time: 0.0030754
2026-01-08 01:49:51.632 26 DEBUG neutron_lib.callbacks.manager [req-7ca80ad0-6722-478c-8d89-e149faabb66e - - - - -] Publish callbacks ['neutron.services.segments.db._update_segment_host_mapping_for_agent-8771951646528', 'neutron.plugins.ml2.plugin.Ml2Plugin._retry_binding_revived_agents--9223372036853212997'] for agent (a94770ca-170c-4b4c-a89c-cd64f5b6a5b1), after_update _notify_loop /var/lib/kolla/venv/lib/python3.6/site-packages/neutron_lib/callbacks/manager.py:177
2026-01-08 01:50:08.765 28 DEBUG neutron_lib.callbacks.manager [req-8e8acbb9-3a34-4d94-ab70-9e949a7ad80c - - - - -] Publish callbacks ['neutron.services.segments.db._update_segment_host_mapping_for_agent-8771951646528', 'neutron.plugins.ml2.plugin.Ml2Plugin._retry_binding_revived_agents--9223372036853212997'] for agent (44dbe97c-0982-44a7-8899-283a6a91d2c4), after_update _notify_loop /var/lib/kolla/venv/lib/python3.6/site-packages/neutron_lib/callbacks/manager.py:177
2026-01-08 01:50:09.017 29 DEBUG neutron.db.agents_db [req-40f98a05-3f78-4100-98d1-694f9270de32 - - - - -] Agent healthcheck: found 2 active agents agent_health_check /var/lib/kolla/venv/lib/python3.6/site-packages/neutron/db/agents_db.py:318
2026-01-08 01:50:20.153 22 DEBUG neutron.wsgi [-] (22) accepted ('10.0.0.141', 56564) server /var/lib/kolla/venv/lib/python3.6/site-packages/eventlet/wsgi.py:1004
2026-01-08 01:50:20.157 22 INFO neutron.wsgi [-] 10.0.0.141 "GET / HTTP/1.1" status: 200 len: 228 time: 0.0027354
2026-01-08 01:50:21.628 24 DEBUG neutron_lib.callbacks.manager [req-7308f1cb-8ab3-42ce-b71f-9b9cac57cb53 - - - - -] Publish callbacks ['neutron.services.segments.db._update_segment_host_mapping_for_agent-8771951646528', 'neutron.plugins.ml2.plugin.Ml2Plugin._retry_binding_revived_agents--9223372036853212997'] for agent (a94770ca-170c-4b4c-a89c-cd64f5b6a5b1), after_update _notify_loop /var/lib/kolla/venv/lib/python3.6/site-packages/neutron_lib/callbacks/manager.py:177
2026-01-08 01:50:38.766 25 DEBUG neutron_lib.callbacks.manager [req-8e8acbb9-3a34-4d94-ab70-9e949a7ad80c - - - - -] Publish callbacks ['neutron.services.segments.db._update_segment_host_mapping_for_agent-8771951646528', 'neutron.plugins.ml2.plugin.Ml2Plugin._retry_binding_revived_agents--9223372036853212997'] for agent (44dbe97c-0982-44a7-8899-283a6a91d2c4), after_update _notify_loop /var/lib/kolla/venv/lib/python3.6/site-packages/neutron_lib/callbacks/manager.py:177
2026-01-08 01:50:46.023 29 DEBUG neutron.db.agents_db [req-40f98a05-3f78-4100-98d1-694f9270de32 - - - - -] Agent healthcheck: found 2 active agents agent_health_check /var/lib/kolla/venv/lib/python3.6/site-packages/neutron/db/agents_db.py:318
2026-01-08 01:50:50.205 22 DEBUG neutron.wsgi [-] (22) accepted ('10.0.0.141', 50588) server /var/lib/kolla/venv/lib/python3.6/site-packages/eventlet/wsgi.py:1004
2026-01-08 01:50:50.209 22 INFO neutron.wsgi [-] 10.0.0.141 "GET / HTTP/1.1" status: 200 len: 228 time: 0.0025949
2026-01-08 01:50:51.634 23 DEBUG neutron_lib.callbacks.manager [req-6f7aaecc-d0bc-470e-8c72-c9b04746aa6e - - - - -] Publish callbacks ['neutron.services.segments.db._update_segment_host_mapping_for_agent-8771951646528', 'neutron.plugins.ml2.plugin.Ml2Plugin._retry_binding_revived_agents--9223372036853212997'] for agent (a94770ca-170c-4b4c-a89c-cd64f5b6a5b1), after_update _notify_loop /var/lib/kolla/venv/lib/python3.6/site-packages/neutron_lib/callbacks/manager.py:177
2026-01-08 01:51:08.772 27 DEBUG neutron_lib.callbacks.manager [req-8e8acbb9-3a34-4d94-ab70-9e949a7ad80c - - - - -] Publish callbacks ['neutron.services.segments.db._update_segment_host_mapping_for_agent-8771951646528', 'neutron.plugins.ml2.plugin.Ml2Plugin._retry_binding_revived_agents--9223372036853212997'] for agent (44dbe97c-0982-44a7-8899-283a6a91d2c4), after_update _notify_loop /var/lib/kolla/venv/lib/python3.6/site-packages/neutron_lib/callbacks/manager.py:177
2026-01-08 01:51:20.250 22 DEBUG neutron.wsgi [-] (22) accepted ('10.0.0.141', 43606) server /var/lib/kolla/venv/lib/python3.6/site-packages/eventlet/wsgi.py:1004
2026-01-08 01:51:20.254 22 INFO neutron.wsgi [-] 10.0.0.141 "GET / HTTP/1.1" status: 200 len: 228 time: 0.0027375
2026-01-08 01:51:21.644 26 DEBUG neutron_lib.callbacks.manager [req-833c8ba2-8ab3-421d-8a77-cd9586997cc8 - - - - -] Publish callbacks ['neutron.services.segments.db._update_segment_host_mapping_for_agent-8771951646528', 'neutron.plugins.ml2.plugin.Ml2Plugin._retry_binding_revived_agents--9223372036853212997'] for agent (a94770ca-170c-4b4c-a89c-cd64f5b6a5b1), after_update _notify_loop /var/lib/kolla/venv/lib/python3.6/site-packages/neutron_lib/callbacks/manager.py:177
2026-01-08 01:51:23.028 29 DEBUG neutron.db.agents_db [req-40f98a05-3f78-4100-98d1-694f9270de32 - - - - -] Agent healthcheck: found 2 active agents agent_health_check /var/lib/kolla/venv/lib/python3.6/site-packages/neutron/db/agents_db.py:318
2026-01-08 01:51:38.770 28 DEBUG neutron_lib.callbacks.manager [req-8e8acbb9-3a34-4d94-ab70-9e949a7ad80c - - - - -] Publish callbacks ['neutron.services.segments.db._update_segment_host_mapping_for_agent-8771951646528', 'neutron.plugins.ml2.plugin.Ml2Plugin._retry_binding_revived_agents--9223372036853212997'] for agent (44dbe97c-0982-44a7-8899-283a6a91d2c4), after_update _notify_loop /var/lib/kolla/venv/lib/python3.6/site-packages/neutron_lib/callbacks/manager.py:177
2026-01-08 01:51:50.297 22 DEBUG neutron.wsgi [-] (22) accepted ('10.0.0.141', 40466) server /var/lib/kolla/venv/lib/python3.6/site-packages/eventlet/wsgi.py:1004
2026-01-08 01:51:50.301 22 INFO neutron.wsgi [-] 10.0.0.141 "GET / HTTP/1.1" status: 200 len: 228 time: 0.0028536
2026-01-08 01:51:51.630 24 DEBUG neutron_lib.callbacks.manager [req-17ceeb4e-9ab2-404d-815c-c0d73ed3137a - - - - -] Publish callbacks ['neutron.services.segments.db._update_segment_host_mapping_for_agent-8771951646528', 'neutron.plugins.ml2.plugin.Ml2Plugin._retry_binding_revived_agents--9223372036853212997'] for agent (a94770ca-170c-4b4c-a89c-cd64f5b6a5b1), after_update _notify_loop /var/lib/kolla/venv/lib/python3.6/site-packages/neutron_lib/callbacks/manager.py:177
2026-01-08 01:52:00.034 29 DEBUG neutron.db.agents_db [req-40f98a05-3f78-4100-98d1-694f9270de32 - - - - -] Agent healthcheck: found 2 active agents agent_health_check /var/lib/kolla/venv/lib/python3.6/site-packages/neutron/db/agents_db.py:318
2026-01-08 01:52:08.773 25 DEBUG neutron_lib.callbacks.manager [req-8e8acbb9-3a34-4d94-ab70-9e949a7ad80c - - - - -] Publish callbacks ['neutron.services.segments.db._update_segment_host_mapping_for_agent-8771951646528', 'neutron.plugins.ml2.plugin.Ml2Plugin._retry_binding_revived_agents--9223372036853212997'] for agent (44dbe97c-0982-44a7-8899-283a6a91d2c4), after_update _notify_loop /var/lib/kolla/venv/lib/python3.6/site-packages/neutron_lib/callbacks/manager.py:177
2026-01-08 01:52:20.381 22 DEBUG neutron.wsgi [-] (22) accepted ('10.0.0.141', 50408) server /var/lib/kolla/venv/lib/python3.6/site-packages/eventlet/wsgi.py:1004
2026-01-08 01:52:20.385 22 INFO neutron.wsgi [-] 10.0.0.141 "GET / HTTP/1.1" status: 200 len: 228 time: 0.0031650
2026-01-08 01:52:21.629 23 DEBUG neutron_lib.callbacks.manager [req-c0c9a560-f05b-4cd6-8629-22cea786650c - - - - -] Publish callbacks ['neutron.services.segments.db._update_segment_host_mapping_for_agent-8771951646528', 'neutron.plugins.ml2.plugin.Ml2Plugin._retry_binding_revived_agents--9223372036853212997'] for agent (a94770ca-170c-4b4c-a89c-cd64f5b6a5b1), after_update _notify_loop /var/lib/kolla/venv/lib/python3.6/site-packages/neutron_lib/callbacks/manager.py:177
2026-01-08 01:52:37.032 29 DEBUG neutron.db.agents_db [req-40f98a05-3f78-4100-98d1-694f9270de32 - - - - -] Agent healthcheck: found 2 active agents agent_health_check /var/lib/kolla/venv/lib/python3.6/site-packages/neutron/db/agents_db.py:318
2026-01-08 01:52:38.777 27 DEBUG neutron_lib.callbacks.manager [req-8e8acbb9-3a34-4d94-ab70-9e949a7ad80c - - - - -] Publish callbacks ['neutron.services.segments.db._update_segment_host_mapping_for_agent-8771951646528', 'neutron.plugins.ml2.plugin.Ml2Plugin._retry_binding_revived_agents--9223372036853212997'] for agent (44dbe97c-0982-44a7-8899-283a6a91d2c4), after_update _notify_loop /var/lib/kolla/venv/lib/python3.6/site-packages/neutron_lib/callbacks/manager.py:177
2026-01-08 01:52:50.481 22 DEBUG neutron.wsgi [-] (22) accepted ('10.0.0.141', 38710) server /var/lib/kolla/venv/lib/python3.6/site-packages/eventlet/wsgi.py:1004
2026-01-08 01:52:50.485 22 INFO neutron.wsgi [-] 10.0.0.141 "GET / HTTP/1.1" status: 200 len: 228 time: 0.0024147
2026-01-08 01:52:51.714 26 DEBUG neutron_lib.callbacks.manager [req-c3c97026-d185-4420-be56-990db196f25b - - - - -] Publish callbacks ['neutron.services.segments.db._update_segment_host_mapping_for_agent-8771951646528', 'neutron.plugins.ml2.plugin.Ml2Plugin._retry_binding_revived_agents--9223372036853212997'] for agent (a94770ca-170c-4b4c-a89c-cd64f5b6a5b1), after_update _notify_loop /var/lib/kolla/venv/lib/python3.6/site-packages/neutron_lib/callbacks/manager.py:177
2026-01-08 01:53:08.780 28 DEBUG neutron_lib.callbacks.manager [req-8e8acbb9-3a34-4d94-ab70-9e949a7ad80c - - - - -] Publish callbacks ['neutron.services.segments.db._update_segment_host_mapping_for_agent-8771951646528', 'neutron.plugins.ml2.plugin.Ml2Plugin._retry_binding_revived_agents--9223372036853212997'] for agent (44dbe97c-0982-44a7-8899-283a6a91d2c4), after_update _notify_loop /var/lib/kolla/venv/lib/python3.6/site-packages/neutron_lib/callbacks/manager.py:177
2026-01-08 01:53:14.027 29 DEBUG neutron.db.agents_db [req-40f98a05-3f78-4100-98d1-694f9270de32 - - - - -] Agent healthcheck: found 2 active agents agent_health_check /var/lib/kolla/venv/lib/python3.6/site-packages/neutron/db/agents_db.py:318
2026-01-08 01:53:20.533 22 DEBUG neutron.wsgi [-] (22) accepted ('10.0.0.141', 38870) server /var/lib/kolla/venv/lib/python3.6/site-packages/eventlet/wsgi.py:1004
2026-01-08 01:53:20.538 22 INFO neutron.wsgi [-] 10.0.0.141 "GET / HTTP/1.1" status: 200 len: 228 time: 0.0034206
2026-01-08 01:53:21.631 24 DEBUG neutron_lib.callbacks.manager [req-f9d7f24e-d861-4de7-bc6f-59c4d71c6e2d - - - - -] Publish callbacks ['neutron.services.segments.db._update_segment_host_mapping_for_agent-8771951646528', 'neutron.plugins.ml2.plugin.Ml2Plugin._retry_binding_revived_agents--9223372036853212997'] for agent (a94770ca-170c-4b4c-a89c-cd64f5b6a5b1), after_update _notify_loop /var/lib/kolla/venv/lib/python3.6/site-packages/neutron_lib/callbacks/manager.py:177
2026-01-08 01:53:38.780 25 DEBUG neutron_lib.callbacks.manager [req-8e8acbb9-3a34-4d94-ab70-9e949a7ad80c - - - - -] Publish callbacks ['neutron.services.segments.db._update_segment_host_mapping_for_agent-8771951646528', 'neutron.plugins.ml2.plugin.Ml2Plugin._retry_binding_revived_agents--9223372036853212997'] for agent (44dbe97c-0982-44a7-8899-283a6a91d2c4), after_update _notify_loop /var/lib/kolla/venv/lib/python3.6/site-packages/neutron_lib/callbacks/manager.py:177
2026-01-08 01:53:50.584 22 DEBUG neutron.wsgi [-] (22) accepted ('10.0.0.141', 59312) server /var/lib/kolla/venv/lib/python3.6/site-packages/eventlet/wsgi.py:1004
2026-01-08 01:53:50.587 22 INFO neutron.wsgi [-] 10.0.0.141 "GET / HTTP/1.1" status: 200 len: 228 time: 0.0024211
2026-01-08 01:53:51.032 29 DEBUG neutron.db.agents_db [req-40f98a05-3f78-4100-98d1-694f9270de32 - - - - -] Agent healthcheck: found 2 active agents agent_health_check /var/lib/kolla/venv/lib/python3.6/site-packages/neutron/db/agents_db.py:318
2026-01-08 01:53:51.630 23 DEBUG neutron_lib.callbacks.manager [req-cef6a6f6-a2ac-454f-805d-238cb49d76c6 - - - - -] Publish callbacks ['neutron.services.segments.db._update_segment_host_mapping_for_agent-8771951646528', 'neutron.plugins.ml2.plugin.Ml2Plugin._retry_binding_revived_agents--9223372036853212997'] for agent (a94770ca-170c-4b4c-a89c-cd64f5b6a5b1), after_update _notify_loop /var/lib/kolla/venv/lib/python3.6/site-packages/neutron_lib/callbacks/manager.py:177
2026-01-08 01:54:08.782 27 DEBUG neutron_lib.callbacks.manager [req-8e8acbb9-3a34-4d94-ab70-9e949a7ad80c - - - - -] Publish callbacks ['neutron.services.segments.db._update_segment_host_mapping_for_agent-8771951646528', 'neutron.plugins.ml2.plugin.Ml2Plugin._retry_binding_revived_agents--9223372036853212997'] for agent (44dbe97c-0982-44a7-8899-283a6a91d2c4), after_update _notify_loop /var/lib/kolla/venv/lib/python3.6/site-packages/neutron_lib/callbacks/manager.py:177
2026-01-08 01:54:20.660 22 DEBUG neutron.wsgi [-] (22) accepted ('10.0.0.141', 59346) server /var/lib/kolla/venv/lib/python3.6/site-packages/eventlet/wsgi.py:1004
2026-01-08 01:54:20.664 22 INFO neutron.wsgi [-] 10.0.0.141 "GET / HTTP/1.1" status: 200 len: 228 time: 0.0028241
2026-01-08 01:54:21.625 26 DEBUG neutron_lib.callbacks.manager [req-3d5b5600-0b73-40f1-93cb-8da25b2cdfba - - - - -] Publish callbacks ['neutron.services.segments.db._update_segment_host_mapping_for_agent-8771951646528', 'neutron.plugins.ml2.plugin.Ml2Plugin._retry_binding_revived_agents--9223372036853212997'] for agent (a94770ca-170c-4b4c-a89c-cd64f5b6a5b1), after_update _notify_loop /var/lib/kolla/venv/lib/python3.6/site-packages/neutron_lib/callbacks/manager.py:177
2026-01-08 01:54:28.037 29 DEBUG neutron.db.agents_db [req-40f98a05-3f78-4100-98d1-694f9270de32 - - - - -] Agent healthcheck: found 2 active agents agent_health_check /var/lib/kolla/venv/lib/python3.6/site-packages/neutron/db/agents_db.py:318
2026-01-08 01:54:38.786 28 DEBUG neutron_lib.callbacks.manager [req-8e8acbb9-3a34-4d94-ab70-9e949a7ad80c - - - - -] Publish callbacks ['neutron.services.segments.db._update_segment_host_mapping_for_agent-8771951646528', 'neutron.plugins.ml2.plugin.Ml2Plugin._retry_binding_revived_agents--9223372036853212997'] for agent (44dbe97c-0982-44a7-8899-283a6a91d2c4), after_update _notify_loop /var/lib/kolla/venv/lib/python3.6/site-packages/neutron_lib/callbacks/manager.py:177
2026-01-08 01:54:50.714 22 DEBUG neutron.wsgi [-] (22) accepted ('10.0.0.141', 45346) server /var/lib/kolla/venv/lib/python3.6/site-packages/eventlet/wsgi.py:1004
2026-01-08 01:54:50.717 22 INFO neutron.wsgi [-] 10.0.0.141 "GET / HTTP/1.1" status: 200 len: 228 time: 0.0024481
2026-01-08 01:54:51.623 24 DEBUG neutron_lib.callbacks.manager [req-7261b5bf-88be-4b28-be2e-8601e75513a3 - - - - -] Publish callbacks ['neutron.services.segments.db._update_segment_host_mapping_for_agent-8771951646528', 'neutron.plugins.ml2.plugin.Ml2Plugin._retry_binding_revived_agents--9223372036853212997'] for agent (a94770ca-170c-4b4c-a89c-cd64f5b6a5b1), after_update _notify_loop /var/lib/kolla/venv/lib/python3.6/site-packages/neutron_lib/callbacks/manager.py:177
2026-01-08 01:55:03.258 7 INFO oslo_service.service [-] Caught SIGTERM, stopping children
2026-01-08 01:55:03.259 7 DEBUG oslo_concurrency.lockutils [-] Acquired lock "singleton_lock" lock /var/lib/kolla/venv/lib/python3.6/site-packages/oslo_concurrency/lockutils.py:294
2026-01-08 01:55:03.259 7 DEBUG oslo_concurrency.lockutils [-] Releasing lock "singleton_lock" lock /var/lib/kolla/venv/lib/python3.6/site-packages/oslo_concurrency/lockutils.py:312
2026-01-08 01:55:03.259 7 DEBUG oslo_service.service [-] Stop services. stop /var/lib/kolla/venv/lib/python3.6/site-packages/oslo_service/service.py:695
2026-01-08 01:55:03.259 7 DEBUG neutron.service [-] calling RpcWorker stop() stop /var/lib/kolla/venv/lib/python3.6/site-packages/neutron/service.py:138
2026-01-08 01:55:03.259 7 DEBUG neutron.service [-] calling RpcWorker stop() stop /var/lib/kolla/venv/lib/python3.6/site-packages/neutron/service.py:138
2026-01-08 01:55:03.259 7 DEBUG oslo_service.service [-] Killing children. stop /var/lib/kolla/venv/lib/python3.6/site-packages/oslo_service/service.py:700
2026-01-08 01:55:03.259 7 INFO oslo_service.service [-] Waiting on 8 children to exit
2026-01-08 01:55:03.260 25 DEBUG neutron.service [-] calling RpcWorker stop() stop /var/lib/kolla/venv/lib/python3.6/site-packages/neutron/service.py:138
2026-01-08 01:55:03.260 25 DEBUG neutron.service [-] calling stop on stop /var/lib/kolla/venv/lib/python3.6/site-packages/neutron/service.py:141
2026-01-08 01:55:03.264 26 DEBUG neutron.service [-] calling RpcWorker stop() stop /var/lib/kolla/venv/lib/python3.6/site-packages/neutron/service.py:138
2026-01-08 01:55:03.264 22 INFO neutron.wsgi [-] (22) wsgi exited, is_accepting=True
2026-01-08 01:55:03.265 22 DEBUG oslo_concurrency.lockutils [req-85d02c53-2609-477b-b07e-2c34b108e9f3 - - - - -] Acquired lock "singleton_lock" lock /var/lib/kolla/venv/lib/python3.6/site-packages/oslo_concurrency/lockutils.py:294
2026-01-08 01:55:03.265 22 DEBUG oslo_concurrency.lockutils [req-85d02c53-2609-477b-b07e-2c34b108e9f3 - - - - -] Releasing lock "singleton_lock" lock /var/lib/kolla/venv/lib/python3.6/site-packages/oslo_concurrency/lockutils.py:312
2026-01-08 01:55:03.264 26 DEBUG neutron.service [-] calling stop on stop /var/lib/kolla/venv/lib/python3.6/site-packages/neutron/service.py:141
2026-01-08 01:55:03.269 27 DEBUG neutron.service [-] calling RpcWorker stop() stop /var/lib/kolla/venv/lib/python3.6/site-packages/neutron/service.py:138
2026-01-08 01:55:03.270 29 DEBUG neutron.service [-] calling RpcWorker stop() stop /var/lib/kolla/venv/lib/python3.6/site-packages/neutron/service.py:138
2026-01-08 01:55:03.271 29 DEBUG neutron.service [-] calling stop on stop /var/lib/kolla/venv/lib/python3.6/site-packages/neutron/service.py:141
2026-01-08 01:55:03.269 27 DEBUG neutron.service [-] calling stop on stop /var/lib/kolla/venv/lib/python3.6/site-packages/neutron/service.py:141
2026-01-08 01:55:03.272 7 INFO oslo_service.service [-] Child 22 exited with status 0
2026-01-08 01:55:03.273 28 DEBUG neutron.service [-] calling RpcWorker stop() stop /var/lib/kolla/venv/lib/python3.6/site-packages/neutron/service.py:138
2026-01-08 01:55:03.274 28 DEBUG neutron.service [-] calling stop on stop /var/lib/kolla/venv/lib/python3.6/site-packages/neutron/service.py:141
2026-01-08 01:55:03.277 24 DEBUG neutron.service [-] calling RpcWorker stop() stop /var/lib/kolla/venv/lib/python3.6/site-packages/neutron/service.py:138
2026-01-08 01:55:03.277 24 DEBUG neutron.service [-] calling stop on stop /var/lib/kolla/venv/lib/python3.6/site-packages/neutron/service.py:141
2026-01-08 01:55:03.279 23 DEBUG neutron.service [-] calling RpcWorker stop() stop /var/lib/kolla/venv/lib/python3.6/site-packages/neutron/service.py:138
2026-01-08 01:55:03.279 23 DEBUG neutron.service [-] calling stop on stop /var/lib/kolla/venv/lib/python3.6/site-packages/neutron/service.py:141
2026-01-08 01:55:04.825 26 DEBUG oslo_concurrency.lockutils [req-85d02c53-2609-477b-b07e-2c34b108e9f3 - - - - -] Acquired lock "singleton_lock" lock /var/lib/kolla/venv/lib/python3.6/site-packages/oslo_concurrency/lockutils.py:294
2026-01-08 01:55:04.826 26 DEBUG oslo_concurrency.lockutils [req-85d02c53-2609-477b-b07e-2c34b108e9f3 - - - - -] Releasing lock "singleton_lock" lock /var/lib/kolla/venv/lib/python3.6/site-packages/oslo_concurrency/lockutils.py:312
2026-01-08 01:55:04.826 26 DEBUG neutron.service [req-85d02c53-2609-477b-b07e-2c34b108e9f3 - - - - -] calling RpcWorker wait() _wait /var/lib/kolla/venv/lib/python3.6/site-packages/neutron/service.py:128
2026-01-08 01:55:04.826 26 DEBUG neutron.service [req-85d02c53-2609-477b-b07e-2c34b108e9f3 - - - - -] calling wait on _wait /var/lib/kolla/venv/lib/python3.6/site-packages/neutron/service.py:131
2026-01-08 01:55:04.837 26 WARNING amqp [req-85d02c53-2609-477b-b07e-2c34b108e9f3 - - - - -] Received method (60, 30) during closing channel 1. This method will be ignored
2026-01-08 01:55:04.839 26 DEBUG neutron.service [req-85d02c53-2609-477b-b07e-2c34b108e9f3 - - - - -] returning from RpcWorker wait() _wait /var/lib/kolla/venv/lib/python3.6/site-packages/neutron/service.py:135
2026-01-08 01:55:04.847 7 INFO oslo_service.service [-] Child 26 exited with status 0
2026-01-08 01:55:06.981 28 DEBUG oslo_concurrency.lockutils [req-85d02c53-2609-477b-b07e-2c34b108e9f3 - - - - -] Acquired lock "singleton_lock" lock /var/lib/kolla/venv/lib/python3.6/site-packages/oslo_concurrency/lockutils.py:294
2026-01-08 01:55:06.982 28 DEBUG oslo_concurrency.lockutils [req-85d02c53-2609-477b-b07e-2c34b108e9f3 - - - - -] Releasing lock "singleton_lock" lock /var/lib/kolla/venv/lib/python3.6/site-packages/oslo_concurrency/lockutils.py:312
2026-01-08 01:55:06.983 28 DEBUG neutron.service [req-85d02c53-2609-477b-b07e-2c34b108e9f3 - - - - -] calling RpcWorker wait() _wait /var/lib/kolla/venv/lib/python3.6/site-packages/neutron/service.py:128
2026-01-08 01:55:06.983 28 DEBUG neutron.service [req-85d02c53-2609-477b-b07e-2c34b108e9f3 - - - - -] calling wait on _wait /var/lib/kolla/venv/lib/python3.6/site-packages/neutron/service.py:131
2026-01-08 01:55:06.990 28 WARNING amqp [req-85d02c53-2609-477b-b07e-2c34b108e9f3 - - - - -] Received method (60, 30) during closing channel 1. This method will be ignored
2026-01-08 01:55:06.990 28 DEBUG neutron.service [req-85d02c53-2609-477b-b07e-2c34b108e9f3 - - - - -] returning from RpcWorker wait() _wait /var/lib/kolla/venv/lib/python3.6/site-packages/neutron/service.py:135
2026-01-08 01:55:06.995 7 INFO oslo_service.service [-] Child 28 exited with status 0
2026-01-08 01:55:08.002 23 DEBUG neutron.service [-] calling stop on stop /var/lib/kolla/venv/lib/python3.6/site-packages/neutron/service.py:141
2026-01-08 01:55:08.007 24 DEBUG neutron.service [-] calling stop on stop /var/lib/kolla/venv/lib/python3.6/site-packages/neutron/service.py:141
2026-01-08 01:55:08.026 24 DEBUG neutron.service [-] calling stop on stop /var/lib/kolla/venv/lib/python3.6/site-packages/neutron/service.py:141
2026-01-08 01:55:08.028 25 DEBUG neutron.service [-] calling stop on stop /var/lib/kolla/venv/lib/python3.6/site-packages/neutron/service.py:141
2026-01-08 01:55:08.030 25 DEBUG neutron.service [-] calling stop on stop /var/lib/kolla/venv/lib/python3.6/site-packages/neutron/service.py:141
2026-01-08 01:55:08.037 23 DEBUG neutron.service [-] calling stop on stop /var/lib/kolla/venv/lib/python3.6/site-packages/neutron/service.py:141
2026-01-08 01:55:08.039 29 DEBUG oslo_concurrency.lockutils [req-85d02c53-2609-477b-b07e-2c34b108e9f3 - - - - -] Acquired lock "singleton_lock" lock /var/lib/kolla/venv/lib/python3.6/site-packages/oslo_concurrency/lockutils.py:294
2026-01-08 01:55:08.040 29 DEBUG oslo_concurrency.lockutils [req-85d02c53-2609-477b-b07e-2c34b108e9f3 - - - - -] Releasing lock "singleton_lock" lock /var/lib/kolla/venv/lib/python3.6/site-packages/oslo_concurrency/lockutils.py:312
2026-01-08 01:55:08.041 29 DEBUG neutron.service [req-85d02c53-2609-477b-b07e-2c34b108e9f3 - - - - -] calling RpcWorker wait() _wait /var/lib/kolla/venv/lib/python3.6/site-packages/neutron/service.py:128
2026-01-08 01:55:08.041 29 DEBUG neutron.service [req-85d02c53-2609-477b-b07e-2c34b108e9f3 - - - - -] calling wait on _wait /var/lib/kolla/venv/lib/python3.6/site-packages/neutron/service.py:131
2026-01-08 01:55:08.046 25 DEBUG neutron.service [-] calling stop on stop /var/lib/kolla/venv/lib/python3.6/site-packages/neutron/service.py:141
2026-01-08 01:55:08.048 29 WARNING amqp [req-85d02c53-2609-477b-b07e-2c34b108e9f3 - - - - -] Received method (60, 30) during closing channel 1. This method will be ignored
2026-01-08 01:55:08.048 23 DEBUG neutron.service [-] calling stop on stop /var/lib/kolla/venv/lib/python3.6/site-packages/neutron/service.py:141
2026-01-08 01:55:08.049 29 DEBUG neutron.service [req-85d02c53-2609-477b-b07e-2c34b108e9f3 - - - - -] returning from RpcWorker wait() _wait /var/lib/kolla/venv/lib/python3.6/site-packages/neutron/service.py:135
2026-01-08 01:55:08.055 7 INFO oslo_service.service [-] Child 29 exited with status 0
2026-01-08 01:55:08.055 27 DEBUG oslo_concurrency.lockutils [req-85d02c53-2609-477b-b07e-2c34b108e9f3 - - - - -] Acquired lock "singleton_lock" lock /var/lib/kolla/venv/lib/python3.6/site-packages/oslo_concurrency/lockutils.py:294
2026-01-08 01:55:08.056 27 DEBUG oslo_concurrency.lockutils [req-85d02c53-2609-477b-b07e-2c34b108e9f3 - - - - -] Releasing lock "singleton_lock" lock /var/lib/kolla/venv/lib/python3.6/site-packages/oslo_concurrency/lockutils.py:312
2026-01-08 01:55:08.056 27 DEBUG neutron.service [req-85d02c53-2609-477b-b07e-2c34b108e9f3 - - - - -] calling RpcWorker wait() _wait /var/lib/kolla/venv/lib/python3.6/site-packages/neutron/service.py:128
2026-01-08 01:55:08.056 27 DEBUG neutron.service [req-85d02c53-2609-477b-b07e-2c34b108e9f3 - - - - -] calling wait on _wait /var/lib/kolla/venv/lib/python3.6/site-packages/neutron/service.py:131
2026-01-08 01:55:08.060 25 DEBUG oslo_concurrency.lockutils [req-85d02c53-2609-477b-b07e-2c34b108e9f3 - - - - -] Acquired lock "singleton_lock" lock /var/lib/kolla/venv/lib/python3.6/site-packages/oslo_concurrency/lockutils.py:294
2026-01-08 01:55:08.060 25 DEBUG oslo_concurrency.lockutils [req-85d02c53-2609-477b-b07e-2c34b108e9f3 - - - - -] Releasing lock "singleton_lock" lock /var/lib/kolla/venv/lib/python3.6/site-packages/oslo_concurrency/lockutils.py:312
2026-01-08 01:55:08.061 25 DEBUG neutron.service [req-85d02c53-2609-477b-b07e-2c34b108e9f3 - - - - -] calling RpcWorker wait() _wait /var/lib/kolla/venv/lib/python3.6/site-packages/neutron/service.py:128
2026-01-08 01:55:08.061 25 DEBUG neutron.service [req-85d02c53-2609-477b-b07e-2c34b108e9f3 - - - - -] calling wait on _wait /var/lib/kolla/venv/lib/python3.6/site-packages/neutron/service.py:131
2026-01-08 01:55:08.068 23 DEBUG oslo_concurrency.lockutils [req-85d02c53-2609-477b-b07e-2c34b108e9f3 - - - - -] Acquired lock "singleton_lock" lock /var/lib/kolla/venv/lib/python3.6/site-packages/oslo_concurrency/lockutils.py:294
2026-01-08 01:55:08.068 23 DEBUG oslo_concurrency.lockutils [req-85d02c53-2609-477b-b07e-2c34b108e9f3 - - - - -] Releasing lock "singleton_lock" lock /var/lib/kolla/venv/lib/python3.6/site-packages/oslo_concurrency/lockutils.py:312
2026-01-08 01:55:08.068 23 DEBUG neutron.service [req-85d02c53-2609-477b-b07e-2c34b108e9f3 - - - - -] calling RpcWorker wait() _wait /var/lib/kolla/venv/lib/python3.6/site-packages/neutron/service.py:128
2026-01-08 01:55:08.069 23 DEBUG neutron.service [req-85d02c53-2609-477b-b07e-2c34b108e9f3 - - - - -] calling wait on _wait /var/lib/kolla/venv/lib/python3.6/site-packages/neutron/service.py:131
2026-01-08 01:55:08.069 27 WARNING amqp [req-85d02c53-2609-477b-b07e-2c34b108e9f3 - - - - -] Received method (60, 30) during closing channel 1. This method will be ignored
2026-01-08 01:55:08.071 27 DEBUG neutron.service [req-85d02c53-2609-477b-b07e-2c34b108e9f3 - - - - -] returning from RpcWorker wait() _wait /var/lib/kolla/venv/lib/python3.6/site-packages/neutron/service.py:135
2026-01-08 01:55:08.073 25 WARNING amqp [req-85d02c53-2609-477b-b07e-2c34b108e9f3 - - - - -] Received method (60, 30) during closing channel 1. This method will be ignored
2026-01-08 01:55:08.074 25 DEBUG neutron.service [req-85d02c53-2609-477b-b07e-2c34b108e9f3 - - - - -] calling wait on _wait /var/lib/kolla/venv/lib/python3.6/site-packages/neutron/service.py:131
2026-01-08 01:55:08.075 23 WARNING amqp [req-85d02c53-2609-477b-b07e-2c34b108e9f3 - - - - -] Received method (60, 30) during closing channel 1. This method will be ignored
2026-01-08 01:55:08.076 23 DEBUG neutron.service [req-85d02c53-2609-477b-b07e-2c34b108e9f3 - - - - -] calling wait on _wait /var/lib/kolla/venv/lib/python3.6/site-packages/neutron/service.py:131
2026-01-08 01:55:08.077 7 INFO oslo_service.service [-] Child 27 exited with status 0
2026-01-08 01:55:08.079 25 WARNING amqp [req-85d02c53-2609-477b-b07e-2c34b108e9f3 - - - - -] Received method (60, 30) during closing channel 1. This method will be ignored
2026-01-08 01:55:08.079 25 DEBUG neutron.service [req-85d02c53-2609-477b-b07e-2c34b108e9f3 - - - - -] calling wait on _wait /var/lib/kolla/venv/lib/python3.6/site-packages/neutron/service.py:131
2026-01-08 01:55:08.084 25 WARNING amqp [req-85d02c53-2609-477b-b07e-2c34b108e9f3 - - - - -] Received method (60, 30) during closing channel 1. This method will be ignored
2026-01-08 01:55:08.085 25 DEBUG neutron.service [req-85d02c53-2609-477b-b07e-2c34b108e9f3 - - - - -] calling wait on _wait /var/lib/kolla/venv/lib/python3.6/site-packages/neutron/service.py:131
2026-01-08 01:55:08.086 23 WARNING amqp [req-85d02c53-2609-477b-b07e-2c34b108e9f3 - - - - -] Received method (60, 30) during closing channel 1. This method will be ignored
2026-01-08 01:55:08.087 23 DEBUG neutron.service [req-85d02c53-2609-477b-b07e-2c34b108e9f3 - - - - -] calling wait on _wait /var/lib/kolla/venv/lib/python3.6/site-packages/neutron/service.py:131
2026-01-08 01:55:08.092 25 WARNING amqp [req-85d02c53-2609-477b-b07e-2c34b108e9f3 - - - - -] Received method (60, 30) during closing channel 1. This method will be ignored
2026-01-08 01:55:08.094 25 DEBUG neutron.service [req-85d02c53-2609-477b-b07e-2c34b108e9f3 - - - - -] returning from RpcWorker wait() _wait /var/lib/kolla/venv/lib/python3.6/site-packages/neutron/service.py:135
2026-01-08 01:55:08.099 7 INFO oslo_service.service [-] Child 25 exited with status 0
2026-01-08 01:55:08.100 23 WARNING amqp [req-85d02c53-2609-477b-b07e-2c34b108e9f3 - - - - -] Received method (60, 30) during closing channel 1. This method will be ignored
2026-01-08 01:55:08.101 23 DEBUG neutron.service [req-85d02c53-2609-477b-b07e-2c34b108e9f3 - - - - -] calling wait on _wait /var/lib/kolla/venv/lib/python3.6/site-packages/neutron/service.py:131
2026-01-08 01:55:08.105 23 WARNING amqp [req-85d02c53-2609-477b-b07e-2c34b108e9f3 - - - - -] Received method (60, 30) during closing channel 1. This method will be ignored
2026-01-08 01:55:08.106 23 DEBUG neutron.service [req-85d02c53-2609-477b-b07e-2c34b108e9f3 - - - - -] returning from RpcWorker wait() _wait /var/lib/kolla/venv/lib/python3.6/site-packages/neutron/service.py:135
2026-01-08 01:55:08.112 7 INFO oslo_service.service [-] Child 23 exited with status 0
2026-01-08 01:55:08.787 24 DEBUG neutron.service [-] calling stop on stop /var/lib/kolla/venv/lib/python3.6/site-packages/neutron/service.py:141
2026-01-08 01:55:08.790 24 DEBUG neutron_lib.callbacks.manager [req-8e8acbb9-3a34-4d94-ab70-9e949a7ad80c - - - - -] Publish callbacks ['neutron.services.segments.db._update_segment_host_mapping_for_agent-8771951646528', 'neutron.plugins.ml2.plugin.Ml2Plugin._retry_binding_revived_agents--9223372036853212997'] for agent (44dbe97c-0982-44a7-8899-283a6a91d2c4), after_update _notify_loop /var/lib/kolla/venv/lib/python3.6/site-packages/neutron_lib/callbacks/manager.py:177
2026-01-08 01:55:16.466 7 INFO neutron.common.config [-] Logging enabled!
2026-01-08 01:55:16.466 7 INFO neutron.common.config [-] /var/lib/kolla/venv/bin/neutron-server version 20.5.1.dev23
2026-01-08 01:55:16.467 7 DEBUG neutron.common.config [-] command line: /var/lib/kolla/venv/bin/neutron-server --config-file /etc/neutron/neutron.conf --config-file /etc/neutron/ContrailPlugin.ini --config-file /etc/neutron/api-paste.ini setup_logging /var/lib/kolla/venv/lib/python3.6/site-packages/neutron/common/config.py:115
2026-01-08 01:55:16.470 7 INFO neutron.common.config [-] Logging enabled!
2026-01-08 01:55:16.470 7 INFO neutron.common.config [-] /var/lib/kolla/venv/bin/neutron-server version 20.5.1.dev23
2026-01-08 01:55:16.471 7 DEBUG neutron.common.config [-] command line: /var/lib/kolla/venv/bin/neutron-server --config-file /etc/neutron/neutron.conf --config-file /etc/neutron/ContrailPlugin.ini --config-file /etc/neutron/api-paste.ini setup_logging /var/lib/kolla/venv/lib/python3.6/site-packages/neutron/common/config.py:115
2026-01-08 01:55:16.472 7 DEBUG neutron.common.config [-] ******************************************************************************** log_opt_values /var/lib/kolla/venv/lib/python3.6/site-packages/oslo_config/cfg.py:2589
2026-01-08 01:55:16.472 7 DEBUG neutron.common.config [-] Configuration options gathered from: log_opt_values /var/lib/kolla/venv/lib/python3.6/site-packages/oslo_config/cfg.py:2590
2026-01-08 01:55:16.472 7 DEBUG neutron.common.config [-] command line args: ['--config-file', '/etc/neutron/neutron.conf', '--config-file', '/etc/neutron/ContrailPlugin.ini', '--config-file', '/etc/neutron/api-paste.ini'] log_opt_values /var/lib/kolla/venv/lib/python3.6/site-packages/oslo_config/cfg.py:2591
2026-01-08 01:55:16.474 7 DEBUG neutron.common.config [-] config files: ['/etc/neutron/neutron.conf', '/etc/neutron/ContrailPlugin.ini', '/etc/neutron/api-paste.ini'] log_opt_values /var/lib/kolla/venv/lib/python3.6/site-packages/oslo_config/cfg.py:2593
2026-01-08 01:55:16.475 7 DEBUG neutron.common.config [-] ================================================================================ log_opt_values /var/lib/kolla/venv/lib/python3.6/site-packages/oslo_config/cfg.py:2594
2026-01-08 01:55:16.475 7 DEBUG neutron.common.config [-] allow_bulk = True log_opt_values /var/lib/kolla/venv/lib/python3.6/site-packages/oslo_config/cfg.py:2603
2026-01-08 01:55:16.475 7 WARNING oslo_config.cfg [-] Deprecated: Option "allow_overlapping_ips" from group "DEFAULT" is deprecated for removal. Its value may be silently ignored in the future.
2026-01-08 01:55:16.475 7 DEBUG neutron.common.config [-] allow_overlapping_ips = True log_opt_values /var/lib/kolla/venv/lib/python3.6/site-packages/oslo_config/cfg.py:2603
2026-01-08 01:55:16.475 7 DEBUG neutron.common.config [-] api_extensions_path = /opt/plugin/site-packages/neutron_plugin_contrail/extensions:/opt/plugin/site-packages/neutron_lbaas/extensions log_opt_values /var/lib/kolla/venv/lib/python3.6/site-packages/oslo_config/cfg.py:2603
2026-01-08 01:55:16.476 7 DEBUG neutron.common.config [-] api_paste_config = /etc/neutron/api-paste.ini log_opt_values /var/lib/kolla/venv/lib/python3.6/site-packages/oslo_config/cfg.py:2603
2026-01-08 01:55:16.476 7 DEBUG neutron.common.config [-] api_workers = 1 log_opt_values /var/lib/kolla/venv/lib/python3.6/site-packages/oslo_config/cfg.py:2603
2026-01-08 01:55:16.477 7 DEBUG neutron.common.config [-] auth_strategy = keystone log_opt_values /var/lib/kolla/venv/lib/python3.6/site-packages/oslo_config/cfg.py:2603
2026-01-08 01:55:16.477 7 DEBUG neutron.common.config [-] backlog = 4096 log_opt_values /var/lib/kolla/venv/lib/python3.6/site-packages/oslo_config/cfg.py:2603
2026-01-08 01:55:16.478 7 DEBUG neutron.common.config [-] base_mac = fa:16:3e:00:00:00 log_opt_values /var/lib/kolla/venv/lib/python3.6/site-packages/oslo_config/cfg.py:2603
2026-01-08 01:55:16.478 7 DEBUG neutron.common.config [-] bind_host = 10.0.0.141 log_opt_values /var/lib/kolla/venv/lib/python3.6/site-packages/oslo_config/cfg.py:2603
2026-01-08 01:55:16.478 7 DEBUG neutron.common.config [-] bind_port = 9696 log_opt_values /var/lib/kolla/venv/lib/python3.6/site-packages/oslo_config/cfg.py:2603
2026-01-08 01:55:16.478 7 DEBUG neutron.common.config [-] client_socket_timeout = 900 log_opt_values /var/lib/kolla/venv/lib/python3.6/site-packages/oslo_config/cfg.py:2603
2026-01-08 01:55:16.478 7 DEBUG neutron.common.config [-] config_dir = [] log_opt_values /var/lib/kolla/venv/lib/python3.6/site-packages/oslo_config/cfg.py:2603
2026-01-08 01:55:16.478 7 DEBUG neutron.common.config [-] config_file = ['/etc/neutron/neutron.conf', '/etc/neutron/ContrailPlugin.ini', '/etc/neutron/api-paste.ini'] log_opt_values /var/lib/kolla/venv/lib/python3.6/site-packages/oslo_config/cfg.py:2603
2026-01-08 01:55:16.478 7 DEBUG neutron.common.config [-] config_source = [] log_opt_values /var/lib/kolla/venv/lib/python3.6/site-packages/oslo_config/cfg.py:2603
2026-01-08 01:55:16.479 7 DEBUG neutron.common.config [-] control_exchange = neutron log_opt_values /var/lib/kolla/venv/lib/python3.6/site-packages/oslo_config/cfg.py:2603
2026-01-08 01:55:16.479 7 DEBUG neutron.common.config [-] core_plugin = neutron_plugin_contrail.plugins.opencontrail.contrail_plugin.NeutronPluginContrailCoreV2 log_opt_values /var/lib/kolla/venv/lib/python3.6/site-packages/oslo_config/cfg.py:2603
2026-01-08 01:55:16.479 7 DEBUG neutron.common.config [-] debug = True log_opt_values /var/lib/kolla/venv/lib/python3.6/site-packages/oslo_config/cfg.py:2603
2026-01-08 01:55:16.479 7 DEBUG neutron.common.config [-] default_availability_zones = [] log_opt_values /var/lib/kolla/venv/lib/python3.6/site-packages/oslo_config/cfg.py:2603
