2026-01-05 00:34:32.574 39818 DEBUG oslo_service.service [-] clients_trove.cert_file = None log_opt_values /usr/lib/python3/dist-packages/oslo_config/cfg.py:2609
2026-01-05 00:34:32.574 39818 DEBUG oslo_service.service [-] clients_trove.endpoint_type = None log_opt_values /usr/lib/python3/dist-packages/oslo_config/cfg.py:2609
2026-01-05 00:34:32.574 39818 DEBUG oslo_service.service [-] clients_trove.insecure = None log_opt_values /usr/lib/python3/dist-packages/oslo_config/cfg.py:2609
2026-01-05 00:34:32.574 39818 DEBUG oslo_service.service [-] clients_trove.key_file = None log_opt_values /usr/lib/python3/dist-packages/oslo_config/cfg.py:2609
2026-01-05 00:34:32.574 39818 DEBUG oslo_service.service [-] clients_vitrage.ca_file = None log_opt_values /usr/lib/python3/dist-packages/oslo_config/cfg.py:2609
2026-01-05 00:34:32.574 39818 DEBUG oslo_service.service [-] clients_vitrage.cert_file = None log_opt_values /usr/lib/python3/dist-packages/oslo_config/cfg.py:2609
2026-01-05 00:34:32.575 39818 DEBUG oslo_service.service [-] clients_vitrage.endpoint_type = None log_opt_values /usr/lib/python3/dist-packages/oslo_config/cfg.py:2609
2026-01-05 00:34:32.575 39818 DEBUG oslo_service.service [-] clients_vitrage.insecure = None log_opt_values /usr/lib/python3/dist-packages/oslo_config/cfg.py:2609
2026-01-05 00:34:32.575 39818 DEBUG oslo_service.service [-] clients_vitrage.key_file = None log_opt_values /usr/lib/python3/dist-packages/oslo_config/cfg.py:2609
2026-01-05 00:34:32.575 39818 DEBUG oslo_service.service [-] clients_zaqar.ca_file = None log_opt_values /usr/lib/python3/dist-packages/oslo_config/cfg.py:2609
2026-01-05 00:34:32.575 39818 DEBUG oslo_service.service [-] clients_zaqar.cert_file = None log_opt_values /usr/lib/python3/dist-packages/oslo_config/cfg.py:2609
2026-01-05 00:34:32.575 39818 DEBUG oslo_service.service [-] clients_zaqar.endpoint_type = None log_opt_values /usr/lib/python3/dist-packages/oslo_config/cfg.py:2609
2026-01-05 00:34:32.576 39818 DEBUG oslo_service.service [-] clients_zaqar.insecure = None log_opt_values /usr/lib/python3/dist-packages/oslo_config/cfg.py:2609
2026-01-05 00:34:32.576 39818 DEBUG oslo_service.service [-] clients_zaqar.key_file = None log_opt_values /usr/lib/python3/dist-packages/oslo_config/cfg.py:2609
2026-01-05 00:34:32.576 39818 DEBUG oslo_service.service [-] database.backend = sqlalchemy log_opt_values /usr/lib/python3/dist-packages/oslo_config/cfg.py:2609
2026-01-05 00:34:32.576 39818 DEBUG oslo_service.service [-] database.connection = **** log_opt_values /usr/lib/python3/dist-packages/oslo_config/cfg.py:2609
2026-01-05 00:34:32.576 39818 DEBUG oslo_service.service [-] database.connection_debug = 0 log_opt_values /usr/lib/python3/dist-packages/oslo_config/cfg.py:2609
2026-01-05 00:34:32.577 39818 DEBUG oslo_service.service [-] database.connection_parameters = log_opt_values /usr/lib/python3/dist-packages/oslo_config/cfg.py:2609
2026-01-05 00:34:32.577 39818 DEBUG oslo_service.service [-] database.connection_recycle_time = 3600 log_opt_values /usr/lib/python3/dist-packages/oslo_config/cfg.py:2609
2026-01-05 00:34:32.577 39818 DEBUG oslo_service.service [-] database.connection_trace = False log_opt_values /usr/lib/python3/dist-packages/oslo_config/cfg.py:2609
2026-01-05 00:34:32.577 39818 DEBUG oslo_service.service [-] database.db_inc_retry_interval = True log_opt_values /usr/lib/python3/dist-packages/oslo_config/cfg.py:2609
2026-01-05 00:34:32.577 39818 DEBUG oslo_service.service [-] database.db_max_retries = 20 log_opt_values /usr/lib/python3/dist-packages/oslo_config/cfg.py:2609
2026-01-05 00:34:32.577 39818 DEBUG oslo_service.service [-] database.db_max_retry_interval = 10 log_opt_values /usr/lib/python3/dist-packages/oslo_config/cfg.py:2609
2026-01-05 00:34:32.577 39818 DEBUG oslo_service.service [-] database.db_retry_interval = 1 log_opt_values /usr/lib/python3/dist-packages/oslo_config/cfg.py:2609
2026-01-05 00:34:32.578 39818 DEBUG oslo_service.service [-] database.max_overflow = 50 log_opt_values /usr/lib/python3/dist-packages/oslo_config/cfg.py:2609
2026-01-05 00:34:32.578 39818 DEBUG oslo_service.service [-] database.max_pool_size = 5 log_opt_values /usr/lib/python3/dist-packages/oslo_config/cfg.py:2609
2026-01-05 00:34:32.578 39818 DEBUG oslo_service.service [-] database.max_retries = 10 log_opt_values /usr/lib/python3/dist-packages/oslo_config/cfg.py:2609
2026-01-05 00:34:32.578 39818 DEBUG oslo_service.service [-] database.mysql_enable_ndb = False log_opt_values /usr/lib/python3/dist-packages/oslo_config/cfg.py:2609
2026-01-05 00:34:32.578 39818 DEBUG oslo_service.service [-] database.mysql_sql_mode = TRADITIONAL log_opt_values /usr/lib/python3/dist-packages/oslo_config/cfg.py:2609
2026-01-05 00:34:32.578 39818 DEBUG oslo_service.service [-] database.pool_timeout = None log_opt_values /usr/lib/python3/dist-packages/oslo_config/cfg.py:2609
2026-01-05 00:34:32.579 39818 DEBUG oslo_service.service [-] database.retry_interval = 10 log_opt_values /usr/lib/python3/dist-packages/oslo_config/cfg.py:2609
2026-01-05 00:34:32.579 39818 DEBUG oslo_service.service [-] database.slave_connection = **** log_opt_values /usr/lib/python3/dist-packages/oslo_config/cfg.py:2609
2026-01-05 00:34:32.579 39818 DEBUG oslo_service.service [-] database.sqlite_synchronous = True log_opt_values /usr/lib/python3/dist-packages/oslo_config/cfg.py:2609
2026-01-05 00:34:32.580 39818 DEBUG oslo_service.service [-] database.use_db_reconnect = False log_opt_values /usr/lib/python3/dist-packages/oslo_config/cfg.py:2609
2026-01-05 00:34:32.580 39818 DEBUG oslo_service.service [-] oslo_messaging_metrics.metrics_buffer_size = 1000 log_opt_values /usr/lib/python3/dist-packages/oslo_config/cfg.py:2609
2026-01-05 00:34:32.580 39818 DEBUG oslo_service.service [-] oslo_messaging_metrics.metrics_enabled = False log_opt_values /usr/lib/python3/dist-packages/oslo_config/cfg.py:2609
2026-01-05 00:34:32.580 39818 DEBUG oslo_service.service [-] oslo_messaging_metrics.metrics_process_name = log_opt_values /usr/lib/python3/dist-packages/oslo_config/cfg.py:2609
2026-01-05 00:34:32.581 39818 DEBUG oslo_service.service [-] oslo_messaging_metrics.metrics_socket_file = /var/tmp/metrics_collector.sock log_opt_values /usr/lib/python3/dist-packages/oslo_config/cfg.py:2609
2026-01-05 00:34:32.581 39818 DEBUG oslo_service.service [-] oslo_messaging_metrics.metrics_thread_stop_timeout = 10 log_opt_values /usr/lib/python3/dist-packages/oslo_config/cfg.py:2609
2026-01-05 00:34:32.581 39818 DEBUG oslo_service.service [-] oslo_policy.enforce_new_defaults = False log_opt_values /usr/lib/python3/dist-packages/oslo_config/cfg.py:2609
2026-01-05 00:34:32.581 39818 DEBUG oslo_service.service [-] oslo_policy.enforce_scope = False log_opt_values /usr/lib/python3/dist-packages/oslo_config/cfg.py:2609
2026-01-05 00:34:32.581 39818 DEBUG oslo_service.service [-] oslo_policy.policy_default_rule = default log_opt_values /usr/lib/python3/dist-packages/oslo_config/cfg.py:2609
2026-01-05 00:34:32.581 39818 DEBUG oslo_service.service [-] oslo_policy.policy_dirs = ['policy.d'] log_opt_values /usr/lib/python3/dist-packages/oslo_config/cfg.py:2609
2026-01-05 00:34:32.582 39818 DEBUG oslo_service.service [-] oslo_policy.policy_file = policy.yaml log_opt_values /usr/lib/python3/dist-packages/oslo_config/cfg.py:2609
2026-01-05 00:34:32.582 39818 DEBUG oslo_service.service [-] oslo_policy.remote_content_type = application/x-www-form-urlencoded log_opt_values /usr/lib/python3/dist-packages/oslo_config/cfg.py:2609
2026-01-05 00:34:32.583 39818 DEBUG oslo_service.service [-] oslo_policy.remote_ssl_ca_crt_file = None log_opt_values /usr/lib/python3/dist-packages/oslo_config/cfg.py:2609
2026-01-05 00:34:32.583 39818 DEBUG oslo_service.service [-] oslo_policy.remote_ssl_client_crt_file = None log_opt_values /usr/lib/python3/dist-packages/oslo_config/cfg.py:2609
2026-01-05 00:34:32.583 39818 DEBUG oslo_service.service [-] oslo_policy.remote_ssl_client_key_file = None log_opt_values /usr/lib/python3/dist-packages/oslo_config/cfg.py:2609
2026-01-05 00:34:32.583 39818 DEBUG oslo_service.service [-] oslo_policy.remote_ssl_verify_server_crt = False log_opt_values /usr/lib/python3/dist-packages/oslo_config/cfg.py:2609
2026-01-05 00:34:32.583 39818 DEBUG oslo_service.service [-] trustee.auth_section = None log_opt_values /usr/lib/python3/dist-packages/oslo_config/cfg.py:2609
2026-01-05 00:34:32.584 39818 WARNING oslo_config.cfg [-] Deprecated: Option "auth_plugin" from group "trustee" is deprecated. Use option "auth_type" from group "trustee".
2026-01-05 00:34:32.584 39818 DEBUG oslo_service.service [-] trustee.auth_type = password log_opt_values /usr/lib/python3/dist-packages/oslo_config/cfg.py:2609
2026-01-05 00:34:32.584 39818 DEBUG oslo_service.service [-] oslo_versionedobjects.fatal_exception_format_errors = False log_opt_values /usr/lib/python3/dist-packages/oslo_config/cfg.py:2609
2026-01-05 00:34:32.585 39818 DEBUG oslo_service.service [-] oslo_messaging_rabbit.amqp_auto_delete = False log_opt_values /usr/lib/python3/dist-packages/oslo_config/cfg.py:2609
2026-01-05 00:34:32.585 39818 DEBUG oslo_service.service [-] oslo_messaging_rabbit.amqp_durable_queues = False log_opt_values /usr/lib/python3/dist-packages/oslo_config/cfg.py:2609
2026-01-05 00:34:32.585 39818 DEBUG oslo_service.service [-] oslo_messaging_rabbit.conn_pool_min_size = 2 log_opt_values /usr/lib/python3/dist-packages/oslo_config/cfg.py:2609
2026-01-05 00:34:32.585 39818 DEBUG oslo_service.service [-] oslo_messaging_rabbit.conn_pool_ttl = 1200 log_opt_values /usr/lib/python3/dist-packages/oslo_config/cfg.py:2609
2026-01-05 00:34:32.585 39818 DEBUG oslo_service.service [-] oslo_messaging_rabbit.direct_mandatory_flag = True log_opt_values /usr/lib/python3/dist-packages/oslo_config/cfg.py:2609
2026-01-05 00:34:32.586 39818 DEBUG oslo_service.service [-] oslo_messaging_rabbit.enable_cancel_on_failover = False log_opt_values /usr/lib/python3/dist-packages/oslo_config/cfg.py:2609
2026-01-05 00:34:32.586 39818 DEBUG oslo_service.service [-] oslo_messaging_rabbit.heartbeat_in_pthread = False log_opt_values /usr/lib/python3/dist-packages/oslo_config/cfg.py:2609
2026-01-05 00:34:32.586 39818 DEBUG oslo_service.service [-] oslo_messaging_rabbit.heartbeat_rate = 2 log_opt_values /usr/lib/python3/dist-packages/oslo_config/cfg.py:2609
2026-01-05 00:34:32.586 39818 DEBUG oslo_service.service [-] oslo_messaging_rabbit.heartbeat_timeout_threshold = 60 log_opt_values /usr/lib/python3/dist-packages/oslo_config/cfg.py:2609
2026-01-05 00:34:32.586 39818 DEBUG oslo_service.service [-] oslo_messaging_rabbit.kombu_compression = None log_opt_values /usr/lib/python3/dist-packages/oslo_config/cfg.py:2609
2026-01-05 00:34:32.586 39818 DEBUG oslo_service.service [-] oslo_messaging_rabbit.kombu_failover_strategy = round-robin log_opt_values /usr/lib/python3/dist-packages/oslo_config/cfg.py:2609
2026-01-05 00:34:32.587 39818 DEBUG oslo_service.service [-] oslo_messaging_rabbit.kombu_missing_consumer_retry_timeout = 60 log_opt_values /usr/lib/python3/dist-packages/oslo_config/cfg.py:2609
2026-01-05 00:34:32.587 39818 DEBUG oslo_service.service [-] oslo_messaging_rabbit.kombu_reconnect_delay = 1.0 log_opt_values /usr/lib/python3/dist-packages/oslo_config/cfg.py:2609
2026-01-05 00:34:32.587 39818 DEBUG oslo_service.service [-] oslo_messaging_rabbit.rabbit_ha_queues = False log_opt_values /usr/lib/python3/dist-packages/oslo_config/cfg.py:2609
2026-01-05 00:34:32.587 39818 DEBUG oslo_service.service [-] oslo_messaging_rabbit.rabbit_interval_max = 30 log_opt_values /usr/lib/python3/dist-packages/oslo_config/cfg.py:2609
2026-01-05 00:34:32.587 39818 DEBUG oslo_service.service [-] oslo_messaging_rabbit.rabbit_login_method = AMQPLAIN log_opt_values /usr/lib/python3/dist-packages/oslo_config/cfg.py:2609
2026-01-05 00:34:32.587 39818 DEBUG oslo_service.service [-] oslo_messaging_rabbit.rabbit_qos_prefetch_count = 0 log_opt_values /usr/lib/python3/dist-packages/oslo_config/cfg.py:2609
2026-01-05 00:34:32.587 39818 DEBUG oslo_service.service [-] oslo_messaging_rabbit.rabbit_quorum_queue = False log_opt_values /usr/lib/python3/dist-packages/oslo_config/cfg.py:2609
2026-01-05 00:34:32.588 39818 DEBUG oslo_service.service [-] oslo_messaging_rabbit.rabbit_retry_backoff = 2 log_opt_values /usr/lib/python3/dist-packages/oslo_config/cfg.py:2609
2026-01-05 00:34:32.588 39818 DEBUG oslo_service.service [-] oslo_messaging_rabbit.rabbit_retry_interval = 1 log_opt_values /usr/lib/python3/dist-packages/oslo_config/cfg.py:2609
2026-01-05 00:34:32.588 39818 DEBUG oslo_service.service [-] oslo_messaging_rabbit.rabbit_transient_queues_ttl = 1800 log_opt_values /usr/lib/python3/dist-packages/oslo_config/cfg.py:2609
2026-01-05 00:34:32.588 39818 DEBUG oslo_service.service [-] oslo_messaging_rabbit.rpc_conn_pool_size = 30 log_opt_values /usr/lib/python3/dist-packages/oslo_config/cfg.py:2609
2026-01-05 00:34:32.588 39818 DEBUG oslo_service.service [-] oslo_messaging_rabbit.ssl = False log_opt_values /usr/lib/python3/dist-packages/oslo_config/cfg.py:2609
2026-01-05 00:34:32.588 39818 DEBUG oslo_service.service [-] oslo_messaging_rabbit.ssl_ca_file = log_opt_values /usr/lib/python3/dist-packages/oslo_config/cfg.py:2609
2026-01-05 00:34:32.588 39818 DEBUG oslo_service.service [-] oslo_messaging_rabbit.ssl_cert_file = log_opt_values /usr/lib/python3/dist-packages/oslo_config/cfg.py:2609
2026-01-05 00:34:32.589 39818 DEBUG oslo_service.service [-] oslo_messaging_rabbit.ssl_key_file = log_opt_values /usr/lib/python3/dist-packages/oslo_config/cfg.py:2609
2026-01-05 00:34:32.589 39818 DEBUG oslo_service.service [-] oslo_messaging_rabbit.ssl_version = log_opt_values /usr/lib/python3/dist-packages/oslo_config/cfg.py:2609
2026-01-05 00:34:32.589 39818 DEBUG oslo_service.service [-] oslo_messaging_notifications.driver = [] log_opt_values /usr/lib/python3/dist-packages/oslo_config/cfg.py:2609
2026-01-05 00:34:32.589 39818 DEBUG oslo_service.service [-] oslo_messaging_notifications.retry = -1 log_opt_values /usr/lib/python3/dist-packages/oslo_config/cfg.py:2609
2026-01-05 00:34:32.589 39818 DEBUG oslo_service.service [-] oslo_messaging_notifications.topics = ['notifications'] log_opt_values /usr/lib/python3/dist-packages/oslo_config/cfg.py:2609
2026-01-05 00:34:32.589 39818 DEBUG oslo_service.service [-] oslo_messaging_notifications.transport_url = **** log_opt_values /usr/lib/python3/dist-packages/oslo_config/cfg.py:2609
2026-01-05 00:34:32.590 39818 DEBUG oslo_service.service [-] cache.backend = dogpile.cache.null log_opt_values /usr/lib/python3/dist-packages/oslo_config/cfg.py:2609
2026-01-05 00:34:32.590 39818 DEBUG oslo_service.service [-] cache.backend_argument = **** log_opt_values /usr/lib/python3/dist-packages/oslo_config/cfg.py:2609
2026-01-05 00:34:32.590 39818 DEBUG oslo_service.service [-] cache.config_prefix = cache.oslo log_opt_values /usr/lib/python3/dist-packages/oslo_config/cfg.py:2609
2026-01-05 00:34:32.590 39818 DEBUG oslo_service.service [-] cache.debug_cache_backend = False log_opt_values /usr/lib/python3/dist-packages/oslo_config/cfg.py:2609
2026-01-05 00:34:32.590 39818 DEBUG oslo_service.service [-] cache.enabled = False log_opt_values /usr/lib/python3/dist-packages/oslo_config/cfg.py:2609
2026-01-05 00:34:32.591 39818 DEBUG oslo_service.service [-] cache.expiration_time = 600 log_opt_values /usr/lib/python3/dist-packages/oslo_config/cfg.py:2609
2026-01-05 00:34:32.591 39818 DEBUG oslo_service.service [-] cache.memcache_dead_retry = 300 log_opt_values /usr/lib/python3/dist-packages/oslo_config/cfg.py:2609
2026-01-05 00:34:32.591 39818 DEBUG oslo_service.service [-] cache.memcache_pool_connection_get_timeout = 10 log_opt_values /usr/lib/python3/dist-packages/oslo_config/cfg.py:2609
2026-01-05 00:34:32.591 39818 DEBUG oslo_service.service [-] cache.memcache_pool_flush_on_reconnect = False log_opt_values /usr/lib/python3/dist-packages/oslo_config/cfg.py:2609
2026-01-05 00:34:32.591 39818 DEBUG oslo_service.service [-] cache.memcache_pool_maxsize = 10 log_opt_values /usr/lib/python3/dist-packages/oslo_config/cfg.py:2609
2026-01-05 00:34:32.591 39818 DEBUG oslo_service.service [-] cache.memcache_pool_unused_timeout = 60 log_opt_values /usr/lib/python3/dist-packages/oslo_config/cfg.py:2609
2026-01-05 00:34:32.591 39818 DEBUG oslo_service.service [-] cache.memcache_servers = ['localhost:11211'] log_opt_values /usr/lib/python3/dist-packages/oslo_config/cfg.py:2609
2026-01-05 00:34:32.591 39818 DEBUG oslo_service.service [-] cache.memcache_socket_timeout = 1.0 log_opt_values /usr/lib/python3/dist-packages/oslo_config/cfg.py:2609
2026-01-05 00:34:32.592 39818 DEBUG oslo_service.service [-] cache.proxies = [] log_opt_values /usr/lib/python3/dist-packages/oslo_config/cfg.py:2609
2026-01-05 00:34:32.592 39818 DEBUG oslo_service.service [-] cache.tls_allowed_ciphers = None log_opt_values /usr/lib/python3/dist-packages/oslo_config/cfg.py:2609
2026-01-05 00:34:32.592 39818 DEBUG oslo_service.service [-] cache.tls_cafile = None log_opt_values /usr/lib/python3/dist-packages/oslo_config/cfg.py:2609
2026-01-05 00:34:32.592 39818 DEBUG oslo_service.service [-] cache.tls_certfile = None log_opt_values /usr/lib/python3/dist-packages/oslo_config/cfg.py:2609
2026-01-05 00:34:32.593 39818 DEBUG oslo_service.service [-] cache.tls_enabled = False log_opt_values /usr/lib/python3/dist-packages/oslo_config/cfg.py:2609
2026-01-05 00:34:32.593 39818 DEBUG oslo_service.service [-] cache.tls_keyfile = None log_opt_values /usr/lib/python3/dist-packages/oslo_config/cfg.py:2609
2026-01-05 00:34:32.593 39818 DEBUG oslo_service.service [-] constraint_validation_cache.caching = True log_opt_values /usr/lib/python3/dist-packages/oslo_config/cfg.py:2609
2026-01-05 00:34:32.593 39818 DEBUG oslo_service.service [-] constraint_validation_cache.expiration_time = 60 log_opt_values /usr/lib/python3/dist-packages/oslo_config/cfg.py:2609
2026-01-05 00:34:32.593 39818 DEBUG oslo_service.service [-] service_extension_cache.caching = True log_opt_values /usr/lib/python3/dist-packages/oslo_config/cfg.py:2609
2026-01-05 00:34:32.593 39818 DEBUG oslo_service.service [-] service_extension_cache.expiration_time = 3600 log_opt_values /usr/lib/python3/dist-packages/oslo_config/cfg.py:2609
2026-01-05 00:34:32.593 39818 DEBUG oslo_service.service [-] resource_finder_cache.caching = True log_opt_values /usr/lib/python3/dist-packages/oslo_config/cfg.py:2609
2026-01-05 00:34:32.594 39818 DEBUG oslo_service.service [-] resource_finder_cache.expiration_time = 3600 log_opt_values /usr/lib/python3/dist-packages/oslo_config/cfg.py:2609
2026-01-05 00:34:32.594 39818 DEBUG oslo_service.service [-] yaql.limit_iterators = 200 log_opt_values /usr/lib/python3/dist-packages/oslo_config/cfg.py:2609
2026-01-05 00:34:32.594 39818 DEBUG oslo_service.service [-] yaql.memory_quota = 10000 log_opt_values /usr/lib/python3/dist-packages/oslo_config/cfg.py:2609
2026-01-05 00:34:32.594 39818 DEBUG oslo_service.service [-] ******************************************************************************** log_opt_values /usr/lib/python3/dist-packages/oslo_config/cfg.py:2613
2026-01-05 00:34:32.675 40044 DEBUG oslo_db.sqlalchemy.engines [req-775a3881-d9d3-4039-811b-47607b8d8d06 - - - - -] MySQL server mode set to STRICT_TRANS_TABLES,STRICT_ALL_TABLES,NO_ZERO_IN_DATE,NO_ZERO_DATE,ERROR_FOR_DIVISION_BY_ZERO,TRADITIONAL,NO_ENGINE_SUBSTITUTION _check_effective_sql_mode /usr/lib/python3/dist-packages/oslo_db/sqlalchemy/engines.py:314
2026-01-05 00:34:32.678 40040 DEBUG oslo_db.sqlalchemy.engines [req-e510b77b-be21-46fc-927f-7f71b8d51ebc - - - - -] MySQL server mode set to STRICT_TRANS_TABLES,STRICT_ALL_TABLES,NO_ZERO_IN_DATE,NO_ZERO_DATE,ERROR_FOR_DIVISION_BY_ZERO,TRADITIONAL,NO_ENGINE_SUBSTITUTION _check_effective_sql_mode /usr/lib/python3/dist-packages/oslo_db/sqlalchemy/engines.py:314
2026-01-05 00:34:32.683 40041 DEBUG oslo_db.sqlalchemy.engines [req-5bc4ccb8-29b6-4448-a70b-12e2568bbe3b - - - - -] MySQL server mode set to STRICT_TRANS_TABLES,STRICT_ALL_TABLES,NO_ZERO_IN_DATE,NO_ZERO_DATE,ERROR_FOR_DIVISION_BY_ZERO,TRADITIONAL,NO_ENGINE_SUBSTITUTION _check_effective_sql_mode /usr/lib/python3/dist-packages/oslo_db/sqlalchemy/engines.py:314
2026-01-05 00:34:32.687 40039 DEBUG oslo_db.sqlalchemy.engines [req-36a6f696-ce3f-4f6c-ba40-b458c9c93182 - - - - -] MySQL server mode set to STRICT_TRANS_TABLES,STRICT_ALL_TABLES,NO_ZERO_IN_DATE,NO_ZERO_DATE,ERROR_FOR_DIVISION_BY_ZERO,TRADITIONAL,NO_ENGINE_SUBSTITUTION _check_effective_sql_mode /usr/lib/python3/dist-packages/oslo_db/sqlalchemy/engines.py:314
2026-01-05 00:34:32.773 40039 DEBUG heat.engine.service [req-004b7336-4b5d-4aed-b846-c25b2bfa5205 - - - - -] Service 3527d4d5-af23-4bcd-beb0-727bca1d5543 is started service_manage_report /usr/lib/python3/dist-packages/heat/engine/service.py:2363
2026-01-05 00:34:32.778 40041 DEBUG heat.engine.service [req-e3865a7e-27ff-4c65-ab76-52315340af44 - - - - -] Service bd2ab56c-9397-451b-a2e3-075a40f079ce is started service_manage_report /usr/lib/python3/dist-packages/heat/engine/service.py:2363
2026-01-05 00:34:32.780 40040 DEBUG heat.engine.service [req-f0e53cdc-fd5c-4fd1-90d1-6c9a07f8a80d - - - - -] Service eb74daea-4483-4db3-bada-881e130bff0b is started service_manage_report /usr/lib/python3/dist-packages/heat/engine/service.py:2363
2026-01-05 00:34:32.781 40044 DEBUG heat.engine.service [req-074493eb-a0d6-4fb8-a6d1-bba8e05bc617 - - - - -] Service f924f8fb-5678-49cf-9d85-c8c9eafb2df5 is started service_manage_report /usr/lib/python3/dist-packages/heat/engine/service.py:2363
2026-01-05 00:34:32.797 40039 DEBUG heat.engine.service [req-004b7336-4b5d-4aed-b846-c25b2bfa5205 - - - - -] Service 3527d4d5-af23-4bcd-beb0-727bca1d5543 is updated service_manage_report /usr/lib/python3/dist-packages/heat/engine/service.py:2370
2026-01-05 00:34:32.825 40044 DEBUG heat.engine.service [req-074493eb-a0d6-4fb8-a6d1-bba8e05bc617 - - - - -] Service f924f8fb-5678-49cf-9d85-c8c9eafb2df5 is updated service_manage_report /usr/lib/python3/dist-packages/heat/engine/service.py:2370
2026-01-05 00:34:32.827 40041 DEBUG heat.engine.service [req-e3865a7e-27ff-4c65-ab76-52315340af44 - - - - -] Service bd2ab56c-9397-451b-a2e3-075a40f079ce is updated service_manage_report /usr/lib/python3/dist-packages/heat/engine/service.py:2370
2026-01-05 00:34:32.828 40040 DEBUG heat.engine.service [req-f0e53cdc-fd5c-4fd1-90d1-6c9a07f8a80d - - - - -] Service eb74daea-4483-4db3-bada-881e130bff0b is updated service_manage_report /usr/lib/python3/dist-packages/heat/engine/service.py:2370
2026-01-05 00:35:32.761 40044 DEBUG heat.engine.service [req-50f7ec8d-9403-44c2-a77d-c9a34bd91f75 - - - - -] Service f924f8fb-5678-49cf-9d85-c8c9eafb2df5 is updated service_manage_report /usr/lib/python3/dist-packages/heat/engine/service.py:2370
2026-01-05 00:35:32.782 40039 DEBUG heat.engine.service [req-de2748b9-cdc4-4453-b435-26ea742c73dd - - - - -] Service 3527d4d5-af23-4bcd-beb0-727bca1d5543 is updated service_manage_report /usr/lib/python3/dist-packages/heat/engine/service.py:2370
2026-01-05 00:35:32.782 40040 DEBUG heat.engine.service [req-caa5fefe-e1fa-4682-afef-ffa7a4ceec94 - - - - -] Service eb74daea-4483-4db3-bada-881e130bff0b is updated service_manage_report /usr/lib/python3/dist-packages/heat/engine/service.py:2370
2026-01-05 00:35:32.794 40041 DEBUG heat.engine.service [req-491a3120-d6b4-4d8c-930d-936599b29e86 - - - - -] Service bd2ab56c-9397-451b-a2e3-075a40f079ce is updated service_manage_report /usr/lib/python3/dist-packages/heat/engine/service.py:2370
2026-01-05 00:36:32.751 40044 DEBUG heat.engine.service [req-ffbb4236-e73e-4628-8214-cbeef9c1cf3b - - - - -] Service f924f8fb-5678-49cf-9d85-c8c9eafb2df5 is updated service_manage_report /usr/lib/python3/dist-packages/heat/engine/service.py:2370
2026-01-05 00:36:32.763 40039 DEBUG heat.engine.service [req-bc283a92-9b20-4ea4-b476-077ffa480b67 - - - - -] Service 3527d4d5-af23-4bcd-beb0-727bca1d5543 is updated service_manage_report /usr/lib/python3/dist-packages/heat/engine/service.py:2370
2026-01-05 00:36:32.770 40040 DEBUG heat.engine.service [req-a5b1633a-599d-4371-a4a9-dde4d6d19b64 - - - - -] Service eb74daea-4483-4db3-bada-881e130bff0b is updated service_manage_report /usr/lib/python3/dist-packages/heat/engine/service.py:2370
2026-01-05 00:36:32.780 40041 DEBUG heat.engine.service [req-b9dd7e89-c8d6-4148-8ad1-cbd9db77e5c3 - - - - -] Service bd2ab56c-9397-451b-a2e3-075a40f079ce is updated service_manage_report /usr/lib/python3/dist-packages/heat/engine/service.py:2370
2026-01-05 00:37:32.753 40044 DEBUG heat.engine.service [req-4cbade05-0bd0-49a1-ba73-b4f5d87647aa - - - - -] Service f924f8fb-5678-49cf-9d85-c8c9eafb2df5 is updated service_manage_report /usr/lib/python3/dist-packages/heat/engine/service.py:2370
2026-01-05 00:37:32.775 40039 DEBUG heat.engine.service [req-f2724782-e9eb-4080-9dc9-f00438d303b1 - - - - -] Service 3527d4d5-af23-4bcd-beb0-727bca1d5543 is updated service_manage_report /usr/lib/python3/dist-packages/heat/engine/service.py:2370
2026-01-05 00:37:32.791 40040 DEBUG heat.engine.service [req-0b4c2e06-3112-497e-b5a9-b3babbe8abdc - - - - -] Service eb74daea-4483-4db3-bada-881e130bff0b is updated service_manage_report /usr/lib/python3/dist-packages/heat/engine/service.py:2370
2026-01-05 00:37:32.793 40041 DEBUG heat.engine.service [req-bc59590d-509a-40b9-b200-a79f4746f64f - - - - -] Service bd2ab56c-9397-451b-a2e3-075a40f079ce is updated service_manage_report /usr/lib/python3/dist-packages/heat/engine/service.py:2370
2026-01-05 00:38:32.750 40044 DEBUG heat.engine.service [req-b4c95596-19af-4040-9e76-ef046071af5a - - - - -] Service f924f8fb-5678-49cf-9d85-c8c9eafb2df5 is updated service_manage_report /usr/lib/python3/dist-packages/heat/engine/service.py:2370
2026-01-05 00:38:32.760 40039 DEBUG heat.engine.service [req-3d19501e-d6d4-42f6-9763-ea4ef5b68d00 - - - - -] Service 3527d4d5-af23-4bcd-beb0-727bca1d5543 is updated service_manage_report /usr/lib/python3/dist-packages/heat/engine/service.py:2370
2026-01-05 00:38:32.766 40040 DEBUG heat.engine.service [req-bc843334-fe16-4ebc-8801-f040c17c3c78 - - - - -] Service eb74daea-4483-4db3-bada-881e130bff0b is updated service_manage_report /usr/lib/python3/dist-packages/heat/engine/service.py:2370
2026-01-05 00:38:32.787 40041 DEBUG heat.engine.service [req-4f776478-264c-4430-ac73-5c49422eb989 - - - - -] Service bd2ab56c-9397-451b-a2e3-075a40f079ce is updated service_manage_report /usr/lib/python3/dist-packages/heat/engine/service.py:2370
2026-01-05 00:39:32.749 40044 DEBUG heat.engine.service [req-d2203fd0-0dc2-48a7-aa03-5d8a1bf9d1af - - - - -] Service f924f8fb-5678-49cf-9d85-c8c9eafb2df5 is updated service_manage_report /usr/lib/python3/dist-packages/heat/engine/service.py:2370
2026-01-05 00:39:32.769 40039 DEBUG heat.engine.service [req-b65599fb-9c2e-42e4-a1ff-6d6803a140a7 - - - - -] Service 3527d4d5-af23-4bcd-beb0-727bca1d5543 is updated service_manage_report /usr/lib/python3/dist-packages/heat/engine/service.py:2370
2026-01-05 00:39:32.773 40040 DEBUG heat.engine.service [req-1f49e6d1-f263-44c7-ab9b-ad1c620d313d - - - - -] Service eb74daea-4483-4db3-bada-881e130bff0b is updated service_manage_report /usr/lib/python3/dist-packages/heat/engine/service.py:2370
2026-01-05 00:39:32.793 40041 DEBUG heat.engine.service [req-5d66116e-ad5d-4ffc-a7ca-103ada9ffa11 - - - - -] Service bd2ab56c-9397-451b-a2e3-075a40f079ce is updated service_manage_report /usr/lib/python3/dist-packages/heat/engine/service.py:2370
2026-01-05 00:40:32.747 40044 DEBUG heat.engine.service [req-78078a8e-0b5c-44c7-9408-0f9191fb2ea5 - - - - -] Service f924f8fb-5678-49cf-9d85-c8c9eafb2df5 is updated service_manage_report /usr/lib/python3/dist-packages/heat/engine/service.py:2370
2026-01-05 00:40:32.770 40039 DEBUG heat.engine.service [req-89bfc12a-01a5-4c82-9cba-1fc061a3b249 - - - - -] Service 3527d4d5-af23-4bcd-beb0-727bca1d5543 is updated service_manage_report /usr/lib/python3/dist-packages/heat/engine/service.py:2370
2026-01-05 00:40:32.772 40040 DEBUG heat.engine.service [req-07a9c615-068d-4ddf-9796-99be986dddc9 - - - - -] Service eb74daea-4483-4db3-bada-881e130bff0b is updated service_manage_report /usr/lib/python3/dist-packages/heat/engine/service.py:2370
2026-01-05 00:40:32.800 40041 DEBUG heat.engine.service [req-2d6112ce-3368-427f-b026-b4b260ee614c - - - - -] Service bd2ab56c-9397-451b-a2e3-075a40f079ce is updated service_manage_report /usr/lib/python3/dist-packages/heat/engine/service.py:2370
2026-01-05 00:41:32.745 40044 DEBUG heat.engine.service [req-bac5e6a1-06ac-4895-8094-79ccc6b8b58e - - - - -] Service f924f8fb-5678-49cf-9d85-c8c9eafb2df5 is updated service_manage_report /usr/lib/python3/dist-packages/heat/engine/service.py:2370
2026-01-05 00:41:32.765 40039 DEBUG heat.engine.service [req-f32e110a-7335-4702-9f32-55c8f1888012 - - - - -] Service 3527d4d5-af23-4bcd-beb0-727bca1d5543 is updated service_manage_report /usr/lib/python3/dist-packages/heat/engine/service.py:2370
2026-01-05 00:41:32.767 40040 DEBUG heat.engine.service [req-07171107-1017-48c2-8a74-01af3b60741a - - - - -] Service eb74daea-4483-4db3-bada-881e130bff0b is updated service_manage_report /usr/lib/python3/dist-packages/heat/engine/service.py:2370
2026-01-05 00:41:32.798 40041 DEBUG heat.engine.service [req-318a415b-03e1-4564-98da-1db3c0ab13cb - - - - -] Service bd2ab56c-9397-451b-a2e3-075a40f079ce is updated service_manage_report /usr/lib/python3/dist-packages/heat/engine/service.py:2370
2026-01-05 00:42:32.740 40044 DEBUG heat.engine.service [req-d52ef9c4-9fe5-4ac4-a96c-939313aa614d - - - - -] Service f924f8fb-5678-49cf-9d85-c8c9eafb2df5 is updated service_manage_report /usr/lib/python3/dist-packages/heat/engine/service.py:2370
2026-01-05 00:42:32.771 40039 DEBUG heat.engine.service [req-443c6076-cb17-48ab-8240-cf11cfc1906b - - - - -] Service 3527d4d5-af23-4bcd-beb0-727bca1d5543 is updated service_manage_report /usr/lib/python3/dist-packages/heat/engine/service.py:2370
2026-01-05 00:42:32.772 40040 DEBUG heat.engine.service [req-97b51b94-73ec-4e68-8dc9-ce0dd0ed7fb3 - - - - -] Service eb74daea-4483-4db3-bada-881e130bff0b is updated service_manage_report /usr/lib/python3/dist-packages/heat/engine/service.py:2370
2026-01-05 00:42:32.794 40041 DEBUG heat.engine.service [req-cacfbc33-2cf6-4c55-a5a9-a74da3f3f026 - - - - -] Service bd2ab56c-9397-451b-a2e3-075a40f079ce is updated service_manage_report /usr/lib/python3/dist-packages/heat/engine/service.py:2370
2026-01-05 00:43:32.750 40044 DEBUG heat.engine.service [req-08489fe8-77a5-4708-a02c-089be5d33e52 - - - - -] Service f924f8fb-5678-49cf-9d85-c8c9eafb2df5 is updated service_manage_report /usr/lib/python3/dist-packages/heat/engine/service.py:2370
2026-01-05 00:43:32.767 40039 DEBUG heat.engine.service [req-cb76bb6b-b0c1-43de-9269-fe692f419b0f - - - - -] Service 3527d4d5-af23-4bcd-beb0-727bca1d5543 is updated service_manage_report /usr/lib/python3/dist-packages/heat/engine/service.py:2370
2026-01-05 00:43:32.779 40040 DEBUG heat.engine.service [req-ccd1fcec-777a-4570-8fa2-d27721ce2bf4 - - - - -] Service eb74daea-4483-4db3-bada-881e130bff0b is updated service_manage_report /usr/lib/python3/dist-packages/heat/engine/service.py:2370
2026-01-05 00:43:32.800 40041 DEBUG heat.engine.service [req-22d064ed-b901-42de-ad1e-2aa7ca9005cc - - - - -] Service bd2ab56c-9397-451b-a2e3-075a40f079ce is updated service_manage_report /usr/lib/python3/dist-packages/heat/engine/service.py:2370
2026-01-05 00:44:32.745 40044 DEBUG heat.engine.service [req-c21e13bb-73ac-4935-96c6-e03a82085ff2 - - - - -] Service f924f8fb-5678-49cf-9d85-c8c9eafb2df5 is updated service_manage_report /usr/lib/python3/dist-packages/heat/engine/service.py:2370
2026-01-05 00:44:32.766 40039 DEBUG heat.engine.service [req-edc023f4-241f-482a-ac76-8d3fa6873ee3 - - - - -] Service 3527d4d5-af23-4bcd-beb0-727bca1d5543 is updated service_manage_report /usr/lib/python3/dist-packages/heat/engine/service.py:2370
2026-01-05 00:44:32.773 40040 DEBUG heat.engine.service [req-eaf2e73e-2718-4b20-b34c-dc3cd80868da - - - - -] Service eb74daea-4483-4db3-bada-881e130bff0b is updated service_manage_report /usr/lib/python3/dist-packages/heat/engine/service.py:2370
2026-01-05 00:44:32.796 40041 DEBUG heat.engine.service [req-17db0ed1-9af4-4daf-8187-a75d791c1c3b - - - - -] Service bd2ab56c-9397-451b-a2e3-075a40f079ce is updated service_manage_report /usr/lib/python3/dist-packages/heat/engine/service.py:2370
2026-01-05 00:45:32.755 40044 DEBUG heat.engine.service [req-a508c3ab-9005-446d-a606-78a137ae589e - - - - -] Service f924f8fb-5678-49cf-9d85-c8c9eafb2df5 is updated service_manage_report /usr/lib/python3/dist-packages/heat/engine/service.py:2370
2026-01-05 00:45:32.762 40039 DEBUG heat.engine.service [req-906c60a4-945c-4572-aabc-7fd3621f5c6c - - - - -] Service 3527d4d5-af23-4bcd-beb0-727bca1d5543 is updated service_manage_report /usr/lib/python3/dist-packages/heat/engine/service.py:2370
2026-01-05 00:45:32.779 40040 DEBUG heat.engine.service [req-e65d3fdd-c03a-497e-a86c-bf2979ee814d - - - - -] Service eb74daea-4483-4db3-bada-881e130bff0b is updated service_manage_report /usr/lib/python3/dist-packages/heat/engine/service.py:2370
2026-01-05 00:45:32.792 40041 DEBUG heat.engine.service [req-81c479fa-ac28-46f3-aa74-24118a48ae33 - - - - -] Service bd2ab56c-9397-451b-a2e3-075a40f079ce is updated service_manage_report /usr/lib/python3/dist-packages/heat/engine/service.py:2370
2026-01-05 00:46:32.751 40044 DEBUG heat.engine.service [req-0a725fcb-32aa-4765-91a0-a2e3b113c026 - - - - -] Service f924f8fb-5678-49cf-9d85-c8c9eafb2df5 is updated service_manage_report /usr/lib/python3/dist-packages/heat/engine/service.py:2370
2026-01-05 00:46:32.759 40039 DEBUG heat.engine.service [req-d0c32c37-4c41-4e77-ba82-cdf5119d570d - - - - -] Service 3527d4d5-af23-4bcd-beb0-727bca1d5543 is updated service_manage_report /usr/lib/python3/dist-packages/heat/engine/service.py:2370
2026-01-05 00:46:32.788 40040 DEBUG heat.engine.service [req-72fb9f5e-e0ea-4f48-9a02-d46166d1bdc8 - - - - -] Service eb74daea-4483-4db3-bada-881e130bff0b is updated service_manage_report /usr/lib/python3/dist-packages/heat/engine/service.py:2370
2026-01-05 00:46:32.798 40041 DEBUG heat.engine.service [req-3242265c-cf7e-478d-90b0-ddd536e94a68 - - - - -] Service bd2ab56c-9397-451b-a2e3-075a40f079ce is updated service_manage_report /usr/lib/python3/dist-packages/heat/engine/service.py:2370
2026-01-05 00:47:32.751 40044 DEBUG heat.engine.service [req-793ce560-463f-45e1-a383-3202eaa11bad - - - - -] Service f924f8fb-5678-49cf-9d85-c8c9eafb2df5 is updated service_manage_report /usr/lib/python3/dist-packages/heat/engine/service.py:2370
2026-01-05 00:47:32.756 40039 DEBUG heat.engine.service [req-5e45c7b9-64fc-4772-8d51-b061b7edcc13 - - - - -] Service 3527d4d5-af23-4bcd-beb0-727bca1d5543 is updated service_manage_report /usr/lib/python3/dist-packages/heat/engine/service.py:2370
2026-01-05 00:47:32.783 40040 DEBUG heat.engine.service [req-45eee44b-a4a6-47f2-90aa-b727774faf7c - - - - -] Service eb74daea-4483-4db3-bada-881e130bff0b is updated service_manage_report /usr/lib/python3/dist-packages/heat/engine/service.py:2370
2026-01-05 00:47:32.791 40041 DEBUG heat.engine.service [req-3650adb5-bd3c-45a5-bd85-c7e653983096 - - - - -] Service bd2ab56c-9397-451b-a2e3-075a40f079ce is updated service_manage_report /usr/lib/python3/dist-packages/heat/engine/service.py:2370
2026-01-05 00:48:32.750 40044 DEBUG heat.engine.service [req-ef71eae5-3af1-4b1a-8ad6-391e5634036b - - - - -] Service f924f8fb-5678-49cf-9d85-c8c9eafb2df5 is updated service_manage_report /usr/lib/python3/dist-packages/heat/engine/service.py:2370
2026-01-05 00:48:32.751 40039 DEBUG heat.engine.service [req-7001d92b-bf52-432f-a036-59f56fa65203 - - - - -] Service 3527d4d5-af23-4bcd-beb0-727bca1d5543 is updated service_manage_report /usr/lib/python3/dist-packages/heat/engine/service.py:2370
2026-01-05 00:48:32.788 40040 DEBUG heat.engine.service [req-9ea0d741-b57d-43a2-8a14-34d20bec9abe - - - - -] Service eb74daea-4483-4db3-bada-881e130bff0b is updated service_manage_report /usr/lib/python3/dist-packages/heat/engine/service.py:2370
2026-01-05 00:48:32.797 40041 DEBUG heat.engine.service [req-25844250-9597-49e4-90e2-c3b60ab8d0fa - - - - -] Service bd2ab56c-9397-451b-a2e3-075a40f079ce is updated service_manage_report /usr/lib/python3/dist-packages/heat/engine/service.py:2370
2026-01-05 00:49:32.746 40044 DEBUG heat.engine.service [req-320678c0-7ad2-413a-8044-649a1854ee6c - - - - -] Service f924f8fb-5678-49cf-9d85-c8c9eafb2df5 is updated service_manage_report /usr/lib/python3/dist-packages/heat/engine/service.py:2370
2026-01-05 00:49:32.747 40039 DEBUG heat.engine.service [req-fa6c83c8-1ea6-4f35-9970-a9377fc7dc08 - - - - -] Service 3527d4d5-af23-4bcd-beb0-727bca1d5543 is updated service_manage_report /usr/lib/python3/dist-packages/heat/engine/service.py:2370
2026-01-05 00:49:32.787 40040 DEBUG heat.engine.service [req-6a0f66e3-8ae3-49e0-84ff-2e61617153b7 - - - - -] Service eb74daea-4483-4db3-bada-881e130bff0b is updated service_manage_report /usr/lib/python3/dist-packages/heat/engine/service.py:2370
2026-01-05 00:49:32.791 40041 DEBUG heat.engine.service [req-8a9b3c26-ce9c-4def-9642-00117f8d5a06 - - - - -] Service bd2ab56c-9397-451b-a2e3-075a40f079ce is updated service_manage_report /usr/lib/python3/dist-packages/heat/engine/service.py:2370
2026-01-05 00:50:32.753 40044 DEBUG heat.engine.service [req-5fe5cbce-2066-4e67-84ec-92b5e1dada31 - - - - -] Service f924f8fb-5678-49cf-9d85-c8c9eafb2df5 is updated service_manage_report /usr/lib/python3/dist-packages/heat/engine/service.py:2370
2026-01-05 00:50:32.753 40039 DEBUG heat.engine.service [req-37c332c9-f2b9-4717-bdba-ee84edd0919c - - - - -] Service 3527d4d5-af23-4bcd-beb0-727bca1d5543 is updated service_manage_report /usr/lib/python3/dist-packages/heat/engine/service.py:2370
2026-01-05 00:50:32.782 40040 DEBUG heat.engine.service [req-e09ba6e7-ff97-43d3-abeb-28fa99f39bae - - - - -] Service eb74daea-4483-4db3-bada-881e130bff0b is updated service_manage_report /usr/lib/python3/dist-packages/heat/engine/service.py:2370
2026-01-05 00:50:32.795 40041 DEBUG heat.engine.service [req-61345a8e-c982-479b-b78d-b563418d3174 - - - - -] Service bd2ab56c-9397-451b-a2e3-075a40f079ce is updated service_manage_report /usr/lib/python3/dist-packages/heat/engine/service.py:2370
2026-01-05 00:51:32.756 40039 DEBUG heat.engine.service [req-d8682f71-94cb-41ab-be10-1a0f6e096c20 - - - - -] Service 3527d4d5-af23-4bcd-beb0-727bca1d5543 is updated service_manage_report /usr/lib/python3/dist-packages/heat/engine/service.py:2370
2026-01-05 00:51:32.760 40044 DEBUG heat.engine.service [req-83245867-bf2b-46b5-8ecb-d2b6060a3f9e - - - - -] Service f924f8fb-5678-49cf-9d85-c8c9eafb2df5 is updated service_manage_report /usr/lib/python3/dist-packages/heat/engine/service.py:2370
2026-01-05 00:51:32.789 40040 DEBUG heat.engine.service [req-49649a9e-a1a4-4d5c-92d2-af67ed767f7d - - - - -] Service eb74daea-4483-4db3-bada-881e130bff0b is updated service_manage_report /usr/lib/python3/dist-packages/heat/engine/service.py:2370
2026-01-05 00:51:32.801 40041 DEBUG heat.engine.service [req-bb90f423-6ab0-4349-8a92-d8fd3d6d18ed - - - - -] Service bd2ab56c-9397-451b-a2e3-075a40f079ce is updated service_manage_report /usr/lib/python3/dist-packages/heat/engine/service.py:2370
2026-01-05 00:52:32.746 40044 DEBUG heat.engine.service [req-9e784d35-52fd-4316-86ba-203f445fad8d - - - - -] Service f924f8fb-5678-49cf-9d85-c8c9eafb2df5 is updated service_manage_report /usr/lib/python3/dist-packages/heat/engine/service.py:2370
2026-01-05 00:52:32.753 40039 DEBUG heat.engine.service [req-5c6ccc57-62de-43c8-ac20-882e4e5759e6 - - - - -] Service 3527d4d5-af23-4bcd-beb0-727bca1d5543 is updated service_manage_report /usr/lib/python3/dist-packages/heat/engine/service.py:2370
2026-01-05 00:52:32.785 40040 DEBUG heat.engine.service [req-2df4f712-820c-48a0-89f5-cb45fe0b0a18 - - - - -] Service eb74daea-4483-4db3-bada-881e130bff0b is updated service_manage_report /usr/lib/python3/dist-packages/heat/engine/service.py:2370
2026-01-05 00:52:32.804 40041 DEBUG heat.engine.service [req-7fc9d10a-3252-4f79-aadf-ad2c65182aab - - - - -] Service bd2ab56c-9397-451b-a2e3-075a40f079ce is updated service_manage_report /usr/lib/python3/dist-packages/heat/engine/service.py:2370
2026-01-05 00:53:32.750 40039 DEBUG heat.engine.service [req-8714a703-a98c-4fbd-92bd-812764feaeb7 - - - - -] Service 3527d4d5-af23-4bcd-beb0-727bca1d5543 is updated service_manage_report /usr/lib/python3/dist-packages/heat/engine/service.py:2370
2026-01-05 00:53:32.753 40044 DEBUG heat.engine.service [req-dcf350d0-da25-46f8-bd86-193a7157d871 - - - - -] Service f924f8fb-5678-49cf-9d85-c8c9eafb2df5 is updated service_manage_report /usr/lib/python3/dist-packages/heat/engine/service.py:2370
2026-01-05 00:53:32.779 40040 DEBUG heat.engine.service [req-a10628da-35ab-4438-97b5-0d0af0480b0c - - - - -] Service eb74daea-4483-4db3-bada-881e130bff0b is updated service_manage_report /usr/lib/python3/dist-packages/heat/engine/service.py:2370
2026-01-05 00:53:32.810 40041 DEBUG heat.engine.service [req-fd7b42d0-28b1-4461-b74c-26d6778e2ef3 - - - - -] Service bd2ab56c-9397-451b-a2e3-075a40f079ce is updated service_manage_report /usr/lib/python3/dist-packages/heat/engine/service.py:2370
2026-01-05 00:54:32.748 40039 DEBUG heat.engine.service [req-3e241ac2-9fe2-4eee-8e97-d022af5cae7e - - - - -] Service 3527d4d5-af23-4bcd-beb0-727bca1d5543 is updated service_manage_report /usr/lib/python3/dist-packages/heat/engine/service.py:2370
2026-01-05 00:54:32.750 40044 DEBUG heat.engine.service [req-7db0f023-ac94-4dcf-8863-d0575e8fff55 - - - - -] Service f924f8fb-5678-49cf-9d85-c8c9eafb2df5 is updated service_manage_report /usr/lib/python3/dist-packages/heat/engine/service.py:2370
2026-01-05 00:54:32.798 40040 DEBUG heat.engine.service [req-1216d63f-d2b8-48f5-81c5-232178ce58f6 - - - - -] Service eb74daea-4483-4db3-bada-881e130bff0b is updated service_manage_report /usr/lib/python3/dist-packages/heat/engine/service.py:2370
2026-01-05 00:54:32.820 40041 DEBUG heat.engine.service [req-8609ac1e-bebf-4c01-ac75-c1f4396688c6 - - - - -] Service bd2ab56c-9397-451b-a2e3-075a40f079ce is updated service_manage_report /usr/lib/python3/dist-packages/heat/engine/service.py:2370
2026-01-05 00:55:32.746 40039 DEBUG heat.engine.service [req-7ea9ed38-a145-43b5-8445-4d590adf6a32 - - - - -] Service 3527d4d5-af23-4bcd-beb0-727bca1d5543 is updated service_manage_report /usr/lib/python3/dist-packages/heat/engine/service.py:2370
2026-01-05 00:55:32.747 40044 DEBUG heat.engine.service [req-a0e1a974-742e-4ed1-a421-ed4077c638f9 - - - - -] Service f924f8fb-5678-49cf-9d85-c8c9eafb2df5 is updated service_manage_report /usr/lib/python3/dist-packages/heat/engine/service.py:2370
2026-01-05 00:55:32.782 40040 DEBUG heat.engine.service [req-7a28db21-dcd5-4320-99d4-c96492a559aa - - - - -] Service eb74daea-4483-4db3-bada-881e130bff0b is updated service_manage_report /usr/lib/python3/dist-packages/heat/engine/service.py:2370
2026-01-05 00:55:32.815 40041 DEBUG heat.engine.service [req-b212d027-aebb-4845-8121-28a07ada3fc2 - - - - -] Service bd2ab56c-9397-451b-a2e3-075a40f079ce is updated service_manage_report /usr/lib/python3/dist-packages/heat/engine/service.py:2370
2026-01-05 00:56:32.741 40039 DEBUG heat.engine.service [req-c99096e3-3786-4fe0-a0c9-f52da8fd524e - - - - -] Service 3527d4d5-af23-4bcd-beb0-727bca1d5543 is updated service_manage_report /usr/lib/python3/dist-packages/heat/engine/service.py:2370
2026-01-05 00:56:32.746 40044 DEBUG heat.engine.service [req-8358c6a9-0439-45e0-bbab-e336d191aa40 - - - - -] Service f924f8fb-5678-49cf-9d85-c8c9eafb2df5 is updated service_manage_report /usr/lib/python3/dist-packages/heat/engine/service.py:2370
2026-01-05 00:56:32.787 40040 DEBUG heat.engine.service [req-7d2eede8-c4e9-4f02-a21f-46f18bbb43a0 - - - - -] Service eb74daea-4483-4db3-bada-881e130bff0b is updated service_manage_report /usr/lib/python3/dist-packages/heat/engine/service.py:2370
2026-01-05 00:56:32.820 40041 DEBUG heat.engine.service [req-a67eef23-e8f6-46d0-9d58-064e4c8a7a4d - - - - -] Service bd2ab56c-9397-451b-a2e3-075a40f079ce is updated service_manage_report /usr/lib/python3/dist-packages/heat/engine/service.py:2370
2026-01-05 00:57:32.743 40044 DEBUG heat.engine.service [req-911228bb-5bdf-4b80-a1d4-b9f5a68134da - - - - -] Service f924f8fb-5678-49cf-9d85-c8c9eafb2df5 is updated service_manage_report /usr/lib/python3/dist-packages/heat/engine/service.py:2370
2026-01-05 00:57:32.751 40039 DEBUG heat.engine.service [req-d209f0ee-047a-4eb7-b564-776c9c4faa06 - - - - -] Service 3527d4d5-af23-4bcd-beb0-727bca1d5543 is updated service_manage_report /usr/lib/python3/dist-packages/heat/engine/service.py:2370
2026-01-05 00:57:32.793 40040 DEBUG heat.engine.service [req-4d26c481-2bf5-4c59-ae35-267bbd4dbc7c - - - - -] Service eb74daea-4483-4db3-bada-881e130bff0b is updated service_manage_report /usr/lib/python3/dist-packages/heat/engine/service.py:2370
2026-01-05 00:57:32.826 40041 DEBUG heat.engine.service [req-1efd4fea-21c5-42a7-920e-5b94a90e793f - - - - -] Service bd2ab56c-9397-451b-a2e3-075a40f079ce is updated service_manage_report /usr/lib/python3/dist-packages/heat/engine/service.py:2370
2026-01-05 00:58:32.739 40044 DEBUG heat.engine.service [req-211c0988-2e4b-4cfd-8e97-41d263e6ac22 - - - - -] Service f924f8fb-5678-49cf-9d85-c8c9eafb2df5 is updated service_manage_report /usr/lib/python3/dist-packages/heat/engine/service.py:2370
2026-01-05 00:58:32.744 40039 DEBUG heat.engine.service [req-b71cf205-9cdf-4e1d-9732-4f02289bff26 - - - - -] Service 3527d4d5-af23-4bcd-beb0-727bca1d5543 is updated service_manage_report /usr/lib/python3/dist-packages/heat/engine/service.py:2370
2026-01-05 00:58:32.786 40040 DEBUG heat.engine.service [req-e49b0e5d-d818-4796-8727-1d5de6a4ddbe - - - - -] Service eb74daea-4483-4db3-bada-881e130bff0b is updated service_manage_report /usr/lib/python3/dist-packages/heat/engine/service.py:2370
2026-01-05 00:58:32.830 40041 DEBUG heat.engine.service [req-ed940efa-c9c3-40f3-911c-726013592304 - - - - -] Service bd2ab56c-9397-451b-a2e3-075a40f079ce is updated service_manage_report /usr/lib/python3/dist-packages/heat/engine/service.py:2370
2026-01-05 00:59:32.752 40044 DEBUG heat.engine.service [req-3789c990-13c1-4026-a69e-f14897b11292 - - - - -] Service f924f8fb-5678-49cf-9d85-c8c9eafb2df5 is updated service_manage_report /usr/lib/python3/dist-packages/heat/engine/service.py:2370
2026-01-05 00:59:32.757 40039 DEBUG heat.engine.service [req-7dc4a9a7-170c-41bf-955b-fcb9daa5ea06 - - - - -] Service 3527d4d5-af23-4bcd-beb0-727bca1d5543 is updated service_manage_report /usr/lib/python3/dist-packages/heat/engine/service.py:2370
2026-01-05 00:59:32.794 40040 DEBUG heat.engine.service [req-9f7cf534-039c-478f-ab73-d14248d980ac - - - - -] Service eb74daea-4483-4db3-bada-881e130bff0b is updated service_manage_report /usr/lib/python3/dist-packages/heat/engine/service.py:2370
2026-01-05 00:59:32.836 40041 DEBUG heat.engine.service [req-39ce404b-975c-40df-b4a5-47403a30e07e - - - - -] Service bd2ab56c-9397-451b-a2e3-075a40f079ce is updated service_manage_report /usr/lib/python3/dist-packages/heat/engine/service.py:2370
2026-01-05 01:00:32.747 40044 DEBUG heat.engine.service [req-976e3fc8-2e58-4a98-98c0-e5034a2e213c - - - - -] Service f924f8fb-5678-49cf-9d85-c8c9eafb2df5 is updated service_manage_report /usr/lib/python3/dist-packages/heat/engine/service.py:2370
2026-01-05 01:00:32.751 40039 DEBUG heat.engine.service [req-d013d907-495a-4258-8e4e-3863f22f76fa - - - - -] Service 3527d4d5-af23-4bcd-beb0-727bca1d5543 is updated service_manage_report /usr/lib/python3/dist-packages/heat/engine/service.py:2370
2026-01-05 01:00:32.790 40040 DEBUG heat.engine.service [req-9c8a8a6f-1f5a-4ae8-84f1-900d899d8edf - - - - -] Service eb74daea-4483-4db3-bada-881e130bff0b is updated service_manage_report /usr/lib/python3/dist-packages/heat/engine/service.py:2370
2026-01-05 01:00:32.836 40041 DEBUG heat.engine.service [req-8b7562d1-9451-4a18-aa3b-d433cf17b188 - - - - -] Service bd2ab56c-9397-451b-a2e3-075a40f079ce is updated service_manage_report /usr/lib/python3/dist-packages/heat/engine/service.py:2370
2026-01-05 01:01:32.764 40044 DEBUG heat.engine.service [req-1ac9b58c-598a-4881-9f7d-dc69b71d6604 - - - - -] Service f924f8fb-5678-49cf-9d85-c8c9eafb2df5 is updated service_manage_report /usr/lib/python3/dist-packages/heat/engine/service.py:2370
2026-01-05 01:01:32.767 40039 DEBUG heat.engine.service [req-980aeb01-65b8-4143-894c-8d7bd3fa339c - - - - -] Service 3527d4d5-af23-4bcd-beb0-727bca1d5543 is updated service_manage_report /usr/lib/python3/dist-packages/heat/engine/service.py:2370
2026-01-05 01:01:32.784 40040 DEBUG heat.engine.service [req-0ac436e6-5247-4b25-82e1-fcb38410dd24 - - - - -] Service eb74daea-4483-4db3-bada-881e130bff0b is updated service_manage_report /usr/lib/python3/dist-packages/heat/engine/service.py:2370
2026-01-05 01:01:32.831 40041 DEBUG heat.engine.service [req-889a8d6f-8b6b-4d11-815e-41747cf823fc - - - - -] Service bd2ab56c-9397-451b-a2e3-075a40f079ce is updated service_manage_report /usr/lib/python3/dist-packages/heat/engine/service.py:2370
2026-01-05 01:02:32.749 40044 DEBUG heat.engine.service [req-d24e3f2c-1a6b-43c1-a7e1-262a01c9e0c1 - - - - -] Service f924f8fb-5678-49cf-9d85-c8c9eafb2df5 is updated service_manage_report /usr/lib/python3/dist-packages/heat/engine/service.py:2370
2026-01-05 01:02:32.762 40039 DEBUG heat.engine.service [req-a96accf2-8cb0-47af-8e34-0ad291d40475 - - - - -] Service 3527d4d5-af23-4bcd-beb0-727bca1d5543 is updated service_manage_report /usr/lib/python3/dist-packages/heat/engine/service.py:2370
2026-01-05 01:02:32.793 40040 DEBUG heat.engine.service [req-4889f5d1-3e3e-4d82-aa2b-314847c5f410 - - - - -] Service eb74daea-4483-4db3-bada-881e130bff0b is updated service_manage_report /usr/lib/python3/dist-packages/heat/engine/service.py:2370
