2025-12-25 00:40:27.234 172210 DEBUG oslo_service.service [req-4e873e74-bfab-4caa-b1b6-90b496f6a799 - - - - -] cinder.os_region_name = None log_opt_values /usr/lib/python3/dist-packages/oslo_config/cfg.py:2609
2025-12-25 00:40:27.235 172210 DEBUG oslo_service.service [req-4e873e74-bfab-4caa-b1b6-90b496f6a799 - - - - -] cinder.split_loggers = False log_opt_values /usr/lib/python3/dist-packages/oslo_config/cfg.py:2609
2025-12-25 00:40:27.235 172210 DEBUG oslo_service.service [req-4e873e74-bfab-4caa-b1b6-90b496f6a799 - - - - -] cinder.timeout = None log_opt_values /usr/lib/python3/dist-packages/oslo_config/cfg.py:2609
2025-12-25 00:40:27.235 172210 DEBUG oslo_service.service [req-4e873e74-bfab-4caa-b1b6-90b496f6a799 - - - - -] compute.consecutive_build_service_disable_threshold = 10 log_opt_values /usr/lib/python3/dist-packages/oslo_config/cfg.py:2609
2025-12-25 00:40:27.235 172210 DEBUG oslo_service.service [req-4e873e74-bfab-4caa-b1b6-90b496f6a799 - - - - -] compute.cpu_dedicated_set = None log_opt_values /usr/lib/python3/dist-packages/oslo_config/cfg.py:2609
2025-12-25 00:40:27.236 172210 DEBUG oslo_service.service [req-4e873e74-bfab-4caa-b1b6-90b496f6a799 - - - - -] compute.cpu_shared_set = None log_opt_values /usr/lib/python3/dist-packages/oslo_config/cfg.py:2609
2025-12-25 00:40:27.236 172210 DEBUG oslo_service.service [req-4e873e74-bfab-4caa-b1b6-90b496f6a799 - - - - -] compute.image_type_exclude_list = [] log_opt_values /usr/lib/python3/dist-packages/oslo_config/cfg.py:2609
2025-12-25 00:40:27.236 172210 DEBUG oslo_service.service [req-4e873e74-bfab-4caa-b1b6-90b496f6a799 - - - - -] compute.live_migration_wait_for_vif_plug = True log_opt_values /usr/lib/python3/dist-packages/oslo_config/cfg.py:2609
2025-12-25 00:40:27.236 172210 DEBUG oslo_service.service [req-4e873e74-bfab-4caa-b1b6-90b496f6a799 - - - - -] compute.max_concurrent_disk_ops = 0 log_opt_values /usr/lib/python3/dist-packages/oslo_config/cfg.py:2609
2025-12-25 00:40:27.236 172210 DEBUG oslo_service.service [req-4e873e74-bfab-4caa-b1b6-90b496f6a799 - - - - -] compute.max_disk_devices_to_attach = -1 log_opt_values /usr/lib/python3/dist-packages/oslo_config/cfg.py:2609
2025-12-25 00:40:27.236 172210 DEBUG oslo_service.service [req-4e873e74-bfab-4caa-b1b6-90b496f6a799 - - - - -] compute.packing_host_numa_cells_allocation_strategy = True log_opt_values /usr/lib/python3/dist-packages/oslo_config/cfg.py:2609
2025-12-25 00:40:27.237 172210 DEBUG oslo_service.service [req-4e873e74-bfab-4caa-b1b6-90b496f6a799 - - - - -] compute.provider_config_location = /etc/nova/provider_config/ log_opt_values /usr/lib/python3/dist-packages/oslo_config/cfg.py:2609
2025-12-25 00:40:27.237 172210 DEBUG oslo_service.service [req-4e873e74-bfab-4caa-b1b6-90b496f6a799 - - - - -] compute.resource_provider_association_refresh = 300 log_opt_values /usr/lib/python3/dist-packages/oslo_config/cfg.py:2609
2025-12-25 00:40:27.237 172210 DEBUG oslo_service.service [req-4e873e74-bfab-4caa-b1b6-90b496f6a799 - - - - -] compute.shutdown_retry_interval = 10 log_opt_values /usr/lib/python3/dist-packages/oslo_config/cfg.py:2609
2025-12-25 00:40:27.237 172210 DEBUG oslo_service.service [req-4e873e74-bfab-4caa-b1b6-90b496f6a799 - - - - -] compute.vmdk_allowed_types = ['streamOptimized', 'monolithicSparse'] log_opt_values /usr/lib/python3/dist-packages/oslo_config/cfg.py:2609
2025-12-25 00:40:27.237 172210 DEBUG oslo_service.service [req-4e873e74-bfab-4caa-b1b6-90b496f6a799 - - - - -] conductor.workers = 4 log_opt_values /usr/lib/python3/dist-packages/oslo_config/cfg.py:2609
2025-12-25 00:40:27.237 172210 DEBUG oslo_service.service [req-4e873e74-bfab-4caa-b1b6-90b496f6a799 - - - - -] console.allowed_origins = [] log_opt_values /usr/lib/python3/dist-packages/oslo_config/cfg.py:2609
2025-12-25 00:40:27.238 172210 DEBUG oslo_service.service [req-4e873e74-bfab-4caa-b1b6-90b496f6a799 - - - - -] console.ssl_ciphers = None log_opt_values /usr/lib/python3/dist-packages/oslo_config/cfg.py:2609
2025-12-25 00:40:27.238 172210 DEBUG oslo_service.service [req-4e873e74-bfab-4caa-b1b6-90b496f6a799 - - - - -] console.ssl_minimum_version = default log_opt_values /usr/lib/python3/dist-packages/oslo_config/cfg.py:2609
2025-12-25 00:40:27.238 172210 DEBUG oslo_service.service [req-4e873e74-bfab-4caa-b1b6-90b496f6a799 - - - - -] consoleauth.token_ttl = 600 log_opt_values /usr/lib/python3/dist-packages/oslo_config/cfg.py:2609
2025-12-25 00:40:27.238 172210 DEBUG oslo_service.service [req-4e873e74-bfab-4caa-b1b6-90b496f6a799 - - - - -] cyborg.cafile = None log_opt_values /usr/lib/python3/dist-packages/oslo_config/cfg.py:2609
2025-12-25 00:40:27.238 172210 DEBUG oslo_service.service [req-4e873e74-bfab-4caa-b1b6-90b496f6a799 - - - - -] cyborg.certfile = None log_opt_values /usr/lib/python3/dist-packages/oslo_config/cfg.py:2609
2025-12-25 00:40:27.239 172210 DEBUG oslo_service.service [req-4e873e74-bfab-4caa-b1b6-90b496f6a799 - - - - -] cyborg.collect_timing = False log_opt_values /usr/lib/python3/dist-packages/oslo_config/cfg.py:2609
2025-12-25 00:40:27.239 172210 DEBUG oslo_service.service [req-4e873e74-bfab-4caa-b1b6-90b496f6a799 - - - - -] cyborg.connect_retries = None log_opt_values /usr/lib/python3/dist-packages/oslo_config/cfg.py:2609
2025-12-25 00:40:27.239 172210 DEBUG oslo_service.service [req-4e873e74-bfab-4caa-b1b6-90b496f6a799 - - - - -] cyborg.connect_retry_delay = None log_opt_values /usr/lib/python3/dist-packages/oslo_config/cfg.py:2609
2025-12-25 00:40:27.239 172210 DEBUG oslo_service.service [req-4e873e74-bfab-4caa-b1b6-90b496f6a799 - - - - -] cyborg.endpoint_override = None log_opt_values /usr/lib/python3/dist-packages/oslo_config/cfg.py:2609
2025-12-25 00:40:27.239 172210 DEBUG oslo_service.service [req-4e873e74-bfab-4caa-b1b6-90b496f6a799 - - - - -] cyborg.insecure = False log_opt_values /usr/lib/python3/dist-packages/oslo_config/cfg.py:2609
2025-12-25 00:40:27.239 172210 DEBUG oslo_service.service [req-4e873e74-bfab-4caa-b1b6-90b496f6a799 - - - - -] cyborg.keyfile = None log_opt_values /usr/lib/python3/dist-packages/oslo_config/cfg.py:2609
2025-12-25 00:40:27.239 172210 DEBUG oslo_service.service [req-4e873e74-bfab-4caa-b1b6-90b496f6a799 - - - - -] cyborg.max_version = None log_opt_values /usr/lib/python3/dist-packages/oslo_config/cfg.py:2609
2025-12-25 00:40:27.240 172210 DEBUG oslo_service.service [req-4e873e74-bfab-4caa-b1b6-90b496f6a799 - - - - -] cyborg.min_version = None log_opt_values /usr/lib/python3/dist-packages/oslo_config/cfg.py:2609
2025-12-25 00:40:27.239 172513 DEBUG oslo_messaging._drivers.amqpdriver [-] Listener is running poll /usr/lib/python3/dist-packages/oslo_messaging/_drivers/amqpdriver.py:343
2025-12-25 00:40:27.240 172210 DEBUG oslo_service.service [req-4e873e74-bfab-4caa-b1b6-90b496f6a799 - - - - -] cyborg.region_name = None log_opt_values /usr/lib/python3/dist-packages/oslo_config/cfg.py:2609
2025-12-25 00:40:27.240 172513 DEBUG oslo_messaging._drivers.amqpdriver [-] AMQPListener connection consume poll /usr/lib/python3/dist-packages/oslo_messaging/_drivers/amqpdriver.py:357
2025-12-25 00:40:27.240 172210 DEBUG oslo_service.service [req-4e873e74-bfab-4caa-b1b6-90b496f6a799 - - - - -] cyborg.service_name = None log_opt_values /usr/lib/python3/dist-packages/oslo_config/cfg.py:2609
2025-12-25 00:40:27.240 172210 DEBUG oslo_service.service [req-4e873e74-bfab-4caa-b1b6-90b496f6a799 - - - - -] cyborg.service_type = accelerator log_opt_values /usr/lib/python3/dist-packages/oslo_config/cfg.py:2609
2025-12-25 00:40:27.240 172512 DEBUG oslo_messaging._drivers.amqpdriver [-] Listener is running poll /usr/lib/python3/dist-packages/oslo_messaging/_drivers/amqpdriver.py:343
2025-12-25 00:40:27.240 172210 DEBUG oslo_service.service [req-4e873e74-bfab-4caa-b1b6-90b496f6a799 - - - - -] cyborg.split_loggers = False log_opt_values /usr/lib/python3/dist-packages/oslo_config/cfg.py:2609
2025-12-25 00:40:27.240 172512 DEBUG oslo_messaging._drivers.amqpdriver [-] AMQPListener connection consume poll /usr/lib/python3/dist-packages/oslo_messaging/_drivers/amqpdriver.py:357
2025-12-25 00:40:27.240 172210 DEBUG oslo_service.service [req-4e873e74-bfab-4caa-b1b6-90b496f6a799 - - - - -] cyborg.status_code_retries = None log_opt_values /usr/lib/python3/dist-packages/oslo_config/cfg.py:2609
2025-12-25 00:40:27.240 172513 DEBUG nova.service [req-466c556a-f70b-469d-b153-94874e003d84 - - - - -] Join ServiceGroup membership for this service scheduler start /usr/lib/python3/dist-packages/nova/service.py:199
2025-12-25 00:40:27.240 172210 DEBUG oslo_service.service [req-4e873e74-bfab-4caa-b1b6-90b496f6a799 - - - - -] cyborg.status_code_retry_delay = None log_opt_values /usr/lib/python3/dist-packages/oslo_config/cfg.py:2609
2025-12-25 00:40:27.241 172210 DEBUG oslo_service.service [req-4e873e74-bfab-4caa-b1b6-90b496f6a799 - - - - -] cyborg.timeout = None log_opt_values /usr/lib/python3/dist-packages/oslo_config/cfg.py:2609
2025-12-25 00:40:27.241 172513 DEBUG nova.servicegroup.drivers.db [req-466c556a-f70b-469d-b153-94874e003d84 - - - - -] DB_Driver: join new ServiceGroup member juju-dceb88-0-lxd-7 to the scheduler group, service = join /usr/lib/python3/dist-packages/nova/servicegroup/drivers/db.py:44
2025-12-25 00:40:27.241 172210 DEBUG oslo_service.service [req-4e873e74-bfab-4caa-b1b6-90b496f6a799 - - - - -] cyborg.valid_interfaces = ['internal', 'public'] log_opt_values /usr/lib/python3/dist-packages/oslo_config/cfg.py:2609
2025-12-25 00:40:27.241 172512 DEBUG nova.service [req-46bd5a14-0f29-4c13-83fe-ad601c6bb4d3 - - - - -] Join ServiceGroup membership for this service scheduler start /usr/lib/python3/dist-packages/nova/service.py:199
2025-12-25 00:40:27.241 172210 DEBUG oslo_service.service [req-4e873e74-bfab-4caa-b1b6-90b496f6a799 - - - - -] cyborg.version = None log_opt_values /usr/lib/python3/dist-packages/oslo_config/cfg.py:2609
2025-12-25 00:40:27.241 172210 DEBUG oslo_service.service [req-4e873e74-bfab-4caa-b1b6-90b496f6a799 - - - - -] database.backend = sqlalchemy log_opt_values /usr/lib/python3/dist-packages/oslo_config/cfg.py:2609
2025-12-25 00:40:27.241 172512 DEBUG nova.servicegroup.drivers.db [req-46bd5a14-0f29-4c13-83fe-ad601c6bb4d3 - - - - -] DB_Driver: join new ServiceGroup member juju-dceb88-0-lxd-7 to the scheduler group, service = join /usr/lib/python3/dist-packages/nova/servicegroup/drivers/db.py:44
2025-12-25 00:40:27.241 172210 DEBUG oslo_service.service [req-4e873e74-bfab-4caa-b1b6-90b496f6a799 - - - - -] database.connection = **** log_opt_values /usr/lib/python3/dist-packages/oslo_config/cfg.py:2609
2025-12-25 00:40:27.242 172210 DEBUG oslo_service.service [req-4e873e74-bfab-4caa-b1b6-90b496f6a799 - - - - -] database.connection_debug = 0 log_opt_values /usr/lib/python3/dist-packages/oslo_config/cfg.py:2609
2025-12-25 00:40:27.242 172210 DEBUG oslo_service.service [req-4e873e74-bfab-4caa-b1b6-90b496f6a799 - - - - -] database.connection_parameters = log_opt_values /usr/lib/python3/dist-packages/oslo_config/cfg.py:2609
2025-12-25 00:40:27.242 172210 DEBUG oslo_service.service [req-4e873e74-bfab-4caa-b1b6-90b496f6a799 - - - - -] database.connection_recycle_time = 3600 log_opt_values /usr/lib/python3/dist-packages/oslo_config/cfg.py:2609
2025-12-25 00:40:27.242 172210 DEBUG oslo_service.service [req-4e873e74-bfab-4caa-b1b6-90b496f6a799 - - - - -] database.connection_trace = False log_opt_values /usr/lib/python3/dist-packages/oslo_config/cfg.py:2609
2025-12-25 00:40:27.242 172210 DEBUG oslo_service.service [req-4e873e74-bfab-4caa-b1b6-90b496f6a799 - - - - -] database.db_inc_retry_interval = True log_opt_values /usr/lib/python3/dist-packages/oslo_config/cfg.py:2609
2025-12-25 00:40:27.242 172210 DEBUG oslo_service.service [req-4e873e74-bfab-4caa-b1b6-90b496f6a799 - - - - -] database.db_max_retries = 20 log_opt_values /usr/lib/python3/dist-packages/oslo_config/cfg.py:2609
2025-12-25 00:40:27.243 172210 DEBUG oslo_service.service [req-4e873e74-bfab-4caa-b1b6-90b496f6a799 - - - - -] database.db_max_retry_interval = 10 log_opt_values /usr/lib/python3/dist-packages/oslo_config/cfg.py:2609
2025-12-25 00:40:27.243 172210 DEBUG oslo_service.service [req-4e873e74-bfab-4caa-b1b6-90b496f6a799 - - - - -] database.db_retry_interval = 1 log_opt_values /usr/lib/python3/dist-packages/oslo_config/cfg.py:2609
2025-12-25 00:40:27.243 172210 DEBUG oslo_service.service [req-4e873e74-bfab-4caa-b1b6-90b496f6a799 - - - - -] database.max_overflow = 50 log_opt_values /usr/lib/python3/dist-packages/oslo_config/cfg.py:2609
2025-12-25 00:40:27.243 172513 DEBUG oslo_messaging._drivers.amqpdriver [-] AMQPListener connection timeout poll /usr/lib/python3/dist-packages/oslo_messaging/_drivers/amqpdriver.py:360
2025-12-25 00:40:27.243 172210 DEBUG oslo_service.service [req-4e873e74-bfab-4caa-b1b6-90b496f6a799 - - - - -] database.max_pool_size = 4 log_opt_values /usr/lib/python3/dist-packages/oslo_config/cfg.py:2609
2025-12-25 00:40:27.243 172513 DEBUG oslo_messaging._drivers.amqpdriver [-] Listener is running poll /usr/lib/python3/dist-packages/oslo_messaging/_drivers/amqpdriver.py:343
2025-12-25 00:40:27.243 172513 DEBUG oslo_messaging._drivers.amqpdriver [-] AMQPListener connection consume poll /usr/lib/python3/dist-packages/oslo_messaging/_drivers/amqpdriver.py:357
2025-12-25 00:40:27.243 172210 DEBUG oslo_service.service [req-4e873e74-bfab-4caa-b1b6-90b496f6a799 - - - - -] database.max_retries = 10 log_opt_values /usr/lib/python3/dist-packages/oslo_config/cfg.py:2609
2025-12-25 00:40:27.244 172210 DEBUG oslo_service.service [req-4e873e74-bfab-4caa-b1b6-90b496f6a799 - - - - -] database.mysql_enable_ndb = False log_opt_values /usr/lib/python3/dist-packages/oslo_config/cfg.py:2609
2025-12-25 00:40:27.244 172512 DEBUG oslo_messaging._drivers.amqpdriver [-] AMQPListener connection timeout poll /usr/lib/python3/dist-packages/oslo_messaging/_drivers/amqpdriver.py:360
2025-12-25 00:40:27.244 172210 DEBUG oslo_service.service [req-4e873e74-bfab-4caa-b1b6-90b496f6a799 - - - - -] database.mysql_sql_mode = TRADITIONAL log_opt_values /usr/lib/python3/dist-packages/oslo_config/cfg.py:2609
2025-12-25 00:40:27.244 172512 DEBUG oslo_messaging._drivers.amqpdriver [-] Listener is running poll /usr/lib/python3/dist-packages/oslo_messaging/_drivers/amqpdriver.py:343
2025-12-25 00:40:27.244 172512 DEBUG oslo_messaging._drivers.amqpdriver [-] AMQPListener connection consume poll /usr/lib/python3/dist-packages/oslo_messaging/_drivers/amqpdriver.py:357
2025-12-25 00:40:27.244 172210 DEBUG oslo_service.service [req-4e873e74-bfab-4caa-b1b6-90b496f6a799 - - - - -] database.pool_timeout = None log_opt_values /usr/lib/python3/dist-packages/oslo_config/cfg.py:2609
2025-12-25 00:40:27.244 172210 DEBUG oslo_service.service [req-4e873e74-bfab-4caa-b1b6-90b496f6a799 - - - - -] database.retry_interval = 10 log_opt_values /usr/lib/python3/dist-packages/oslo_config/cfg.py:2609
2025-12-25 00:40:27.244 172210 DEBUG oslo_service.service [req-4e873e74-bfab-4caa-b1b6-90b496f6a799 - - - - -] database.slave_connection = **** log_opt_values /usr/lib/python3/dist-packages/oslo_config/cfg.py:2609
2025-12-25 00:40:27.244 172210 DEBUG oslo_service.service [req-4e873e74-bfab-4caa-b1b6-90b496f6a799 - - - - -] database.sqlite_synchronous = True log_opt_values /usr/lib/python3/dist-packages/oslo_config/cfg.py:2609
2025-12-25 00:40:27.245 172210 DEBUG oslo_service.service [req-4e873e74-bfab-4caa-b1b6-90b496f6a799 - - - - -] database.use_db_reconnect = False log_opt_values /usr/lib/python3/dist-packages/oslo_config/cfg.py:2609
2025-12-25 00:40:27.245 172210 DEBUG oslo_service.service [req-4e873e74-bfab-4caa-b1b6-90b496f6a799 - - - - -] api_database.backend = sqlalchemy log_opt_values /usr/lib/python3/dist-packages/oslo_config/cfg.py:2609
2025-12-25 00:40:27.245 172210 DEBUG oslo_service.service [req-4e873e74-bfab-4caa-b1b6-90b496f6a799 - - - - -] api_database.connection = **** log_opt_values /usr/lib/python3/dist-packages/oslo_config/cfg.py:2609
2025-12-25 00:40:27.245 172210 DEBUG oslo_service.service [req-4e873e74-bfab-4caa-b1b6-90b496f6a799 - - - - -] api_database.connection_debug = 0 log_opt_values /usr/lib/python3/dist-packages/oslo_config/cfg.py:2609
2025-12-25 00:40:27.245 172210 DEBUG oslo_service.service [req-4e873e74-bfab-4caa-b1b6-90b496f6a799 - - - - -] api_database.connection_parameters = log_opt_values /usr/lib/python3/dist-packages/oslo_config/cfg.py:2609
2025-12-25 00:40:27.245 172514 DEBUG oslo_messaging._drivers.amqpdriver [-] Listener is running poll /usr/lib/python3/dist-packages/oslo_messaging/_drivers/amqpdriver.py:343
2025-12-25 00:40:27.245 172210 DEBUG oslo_service.service [req-4e873e74-bfab-4caa-b1b6-90b496f6a799 - - - - -] api_database.connection_recycle_time = 3600 log_opt_values /usr/lib/python3/dist-packages/oslo_config/cfg.py:2609
2025-12-25 00:40:27.246 172514 DEBUG oslo_messaging._drivers.amqpdriver [-] AMQPListener connection consume poll /usr/lib/python3/dist-packages/oslo_messaging/_drivers/amqpdriver.py:357
2025-12-25 00:40:27.246 172210 DEBUG oslo_service.service [req-4e873e74-bfab-4caa-b1b6-90b496f6a799 - - - - -] api_database.connection_trace = False log_opt_values /usr/lib/python3/dist-packages/oslo_config/cfg.py:2609
2025-12-25 00:40:27.245 172515 DEBUG oslo_messaging._drivers.amqpdriver [-] Listener is running poll /usr/lib/python3/dist-packages/oslo_messaging/_drivers/amqpdriver.py:343
2025-12-25 00:40:27.246 172210 DEBUG oslo_service.service [req-4e873e74-bfab-4caa-b1b6-90b496f6a799 - - - - -] api_database.db_inc_retry_interval = True log_opt_values /usr/lib/python3/dist-packages/oslo_config/cfg.py:2609
2025-12-25 00:40:27.246 172210 DEBUG oslo_service.service [req-4e873e74-bfab-4caa-b1b6-90b496f6a799 - - - - -] api_database.db_max_retries = 20 log_opt_values /usr/lib/python3/dist-packages/oslo_config/cfg.py:2609
2025-12-25 00:40:27.246 172515 DEBUG oslo_messaging._drivers.amqpdriver [-] AMQPListener connection consume poll /usr/lib/python3/dist-packages/oslo_messaging/_drivers/amqpdriver.py:357
2025-12-25 00:40:27.246 172210 DEBUG oslo_service.service [req-4e873e74-bfab-4caa-b1b6-90b496f6a799 - - - - -] api_database.db_max_retry_interval = 10 log_opt_values /usr/lib/python3/dist-packages/oslo_config/cfg.py:2609
2025-12-25 00:40:27.246 172210 DEBUG oslo_service.service [req-4e873e74-bfab-4caa-b1b6-90b496f6a799 - - - - -] api_database.db_retry_interval = 1 log_opt_values /usr/lib/python3/dist-packages/oslo_config/cfg.py:2609
2025-12-25 00:40:27.246 172210 DEBUG oslo_service.service [req-4e873e74-bfab-4caa-b1b6-90b496f6a799 - - - - -] api_database.max_overflow = 50 log_opt_values /usr/lib/python3/dist-packages/oslo_config/cfg.py:2609
2025-12-25 00:40:27.247 172210 DEBUG oslo_service.service [req-4e873e74-bfab-4caa-b1b6-90b496f6a799 - - - - -] api_database.max_pool_size = 4 log_opt_values /usr/lib/python3/dist-packages/oslo_config/cfg.py:2609
2025-12-25 00:40:27.246 172515 DEBUG nova.service [req-c3e671a3-1060-43bb-85e3-6c76dca8c90c - - - - -] Join ServiceGroup membership for this service scheduler start /usr/lib/python3/dist-packages/nova/service.py:199
2025-12-25 00:40:27.247 172210 DEBUG oslo_service.service [req-4e873e74-bfab-4caa-b1b6-90b496f6a799 - - - - -] api_database.max_retries = 10 log_opt_values /usr/lib/python3/dist-packages/oslo_config/cfg.py:2609
2025-12-25 00:40:27.247 172210 DEBUG oslo_service.service [req-4e873e74-bfab-4caa-b1b6-90b496f6a799 - - - - -] api_database.mysql_enable_ndb = False log_opt_values /usr/lib/python3/dist-packages/oslo_config/cfg.py:2609
2025-12-25 00:40:27.247 172210 DEBUG oslo_service.service [req-4e873e74-bfab-4caa-b1b6-90b496f6a799 - - - - -] api_database.mysql_sql_mode = TRADITIONAL log_opt_values /usr/lib/python3/dist-packages/oslo_config/cfg.py:2609
2025-12-25 00:40:27.247 172515 DEBUG nova.servicegroup.drivers.db [req-c3e671a3-1060-43bb-85e3-6c76dca8c90c - - - - -] DB_Driver: join new ServiceGroup member juju-dceb88-0-lxd-7 to the scheduler group, service = join /usr/lib/python3/dist-packages/nova/servicegroup/drivers/db.py:44
2025-12-25 00:40:27.247 172210 DEBUG oslo_service.service [req-4e873e74-bfab-4caa-b1b6-90b496f6a799 - - - - -] api_database.pool_timeout = None log_opt_values /usr/lib/python3/dist-packages/oslo_config/cfg.py:2609
2025-12-25 00:40:27.247 172514 DEBUG nova.service [req-37786fe7-faf3-4f4d-8c96-aea0a0fcafae - - - - -] Join ServiceGroup membership for this service scheduler start /usr/lib/python3/dist-packages/nova/service.py:199
2025-12-25 00:40:27.247 172210 DEBUG oslo_service.service [req-4e873e74-bfab-4caa-b1b6-90b496f6a799 - - - - -] api_database.retry_interval = 10 log_opt_values /usr/lib/python3/dist-packages/oslo_config/cfg.py:2609
2025-12-25 00:40:27.247 172210 DEBUG oslo_service.service [req-4e873e74-bfab-4caa-b1b6-90b496f6a799 - - - - -] api_database.slave_connection = **** log_opt_values /usr/lib/python3/dist-packages/oslo_config/cfg.py:2609
2025-12-25 00:40:27.248 172210 DEBUG oslo_service.service [req-4e873e74-bfab-4caa-b1b6-90b496f6a799 - - - - -] api_database.sqlite_synchronous = True log_opt_values /usr/lib/python3/dist-packages/oslo_config/cfg.py:2609
2025-12-25 00:40:27.247 172514 DEBUG nova.servicegroup.drivers.db [req-37786fe7-faf3-4f4d-8c96-aea0a0fcafae - - - - -] DB_Driver: join new ServiceGroup member juju-dceb88-0-lxd-7 to the scheduler group, service = join /usr/lib/python3/dist-packages/nova/servicegroup/drivers/db.py:44
2025-12-25 00:40:27.248 172210 DEBUG oslo_service.service [req-4e873e74-bfab-4caa-b1b6-90b496f6a799 - - - - -] devices.enabled_mdev_types = [] log_opt_values /usr/lib/python3/dist-packages/oslo_config/cfg.py:2609
2025-12-25 00:40:27.248 172210 DEBUG oslo_service.service [req-4e873e74-bfab-4caa-b1b6-90b496f6a799 - - - - -] ephemeral_storage_encryption.cipher = aes-xts-plain64 log_opt_values /usr/lib/python3/dist-packages/oslo_config/cfg.py:2609
2025-12-25 00:40:27.248 172210 DEBUG oslo_service.service [req-4e873e74-bfab-4caa-b1b6-90b496f6a799 - - - - -] ephemeral_storage_encryption.enabled = False log_opt_values /usr/lib/python3/dist-packages/oslo_config/cfg.py:2609
2025-12-25 00:40:27.248 172514 DEBUG oslo_messaging._drivers.amqpdriver [-] AMQPListener connection timeout poll /usr/lib/python3/dist-packages/oslo_messaging/_drivers/amqpdriver.py:360
2025-12-25 00:40:27.248 172514 DEBUG oslo_messaging._drivers.amqpdriver [-] Listener is running poll /usr/lib/python3/dist-packages/oslo_messaging/_drivers/amqpdriver.py:343
2025-12-25 00:40:27.248 172210 DEBUG oslo_service.service [req-4e873e74-bfab-4caa-b1b6-90b496f6a799 - - - - -] ephemeral_storage_encryption.key_size = 512 log_opt_values /usr/lib/python3/dist-packages/oslo_config/cfg.py:2609
2025-12-25 00:40:27.248 172514 DEBUG oslo_messaging._drivers.amqpdriver [-] AMQPListener connection consume poll /usr/lib/python3/dist-packages/oslo_messaging/_drivers/amqpdriver.py:357
2025-12-25 00:40:27.249 172210 WARNING oslo_config.cfg [req-4e873e74-bfab-4caa-b1b6-90b496f6a799 - - - - -] Deprecated: Option "api_servers" from group "glance" is deprecated for removal ( Support for image service configuration via standard keystoneauth1 Adapter options was added in the 17.0.0 Queens release. The api_servers option was retained temporarily to allow consumers time to cut over to a real load balancing solution. ). Its value may be silently ignored in the future.
2025-12-25 00:40:27.249 172210 DEBUG oslo_service.service [req-4e873e74-bfab-4caa-b1b6-90b496f6a799 - - - - -] glance.api_servers = ['http://252.241.80.216:9292'] log_opt_values /usr/lib/python3/dist-packages/oslo_config/cfg.py:2609
2025-12-25 00:40:27.249 172210 DEBUG oslo_service.service [req-4e873e74-bfab-4caa-b1b6-90b496f6a799 - - - - -] glance.cafile = None log_opt_values /usr/lib/python3/dist-packages/oslo_config/cfg.py:2609
2025-12-25 00:40:27.249 172210 DEBUG oslo_service.service [req-4e873e74-bfab-4caa-b1b6-90b496f6a799 - - - - -] glance.certfile = None log_opt_values /usr/lib/python3/dist-packages/oslo_config/cfg.py:2609
2025-12-25 00:40:27.249 172210 DEBUG oslo_service.service [req-4e873e74-bfab-4caa-b1b6-90b496f6a799 - - - - -] glance.collect_timing = False log_opt_values /usr/lib/python3/dist-packages/oslo_config/cfg.py:2609
2025-12-25 00:40:27.249 172515 DEBUG oslo_messaging._drivers.amqpdriver [-] AMQPListener connection timeout poll /usr/lib/python3/dist-packages/oslo_messaging/_drivers/amqpdriver.py:360
2025-12-25 00:40:27.250 172210 DEBUG oslo_service.service [req-4e873e74-bfab-4caa-b1b6-90b496f6a799 - - - - -] glance.connect_retries = None log_opt_values /usr/lib/python3/dist-packages/oslo_config/cfg.py:2609
2025-12-25 00:40:27.250 172515 DEBUG oslo_messaging._drivers.amqpdriver [-] Listener is running poll /usr/lib/python3/dist-packages/oslo_messaging/_drivers/amqpdriver.py:343
2025-12-25 00:40:27.250 172515 DEBUG oslo_messaging._drivers.amqpdriver [-] AMQPListener connection consume poll /usr/lib/python3/dist-packages/oslo_messaging/_drivers/amqpdriver.py:357
2025-12-25 00:40:27.250 172210 DEBUG oslo_service.service [req-4e873e74-bfab-4caa-b1b6-90b496f6a799 - - - - -] glance.connect_retry_delay = None log_opt_values /usr/lib/python3/dist-packages/oslo_config/cfg.py:2609
2025-12-25 00:40:27.250 172210 DEBUG oslo_service.service [req-4e873e74-bfab-4caa-b1b6-90b496f6a799 - - - - -] glance.debug = False log_opt_values /usr/lib/python3/dist-packages/oslo_config/cfg.py:2609
2025-12-25 00:40:27.250 172210 DEBUG oslo_service.service [req-4e873e74-bfab-4caa-b1b6-90b496f6a799 - - - - -] glance.default_trusted_certificate_ids = [] log_opt_values /usr/lib/python3/dist-packages/oslo_config/cfg.py:2609
2025-12-25 00:40:27.250 172210 DEBUG oslo_service.service [req-4e873e74-bfab-4caa-b1b6-90b496f6a799 - - - - -] glance.enable_certificate_validation = False log_opt_values /usr/lib/python3/dist-packages/oslo_config/cfg.py:2609
2025-12-25 00:40:27.250 172210 DEBUG oslo_service.service [req-4e873e74-bfab-4caa-b1b6-90b496f6a799 - - - - -] glance.enable_rbd_download = False log_opt_values /usr/lib/python3/dist-packages/oslo_config/cfg.py:2609
2025-12-25 00:40:27.250 172210 DEBUG oslo_service.service [req-4e873e74-bfab-4caa-b1b6-90b496f6a799 - - - - -] glance.endpoint_override = None log_opt_values /usr/lib/python3/dist-packages/oslo_config/cfg.py:2609
2025-12-25 00:40:27.251 172210 DEBUG oslo_service.service [req-4e873e74-bfab-4caa-b1b6-90b496f6a799 - - - - -] glance.insecure = False log_opt_values /usr/lib/python3/dist-packages/oslo_config/cfg.py:2609
2025-12-25 00:40:27.251 172210 DEBUG oslo_service.service [req-4e873e74-bfab-4caa-b1b6-90b496f6a799 - - - - -] glance.keyfile = None log_opt_values /usr/lib/python3/dist-packages/oslo_config/cfg.py:2609
2025-12-25 00:40:27.251 172210 DEBUG oslo_service.service [req-4e873e74-bfab-4caa-b1b6-90b496f6a799 - - - - -] glance.max_version = None log_opt_values /usr/lib/python3/dist-packages/oslo_config/cfg.py:2609
2025-12-25 00:40:27.251 172210 DEBUG oslo_service.service [req-4e873e74-bfab-4caa-b1b6-90b496f6a799 - - - - -] glance.min_version = None log_opt_values /usr/lib/python3/dist-packages/oslo_config/cfg.py:2609
2025-12-25 00:40:27.251 172210 DEBUG oslo_service.service [req-4e873e74-bfab-4caa-b1b6-90b496f6a799 - - - - -] glance.num_retries = 3 log_opt_values /usr/lib/python3/dist-packages/oslo_config/cfg.py:2609
2025-12-25 00:40:27.251 172210 DEBUG oslo_service.service [req-4e873e74-bfab-4caa-b1b6-90b496f6a799 - - - - -] glance.rbd_ceph_conf = log_opt_values /usr/lib/python3/dist-packages/oslo_config/cfg.py:2609
2025-12-25 00:40:27.252 172210 DEBUG oslo_service.service [req-4e873e74-bfab-4caa-b1b6-90b496f6a799 - - - - -] glance.rbd_connect_timeout = 5 log_opt_values /usr/lib/python3/dist-packages/oslo_config/cfg.py:2609
2025-12-25 00:40:27.252 172210 DEBUG oslo_service.service [req-4e873e74-bfab-4caa-b1b6-90b496f6a799 - - - - -] glance.rbd_pool = log_opt_values /usr/lib/python3/dist-packages/oslo_config/cfg.py:2609
2025-12-25 00:40:27.252 172210 DEBUG oslo_service.service [req-4e873e74-bfab-4caa-b1b6-90b496f6a799 - - - - -] glance.rbd_user = log_opt_values /usr/lib/python3/dist-packages/oslo_config/cfg.py:2609
2025-12-25 00:40:27.252 172210 DEBUG oslo_service.service [req-4e873e74-bfab-4caa-b1b6-90b496f6a799 - - - - -] glance.region_name = None log_opt_values /usr/lib/python3/dist-packages/oslo_config/cfg.py:2609
2025-12-25 00:40:27.252 172210 DEBUG oslo_service.service [req-4e873e74-bfab-4caa-b1b6-90b496f6a799 - - - - -] glance.service_name = None log_opt_values /usr/lib/python3/dist-packages/oslo_config/cfg.py:2609
2025-12-25 00:40:27.252 172210 DEBUG oslo_service.service [req-4e873e74-bfab-4caa-b1b6-90b496f6a799 - - - - -] glance.service_type = image log_opt_values /usr/lib/python3/dist-packages/oslo_config/cfg.py:2609
2025-12-25 00:40:27.253 172210 DEBUG oslo_service.service [req-4e873e74-bfab-4caa-b1b6-90b496f6a799 - - - - -] glance.split_loggers = False log_opt_values /usr/lib/python3/dist-packages/oslo_config/cfg.py:2609
2025-12-25 00:40:27.253 172210 DEBUG oslo_service.service [req-4e873e74-bfab-4caa-b1b6-90b496f6a799 - - - - -] glance.status_code_retries = None log_opt_values /usr/lib/python3/dist-packages/oslo_config/cfg.py:2609
2025-12-25 00:40:27.253 172210 DEBUG oslo_service.service [req-4e873e74-bfab-4caa-b1b6-90b496f6a799 - - - - -] glance.status_code_retry_delay = None log_opt_values /usr/lib/python3/dist-packages/oslo_config/cfg.py:2609
2025-12-25 00:40:27.253 172210 DEBUG oslo_service.service [req-4e873e74-bfab-4caa-b1b6-90b496f6a799 - - - - -] glance.timeout = None log_opt_values /usr/lib/python3/dist-packages/oslo_config/cfg.py:2609
2025-12-25 00:40:27.253 172210 DEBUG oslo_service.service [req-4e873e74-bfab-4caa-b1b6-90b496f6a799 - - - - -] glance.valid_interfaces = ['internal', 'public'] log_opt_values /usr/lib/python3/dist-packages/oslo_config/cfg.py:2609
2025-12-25 00:40:27.253 172210 DEBUG oslo_service.service [req-4e873e74-bfab-4caa-b1b6-90b496f6a799 - - - - -] glance.verify_glance_signatures = False log_opt_values /usr/lib/python3/dist-packages/oslo_config/cfg.py:2609
2025-12-25 00:40:27.253 172210 DEBUG oslo_service.service [req-4e873e74-bfab-4caa-b1b6-90b496f6a799 - - - - -] glance.version = None log_opt_values /usr/lib/python3/dist-packages/oslo_config/cfg.py:2609
2025-12-25 00:40:27.254 172210 DEBUG oslo_service.service [req-4e873e74-bfab-4caa-b1b6-90b496f6a799 - - - - -] guestfs.debug = False log_opt_values /usr/lib/python3/dist-packages/oslo_config/cfg.py:2609
2025-12-25 00:40:27.254 172210 DEBUG oslo_service.service [req-4e873e74-bfab-4caa-b1b6-90b496f6a799 - - - - -] hyperv.config_drive_cdrom = False log_opt_values /usr/lib/python3/dist-packages/oslo_config/cfg.py:2609
2025-12-25 00:40:27.254 172210 DEBUG oslo_service.service [req-4e873e74-bfab-4caa-b1b6-90b496f6a799 - - - - -] hyperv.config_drive_inject_password = False log_opt_values /usr/lib/python3/dist-packages/oslo_config/cfg.py:2609
2025-12-25 00:40:27.254 172210 DEBUG oslo_service.service [req-4e873e74-bfab-4caa-b1b6-90b496f6a799 - - - - -] hyperv.dynamic_memory_ratio = 1.0 log_opt_values /usr/lib/python3/dist-packages/oslo_config/cfg.py:2609
2025-12-25 00:40:27.254 172210 DEBUG oslo_service.service [req-4e873e74-bfab-4caa-b1b6-90b496f6a799 - - - - -] hyperv.enable_instance_metrics_collection = False log_opt_values /usr/lib/python3/dist-packages/oslo_config/cfg.py:2609
2025-12-25 00:40:27.254 172210 DEBUG oslo_service.service [req-4e873e74-bfab-4caa-b1b6-90b496f6a799 - - - - -] hyperv.enable_remotefx = False log_opt_values /usr/lib/python3/dist-packages/oslo_config/cfg.py:2609
2025-12-25 00:40:27.255 172210 DEBUG oslo_service.service [req-4e873e74-bfab-4caa-b1b6-90b496f6a799 - - - - -] hyperv.instances_path_share = log_opt_values /usr/lib/python3/dist-packages/oslo_config/cfg.py:2609
2025-12-25 00:40:27.255 172210 DEBUG oslo_service.service [req-4e873e74-bfab-4caa-b1b6-90b496f6a799 - - - - -] hyperv.iscsi_initiator_list = [] log_opt_values /usr/lib/python3/dist-packages/oslo_config/cfg.py:2609
2025-12-25 00:40:27.255 172210 DEBUG oslo_service.service [req-4e873e74-bfab-4caa-b1b6-90b496f6a799 - - - - -] hyperv.limit_cpu_features = False log_opt_values /usr/lib/python3/dist-packages/oslo_config/cfg.py:2609
2025-12-25 00:40:27.255 172210 DEBUG oslo_service.service [req-4e873e74-bfab-4caa-b1b6-90b496f6a799 - - - - -] hyperv.mounted_disk_query_retry_count = 10 log_opt_values /usr/lib/python3/dist-packages/oslo_config/cfg.py:2609
2025-12-25 00:40:27.255 172210 DEBUG oslo_service.service [req-4e873e74-bfab-4caa-b1b6-90b496f6a799 - - - - -] hyperv.mounted_disk_query_retry_interval = 5 log_opt_values /usr/lib/python3/dist-packages/oslo_config/cfg.py:2609
2025-12-25 00:40:27.255 172210 DEBUG oslo_service.service [req-4e873e74-bfab-4caa-b1b6-90b496f6a799 - - - - -] hyperv.power_state_check_timeframe = 60 log_opt_values /usr/lib/python3/dist-packages/oslo_config/cfg.py:2609
2025-12-25 00:40:27.256 172210 DEBUG oslo_service.service [req-4e873e74-bfab-4caa-b1b6-90b496f6a799 - - - - -] hyperv.power_state_event_polling_interval = 2 log_opt_values /usr/lib/python3/dist-packages/oslo_config/cfg.py:2609
2025-12-25 00:40:27.256 172210 DEBUG oslo_service.service [req-4e873e74-bfab-4caa-b1b6-90b496f6a799 - - - - -] hyperv.qemu_img_cmd = qemu-img.exe log_opt_values /usr/lib/python3/dist-packages/oslo_config/cfg.py:2609
2025-12-25 00:40:27.256 172210 DEBUG oslo_service.service [req-4e873e74-bfab-4caa-b1b6-90b496f6a799 - - - - -] hyperv.use_multipath_io = False log_opt_values /usr/lib/python3/dist-packages/oslo_config/cfg.py:2609
2025-12-25 00:40:27.256 172210 DEBUG oslo_service.service [req-4e873e74-bfab-4caa-b1b6-90b496f6a799 - - - - -] hyperv.volume_attach_retry_count = 10 log_opt_values /usr/lib/python3/dist-packages/oslo_config/cfg.py:2609
2025-12-25 00:40:27.256 172210 DEBUG oslo_service.service [req-4e873e74-bfab-4caa-b1b6-90b496f6a799 - - - - -] hyperv.volume_attach_retry_interval = 5 log_opt_values /usr/lib/python3/dist-packages/oslo_config/cfg.py:2609
2025-12-25 00:40:27.256 172210 DEBUG oslo_service.service [req-4e873e74-bfab-4caa-b1b6-90b496f6a799 - - - - -] hyperv.vswitch_name = None log_opt_values /usr/lib/python3/dist-packages/oslo_config/cfg.py:2609
2025-12-25 00:40:27.257 172210 DEBUG oslo_service.service [req-4e873e74-bfab-4caa-b1b6-90b496f6a799 - - - - -] hyperv.wait_soft_reboot_seconds = 60 log_opt_values /usr/lib/python3/dist-packages/oslo_config/cfg.py:2609
2025-12-25 00:40:27.257 172210 DEBUG oslo_service.service [req-4e873e74-bfab-4caa-b1b6-90b496f6a799 - - - - -] mks.enabled = False log_opt_values /usr/lib/python3/dist-packages/oslo_config/cfg.py:2609
2025-12-25 00:40:27.257 172210 DEBUG oslo_service.service [req-4e873e74-bfab-4caa-b1b6-90b496f6a799 - - - - -] mks.mksproxy_base_url = http://127.0.0.1:6090/ log_opt_values /usr/lib/python3/dist-packages/oslo_config/cfg.py:2609
2025-12-25 00:40:27.258 172210 DEBUG oslo_service.service [req-4e873e74-bfab-4caa-b1b6-90b496f6a799 - - - - -] image_cache.manager_interval = 2400 log_opt_values /usr/lib/python3/dist-packages/oslo_config/cfg.py:2609
2025-12-25 00:40:27.258 172210 DEBUG oslo_service.service [req-4e873e74-bfab-4caa-b1b6-90b496f6a799 - - - - -] image_cache.precache_concurrency = 1 log_opt_values /usr/lib/python3/dist-packages/oslo_config/cfg.py:2609
2025-12-25 00:40:27.258 172210 DEBUG oslo_service.service [req-4e873e74-bfab-4caa-b1b6-90b496f6a799 - - - - -] image_cache.remove_unused_base_images = True log_opt_values /usr/lib/python3/dist-packages/oslo_config/cfg.py:2609
2025-12-25 00:40:27.258 172210 DEBUG oslo_service.service [req-4e873e74-bfab-4caa-b1b6-90b496f6a799 - - - - -] image_cache.remove_unused_original_minimum_age_seconds = 86400 log_opt_values /usr/lib/python3/dist-packages/oslo_config/cfg.py:2609
2025-12-25 00:40:27.258 172210 DEBUG oslo_service.service [req-4e873e74-bfab-4caa-b1b6-90b496f6a799 - - - - -] image_cache.remove_unused_resized_minimum_age_seconds = 3600 log_opt_values /usr/lib/python3/dist-packages/oslo_config/cfg.py:2609
2025-12-25 00:40:27.258 172210 DEBUG oslo_service.service [req-4e873e74-bfab-4caa-b1b6-90b496f6a799 - - - - -] image_cache.subdirectory_name = _base log_opt_values /usr/lib/python3/dist-packages/oslo_config/cfg.py:2609
2025-12-25 00:40:27.259 172210 DEBUG oslo_service.service [req-4e873e74-bfab-4caa-b1b6-90b496f6a799 - - - - -] ironic.api_max_retries = 60 log_opt_values /usr/lib/python3/dist-packages/oslo_config/cfg.py:2609
2025-12-25 00:40:27.259 172210 DEBUG oslo_service.service [req-4e873e74-bfab-4caa-b1b6-90b496f6a799 - - - - -] ironic.api_retry_interval = 2 log_opt_values /usr/lib/python3/dist-packages/oslo_config/cfg.py:2609
2025-12-25 00:40:27.259 172210 DEBUG oslo_service.service [req-4e873e74-bfab-4caa-b1b6-90b496f6a799 - - - - -] ironic.auth_section = None log_opt_values /usr/lib/python3/dist-packages/oslo_config/cfg.py:2609
2025-12-25 00:40:27.259 172210 DEBUG oslo_service.service [req-4e873e74-bfab-4caa-b1b6-90b496f6a799 - - - - -] ironic.auth_type = None log_opt_values /usr/lib/python3/dist-packages/oslo_config/cfg.py:2609
2025-12-25 00:40:27.259 172210 DEBUG oslo_service.service [req-4e873e74-bfab-4caa-b1b6-90b496f6a799 - - - - -] ironic.cafile = None log_opt_values /usr/lib/python3/dist-packages/oslo_config/cfg.py:2609
2025-12-25 00:40:27.259 172210 DEBUG oslo_service.service [req-4e873e74-bfab-4caa-b1b6-90b496f6a799 - - - - -] ironic.certfile = None log_opt_values /usr/lib/python3/dist-packages/oslo_config/cfg.py:2609
2025-12-25 00:40:27.260 172210 DEBUG oslo_service.service [req-4e873e74-bfab-4caa-b1b6-90b496f6a799 - - - - -] ironic.collect_timing = False log_opt_values /usr/lib/python3/dist-packages/oslo_config/cfg.py:2609
2025-12-25 00:40:27.260 172210 DEBUG oslo_service.service [req-4e873e74-bfab-4caa-b1b6-90b496f6a799 - - - - -] ironic.connect_retries = None log_opt_values /usr/lib/python3/dist-packages/oslo_config/cfg.py:2609
2025-12-25 00:40:27.260 172210 DEBUG oslo_service.service [req-4e873e74-bfab-4caa-b1b6-90b496f6a799 - - - - -] ironic.connect_retry_delay = None log_opt_values /usr/lib/python3/dist-packages/oslo_config/cfg.py:2609
2025-12-25 00:40:27.260 172210 DEBUG oslo_service.service [req-4e873e74-bfab-4caa-b1b6-90b496f6a799 - - - - -] ironic.endpoint_override = None log_opt_values /usr/lib/python3/dist-packages/oslo_config/cfg.py:2609
2025-12-25 00:40:27.260 172210 DEBUG oslo_service.service [req-4e873e74-bfab-4caa-b1b6-90b496f6a799 - - - - -] ironic.insecure = False log_opt_values /usr/lib/python3/dist-packages/oslo_config/cfg.py:2609
2025-12-25 00:40:27.260 172210 DEBUG oslo_service.service [req-4e873e74-bfab-4caa-b1b6-90b496f6a799 - - - - -] ironic.keyfile = None log_opt_values /usr/lib/python3/dist-packages/oslo_config/cfg.py:2609
2025-12-25 00:40:27.261 172210 DEBUG oslo_service.service [req-4e873e74-bfab-4caa-b1b6-90b496f6a799 - - - - -] ironic.max_version = None log_opt_values /usr/lib/python3/dist-packages/oslo_config/cfg.py:2609
2025-12-25 00:40:27.261 172210 DEBUG oslo_service.service [req-4e873e74-bfab-4caa-b1b6-90b496f6a799 - - - - -] ironic.min_version = None log_opt_values /usr/lib/python3/dist-packages/oslo_config/cfg.py:2609
2025-12-25 00:40:27.261 172210 DEBUG oslo_service.service [req-4e873e74-bfab-4caa-b1b6-90b496f6a799 - - - - -] ironic.partition_key = None log_opt_values /usr/lib/python3/dist-packages/oslo_config/cfg.py:2609
2025-12-25 00:40:27.261 172210 DEBUG oslo_service.service [req-4e873e74-bfab-4caa-b1b6-90b496f6a799 - - - - -] ironic.peer_list = [] log_opt_values /usr/lib/python3/dist-packages/oslo_config/cfg.py:2609
2025-12-25 00:40:27.261 172210 DEBUG oslo_service.service [req-4e873e74-bfab-4caa-b1b6-90b496f6a799 - - - - -] ironic.region_name = None log_opt_values /usr/lib/python3/dist-packages/oslo_config/cfg.py:2609
2025-12-25 00:40:27.261 172210 DEBUG oslo_service.service [req-4e873e74-bfab-4caa-b1b6-90b496f6a799 - - - - -] ironic.serial_console_state_timeout = 10 log_opt_values /usr/lib/python3/dist-packages/oslo_config/cfg.py:2609
2025-12-25 00:40:27.261 172210 DEBUG oslo_service.service [req-4e873e74-bfab-4caa-b1b6-90b496f6a799 - - - - -] ironic.service_name = None log_opt_values /usr/lib/python3/dist-packages/oslo_config/cfg.py:2609
2025-12-25 00:40:27.262 172210 DEBUG oslo_service.service [req-4e873e74-bfab-4caa-b1b6-90b496f6a799 - - - - -] ironic.service_type = baremetal log_opt_values /usr/lib/python3/dist-packages/oslo_config/cfg.py:2609
2025-12-25 00:40:27.262 172210 DEBUG oslo_service.service [req-4e873e74-bfab-4caa-b1b6-90b496f6a799 - - - - -] ironic.split_loggers = False log_opt_values /usr/lib/python3/dist-packages/oslo_config/cfg.py:2609
2025-12-25 00:40:27.262 172210 DEBUG oslo_service.service [req-4e873e74-bfab-4caa-b1b6-90b496f6a799 - - - - -] ironic.status_code_retries = None log_opt_values /usr/lib/python3/dist-packages/oslo_config/cfg.py:2609
2025-12-25 00:40:27.262 172210 DEBUG oslo_service.service [req-4e873e74-bfab-4caa-b1b6-90b496f6a799 - - - - -] ironic.status_code_retry_delay = None log_opt_values /usr/lib/python3/dist-packages/oslo_config/cfg.py:2609
2025-12-25 00:40:27.262 172210 DEBUG oslo_service.service [req-4e873e74-bfab-4caa-b1b6-90b496f6a799 - - - - -] ironic.timeout = None log_opt_values /usr/lib/python3/dist-packages/oslo_config/cfg.py:2609
2025-12-25 00:40:27.262 172210 DEBUG oslo_service.service [req-4e873e74-bfab-4caa-b1b6-90b496f6a799 - - - - -] ironic.valid_interfaces = ['internal', 'public'] log_opt_values /usr/lib/python3/dist-packages/oslo_config/cfg.py:2609
2025-12-25 00:40:27.263 172210 DEBUG oslo_service.service [req-4e873e74-bfab-4caa-b1b6-90b496f6a799 - - - - -] ironic.version = None log_opt_values /usr/lib/python3/dist-packages/oslo_config/cfg.py:2609
2025-12-25 00:40:27.263 172210 DEBUG oslo_service.service [req-4e873e74-bfab-4caa-b1b6-90b496f6a799 - - - - -] key_manager.backend = barbican log_opt_values /usr/lib/python3/dist-packages/oslo_config/cfg.py:2609
2025-12-25 00:40:27.263 172210 DEBUG oslo_service.service [req-4e873e74-bfab-4caa-b1b6-90b496f6a799 - - - - -] key_manager.fixed_key = **** log_opt_values /usr/lib/python3/dist-packages/oslo_config/cfg.py:2609
2025-12-25 00:40:27.263 172210 DEBUG oslo_service.service [req-4e873e74-bfab-4caa-b1b6-90b496f6a799 - - - - -] barbican.auth_endpoint = http://localhost/identity/v3 log_opt_values /usr/lib/python3/dist-packages/oslo_config/cfg.py:2609
2025-12-25 00:40:27.263 172210 DEBUG oslo_service.service [req-4e873e74-bfab-4caa-b1b6-90b496f6a799 - - - - -] barbican.barbican_api_version = None log_opt_values /usr/lib/python3/dist-packages/oslo_config/cfg.py:2609
2025-12-25 00:40:27.263 172210 DEBUG oslo_service.service [req-4e873e74-bfab-4caa-b1b6-90b496f6a799 - - - - -] barbican.barbican_endpoint = None log_opt_values /usr/lib/python3/dist-packages/oslo_config/cfg.py:2609
2025-12-25 00:40:27.264 172210 DEBUG oslo_service.service [req-4e873e74-bfab-4caa-b1b6-90b496f6a799 - - - - -] barbican.barbican_endpoint_type = public log_opt_values /usr/lib/python3/dist-packages/oslo_config/cfg.py:2609
2025-12-25 00:40:27.264 172210 DEBUG oslo_service.service [req-4e873e74-bfab-4caa-b1b6-90b496f6a799 - - - - -] barbican.barbican_region_name = None log_opt_values /usr/lib/python3/dist-packages/oslo_config/cfg.py:2609
2025-12-25 00:40:27.264 172210 DEBUG oslo_service.service [req-4e873e74-bfab-4caa-b1b6-90b496f6a799 - - - - -] barbican.cafile = None log_opt_values /usr/lib/python3/dist-packages/oslo_config/cfg.py:2609
2025-12-25 00:40:27.264 172210 DEBUG oslo_service.service [req-4e873e74-bfab-4caa-b1b6-90b496f6a799 - - - - -] barbican.certfile = None log_opt_values /usr/lib/python3/dist-packages/oslo_config/cfg.py:2609
2025-12-25 00:40:27.264 172210 DEBUG oslo_service.service [req-4e873e74-bfab-4caa-b1b6-90b496f6a799 - - - - -] barbican.collect_timing = False log_opt_values /usr/lib/python3/dist-packages/oslo_config/cfg.py:2609
2025-12-25 00:40:27.264 172210 DEBUG oslo_service.service [req-4e873e74-bfab-4caa-b1b6-90b496f6a799 - - - - -] barbican.insecure = False log_opt_values /usr/lib/python3/dist-packages/oslo_config/cfg.py:2609
2025-12-25 00:40:27.265 172210 DEBUG oslo_service.service [req-4e873e74-bfab-4caa-b1b6-90b496f6a799 - - - - -] barbican.keyfile = None log_opt_values /usr/lib/python3/dist-packages/oslo_config/cfg.py:2609
2025-12-25 00:40:27.265 172210 DEBUG oslo_service.service [req-4e873e74-bfab-4caa-b1b6-90b496f6a799 - - - - -] barbican.number_of_retries = 60 log_opt_values /usr/lib/python3/dist-packages/oslo_config/cfg.py:2609
2025-12-25 00:40:27.265 172210 DEBUG oslo_service.service [req-4e873e74-bfab-4caa-b1b6-90b496f6a799 - - - - -] barbican.retry_delay = 1 log_opt_values /usr/lib/python3/dist-packages/oslo_config/cfg.py:2609
2025-12-25 00:40:27.265 172210 DEBUG oslo_service.service [req-4e873e74-bfab-4caa-b1b6-90b496f6a799 - - - - -] barbican.send_service_user_token = False log_opt_values /usr/lib/python3/dist-packages/oslo_config/cfg.py:2609
2025-12-25 00:40:27.265 172210 DEBUG oslo_service.service [req-4e873e74-bfab-4caa-b1b6-90b496f6a799 - - - - -] barbican.split_loggers = False log_opt_values /usr/lib/python3/dist-packages/oslo_config/cfg.py:2609
2025-12-25 00:40:27.267 172210 DEBUG oslo_service.service [req-4e873e74-bfab-4caa-b1b6-90b496f6a799 - - - - -] barbican.timeout = None log_opt_values /usr/lib/python3/dist-packages/oslo_config/cfg.py:2609
2025-12-25 00:40:27.267 172210 DEBUG oslo_service.service [req-4e873e74-bfab-4caa-b1b6-90b496f6a799 - - - - -] barbican.verify_ssl = True log_opt_values /usr/lib/python3/dist-packages/oslo_config/cfg.py:2609
2025-12-25 00:40:27.267 172210 DEBUG oslo_service.service [req-4e873e74-bfab-4caa-b1b6-90b496f6a799 - - - - -] barbican.verify_ssl_path = None log_opt_values /usr/lib/python3/dist-packages/oslo_config/cfg.py:2609
2025-12-25 00:40:27.267 172210 DEBUG oslo_service.service [req-4e873e74-bfab-4caa-b1b6-90b496f6a799 - - - - -] barbican_service_user.auth_section = None log_opt_values /usr/lib/python3/dist-packages/oslo_config/cfg.py:2609
2025-12-25 00:40:27.268 172210 DEBUG oslo_service.service [req-4e873e74-bfab-4caa-b1b6-90b496f6a799 - - - - -] barbican_service_user.auth_type = None log_opt_values /usr/lib/python3/dist-packages/oslo_config/cfg.py:2609
2025-12-25 00:40:27.268 172210 DEBUG oslo_service.service [req-4e873e74-bfab-4caa-b1b6-90b496f6a799 - - - - -] barbican_service_user.cafile = None log_opt_values /usr/lib/python3/dist-packages/oslo_config/cfg.py:2609
2025-12-25 00:40:27.268 172210 DEBUG oslo_service.service [req-4e873e74-bfab-4caa-b1b6-90b496f6a799 - - - - -] barbican_service_user.certfile = None log_opt_values /usr/lib/python3/dist-packages/oslo_config/cfg.py:2609
2025-12-25 00:40:27.269 172210 DEBUG oslo_service.service [req-4e873e74-bfab-4caa-b1b6-90b496f6a799 - - - - -] barbican_service_user.collect_timing = False log_opt_values /usr/lib/python3/dist-packages/oslo_config/cfg.py:2609
2025-12-25 00:40:27.269 172210 DEBUG oslo_service.service [req-4e873e74-bfab-4caa-b1b6-90b496f6a799 - - - - -] barbican_service_user.insecure = False log_opt_values /usr/lib/python3/dist-packages/oslo_config/cfg.py:2609
2025-12-25 00:40:27.269 172210 DEBUG oslo_service.service [req-4e873e74-bfab-4caa-b1b6-90b496f6a799 - - - - -] barbican_service_user.keyfile = None log_opt_values /usr/lib/python3/dist-packages/oslo_config/cfg.py:2609
2025-12-25 00:40:27.270 172210 DEBUG oslo_service.service [req-4e873e74-bfab-4caa-b1b6-90b496f6a799 - - - - -] barbican_service_user.split_loggers = False log_opt_values /usr/lib/python3/dist-packages/oslo_config/cfg.py:2609
2025-12-25 00:40:27.270 172210 DEBUG oslo_service.service [req-4e873e74-bfab-4caa-b1b6-90b496f6a799 - - - - -] barbican_service_user.timeout = None log_opt_values /usr/lib/python3/dist-packages/oslo_config/cfg.py:2609
2025-12-25 00:40:27.270 172210 DEBUG oslo_service.service [req-4e873e74-bfab-4caa-b1b6-90b496f6a799 - - - - -] vault.approle_role_id = None log_opt_values /usr/lib/python3/dist-packages/oslo_config/cfg.py:2609
2025-12-25 00:40:27.270 172210 DEBUG oslo_service.service [req-4e873e74-bfab-4caa-b1b6-90b496f6a799 - - - - -] vault.approle_secret_id = None log_opt_values /usr/lib/python3/dist-packages/oslo_config/cfg.py:2609
2025-12-25 00:40:27.270 172210 DEBUG oslo_service.service [req-4e873e74-bfab-4caa-b1b6-90b496f6a799 - - - - -] vault.cafile = None log_opt_values /usr/lib/python3/dist-packages/oslo_config/cfg.py:2609
2025-12-25 00:40:27.271 172210 DEBUG oslo_service.service [req-4e873e74-bfab-4caa-b1b6-90b496f6a799 - - - - -] vault.certfile = None log_opt_values /usr/lib/python3/dist-packages/oslo_config/cfg.py:2609
2025-12-25 00:40:27.271 172210 DEBUG oslo_service.service [req-4e873e74-bfab-4caa-b1b6-90b496f6a799 - - - - -] vault.collect_timing = False log_opt_values /usr/lib/python3/dist-packages/oslo_config/cfg.py:2609
2025-12-25 00:40:27.271 172210 DEBUG oslo_service.service [req-4e873e74-bfab-4caa-b1b6-90b496f6a799 - - - - -] vault.insecure = False log_opt_values /usr/lib/python3/dist-packages/oslo_config/cfg.py:2609
2025-12-25 00:40:27.271 172210 DEBUG oslo_service.service [req-4e873e74-bfab-4caa-b1b6-90b496f6a799 - - - - -] vault.keyfile = None log_opt_values /usr/lib/python3/dist-packages/oslo_config/cfg.py:2609
2025-12-25 00:40:27.271 172210 DEBUG oslo_service.service [req-4e873e74-bfab-4caa-b1b6-90b496f6a799 - - - - -] vault.kv_mountpoint = secret log_opt_values /usr/lib/python3/dist-packages/oslo_config/cfg.py:2609
2025-12-25 00:40:27.272 172210 DEBUG oslo_service.service [req-4e873e74-bfab-4caa-b1b6-90b496f6a799 - - - - -] vault.kv_version = 2 log_opt_values /usr/lib/python3/dist-packages/oslo_config/cfg.py:2609
2025-12-25 00:40:27.272 172210 DEBUG oslo_service.service [req-4e873e74-bfab-4caa-b1b6-90b496f6a799 - - - - -] vault.namespace = None log_opt_values /usr/lib/python3/dist-packages/oslo_config/cfg.py:2609
2025-12-25 00:40:27.272 172210 DEBUG oslo_service.service [req-4e873e74-bfab-4caa-b1b6-90b496f6a799 - - - - -] vault.root_token_id = None log_opt_values /usr/lib/python3/dist-packages/oslo_config/cfg.py:2609
2025-12-25 00:40:27.272 172210 DEBUG oslo_service.service [req-4e873e74-bfab-4caa-b1b6-90b496f6a799 - - - - -] vault.split_loggers = False log_opt_values /usr/lib/python3/dist-packages/oslo_config/cfg.py:2609
