2025-12-22 00:40:03.181 153344 DEBUG oslo_service.service [req-9de95779-3ce4-45eb-8350-1618c69cd3b6 - - - - -] api.auth_strategy = keystone log_opt_values /usr/lib/python3/dist-packages/oslo_config/cfg.py:2609
2025-12-22 00:40:03.181 153344 DEBUG oslo_service.service [req-9de95779-3ce4-45eb-8350-1618c69cd3b6 - - - - -] api.compute_link_prefix = None log_opt_values /usr/lib/python3/dist-packages/oslo_config/cfg.py:2609
2025-12-22 00:40:03.181 153344 DEBUG oslo_service.service [req-9de95779-3ce4-45eb-8350-1618c69cd3b6 - - - - -] api.config_drive_skip_versions = 1.0 2007-01-19 2007-03-01 2007-08-29 2007-10-10 2007-12-15 2008-02-01 2008-09-01 log_opt_values /usr/lib/python3/dist-packages/oslo_config/cfg.py:2609
2025-12-22 00:40:03.181 153344 DEBUG oslo_service.service [req-9de95779-3ce4-45eb-8350-1618c69cd3b6 - - - - -] api.dhcp_domain = novalocal log_opt_values /usr/lib/python3/dist-packages/oslo_config/cfg.py:2609
2025-12-22 00:40:03.181 153732 DEBUG oslo_db.sqlalchemy.engines [req-7a48bfc2-abd8-4ef6-8d49-aa9b578df12e - - - - -] MySQL server mode set to STRICT_TRANS_TABLES,STRICT_ALL_TABLES,NO_ZERO_IN_DATE,NO_ZERO_DATE,ERROR_FOR_DIVISION_BY_ZERO,TRADITIONAL,NO_ENGINE_SUBSTITUTION _check_effective_sql_mode /usr/lib/python3/dist-packages/oslo_db/sqlalchemy/engines.py:314
2025-12-22 00:40:03.182 153344 DEBUG oslo_service.service [req-9de95779-3ce4-45eb-8350-1618c69cd3b6 - - - - -] api.enable_instance_password = True log_opt_values /usr/lib/python3/dist-packages/oslo_config/cfg.py:2609
2025-12-22 00:40:03.182 153344 DEBUG oslo_service.service [req-9de95779-3ce4-45eb-8350-1618c69cd3b6 - - - - -] api.glance_link_prefix = None log_opt_values /usr/lib/python3/dist-packages/oslo_config/cfg.py:2609
2025-12-22 00:40:03.182 153344 DEBUG oslo_service.service [req-9de95779-3ce4-45eb-8350-1618c69cd3b6 - - - - -] api.instance_list_cells_batch_fixed_size = 100 log_opt_values /usr/lib/python3/dist-packages/oslo_config/cfg.py:2609
2025-12-22 00:40:03.183 153344 DEBUG oslo_service.service [req-9de95779-3ce4-45eb-8350-1618c69cd3b6 - - - - -] api.instance_list_cells_batch_strategy = distributed log_opt_values /usr/lib/python3/dist-packages/oslo_config/cfg.py:2609
2025-12-22 00:40:03.183 153344 DEBUG oslo_service.service [req-9de95779-3ce4-45eb-8350-1618c69cd3b6 - - - - -] api.instance_list_per_project_cells = False log_opt_values /usr/lib/python3/dist-packages/oslo_config/cfg.py:2609
2025-12-22 00:40:03.183 153344 DEBUG oslo_service.service [req-9de95779-3ce4-45eb-8350-1618c69cd3b6 - - - - -] api.list_records_by_skipping_down_cells = True log_opt_values /usr/lib/python3/dist-packages/oslo_config/cfg.py:2609
2025-12-22 00:40:03.183 153344 DEBUG oslo_service.service [req-9de95779-3ce4-45eb-8350-1618c69cd3b6 - - - - -] api.local_metadata_per_cell = False log_opt_values /usr/lib/python3/dist-packages/oslo_config/cfg.py:2609
2025-12-22 00:40:03.183 153344 DEBUG oslo_service.service [req-9de95779-3ce4-45eb-8350-1618c69cd3b6 - - - - -] api.max_limit = 1000 log_opt_values /usr/lib/python3/dist-packages/oslo_config/cfg.py:2609
2025-12-22 00:40:03.184 153344 DEBUG oslo_service.service [req-9de95779-3ce4-45eb-8350-1618c69cd3b6 - - - - -] api.metadata_cache_expiration = 15 log_opt_values /usr/lib/python3/dist-packages/oslo_config/cfg.py:2609
2025-12-22 00:40:03.184 153344 DEBUG oslo_service.service [req-9de95779-3ce4-45eb-8350-1618c69cd3b6 - - - - -] api.neutron_default_tenant_id = default log_opt_values /usr/lib/python3/dist-packages/oslo_config/cfg.py:2609
2025-12-22 00:40:03.185 153344 DEBUG oslo_service.service [req-9de95779-3ce4-45eb-8350-1618c69cd3b6 - - - - -] api.use_forwarded_for = False log_opt_values /usr/lib/python3/dist-packages/oslo_config/cfg.py:2609
2025-12-22 00:40:03.185 153344 DEBUG oslo_service.service [req-9de95779-3ce4-45eb-8350-1618c69cd3b6 - - - - -] api.use_neutron_default_nets = False log_opt_values /usr/lib/python3/dist-packages/oslo_config/cfg.py:2609
2025-12-22 00:40:03.187 153344 DEBUG oslo_service.service [req-9de95779-3ce4-45eb-8350-1618c69cd3b6 - - - - -] api.vendordata_dynamic_connect_timeout = 5 log_opt_values /usr/lib/python3/dist-packages/oslo_config/cfg.py:2609
2025-12-22 00:40:03.188 153344 DEBUG oslo_service.service [req-9de95779-3ce4-45eb-8350-1618c69cd3b6 - - - - -] api.vendordata_dynamic_failure_fatal = False log_opt_values /usr/lib/python3/dist-packages/oslo_config/cfg.py:2609
2025-12-22 00:40:03.188 153344 DEBUG oslo_service.service [req-9de95779-3ce4-45eb-8350-1618c69cd3b6 - - - - -] api.vendordata_dynamic_read_timeout = 5 log_opt_values /usr/lib/python3/dist-packages/oslo_config/cfg.py:2609
2025-12-22 00:40:03.188 153344 DEBUG oslo_service.service [req-9de95779-3ce4-45eb-8350-1618c69cd3b6 - - - - -] api.vendordata_dynamic_ssl_certfile = log_opt_values /usr/lib/python3/dist-packages/oslo_config/cfg.py:2609
2025-12-22 00:40:03.188 153344 DEBUG oslo_service.service [req-9de95779-3ce4-45eb-8350-1618c69cd3b6 - - - - -] api.vendordata_dynamic_targets = [] log_opt_values /usr/lib/python3/dist-packages/oslo_config/cfg.py:2609
2025-12-22 00:40:03.189 153344 DEBUG oslo_service.service [req-9de95779-3ce4-45eb-8350-1618c69cd3b6 - - - - -] api.vendordata_jsonfile_path = None log_opt_values /usr/lib/python3/dist-packages/oslo_config/cfg.py:2609
2025-12-22 00:40:03.191 153344 DEBUG oslo_service.service [req-9de95779-3ce4-45eb-8350-1618c69cd3b6 - - - - -] api.vendordata_providers = ['StaticJSON'] log_opt_values /usr/lib/python3/dist-packages/oslo_config/cfg.py:2609
2025-12-22 00:40:03.193 153344 DEBUG oslo_service.service [req-9de95779-3ce4-45eb-8350-1618c69cd3b6 - - - - -] cache.backend = dogpile.cache.null log_opt_values /usr/lib/python3/dist-packages/oslo_config/cfg.py:2609
2025-12-22 00:40:03.194 153344 DEBUG oslo_service.service [req-9de95779-3ce4-45eb-8350-1618c69cd3b6 - - - - -] cache.backend_argument = **** log_opt_values /usr/lib/python3/dist-packages/oslo_config/cfg.py:2609
2025-12-22 00:40:03.194 153344 DEBUG oslo_service.service [req-9de95779-3ce4-45eb-8350-1618c69cd3b6 - - - - -] cache.config_prefix = cache.oslo log_opt_values /usr/lib/python3/dist-packages/oslo_config/cfg.py:2609
2025-12-22 00:40:03.194 153344 DEBUG oslo_service.service [req-9de95779-3ce4-45eb-8350-1618c69cd3b6 - - - - -] cache.debug_cache_backend = False log_opt_values /usr/lib/python3/dist-packages/oslo_config/cfg.py:2609
2025-12-22 00:40:03.194 153344 DEBUG oslo_service.service [req-9de95779-3ce4-45eb-8350-1618c69cd3b6 - - - - -] cache.enabled = False log_opt_values /usr/lib/python3/dist-packages/oslo_config/cfg.py:2609
2025-12-22 00:40:03.195 153344 DEBUG oslo_service.service [req-9de95779-3ce4-45eb-8350-1618c69cd3b6 - - - - -] cache.expiration_time = 600 log_opt_values /usr/lib/python3/dist-packages/oslo_config/cfg.py:2609
2025-12-22 00:40:03.195 153344 DEBUG oslo_service.service [req-9de95779-3ce4-45eb-8350-1618c69cd3b6 - - - - -] cache.memcache_dead_retry = 300 log_opt_values /usr/lib/python3/dist-packages/oslo_config/cfg.py:2609
2025-12-22 00:40:03.196 153344 DEBUG oslo_service.service [req-9de95779-3ce4-45eb-8350-1618c69cd3b6 - - - - -] cache.memcache_pool_connection_get_timeout = 10 log_opt_values /usr/lib/python3/dist-packages/oslo_config/cfg.py:2609
2025-12-22 00:40:03.196 153344 DEBUG oslo_service.service [req-9de95779-3ce4-45eb-8350-1618c69cd3b6 - - - - -] cache.memcache_pool_flush_on_reconnect = False log_opt_values /usr/lib/python3/dist-packages/oslo_config/cfg.py:2609
2025-12-22 00:40:03.195 153730 DEBUG oslo_messaging._drivers.amqpdriver [-] Listener is running poll /usr/lib/python3/dist-packages/oslo_messaging/_drivers/amqpdriver.py:343
2025-12-22 00:40:03.196 153733 DEBUG nova.service [req-f0abd44c-4332-4538-9498-20d82734261c - - - - -] Creating RPC server for service conductor start /usr/lib/python3/dist-packages/nova/service.py:182
2025-12-22 00:40:03.196 153730 DEBUG oslo_messaging._drivers.amqpdriver [-] AMQPListener connection consume poll /usr/lib/python3/dist-packages/oslo_messaging/_drivers/amqpdriver.py:357
2025-12-22 00:40:03.196 153344 DEBUG oslo_service.service [req-9de95779-3ce4-45eb-8350-1618c69cd3b6 - - - - -] cache.memcache_pool_maxsize = 10 log_opt_values /usr/lib/python3/dist-packages/oslo_config/cfg.py:2609
2025-12-22 00:40:03.197 153344 DEBUG oslo_service.service [req-9de95779-3ce4-45eb-8350-1618c69cd3b6 - - - - -] cache.memcache_pool_unused_timeout = 60 log_opt_values /usr/lib/python3/dist-packages/oslo_config/cfg.py:2609
2025-12-22 00:40:03.197 153730 DEBUG nova.service [req-741e4fac-752b-4378-a656-cb3e3265bb60 - - - - -] Join ServiceGroup membership for this service conductor start /usr/lib/python3/dist-packages/nova/service.py:199
2025-12-22 00:40:03.199 153344 DEBUG oslo_service.service [req-9de95779-3ce4-45eb-8350-1618c69cd3b6 - - - - -] cache.memcache_servers = ['localhost:11211'] log_opt_values /usr/lib/python3/dist-packages/oslo_config/cfg.py:2609
2025-12-22 00:40:03.199 153730 DEBUG nova.servicegroup.drivers.db [req-741e4fac-752b-4378-a656-cb3e3265bb60 - - - - -] DB_Driver: join new ServiceGroup member juju-225e44-0-lxd-7 to the conductor group, service = join /usr/lib/python3/dist-packages/nova/servicegroup/drivers/db.py:44
2025-12-22 00:40:03.199 153344 DEBUG oslo_service.service [req-9de95779-3ce4-45eb-8350-1618c69cd3b6 - - - - -] cache.memcache_socket_timeout = 1.0 log_opt_values /usr/lib/python3/dist-packages/oslo_config/cfg.py:2609
2025-12-22 00:40:03.199 153344 DEBUG oslo_service.service [req-9de95779-3ce4-45eb-8350-1618c69cd3b6 - - - - -] cache.proxies = [] log_opt_values /usr/lib/python3/dist-packages/oslo_config/cfg.py:2609
2025-12-22 00:40:03.199 153344 DEBUG oslo_service.service [req-9de95779-3ce4-45eb-8350-1618c69cd3b6 - - - - -] cache.tls_allowed_ciphers = None log_opt_values /usr/lib/python3/dist-packages/oslo_config/cfg.py:2609
2025-12-22 00:40:03.200 153344 DEBUG oslo_service.service [req-9de95779-3ce4-45eb-8350-1618c69cd3b6 - - - - -] cache.tls_cafile = None log_opt_values /usr/lib/python3/dist-packages/oslo_config/cfg.py:2609
2025-12-22 00:40:03.200 153344 DEBUG oslo_service.service [req-9de95779-3ce4-45eb-8350-1618c69cd3b6 - - - - -] cache.tls_certfile = None log_opt_values /usr/lib/python3/dist-packages/oslo_config/cfg.py:2609
2025-12-22 00:40:03.201 153344 DEBUG oslo_service.service [req-9de95779-3ce4-45eb-8350-1618c69cd3b6 - - - - -] cache.tls_enabled = False log_opt_values /usr/lib/python3/dist-packages/oslo_config/cfg.py:2609
2025-12-22 00:40:03.201 153344 DEBUG oslo_service.service [req-9de95779-3ce4-45eb-8350-1618c69cd3b6 - - - - -] cache.tls_keyfile = None log_opt_values /usr/lib/python3/dist-packages/oslo_config/cfg.py:2609
2025-12-22 00:40:03.201 153730 DEBUG oslo_messaging._drivers.amqpdriver [-] AMQPListener connection timeout poll /usr/lib/python3/dist-packages/oslo_messaging/_drivers/amqpdriver.py:360
2025-12-22 00:40:03.201 153344 DEBUG oslo_service.service [req-9de95779-3ce4-45eb-8350-1618c69cd3b6 - - - - -] cinder.auth_section = None log_opt_values /usr/lib/python3/dist-packages/oslo_config/cfg.py:2609
2025-12-22 00:40:03.202 153730 DEBUG oslo_messaging._drivers.amqpdriver [-] Listener is running poll /usr/lib/python3/dist-packages/oslo_messaging/_drivers/amqpdriver.py:343
2025-12-22 00:40:03.202 153344 DEBUG oslo_service.service [req-9de95779-3ce4-45eb-8350-1618c69cd3b6 - - - - -] cinder.auth_type = None log_opt_values /usr/lib/python3/dist-packages/oslo_config/cfg.py:2609
2025-12-22 00:40:03.202 153730 DEBUG oslo_messaging._drivers.amqpdriver [-] AMQPListener connection consume poll /usr/lib/python3/dist-packages/oslo_messaging/_drivers/amqpdriver.py:357
2025-12-22 00:40:03.202 153344 DEBUG oslo_service.service [req-9de95779-3ce4-45eb-8350-1618c69cd3b6 - - - - -] cinder.cafile = None log_opt_values /usr/lib/python3/dist-packages/oslo_config/cfg.py:2609
2025-12-22 00:40:03.202 153344 DEBUG oslo_service.service [req-9de95779-3ce4-45eb-8350-1618c69cd3b6 - - - - -] cinder.catalog_info = volumev3::publicURL log_opt_values /usr/lib/python3/dist-packages/oslo_config/cfg.py:2609
2025-12-22 00:40:03.202 153344 DEBUG oslo_service.service [req-9de95779-3ce4-45eb-8350-1618c69cd3b6 - - - - -] cinder.certfile = None log_opt_values /usr/lib/python3/dist-packages/oslo_config/cfg.py:2609
2025-12-22 00:40:03.202 153344 DEBUG oslo_service.service [req-9de95779-3ce4-45eb-8350-1618c69cd3b6 - - - - -] cinder.collect_timing = False log_opt_values /usr/lib/python3/dist-packages/oslo_config/cfg.py:2609
2025-12-22 00:40:03.203 153344 DEBUG oslo_service.service [req-9de95779-3ce4-45eb-8350-1618c69cd3b6 - - - - -] cinder.cross_az_attach = True log_opt_values /usr/lib/python3/dist-packages/oslo_config/cfg.py:2609
2025-12-22 00:40:03.203 153344 DEBUG oslo_service.service [req-9de95779-3ce4-45eb-8350-1618c69cd3b6 - - - - -] cinder.debug = False log_opt_values /usr/lib/python3/dist-packages/oslo_config/cfg.py:2609
2025-12-22 00:40:03.203 153731 DEBUG oslo_messaging._drivers.amqpdriver [-] Listener is running poll /usr/lib/python3/dist-packages/oslo_messaging/_drivers/amqpdriver.py:343
2025-12-22 00:40:03.203 153344 DEBUG oslo_service.service [req-9de95779-3ce4-45eb-8350-1618c69cd3b6 - - - - -] cinder.endpoint_template = None log_opt_values /usr/lib/python3/dist-packages/oslo_config/cfg.py:2609
2025-12-22 00:40:03.203 153731 DEBUG oslo_messaging._drivers.amqpdriver [-] AMQPListener connection consume poll /usr/lib/python3/dist-packages/oslo_messaging/_drivers/amqpdriver.py:357
2025-12-22 00:40:03.203 153344 DEBUG oslo_service.service [req-9de95779-3ce4-45eb-8350-1618c69cd3b6 - - - - -] cinder.http_retries = 3 log_opt_values /usr/lib/python3/dist-packages/oslo_config/cfg.py:2609
2025-12-22 00:40:03.203 153344 DEBUG oslo_service.service [req-9de95779-3ce4-45eb-8350-1618c69cd3b6 - - - - -] cinder.insecure = False log_opt_values /usr/lib/python3/dist-packages/oslo_config/cfg.py:2609
2025-12-22 00:40:03.204 153344 DEBUG oslo_service.service [req-9de95779-3ce4-45eb-8350-1618c69cd3b6 - - - - -] cinder.keyfile = None log_opt_values /usr/lib/python3/dist-packages/oslo_config/cfg.py:2609
2025-12-22 00:40:03.204 153344 DEBUG oslo_service.service [req-9de95779-3ce4-45eb-8350-1618c69cd3b6 - - - - -] cinder.os_region_name = None log_opt_values /usr/lib/python3/dist-packages/oslo_config/cfg.py:2609
2025-12-22 00:40:03.204 153344 DEBUG oslo_service.service [req-9de95779-3ce4-45eb-8350-1618c69cd3b6 - - - - -] cinder.split_loggers = False log_opt_values /usr/lib/python3/dist-packages/oslo_config/cfg.py:2609
2025-12-22 00:40:03.204 153344 DEBUG oslo_service.service [req-9de95779-3ce4-45eb-8350-1618c69cd3b6 - - - - -] cinder.timeout = None log_opt_values /usr/lib/python3/dist-packages/oslo_config/cfg.py:2609
2025-12-22 00:40:03.204 153344 DEBUG oslo_service.service [req-9de95779-3ce4-45eb-8350-1618c69cd3b6 - - - - -] compute.consecutive_build_service_disable_threshold = 10 log_opt_values /usr/lib/python3/dist-packages/oslo_config/cfg.py:2609
2025-12-22 00:40:03.204 153344 DEBUG oslo_service.service [req-9de95779-3ce4-45eb-8350-1618c69cd3b6 - - - - -] compute.cpu_dedicated_set = None log_opt_values /usr/lib/python3/dist-packages/oslo_config/cfg.py:2609
2025-12-22 00:40:03.205 153344 DEBUG oslo_service.service [req-9de95779-3ce4-45eb-8350-1618c69cd3b6 - - - - -] compute.cpu_shared_set = None log_opt_values /usr/lib/python3/dist-packages/oslo_config/cfg.py:2609
2025-12-22 00:40:03.205 153344 DEBUG oslo_service.service [req-9de95779-3ce4-45eb-8350-1618c69cd3b6 - - - - -] compute.image_type_exclude_list = [] log_opt_values /usr/lib/python3/dist-packages/oslo_config/cfg.py:2609
2025-12-22 00:40:03.205 153344 DEBUG oslo_service.service [req-9de95779-3ce4-45eb-8350-1618c69cd3b6 - - - - -] compute.live_migration_wait_for_vif_plug = True log_opt_values /usr/lib/python3/dist-packages/oslo_config/cfg.py:2609
2025-12-22 00:40:03.205 153344 DEBUG oslo_service.service [req-9de95779-3ce4-45eb-8350-1618c69cd3b6 - - - - -] compute.max_concurrent_disk_ops = 0 log_opt_values /usr/lib/python3/dist-packages/oslo_config/cfg.py:2609
2025-12-22 00:40:03.205 153344 DEBUG oslo_service.service [req-9de95779-3ce4-45eb-8350-1618c69cd3b6 - - - - -] compute.max_disk_devices_to_attach = -1 log_opt_values /usr/lib/python3/dist-packages/oslo_config/cfg.py:2609
2025-12-22 00:40:03.205 153344 DEBUG oslo_service.service [req-9de95779-3ce4-45eb-8350-1618c69cd3b6 - - - - -] compute.packing_host_numa_cells_allocation_strategy = True log_opt_values /usr/lib/python3/dist-packages/oslo_config/cfg.py:2609
2025-12-22 00:40:03.206 153732 DEBUG nova.service [req-7a48bfc2-abd8-4ef6-8d49-aa9b578df12e - - - - -] Creating RPC server for service conductor start /usr/lib/python3/dist-packages/nova/service.py:182
2025-12-22 00:40:03.206 153344 DEBUG oslo_service.service [req-9de95779-3ce4-45eb-8350-1618c69cd3b6 - - - - -] compute.provider_config_location = /etc/nova/provider_config/ log_opt_values /usr/lib/python3/dist-packages/oslo_config/cfg.py:2609
2025-12-22 00:40:03.206 153344 DEBUG oslo_service.service [req-9de95779-3ce4-45eb-8350-1618c69cd3b6 - - - - -] compute.resource_provider_association_refresh = 300 log_opt_values /usr/lib/python3/dist-packages/oslo_config/cfg.py:2609
2025-12-22 00:40:03.206 153344 DEBUG oslo_service.service [req-9de95779-3ce4-45eb-8350-1618c69cd3b6 - - - - -] compute.shutdown_retry_interval = 10 log_opt_values /usr/lib/python3/dist-packages/oslo_config/cfg.py:2609
2025-12-22 00:40:03.206 153344 DEBUG oslo_service.service [req-9de95779-3ce4-45eb-8350-1618c69cd3b6 - - - - -] compute.vmdk_allowed_types = ['streamOptimized', 'monolithicSparse'] log_opt_values /usr/lib/python3/dist-packages/oslo_config/cfg.py:2609
2025-12-22 00:40:03.207 153344 DEBUG oslo_service.service [req-9de95779-3ce4-45eb-8350-1618c69cd3b6 - - - - -] conductor.workers = 4 log_opt_values /usr/lib/python3/dist-packages/oslo_config/cfg.py:2609
2025-12-22 00:40:03.207 153344 DEBUG oslo_service.service [req-9de95779-3ce4-45eb-8350-1618c69cd3b6 - - - - -] console.allowed_origins = [] log_opt_values /usr/lib/python3/dist-packages/oslo_config/cfg.py:2609
2025-12-22 00:40:03.207 153344 DEBUG oslo_service.service [req-9de95779-3ce4-45eb-8350-1618c69cd3b6 - - - - -] console.ssl_ciphers = None log_opt_values /usr/lib/python3/dist-packages/oslo_config/cfg.py:2609
2025-12-22 00:40:03.207 153344 DEBUG oslo_service.service [req-9de95779-3ce4-45eb-8350-1618c69cd3b6 - - - - -] console.ssl_minimum_version = default log_opt_values /usr/lib/python3/dist-packages/oslo_config/cfg.py:2609
2025-12-22 00:40:03.207 153344 DEBUG oslo_service.service [req-9de95779-3ce4-45eb-8350-1618c69cd3b6 - - - - -] consoleauth.token_ttl = 600 log_opt_values /usr/lib/python3/dist-packages/oslo_config/cfg.py:2609
2025-12-22 00:40:03.208 153344 DEBUG oslo_service.service [req-9de95779-3ce4-45eb-8350-1618c69cd3b6 - - - - -] cyborg.cafile = None log_opt_values /usr/lib/python3/dist-packages/oslo_config/cfg.py:2609
2025-12-22 00:40:03.208 153344 DEBUG oslo_service.service [req-9de95779-3ce4-45eb-8350-1618c69cd3b6 - - - - -] cyborg.certfile = None log_opt_values /usr/lib/python3/dist-packages/oslo_config/cfg.py:2609
2025-12-22 00:40:03.208 153344 DEBUG oslo_service.service [req-9de95779-3ce4-45eb-8350-1618c69cd3b6 - - - - -] cyborg.collect_timing = False log_opt_values /usr/lib/python3/dist-packages/oslo_config/cfg.py:2609
2025-12-22 00:40:03.208 153344 DEBUG oslo_service.service [req-9de95779-3ce4-45eb-8350-1618c69cd3b6 - - - - -] cyborg.connect_retries = None log_opt_values /usr/lib/python3/dist-packages/oslo_config/cfg.py:2609
2025-12-22 00:40:03.208 153344 DEBUG oslo_service.service [req-9de95779-3ce4-45eb-8350-1618c69cd3b6 - - - - -] cyborg.connect_retry_delay = None log_opt_values /usr/lib/python3/dist-packages/oslo_config/cfg.py:2609
2025-12-22 00:40:03.208 153344 DEBUG oslo_service.service [req-9de95779-3ce4-45eb-8350-1618c69cd3b6 - - - - -] cyborg.endpoint_override = None log_opt_values /usr/lib/python3/dist-packages/oslo_config/cfg.py:2609
2025-12-22 00:40:03.209 153344 DEBUG oslo_service.service [req-9de95779-3ce4-45eb-8350-1618c69cd3b6 - - - - -] cyborg.insecure = False log_opt_values /usr/lib/python3/dist-packages/oslo_config/cfg.py:2609
2025-12-22 00:40:03.209 153344 DEBUG oslo_service.service [req-9de95779-3ce4-45eb-8350-1618c69cd3b6 - - - - -] cyborg.keyfile = None log_opt_values /usr/lib/python3/dist-packages/oslo_config/cfg.py:2609
2025-12-22 00:40:03.209 153344 DEBUG oslo_service.service [req-9de95779-3ce4-45eb-8350-1618c69cd3b6 - - - - -] cyborg.max_version = None log_opt_values /usr/lib/python3/dist-packages/oslo_config/cfg.py:2609
2025-12-22 00:40:03.209 153344 DEBUG oslo_service.service [req-9de95779-3ce4-45eb-8350-1618c69cd3b6 - - - - -] cyborg.min_version = None log_opt_values /usr/lib/python3/dist-packages/oslo_config/cfg.py:2609
2025-12-22 00:40:03.209 153344 DEBUG oslo_service.service [req-9de95779-3ce4-45eb-8350-1618c69cd3b6 - - - - -] cyborg.region_name = None log_opt_values /usr/lib/python3/dist-packages/oslo_config/cfg.py:2609
2025-12-22 00:40:03.209 153344 DEBUG oslo_service.service [req-9de95779-3ce4-45eb-8350-1618c69cd3b6 - - - - -] cyborg.service_name = None log_opt_values /usr/lib/python3/dist-packages/oslo_config/cfg.py:2609
2025-12-22 00:40:03.210 153344 DEBUG oslo_service.service [req-9de95779-3ce4-45eb-8350-1618c69cd3b6 - - - - -] cyborg.service_type = accelerator log_opt_values /usr/lib/python3/dist-packages/oslo_config/cfg.py:2609
2025-12-22 00:40:03.210 153344 DEBUG oslo_service.service [req-9de95779-3ce4-45eb-8350-1618c69cd3b6 - - - - -] cyborg.split_loggers = False log_opt_values /usr/lib/python3/dist-packages/oslo_config/cfg.py:2609
2025-12-22 00:40:03.210 153344 DEBUG oslo_service.service [req-9de95779-3ce4-45eb-8350-1618c69cd3b6 - - - - -] cyborg.status_code_retries = None log_opt_values /usr/lib/python3/dist-packages/oslo_config/cfg.py:2609
2025-12-22 00:40:03.210 153344 DEBUG oslo_service.service [req-9de95779-3ce4-45eb-8350-1618c69cd3b6 - - - - -] cyborg.status_code_retry_delay = None log_opt_values /usr/lib/python3/dist-packages/oslo_config/cfg.py:2609
2025-12-22 00:40:03.210 153344 DEBUG oslo_service.service [req-9de95779-3ce4-45eb-8350-1618c69cd3b6 - - - - -] cyborg.timeout = None log_opt_values /usr/lib/python3/dist-packages/oslo_config/cfg.py:2609
2025-12-22 00:40:03.210 153344 DEBUG oslo_service.service [req-9de95779-3ce4-45eb-8350-1618c69cd3b6 - - - - -] cyborg.valid_interfaces = ['internal', 'public'] log_opt_values /usr/lib/python3/dist-packages/oslo_config/cfg.py:2609
2025-12-22 00:40:03.210 153344 DEBUG oslo_service.service [req-9de95779-3ce4-45eb-8350-1618c69cd3b6 - - - - -] cyborg.version = None log_opt_values /usr/lib/python3/dist-packages/oslo_config/cfg.py:2609
2025-12-22 00:40:03.211 153344 DEBUG oslo_service.service [req-9de95779-3ce4-45eb-8350-1618c69cd3b6 - - - - -] database.backend = sqlalchemy log_opt_values /usr/lib/python3/dist-packages/oslo_config/cfg.py:2609
2025-12-22 00:40:03.211 153344 DEBUG oslo_service.service [req-9de95779-3ce4-45eb-8350-1618c69cd3b6 - - - - -] database.connection = **** log_opt_values /usr/lib/python3/dist-packages/oslo_config/cfg.py:2609
2025-12-22 00:40:03.211 153344 DEBUG oslo_service.service [req-9de95779-3ce4-45eb-8350-1618c69cd3b6 - - - - -] database.connection_debug = 0 log_opt_values /usr/lib/python3/dist-packages/oslo_config/cfg.py:2609
2025-12-22 00:40:03.211 153344 DEBUG oslo_service.service [req-9de95779-3ce4-45eb-8350-1618c69cd3b6 - - - - -] database.connection_parameters = log_opt_values /usr/lib/python3/dist-packages/oslo_config/cfg.py:2609
2025-12-22 00:40:03.212 153344 DEBUG oslo_service.service [req-9de95779-3ce4-45eb-8350-1618c69cd3b6 - - - - -] database.connection_recycle_time = 3600 log_opt_values /usr/lib/python3/dist-packages/oslo_config/cfg.py:2609
2025-12-22 00:40:03.212 153344 DEBUG oslo_service.service [req-9de95779-3ce4-45eb-8350-1618c69cd3b6 - - - - -] database.connection_trace = False log_opt_values /usr/lib/python3/dist-packages/oslo_config/cfg.py:2609
2025-12-22 00:40:03.212 153344 DEBUG oslo_service.service [req-9de95779-3ce4-45eb-8350-1618c69cd3b6 - - - - -] database.db_inc_retry_interval = True log_opt_values /usr/lib/python3/dist-packages/oslo_config/cfg.py:2609
2025-12-22 00:40:03.212 153344 DEBUG oslo_service.service [req-9de95779-3ce4-45eb-8350-1618c69cd3b6 - - - - -] database.db_max_retries = 20 log_opt_values /usr/lib/python3/dist-packages/oslo_config/cfg.py:2609
2025-12-22 00:40:03.213 153344 DEBUG oslo_service.service [req-9de95779-3ce4-45eb-8350-1618c69cd3b6 - - - - -] database.db_max_retry_interval = 10 log_opt_values /usr/lib/python3/dist-packages/oslo_config/cfg.py:2609
2025-12-22 00:40:03.213 153344 DEBUG oslo_service.service [req-9de95779-3ce4-45eb-8350-1618c69cd3b6 - - - - -] database.db_retry_interval = 1 log_opt_values /usr/lib/python3/dist-packages/oslo_config/cfg.py:2609
2025-12-22 00:40:03.213 153344 DEBUG oslo_service.service [req-9de95779-3ce4-45eb-8350-1618c69cd3b6 - - - - -] database.max_overflow = 50 log_opt_values /usr/lib/python3/dist-packages/oslo_config/cfg.py:2609
2025-12-22 00:40:03.213 153344 DEBUG oslo_service.service [req-9de95779-3ce4-45eb-8350-1618c69cd3b6 - - - - -] database.max_pool_size = 4 log_opt_values /usr/lib/python3/dist-packages/oslo_config/cfg.py:2609
2025-12-22 00:40:03.214 153344 DEBUG oslo_service.service [req-9de95779-3ce4-45eb-8350-1618c69cd3b6 - - - - -] database.max_retries = 10 log_opt_values /usr/lib/python3/dist-packages/oslo_config/cfg.py:2609
2025-12-22 00:40:03.214 153344 DEBUG oslo_service.service [req-9de95779-3ce4-45eb-8350-1618c69cd3b6 - - - - -] database.mysql_enable_ndb = False log_opt_values /usr/lib/python3/dist-packages/oslo_config/cfg.py:2609
2025-12-22 00:40:03.214 153344 DEBUG oslo_service.service [req-9de95779-3ce4-45eb-8350-1618c69cd3b6 - - - - -] database.mysql_sql_mode = TRADITIONAL log_opt_values /usr/lib/python3/dist-packages/oslo_config/cfg.py:2609
2025-12-22 00:40:03.214 153344 DEBUG oslo_service.service [req-9de95779-3ce4-45eb-8350-1618c69cd3b6 - - - - -] database.pool_timeout = None log_opt_values /usr/lib/python3/dist-packages/oslo_config/cfg.py:2609
2025-12-22 00:40:03.214 153344 DEBUG oslo_service.service [req-9de95779-3ce4-45eb-8350-1618c69cd3b6 - - - - -] database.retry_interval = 10 log_opt_values /usr/lib/python3/dist-packages/oslo_config/cfg.py:2609
2025-12-22 00:40:03.214 153731 DEBUG nova.service [req-69345085-d931-496a-9469-0cbffe02692c - - - - -] Join ServiceGroup membership for this service conductor start /usr/lib/python3/dist-packages/nova/service.py:199
2025-12-22 00:40:03.214 153344 DEBUG oslo_service.service [req-9de95779-3ce4-45eb-8350-1618c69cd3b6 - - - - -] database.slave_connection = **** log_opt_values /usr/lib/python3/dist-packages/oslo_config/cfg.py:2609
2025-12-22 00:40:03.215 153344 DEBUG oslo_service.service [req-9de95779-3ce4-45eb-8350-1618c69cd3b6 - - - - -] database.sqlite_synchronous = True log_opt_values /usr/lib/python3/dist-packages/oslo_config/cfg.py:2609
2025-12-22 00:40:03.215 153344 DEBUG oslo_service.service [req-9de95779-3ce4-45eb-8350-1618c69cd3b6 - - - - -] database.use_db_reconnect = False log_opt_values /usr/lib/python3/dist-packages/oslo_config/cfg.py:2609
2025-12-22 00:40:03.215 153344 DEBUG oslo_service.service [req-9de95779-3ce4-45eb-8350-1618c69cd3b6 - - - - -] api_database.backend = sqlalchemy log_opt_values /usr/lib/python3/dist-packages/oslo_config/cfg.py:2609
2025-12-22 00:40:03.215 153344 DEBUG oslo_service.service [req-9de95779-3ce4-45eb-8350-1618c69cd3b6 - - - - -] api_database.connection = **** log_opt_values /usr/lib/python3/dist-packages/oslo_config/cfg.py:2609
2025-12-22 00:40:03.215 153344 DEBUG oslo_service.service [req-9de95779-3ce4-45eb-8350-1618c69cd3b6 - - - - -] api_database.connection_debug = 0 log_opt_values /usr/lib/python3/dist-packages/oslo_config/cfg.py:2609
2025-12-22 00:40:03.215 153344 DEBUG oslo_service.service [req-9de95779-3ce4-45eb-8350-1618c69cd3b6 - - - - -] api_database.connection_parameters = log_opt_values /usr/lib/python3/dist-packages/oslo_config/cfg.py:2609
2025-12-22 00:40:03.214 153731 DEBUG nova.servicegroup.drivers.db [req-69345085-d931-496a-9469-0cbffe02692c - - - - -] DB_Driver: join new ServiceGroup member juju-225e44-0-lxd-7 to the conductor group, service = join /usr/lib/python3/dist-packages/nova/servicegroup/drivers/db.py:44
2025-12-22 00:40:03.216 153344 DEBUG oslo_service.service [req-9de95779-3ce4-45eb-8350-1618c69cd3b6 - - - - -] api_database.connection_recycle_time = 3600 log_opt_values /usr/lib/python3/dist-packages/oslo_config/cfg.py:2609
2025-12-22 00:40:03.216 153344 DEBUG oslo_service.service [req-9de95779-3ce4-45eb-8350-1618c69cd3b6 - - - - -] api_database.connection_trace = False log_opt_values /usr/lib/python3/dist-packages/oslo_config/cfg.py:2609
2025-12-22 00:40:03.216 153344 DEBUG oslo_service.service [req-9de95779-3ce4-45eb-8350-1618c69cd3b6 - - - - -] api_database.db_inc_retry_interval = True log_opt_values /usr/lib/python3/dist-packages/oslo_config/cfg.py:2609
2025-12-22 00:40:03.216 153344 DEBUG oslo_service.service [req-9de95779-3ce4-45eb-8350-1618c69cd3b6 - - - - -] api_database.db_max_retries = 20 log_opt_values /usr/lib/python3/dist-packages/oslo_config/cfg.py:2609
2025-12-22 00:40:03.216 153344 DEBUG oslo_service.service [req-9de95779-3ce4-45eb-8350-1618c69cd3b6 - - - - -] api_database.db_max_retry_interval = 10 log_opt_values /usr/lib/python3/dist-packages/oslo_config/cfg.py:2609
2025-12-22 00:40:03.217 153344 DEBUG oslo_service.service [req-9de95779-3ce4-45eb-8350-1618c69cd3b6 - - - - -] api_database.db_retry_interval = 1 log_opt_values /usr/lib/python3/dist-packages/oslo_config/cfg.py:2609
2025-12-22 00:40:03.217 153344 DEBUG oslo_service.service [req-9de95779-3ce4-45eb-8350-1618c69cd3b6 - - - - -] api_database.max_overflow = 50 log_opt_values /usr/lib/python3/dist-packages/oslo_config/cfg.py:2609
2025-12-22 00:40:03.217 153344 DEBUG oslo_service.service [req-9de95779-3ce4-45eb-8350-1618c69cd3b6 - - - - -] api_database.max_pool_size = 4 log_opt_values /usr/lib/python3/dist-packages/oslo_config/cfg.py:2609
2025-12-22 00:40:03.217 153344 DEBUG oslo_service.service [req-9de95779-3ce4-45eb-8350-1618c69cd3b6 - - - - -] api_database.max_retries = 10 log_opt_values /usr/lib/python3/dist-packages/oslo_config/cfg.py:2609
2025-12-22 00:40:03.217 153344 DEBUG oslo_service.service [req-9de95779-3ce4-45eb-8350-1618c69cd3b6 - - - - -] api_database.mysql_enable_ndb = False log_opt_values /usr/lib/python3/dist-packages/oslo_config/cfg.py:2609
2025-12-22 00:40:03.217 153344 DEBUG oslo_service.service [req-9de95779-3ce4-45eb-8350-1618c69cd3b6 - - - - -] api_database.mysql_sql_mode = TRADITIONAL log_opt_values /usr/lib/python3/dist-packages/oslo_config/cfg.py:2609
2025-12-22 00:40:03.218 153344 DEBUG oslo_service.service [req-9de95779-3ce4-45eb-8350-1618c69cd3b6 - - - - -] api_database.pool_timeout = None log_opt_values /usr/lib/python3/dist-packages/oslo_config/cfg.py:2609
2025-12-22 00:40:03.218 153344 DEBUG oslo_service.service [req-9de95779-3ce4-45eb-8350-1618c69cd3b6 - - - - -] api_database.retry_interval = 10 log_opt_values /usr/lib/python3/dist-packages/oslo_config/cfg.py:2609
2025-12-22 00:40:03.218 153344 DEBUG oslo_service.service [req-9de95779-3ce4-45eb-8350-1618c69cd3b6 - - - - -] api_database.slave_connection = **** log_opt_values /usr/lib/python3/dist-packages/oslo_config/cfg.py:2609
2025-12-22 00:40:03.218 153344 DEBUG oslo_service.service [req-9de95779-3ce4-45eb-8350-1618c69cd3b6 - - - - -] api_database.sqlite_synchronous = True log_opt_values /usr/lib/python3/dist-packages/oslo_config/cfg.py:2609
2025-12-22 00:40:03.218 153344 DEBUG oslo_service.service [req-9de95779-3ce4-45eb-8350-1618c69cd3b6 - - - - -] devices.enabled_mdev_types = [] log_opt_values /usr/lib/python3/dist-packages/oslo_config/cfg.py:2609
2025-12-22 00:40:03.218 153344 DEBUG oslo_service.service [req-9de95779-3ce4-45eb-8350-1618c69cd3b6 - - - - -] ephemeral_storage_encryption.cipher = aes-xts-plain64 log_opt_values /usr/lib/python3/dist-packages/oslo_config/cfg.py:2609
2025-12-22 00:40:03.219 153344 DEBUG oslo_service.service [req-9de95779-3ce4-45eb-8350-1618c69cd3b6 - - - - -] ephemeral_storage_encryption.enabled = False log_opt_values /usr/lib/python3/dist-packages/oslo_config/cfg.py:2609
2025-12-22 00:40:03.219 153344 DEBUG oslo_service.service [req-9de95779-3ce4-45eb-8350-1618c69cd3b6 - - - - -] ephemeral_storage_encryption.key_size = 512 log_opt_values /usr/lib/python3/dist-packages/oslo_config/cfg.py:2609
2025-12-22 00:40:03.219 153344 WARNING oslo_config.cfg [req-9de95779-3ce4-45eb-8350-1618c69cd3b6 - - - - -] Deprecated: Option "api_servers" from group "glance" is deprecated for removal ( Support for image service configuration via standard keystoneauth1 Adapter options was added in the 17.0.0 Queens release. The api_servers option was retained temporarily to allow consumers time to cut over to a real load balancing solution. ). Its value may be silently ignored in the future.
2025-12-22 00:40:03.219 153731 DEBUG oslo_messaging._drivers.amqpdriver [-] AMQPListener connection timeout poll /usr/lib/python3/dist-packages/oslo_messaging/_drivers/amqpdriver.py:360
2025-12-22 00:40:03.219 153344 DEBUG oslo_service.service [req-9de95779-3ce4-45eb-8350-1618c69cd3b6 - - - - -] glance.api_servers = ['http://252.141.220.147:9292'] log_opt_values /usr/lib/python3/dist-packages/oslo_config/cfg.py:2609
2025-12-22 00:40:03.220 153344 DEBUG oslo_service.service [req-9de95779-3ce4-45eb-8350-1618c69cd3b6 - - - - -] glance.cafile = None log_opt_values /usr/lib/python3/dist-packages/oslo_config/cfg.py:2609
2025-12-22 00:40:03.219 153731 DEBUG oslo_messaging._drivers.amqpdriver [-] Listener is running poll /usr/lib/python3/dist-packages/oslo_messaging/_drivers/amqpdriver.py:343
2025-12-22 00:40:03.220 153344 DEBUG oslo_service.service [req-9de95779-3ce4-45eb-8350-1618c69cd3b6 - - - - -] glance.certfile = None log_opt_values /usr/lib/python3/dist-packages/oslo_config/cfg.py:2609
2025-12-22 00:40:03.220 153731 DEBUG oslo_messaging._drivers.amqpdriver [-] AMQPListener connection consume poll /usr/lib/python3/dist-packages/oslo_messaging/_drivers/amqpdriver.py:357
2025-12-22 00:40:03.220 153344 DEBUG oslo_service.service [req-9de95779-3ce4-45eb-8350-1618c69cd3b6 - - - - -] glance.collect_timing = False log_opt_values /usr/lib/python3/dist-packages/oslo_config/cfg.py:2609
2025-12-22 00:40:03.220 153344 DEBUG oslo_service.service [req-9de95779-3ce4-45eb-8350-1618c69cd3b6 - - - - -] glance.connect_retries = None log_opt_values /usr/lib/python3/dist-packages/oslo_config/cfg.py:2609
2025-12-22 00:40:03.220 153344 DEBUG oslo_service.service [req-9de95779-3ce4-45eb-8350-1618c69cd3b6 - - - - -] glance.connect_retry_delay = None log_opt_values /usr/lib/python3/dist-packages/oslo_config/cfg.py:2609
2025-12-22 00:40:03.221 153344 DEBUG oslo_service.service [req-9de95779-3ce4-45eb-8350-1618c69cd3b6 - - - - -] glance.debug = False log_opt_values /usr/lib/python3/dist-packages/oslo_config/cfg.py:2609
2025-12-22 00:40:03.221 153344 DEBUG oslo_service.service [req-9de95779-3ce4-45eb-8350-1618c69cd3b6 - - - - -] glance.default_trusted_certificate_ids = [] log_opt_values /usr/lib/python3/dist-packages/oslo_config/cfg.py:2609
2025-12-22 00:40:03.221 153344 DEBUG oslo_service.service [req-9de95779-3ce4-45eb-8350-1618c69cd3b6 - - - - -] glance.enable_certificate_validation = False log_opt_values /usr/lib/python3/dist-packages/oslo_config/cfg.py:2609
2025-12-22 00:40:03.221 153344 DEBUG oslo_service.service [req-9de95779-3ce4-45eb-8350-1618c69cd3b6 - - - - -] glance.enable_rbd_download = False log_opt_values /usr/lib/python3/dist-packages/oslo_config/cfg.py:2609
2025-12-22 00:40:03.221 153344 DEBUG oslo_service.service [req-9de95779-3ce4-45eb-8350-1618c69cd3b6 - - - - -] glance.endpoint_override = None log_opt_values /usr/lib/python3/dist-packages/oslo_config/cfg.py:2609
2025-12-22 00:40:03.222 153344 DEBUG oslo_service.service [req-9de95779-3ce4-45eb-8350-1618c69cd3b6 - - - - -] glance.insecure = False log_opt_values /usr/lib/python3/dist-packages/oslo_config/cfg.py:2609
2025-12-22 00:40:03.222 153344 DEBUG oslo_service.service [req-9de95779-3ce4-45eb-8350-1618c69cd3b6 - - - - -] glance.keyfile = None log_opt_values /usr/lib/python3/dist-packages/oslo_config/cfg.py:2609
2025-12-22 00:40:03.222 153344 DEBUG oslo_service.service [req-9de95779-3ce4-45eb-8350-1618c69cd3b6 - - - - -] glance.max_version = None log_opt_values /usr/lib/python3/dist-packages/oslo_config/cfg.py:2609
2025-12-22 00:40:03.222 153344 DEBUG oslo_service.service [req-9de95779-3ce4-45eb-8350-1618c69cd3b6 - - - - -] glance.min_version = None log_opt_values /usr/lib/python3/dist-packages/oslo_config/cfg.py:2609
2025-12-22 00:40:03.222 153344 DEBUG oslo_service.service [req-9de95779-3ce4-45eb-8350-1618c69cd3b6 - - - - -] glance.num_retries = 3 log_opt_values /usr/lib/python3/dist-packages/oslo_config/cfg.py:2609
2025-12-22 00:40:03.222 153344 DEBUG oslo_service.service [req-9de95779-3ce4-45eb-8350-1618c69cd3b6 - - - - -] glance.rbd_ceph_conf = log_opt_values /usr/lib/python3/dist-packages/oslo_config/cfg.py:2609
2025-12-22 00:40:03.223 153344 DEBUG oslo_service.service [req-9de95779-3ce4-45eb-8350-1618c69cd3b6 - - - - -] glance.rbd_connect_timeout = 5 log_opt_values /usr/lib/python3/dist-packages/oslo_config/cfg.py:2609
2025-12-22 00:40:03.223 153344 DEBUG oslo_service.service [req-9de95779-3ce4-45eb-8350-1618c69cd3b6 - - - - -] glance.rbd_pool = log_opt_values /usr/lib/python3/dist-packages/oslo_config/cfg.py:2609
2025-12-22 00:40:03.223 153344 DEBUG oslo_service.service [req-9de95779-3ce4-45eb-8350-1618c69cd3b6 - - - - -] glance.rbd_user = log_opt_values /usr/lib/python3/dist-packages/oslo_config/cfg.py:2609
2025-12-22 00:40:03.223 153344 DEBUG oslo_service.service [req-9de95779-3ce4-45eb-8350-1618c69cd3b6 - - - - -] glance.region_name = None log_opt_values /usr/lib/python3/dist-packages/oslo_config/cfg.py:2609
2025-12-22 00:40:03.223 153344 DEBUG oslo_service.service [req-9de95779-3ce4-45eb-8350-1618c69cd3b6 - - - - -] glance.service_name = None log_opt_values /usr/lib/python3/dist-packages/oslo_config/cfg.py:2609
2025-12-22 00:40:03.223 153344 DEBUG oslo_service.service [req-9de95779-3ce4-45eb-8350-1618c69cd3b6 - - - - -] glance.service_type = image log_opt_values /usr/lib/python3/dist-packages/oslo_config/cfg.py:2609
2025-12-22 00:40:03.224 153344 DEBUG oslo_service.service [req-9de95779-3ce4-45eb-8350-1618c69cd3b6 - - - - -] glance.split_loggers = False log_opt_values /usr/lib/python3/dist-packages/oslo_config/cfg.py:2609
2025-12-22 00:40:03.224 153344 DEBUG oslo_service.service [req-9de95779-3ce4-45eb-8350-1618c69cd3b6 - - - - -] glance.status_code_retries = None log_opt_values /usr/lib/python3/dist-packages/oslo_config/cfg.py:2609
2025-12-22 00:40:03.224 153344 DEBUG oslo_service.service [req-9de95779-3ce4-45eb-8350-1618c69cd3b6 - - - - -] glance.status_code_retry_delay = None log_opt_values /usr/lib/python3/dist-packages/oslo_config/cfg.py:2609
2025-12-22 00:40:03.224 153344 DEBUG oslo_service.service [req-9de95779-3ce4-45eb-8350-1618c69cd3b6 - - - - -] glance.timeout = None log_opt_values /usr/lib/python3/dist-packages/oslo_config/cfg.py:2609
2025-12-22 00:40:03.224 153344 DEBUG oslo_service.service [req-9de95779-3ce4-45eb-8350-1618c69cd3b6 - - - - -] glance.valid_interfaces = ['internal', 'public'] log_opt_values /usr/lib/python3/dist-packages/oslo_config/cfg.py:2609
2025-12-22 00:40:03.225 153344 DEBUG oslo_service.service [req-9de95779-3ce4-45eb-8350-1618c69cd3b6 - - - - -] glance.verify_glance_signatures = False log_opt_values /usr/lib/python3/dist-packages/oslo_config/cfg.py:2609
2025-12-22 00:40:03.225 153344 DEBUG oslo_service.service [req-9de95779-3ce4-45eb-8350-1618c69cd3b6 - - - - -] glance.version = None log_opt_values /usr/lib/python3/dist-packages/oslo_config/cfg.py:2609
2025-12-22 00:40:03.225 153344 DEBUG oslo_service.service [req-9de95779-3ce4-45eb-8350-1618c69cd3b6 - - - - -] guestfs.debug = False log_opt_values /usr/lib/python3/dist-packages/oslo_config/cfg.py:2609
2025-12-22 00:40:03.225 153344 DEBUG oslo_service.service [req-9de95779-3ce4-45eb-8350-1618c69cd3b6 - - - - -] hyperv.config_drive_cdrom = False log_opt_values /usr/lib/python3/dist-packages/oslo_config/cfg.py:2609
2025-12-22 00:40:03.225 153344 DEBUG oslo_service.service [req-9de95779-3ce4-45eb-8350-1618c69cd3b6 - - - - -] hyperv.config_drive_inject_password = False log_opt_values /usr/lib/python3/dist-packages/oslo_config/cfg.py:2609
2025-12-22 00:40:03.225 153733 DEBUG oslo_messaging._drivers.amqpdriver [-] Listener is running poll /usr/lib/python3/dist-packages/oslo_messaging/_drivers/amqpdriver.py:343
2025-12-22 00:40:03.225 153733 DEBUG oslo_messaging._drivers.amqpdriver [-] AMQPListener connection consume poll /usr/lib/python3/dist-packages/oslo_messaging/_drivers/amqpdriver.py:357
2025-12-22 00:40:03.225 153344 DEBUG oslo_service.service [req-9de95779-3ce4-45eb-8350-1618c69cd3b6 - - - - -] hyperv.dynamic_memory_ratio = 1.0 log_opt_values /usr/lib/python3/dist-packages/oslo_config/cfg.py:2609
2025-12-22 00:40:03.226 153344 DEBUG oslo_service.service [req-9de95779-3ce4-45eb-8350-1618c69cd3b6 - - - - -] hyperv.enable_instance_metrics_collection = False log_opt_values /usr/lib/python3/dist-packages/oslo_config/cfg.py:2609
2025-12-22 00:40:03.226 153344 DEBUG oslo_service.service [req-9de95779-3ce4-45eb-8350-1618c69cd3b6 - - - - -] hyperv.enable_remotefx = False log_opt_values /usr/lib/python3/dist-packages/oslo_config/cfg.py:2609
2025-12-22 00:40:03.226 153344 DEBUG oslo_service.service [req-9de95779-3ce4-45eb-8350-1618c69cd3b6 - - - - -] hyperv.instances_path_share = log_opt_values /usr/lib/python3/dist-packages/oslo_config/cfg.py:2609
2025-12-22 00:40:03.226 153344 DEBUG oslo_service.service [req-9de95779-3ce4-45eb-8350-1618c69cd3b6 - - - - -] hyperv.iscsi_initiator_list = [] log_opt_values /usr/lib/python3/dist-packages/oslo_config/cfg.py:2609
2025-12-22 00:40:03.226 153344 DEBUG oslo_service.service [req-9de95779-3ce4-45eb-8350-1618c69cd3b6 - - - - -] hyperv.limit_cpu_features = False log_opt_values /usr/lib/python3/dist-packages/oslo_config/cfg.py:2609
2025-12-22 00:40:03.226 153733 DEBUG nova.service [req-f0abd44c-4332-4538-9498-20d82734261c - - - - -] Join ServiceGroup membership for this service conductor start /usr/lib/python3/dist-packages/nova/service.py:199
2025-12-22 00:40:03.227 153344 DEBUG oslo_service.service [req-9de95779-3ce4-45eb-8350-1618c69cd3b6 - - - - -] hyperv.mounted_disk_query_retry_count = 10 log_opt_values /usr/lib/python3/dist-packages/oslo_config/cfg.py:2609
2025-12-22 00:40:03.227 153344 DEBUG oslo_service.service [req-9de95779-3ce4-45eb-8350-1618c69cd3b6 - - - - -] hyperv.mounted_disk_query_retry_interval = 5 log_opt_values /usr/lib/python3/dist-packages/oslo_config/cfg.py:2609
2025-12-22 00:40:03.227 153344 DEBUG oslo_service.service [req-9de95779-3ce4-45eb-8350-1618c69cd3b6 - - - - -] hyperv.power_state_check_timeframe = 60 log_opt_values /usr/lib/python3/dist-packages/oslo_config/cfg.py:2609
2025-12-22 00:40:03.227 153733 DEBUG nova.servicegroup.drivers.db [req-f0abd44c-4332-4538-9498-20d82734261c - - - - -] DB_Driver: join new ServiceGroup member juju-225e44-0-lxd-7 to the conductor group, service = join /usr/lib/python3/dist-packages/nova/servicegroup/drivers/db.py:44
2025-12-22 00:40:03.227 153344 DEBUG oslo_service.service [req-9de95779-3ce4-45eb-8350-1618c69cd3b6 - - - - -] hyperv.power_state_event_polling_interval = 2 log_opt_values /usr/lib/python3/dist-packages/oslo_config/cfg.py:2609
2025-12-22 00:40:03.227 153344 DEBUG oslo_service.service [req-9de95779-3ce4-45eb-8350-1618c69cd3b6 - - - - -] hyperv.qemu_img_cmd = qemu-img.exe log_opt_values /usr/lib/python3/dist-packages/oslo_config/cfg.py:2609
2025-12-22 00:40:03.228 153344 DEBUG oslo_service.service [req-9de95779-3ce4-45eb-8350-1618c69cd3b6 - - - - -] hyperv.use_multipath_io = False log_opt_values /usr/lib/python3/dist-packages/oslo_config/cfg.py:2609
2025-12-22 00:40:03.228 153344 DEBUG oslo_service.service [req-9de95779-3ce4-45eb-8350-1618c69cd3b6 - - - - -] hyperv.volume_attach_retry_count = 10 log_opt_values /usr/lib/python3/dist-packages/oslo_config/cfg.py:2609
2025-12-22 00:40:03.228 153344 DEBUG oslo_service.service [req-9de95779-3ce4-45eb-8350-1618c69cd3b6 - - - - -] hyperv.volume_attach_retry_interval = 5 log_opt_values /usr/lib/python3/dist-packages/oslo_config/cfg.py:2609
2025-12-22 00:40:03.228 153344 DEBUG oslo_service.service [req-9de95779-3ce4-45eb-8350-1618c69cd3b6 - - - - -] hyperv.vswitch_name = None log_opt_values /usr/lib/python3/dist-packages/oslo_config/cfg.py:2609
2025-12-22 00:40:03.228 153344 DEBUG oslo_service.service [req-9de95779-3ce4-45eb-8350-1618c69cd3b6 - - - - -] hyperv.wait_soft_reboot_seconds = 60 log_opt_values /usr/lib/python3/dist-packages/oslo_config/cfg.py:2609
2025-12-22 00:40:03.229 153344 DEBUG oslo_service.service [req-9de95779-3ce4-45eb-8350-1618c69cd3b6 - - - - -] mks.enabled = False log_opt_values /usr/lib/python3/dist-packages/oslo_config/cfg.py:2609
2025-12-22 00:40:03.229 153344 DEBUG oslo_service.service [req-9de95779-3ce4-45eb-8350-1618c69cd3b6 - - - - -] mks.mksproxy_base_url = http://127.0.0.1:6090/ log_opt_values /usr/lib/python3/dist-packages/oslo_config/cfg.py:2609
2025-12-22 00:40:03.230 153344 DEBUG oslo_service.service [req-9de95779-3ce4-45eb-8350-1618c69cd3b6 - - - - -] image_cache.manager_interval = 2400 log_opt_values /usr/lib/python3/dist-packages/oslo_config/cfg.py:2609
2025-12-22 00:40:03.230 153733 DEBUG oslo_messaging._drivers.amqpdriver [-] AMQPListener connection timeout poll /usr/lib/python3/dist-packages/oslo_messaging/_drivers/amqpdriver.py:360
2025-12-22 00:40:03.230 153733 DEBUG oslo_messaging._drivers.amqpdriver [-] Listener is running poll /usr/lib/python3/dist-packages/oslo_messaging/_drivers/amqpdriver.py:343
2025-12-22 00:40:03.230 153733 DEBUG oslo_messaging._drivers.amqpdriver [-] AMQPListener connection consume poll /usr/lib/python3/dist-packages/oslo_messaging/_drivers/amqpdriver.py:357
2025-12-22 00:40:03.230 153732 DEBUG oslo_messaging._drivers.amqpdriver [-] Listener is running poll /usr/lib/python3/dist-packages/oslo_messaging/_drivers/amqpdriver.py:343
2025-12-22 00:40:03.230 153344 DEBUG oslo_service.service [req-9de95779-3ce4-45eb-8350-1618c69cd3b6 - - - - -] image_cache.precache_concurrency = 1 log_opt_values /usr/lib/python3/dist-packages/oslo_config/cfg.py:2609
2025-12-22 00:40:03.230 153732 DEBUG oslo_messaging._drivers.amqpdriver [-] AMQPListener connection consume poll /usr/lib/python3/dist-packages/oslo_messaging/_drivers/amqpdriver.py:357
2025-12-22 00:40:03.230 153344 DEBUG oslo_service.service [req-9de95779-3ce4-45eb-8350-1618c69cd3b6 - - - - -] image_cache.remove_unused_base_images = True log_opt_values /usr/lib/python3/dist-packages/oslo_config/cfg.py:2609
2025-12-22 00:40:03.230 153344 DEBUG oslo_service.service [req-9de95779-3ce4-45eb-8350-1618c69cd3b6 - - - - -] image_cache.remove_unused_original_minimum_age_seconds = 86400 log_opt_values /usr/lib/python3/dist-packages/oslo_config/cfg.py:2609
2025-12-22 00:40:03.231 153344 DEBUG oslo_service.service [req-9de95779-3ce4-45eb-8350-1618c69cd3b6 - - - - -] image_cache.remove_unused_resized_minimum_age_seconds = 3600 log_opt_values /usr/lib/python3/dist-packages/oslo_config/cfg.py:2609
2025-12-22 00:40:03.231 153344 DEBUG oslo_service.service [req-9de95779-3ce4-45eb-8350-1618c69cd3b6 - - - - -] image_cache.subdirectory_name = _base log_opt_values /usr/lib/python3/dist-packages/oslo_config/cfg.py:2609
2025-12-22 00:40:03.231 153344 DEBUG oslo_service.service [req-9de95779-3ce4-45eb-8350-1618c69cd3b6 - - - - -] ironic.api_max_retries = 60 log_opt_values /usr/lib/python3/dist-packages/oslo_config/cfg.py:2609
2025-12-22 00:40:03.231 153344 DEBUG oslo_service.service [req-9de95779-3ce4-45eb-8350-1618c69cd3b6 - - - - -] ironic.api_retry_interval = 2 log_opt_values /usr/lib/python3/dist-packages/oslo_config/cfg.py:2609
2025-12-22 00:40:03.231 153732 DEBUG nova.service [req-7a48bfc2-abd8-4ef6-8d49-aa9b578df12e - - - - -] Join ServiceGroup membership for this service conductor start /usr/lib/python3/dist-packages/nova/service.py:199
2025-12-22 00:40:03.231 153344 DEBUG oslo_service.service [req-9de95779-3ce4-45eb-8350-1618c69cd3b6 - - - - -] ironic.auth_section = None log_opt_values /usr/lib/python3/dist-packages/oslo_config/cfg.py:2609
2025-12-22 00:40:03.232 153344 DEBUG oslo_service.service [req-9de95779-3ce4-45eb-8350-1618c69cd3b6 - - - - -] ironic.auth_type = None log_opt_values /usr/lib/python3/dist-packages/oslo_config/cfg.py:2609
2025-12-22 00:40:03.232 153732 DEBUG nova.servicegroup.drivers.db [req-7a48bfc2-abd8-4ef6-8d49-aa9b578df12e - - - - -] DB_Driver: join new ServiceGroup member juju-225e44-0-lxd-7 to the conductor group, service = join /usr/lib/python3/dist-packages/nova/servicegroup/drivers/db.py:44
2025-12-22 00:40:03.232 153344 DEBUG oslo_service.service [req-9de95779-3ce4-45eb-8350-1618c69cd3b6 - - - - -] ironic.cafile = None log_opt_values /usr/lib/python3/dist-packages/oslo_config/cfg.py:2609
2025-12-22 00:40:03.232 153344 DEBUG oslo_service.service [req-9de95779-3ce4-45eb-8350-1618c69cd3b6 - - - - -] ironic.certfile = None log_opt_values /usr/lib/python3/dist-packages/oslo_config/cfg.py:2609
2025-12-22 00:40:03.232 153344 DEBUG oslo_service.service [req-9de95779-3ce4-45eb-8350-1618c69cd3b6 - - - - -] ironic.collect_timing = False log_opt_values /usr/lib/python3/dist-packages/oslo_config/cfg.py:2609
2025-12-22 00:40:03.233 153344 DEBUG oslo_service.service [req-9de95779-3ce4-45eb-8350-1618c69cd3b6 - - - - -] ironic.connect_retries = None log_opt_values /usr/lib/python3/dist-packages/oslo_config/cfg.py:2609
2025-12-22 00:40:03.233 153344 DEBUG oslo_service.service [req-9de95779-3ce4-45eb-8350-1618c69cd3b6 - - - - -] ironic.connect_retry_delay = None log_opt_values /usr/lib/python3/dist-packages/oslo_config/cfg.py:2609
2025-12-22 00:40:03.233 153344 DEBUG oslo_service.service [req-9de95779-3ce4-45eb-8350-1618c69cd3b6 - - - - -] ironic.endpoint_override = None log_opt_values /usr/lib/python3/dist-packages/oslo_config/cfg.py:2609
