2025-12-22 00:37:23.304 38838 DEBUG oslo_service.service [-] clients_manila.cert_file = None log_opt_values /usr/lib/python3/dist-packages/oslo_config/cfg.py:2609
2025-12-22 00:37:23.305 38838 DEBUG oslo_service.service [-] clients_manila.endpoint_type = None log_opt_values /usr/lib/python3/dist-packages/oslo_config/cfg.py:2609
2025-12-22 00:37:23.305 38838 DEBUG oslo_service.service [-] clients_manila.insecure = None log_opt_values /usr/lib/python3/dist-packages/oslo_config/cfg.py:2609
2025-12-22 00:37:23.305 38838 DEBUG oslo_service.service [-] clients_manila.key_file = None log_opt_values /usr/lib/python3/dist-packages/oslo_config/cfg.py:2609
2025-12-22 00:37:23.306 38838 DEBUG oslo_service.service [-] clients_mistral.ca_file = None log_opt_values /usr/lib/python3/dist-packages/oslo_config/cfg.py:2609
2025-12-22 00:37:23.306 38838 DEBUG oslo_service.service [-] clients_mistral.cert_file = None log_opt_values /usr/lib/python3/dist-packages/oslo_config/cfg.py:2609
2025-12-22 00:37:23.306 38838 DEBUG oslo_service.service [-] clients_mistral.endpoint_type = None log_opt_values /usr/lib/python3/dist-packages/oslo_config/cfg.py:2609
2025-12-22 00:37:23.306 38838 DEBUG oslo_service.service [-] clients_mistral.insecure = None log_opt_values /usr/lib/python3/dist-packages/oslo_config/cfg.py:2609
2025-12-22 00:37:23.306 38838 DEBUG oslo_service.service [-] clients_mistral.key_file = None log_opt_values /usr/lib/python3/dist-packages/oslo_config/cfg.py:2609
2025-12-22 00:37:23.306 38838 DEBUG oslo_service.service [-] clients_monasca.ca_file = None log_opt_values /usr/lib/python3/dist-packages/oslo_config/cfg.py:2609
2025-12-22 00:37:23.307 38838 DEBUG oslo_service.service [-] clients_monasca.cert_file = None log_opt_values /usr/lib/python3/dist-packages/oslo_config/cfg.py:2609
2025-12-22 00:37:23.307 38838 DEBUG oslo_service.service [-] clients_monasca.endpoint_type = None log_opt_values /usr/lib/python3/dist-packages/oslo_config/cfg.py:2609
2025-12-22 00:37:23.307 38838 DEBUG oslo_service.service [-] clients_monasca.insecure = None log_opt_values /usr/lib/python3/dist-packages/oslo_config/cfg.py:2609
2025-12-22 00:37:23.309 38838 DEBUG oslo_service.service [-] clients_monasca.key_file = None log_opt_values /usr/lib/python3/dist-packages/oslo_config/cfg.py:2609
2025-12-22 00:37:23.310 38838 DEBUG oslo_service.service [-] clients_neutron.ca_file = None log_opt_values /usr/lib/python3/dist-packages/oslo_config/cfg.py:2609
2025-12-22 00:37:23.310 38838 DEBUG oslo_service.service [-] clients_neutron.cert_file = None log_opt_values /usr/lib/python3/dist-packages/oslo_config/cfg.py:2609
2025-12-22 00:37:23.310 38838 DEBUG oslo_service.service [-] clients_neutron.endpoint_type = None log_opt_values /usr/lib/python3/dist-packages/oslo_config/cfg.py:2609
2025-12-22 00:37:23.311 38838 DEBUG oslo_service.service [-] clients_neutron.insecure = None log_opt_values /usr/lib/python3/dist-packages/oslo_config/cfg.py:2609
2025-12-22 00:37:23.311 38838 DEBUG oslo_service.service [-] clients_neutron.key_file = None log_opt_values /usr/lib/python3/dist-packages/oslo_config/cfg.py:2609
2025-12-22 00:37:23.311 38838 DEBUG oslo_service.service [-] clients_nova.ca_file = None log_opt_values /usr/lib/python3/dist-packages/oslo_config/cfg.py:2609
2025-12-22 00:37:23.311 38838 DEBUG oslo_service.service [-] clients_nova.cert_file = None log_opt_values /usr/lib/python3/dist-packages/oslo_config/cfg.py:2609
2025-12-22 00:37:23.311 38838 DEBUG oslo_service.service [-] clients_nova.endpoint_type = None log_opt_values /usr/lib/python3/dist-packages/oslo_config/cfg.py:2609
2025-12-22 00:37:23.312 38838 DEBUG oslo_service.service [-] clients_nova.http_log_debug = False log_opt_values /usr/lib/python3/dist-packages/oslo_config/cfg.py:2609
2025-12-22 00:37:23.312 38838 DEBUG oslo_service.service [-] clients_nova.insecure = None log_opt_values /usr/lib/python3/dist-packages/oslo_config/cfg.py:2609
2025-12-22 00:37:23.312 38838 DEBUG oslo_service.service [-] clients_nova.key_file = None log_opt_values /usr/lib/python3/dist-packages/oslo_config/cfg.py:2609
2025-12-22 00:37:23.312 38838 DEBUG oslo_service.service [-] clients_octavia.ca_file = None log_opt_values /usr/lib/python3/dist-packages/oslo_config/cfg.py:2609
2025-12-22 00:37:23.315 38838 DEBUG oslo_service.service [-] clients_octavia.cert_file = None log_opt_values /usr/lib/python3/dist-packages/oslo_config/cfg.py:2609
2025-12-22 00:37:23.316 38838 DEBUG oslo_service.service [-] clients_octavia.endpoint_type = None log_opt_values /usr/lib/python3/dist-packages/oslo_config/cfg.py:2609
2025-12-22 00:37:23.317 38838 DEBUG oslo_service.service [-] clients_octavia.insecure = None log_opt_values /usr/lib/python3/dist-packages/oslo_config/cfg.py:2609
2025-12-22 00:37:23.317 38838 DEBUG oslo_service.service [-] clients_octavia.key_file = None log_opt_values /usr/lib/python3/dist-packages/oslo_config/cfg.py:2609
2025-12-22 00:37:23.317 38838 DEBUG oslo_service.service [-] clients_sahara.ca_file = None log_opt_values /usr/lib/python3/dist-packages/oslo_config/cfg.py:2609
2025-12-22 00:37:23.318 39055 INFO heat.engine.worker [-] Starting engine_worker (1.4) in engine f2212b94-7a5a-43de-aa28-23aca958b679.
2025-12-22 00:37:23.319 38838 DEBUG oslo_service.service [-] clients_sahara.cert_file = None log_opt_values /usr/lib/python3/dist-packages/oslo_config/cfg.py:2609
2025-12-22 00:37:23.320 38838 DEBUG oslo_service.service [-] clients_sahara.endpoint_type = None log_opt_values /usr/lib/python3/dist-packages/oslo_config/cfg.py:2609
2025-12-22 00:37:23.321 38838 DEBUG oslo_service.service [-] clients_sahara.insecure = None log_opt_values /usr/lib/python3/dist-packages/oslo_config/cfg.py:2609
2025-12-22 00:37:23.321 38838 DEBUG oslo_service.service [-] clients_sahara.key_file = None log_opt_values /usr/lib/python3/dist-packages/oslo_config/cfg.py:2609
2025-12-22 00:37:23.321 38838 DEBUG oslo_service.service [-] clients_senlin.ca_file = None log_opt_values /usr/lib/python3/dist-packages/oslo_config/cfg.py:2609
2025-12-22 00:37:23.321 38838 DEBUG oslo_service.service [-] clients_senlin.cert_file = None log_opt_values /usr/lib/python3/dist-packages/oslo_config/cfg.py:2609
2025-12-22 00:37:23.321 38838 DEBUG oslo_service.service [-] clients_senlin.endpoint_type = None log_opt_values /usr/lib/python3/dist-packages/oslo_config/cfg.py:2609
2025-12-22 00:37:23.321 38838 DEBUG oslo_service.service [-] clients_senlin.insecure = None log_opt_values /usr/lib/python3/dist-packages/oslo_config/cfg.py:2609
2025-12-22 00:37:23.321 38838 DEBUG oslo_service.service [-] clients_senlin.key_file = None log_opt_values /usr/lib/python3/dist-packages/oslo_config/cfg.py:2609
2025-12-22 00:37:23.321 38838 DEBUG oslo_service.service [-] clients_swift.ca_file = None log_opt_values /usr/lib/python3/dist-packages/oslo_config/cfg.py:2609
2025-12-22 00:37:23.322 38838 DEBUG oslo_service.service [-] clients_swift.cert_file = None log_opt_values /usr/lib/python3/dist-packages/oslo_config/cfg.py:2609
2025-12-22 00:37:23.331 38838 DEBUG oslo_service.service [-] clients_swift.endpoint_type = None log_opt_values /usr/lib/python3/dist-packages/oslo_config/cfg.py:2609
2025-12-22 00:37:23.332 38838 DEBUG oslo_service.service [-] clients_swift.insecure = None log_opt_values /usr/lib/python3/dist-packages/oslo_config/cfg.py:2609
2025-12-22 00:37:23.332 38838 DEBUG oslo_service.service [-] clients_swift.key_file = None log_opt_values /usr/lib/python3/dist-packages/oslo_config/cfg.py:2609
2025-12-22 00:37:23.332 38838 DEBUG oslo_service.service [-] clients_trove.ca_file = None log_opt_values /usr/lib/python3/dist-packages/oslo_config/cfg.py:2609
2025-12-22 00:37:23.332 38838 DEBUG oslo_service.service [-] clients_trove.cert_file = None log_opt_values /usr/lib/python3/dist-packages/oslo_config/cfg.py:2609
2025-12-22 00:37:23.332 38838 DEBUG oslo_service.service [-] clients_trove.endpoint_type = None log_opt_values /usr/lib/python3/dist-packages/oslo_config/cfg.py:2609
2025-12-22 00:37:23.336 38838 DEBUG oslo_service.service [-] clients_trove.insecure = None log_opt_values /usr/lib/python3/dist-packages/oslo_config/cfg.py:2609
2025-12-22 00:37:23.337 38838 DEBUG oslo_service.service [-] clients_trove.key_file = None log_opt_values /usr/lib/python3/dist-packages/oslo_config/cfg.py:2609
2025-12-22 00:37:23.337 38838 DEBUG oslo_service.service [-] clients_vitrage.ca_file = None log_opt_values /usr/lib/python3/dist-packages/oslo_config/cfg.py:2609
2025-12-22 00:37:23.337 38838 DEBUG oslo_service.service [-] clients_vitrage.cert_file = None log_opt_values /usr/lib/python3/dist-packages/oslo_config/cfg.py:2609
2025-12-22 00:37:23.337 38838 DEBUG oslo_service.service [-] clients_vitrage.endpoint_type = None log_opt_values /usr/lib/python3/dist-packages/oslo_config/cfg.py:2609
2025-12-22 00:37:23.338 38838 DEBUG oslo_service.service [-] clients_vitrage.insecure = None log_opt_values /usr/lib/python3/dist-packages/oslo_config/cfg.py:2609
2025-12-22 00:37:23.338 38838 DEBUG oslo_service.service [-] clients_vitrage.key_file = None log_opt_values /usr/lib/python3/dist-packages/oslo_config/cfg.py:2609
2025-12-22 00:37:23.338 38838 DEBUG oslo_service.service [-] clients_zaqar.ca_file = None log_opt_values /usr/lib/python3/dist-packages/oslo_config/cfg.py:2609
2025-12-22 00:37:23.340 38838 DEBUG oslo_service.service [-] clients_zaqar.cert_file = None log_opt_values /usr/lib/python3/dist-packages/oslo_config/cfg.py:2609
2025-12-22 00:37:23.340 38838 DEBUG oslo_service.service [-] clients_zaqar.endpoint_type = None log_opt_values /usr/lib/python3/dist-packages/oslo_config/cfg.py:2609
2025-12-22 00:37:23.341 38838 DEBUG oslo_service.service [-] clients_zaqar.insecure = None log_opt_values /usr/lib/python3/dist-packages/oslo_config/cfg.py:2609
2025-12-22 00:37:23.341 38838 DEBUG oslo_service.service [-] clients_zaqar.key_file = None log_opt_values /usr/lib/python3/dist-packages/oslo_config/cfg.py:2609
2025-12-22 00:37:23.341 38838 DEBUG oslo_service.service [-] database.backend = sqlalchemy log_opt_values /usr/lib/python3/dist-packages/oslo_config/cfg.py:2609
2025-12-22 00:37:23.341 38838 DEBUG oslo_service.service [-] database.connection = **** log_opt_values /usr/lib/python3/dist-packages/oslo_config/cfg.py:2609
2025-12-22 00:37:23.341 38838 DEBUG oslo_service.service [-] database.connection_debug = 0 log_opt_values /usr/lib/python3/dist-packages/oslo_config/cfg.py:2609
2025-12-22 00:37:23.341 38838 DEBUG oslo_service.service [-] database.connection_parameters = log_opt_values /usr/lib/python3/dist-packages/oslo_config/cfg.py:2609
2025-12-22 00:37:23.342 38838 DEBUG oslo_service.service [-] database.connection_recycle_time = 3600 log_opt_values /usr/lib/python3/dist-packages/oslo_config/cfg.py:2609
2025-12-22 00:37:23.342 38838 DEBUG oslo_service.service [-] database.connection_trace = False log_opt_values /usr/lib/python3/dist-packages/oslo_config/cfg.py:2609
2025-12-22 00:37:23.342 38838 DEBUG oslo_service.service [-] database.db_inc_retry_interval = True log_opt_values /usr/lib/python3/dist-packages/oslo_config/cfg.py:2609
2025-12-22 00:37:23.346 38838 DEBUG oslo_service.service [-] database.db_max_retries = 20 log_opt_values /usr/lib/python3/dist-packages/oslo_config/cfg.py:2609
2025-12-22 00:37:23.346 38838 DEBUG oslo_service.service [-] database.db_max_retry_interval = 10 log_opt_values /usr/lib/python3/dist-packages/oslo_config/cfg.py:2609
2025-12-22 00:37:23.346 38838 DEBUG oslo_service.service [-] database.db_retry_interval = 1 log_opt_values /usr/lib/python3/dist-packages/oslo_config/cfg.py:2609
2025-12-22 00:37:23.346 38838 DEBUG oslo_service.service [-] database.max_overflow = 50 log_opt_values /usr/lib/python3/dist-packages/oslo_config/cfg.py:2609
2025-12-22 00:37:23.346 38838 DEBUG oslo_service.service [-] database.max_pool_size = 5 log_opt_values /usr/lib/python3/dist-packages/oslo_config/cfg.py:2609
2025-12-22 00:37:23.347 38838 DEBUG oslo_service.service [-] database.max_retries = 10 log_opt_values /usr/lib/python3/dist-packages/oslo_config/cfg.py:2609
2025-12-22 00:37:23.347 38838 DEBUG oslo_service.service [-] database.mysql_enable_ndb = False log_opt_values /usr/lib/python3/dist-packages/oslo_config/cfg.py:2609
2025-12-22 00:37:23.347 38838 DEBUG oslo_service.service [-] database.mysql_sql_mode = TRADITIONAL log_opt_values /usr/lib/python3/dist-packages/oslo_config/cfg.py:2609
2025-12-22 00:37:23.347 38838 DEBUG oslo_service.service [-] database.pool_timeout = None log_opt_values /usr/lib/python3/dist-packages/oslo_config/cfg.py:2609
2025-12-22 00:37:23.347 38838 DEBUG oslo_service.service [-] database.retry_interval = 10 log_opt_values /usr/lib/python3/dist-packages/oslo_config/cfg.py:2609
2025-12-22 00:37:23.348 38838 DEBUG oslo_service.service [-] database.slave_connection = **** log_opt_values /usr/lib/python3/dist-packages/oslo_config/cfg.py:2609
2025-12-22 00:37:23.348 38838 DEBUG oslo_service.service [-] database.sqlite_synchronous = True log_opt_values /usr/lib/python3/dist-packages/oslo_config/cfg.py:2609
2025-12-22 00:37:23.348 38838 DEBUG oslo_service.service [-] database.use_db_reconnect = False log_opt_values /usr/lib/python3/dist-packages/oslo_config/cfg.py:2609
2025-12-22 00:37:23.348 38838 DEBUG oslo_service.service [-] oslo_messaging_metrics.metrics_buffer_size = 1000 log_opt_values /usr/lib/python3/dist-packages/oslo_config/cfg.py:2609
2025-12-22 00:37:23.348 38838 DEBUG oslo_service.service [-] oslo_messaging_metrics.metrics_enabled = False log_opt_values /usr/lib/python3/dist-packages/oslo_config/cfg.py:2609
2025-12-22 00:37:23.348 38838 DEBUG oslo_service.service [-] oslo_messaging_metrics.metrics_process_name = log_opt_values /usr/lib/python3/dist-packages/oslo_config/cfg.py:2609
2025-12-22 00:37:23.348 38838 DEBUG oslo_service.service [-] oslo_messaging_metrics.metrics_socket_file = /var/tmp/metrics_collector.sock log_opt_values /usr/lib/python3/dist-packages/oslo_config/cfg.py:2609
2025-12-22 00:37:23.349 38838 DEBUG oslo_service.service [-] oslo_messaging_metrics.metrics_thread_stop_timeout = 10 log_opt_values /usr/lib/python3/dist-packages/oslo_config/cfg.py:2609
2025-12-22 00:37:23.349 38838 DEBUG oslo_service.service [-] oslo_policy.enforce_new_defaults = False log_opt_values /usr/lib/python3/dist-packages/oslo_config/cfg.py:2609
2025-12-22 00:37:23.349 38838 DEBUG oslo_service.service [-] oslo_policy.enforce_scope = False log_opt_values /usr/lib/python3/dist-packages/oslo_config/cfg.py:2609
2025-12-22 00:37:23.349 38838 DEBUG oslo_service.service [-] oslo_policy.policy_default_rule = default log_opt_values /usr/lib/python3/dist-packages/oslo_config/cfg.py:2609
2025-12-22 00:37:23.349 38838 DEBUG oslo_service.service [-] oslo_policy.policy_dirs = ['policy.d'] log_opt_values /usr/lib/python3/dist-packages/oslo_config/cfg.py:2609
2025-12-22 00:37:23.349 38838 DEBUG oslo_service.service [-] oslo_policy.policy_file = policy.yaml log_opt_values /usr/lib/python3/dist-packages/oslo_config/cfg.py:2609
2025-12-22 00:37:23.350 38838 DEBUG oslo_service.service [-] oslo_policy.remote_content_type = application/x-www-form-urlencoded log_opt_values /usr/lib/python3/dist-packages/oslo_config/cfg.py:2609
2025-12-22 00:37:23.351 38838 DEBUG oslo_service.service [-] oslo_policy.remote_ssl_ca_crt_file = None log_opt_values /usr/lib/python3/dist-packages/oslo_config/cfg.py:2609
2025-12-22 00:37:23.351 38838 DEBUG oslo_service.service [-] oslo_policy.remote_ssl_client_crt_file = None log_opt_values /usr/lib/python3/dist-packages/oslo_config/cfg.py:2609
2025-12-22 00:37:23.351 38838 DEBUG oslo_service.service [-] oslo_policy.remote_ssl_client_key_file = None log_opt_values /usr/lib/python3/dist-packages/oslo_config/cfg.py:2609
2025-12-22 00:37:23.352 38838 DEBUG oslo_service.service [-] oslo_policy.remote_ssl_verify_server_crt = False log_opt_values /usr/lib/python3/dist-packages/oslo_config/cfg.py:2609
2025-12-22 00:37:23.352 38838 DEBUG oslo_service.service [-] trustee.auth_section = None log_opt_values /usr/lib/python3/dist-packages/oslo_config/cfg.py:2609
2025-12-22 00:37:23.352 38838 WARNING oslo_config.cfg [-] Deprecated: Option "auth_plugin" from group "trustee" is deprecated. Use option "auth_type" from group "trustee".
2025-12-22 00:37:23.352 38838 DEBUG oslo_service.service [-] trustee.auth_type = password log_opt_values /usr/lib/python3/dist-packages/oslo_config/cfg.py:2609
2025-12-22 00:37:23.353 38838 DEBUG oslo_service.service [-] oslo_versionedobjects.fatal_exception_format_errors = False log_opt_values /usr/lib/python3/dist-packages/oslo_config/cfg.py:2609
2025-12-22 00:37:23.353 38838 DEBUG oslo_service.service [-] oslo_messaging_rabbit.amqp_auto_delete = False log_opt_values /usr/lib/python3/dist-packages/oslo_config/cfg.py:2609
2025-12-22 00:37:23.353 38838 DEBUG oslo_service.service [-] oslo_messaging_rabbit.amqp_durable_queues = False log_opt_values /usr/lib/python3/dist-packages/oslo_config/cfg.py:2609
2025-12-22 00:37:23.353 38838 DEBUG oslo_service.service [-] oslo_messaging_rabbit.conn_pool_min_size = 2 log_opt_values /usr/lib/python3/dist-packages/oslo_config/cfg.py:2609
2025-12-22 00:37:23.353 38838 DEBUG oslo_service.service [-] oslo_messaging_rabbit.conn_pool_ttl = 1200 log_opt_values /usr/lib/python3/dist-packages/oslo_config/cfg.py:2609
2025-12-22 00:37:23.353 38838 DEBUG oslo_service.service [-] oslo_messaging_rabbit.direct_mandatory_flag = True log_opt_values /usr/lib/python3/dist-packages/oslo_config/cfg.py:2609
2025-12-22 00:37:23.354 38838 DEBUG oslo_service.service [-] oslo_messaging_rabbit.enable_cancel_on_failover = False log_opt_values /usr/lib/python3/dist-packages/oslo_config/cfg.py:2609
2025-12-22 00:37:23.355 38838 DEBUG oslo_service.service [-] oslo_messaging_rabbit.heartbeat_in_pthread = False log_opt_values /usr/lib/python3/dist-packages/oslo_config/cfg.py:2609
2025-12-22 00:37:23.355 38838 DEBUG oslo_service.service [-] oslo_messaging_rabbit.heartbeat_rate = 2 log_opt_values /usr/lib/python3/dist-packages/oslo_config/cfg.py:2609
2025-12-22 00:37:23.355 38838 DEBUG oslo_service.service [-] oslo_messaging_rabbit.heartbeat_timeout_threshold = 60 log_opt_values /usr/lib/python3/dist-packages/oslo_config/cfg.py:2609
2025-12-22 00:37:23.355 38838 DEBUG oslo_service.service [-] oslo_messaging_rabbit.kombu_compression = None log_opt_values /usr/lib/python3/dist-packages/oslo_config/cfg.py:2609
2025-12-22 00:37:23.355 38838 DEBUG oslo_service.service [-] oslo_messaging_rabbit.kombu_failover_strategy = round-robin log_opt_values /usr/lib/python3/dist-packages/oslo_config/cfg.py:2609
2025-12-22 00:37:23.355 38838 DEBUG oslo_service.service [-] oslo_messaging_rabbit.kombu_missing_consumer_retry_timeout = 60 log_opt_values /usr/lib/python3/dist-packages/oslo_config/cfg.py:2609
2025-12-22 00:37:23.356 38838 DEBUG oslo_service.service [-] oslo_messaging_rabbit.kombu_reconnect_delay = 1.0 log_opt_values /usr/lib/python3/dist-packages/oslo_config/cfg.py:2609
2025-12-22 00:37:23.356 38838 DEBUG oslo_service.service [-] oslo_messaging_rabbit.rabbit_ha_queues = False log_opt_values /usr/lib/python3/dist-packages/oslo_config/cfg.py:2609
2025-12-22 00:37:23.356 38838 DEBUG oslo_service.service [-] oslo_messaging_rabbit.rabbit_interval_max = 30 log_opt_values /usr/lib/python3/dist-packages/oslo_config/cfg.py:2609
2025-12-22 00:37:23.356 38838 DEBUG oslo_service.service [-] oslo_messaging_rabbit.rabbit_login_method = AMQPLAIN log_opt_values /usr/lib/python3/dist-packages/oslo_config/cfg.py:2609
2025-12-22 00:37:23.356 38838 DEBUG oslo_service.service [-] oslo_messaging_rabbit.rabbit_qos_prefetch_count = 0 log_opt_values /usr/lib/python3/dist-packages/oslo_config/cfg.py:2609
2025-12-22 00:37:23.356 38838 DEBUG oslo_service.service [-] oslo_messaging_rabbit.rabbit_quorum_queue = False log_opt_values /usr/lib/python3/dist-packages/oslo_config/cfg.py:2609
2025-12-22 00:37:23.356 38838 DEBUG oslo_service.service [-] oslo_messaging_rabbit.rabbit_retry_backoff = 2 log_opt_values /usr/lib/python3/dist-packages/oslo_config/cfg.py:2609
2025-12-22 00:37:23.356 38838 DEBUG oslo_service.service [-] oslo_messaging_rabbit.rabbit_retry_interval = 1 log_opt_values /usr/lib/python3/dist-packages/oslo_config/cfg.py:2609
2025-12-22 00:37:23.356 38838 DEBUG oslo_service.service [-] oslo_messaging_rabbit.rabbit_transient_queues_ttl = 1800 log_opt_values /usr/lib/python3/dist-packages/oslo_config/cfg.py:2609
2025-12-22 00:37:23.357 38838 DEBUG oslo_service.service [-] oslo_messaging_rabbit.rpc_conn_pool_size = 30 log_opt_values /usr/lib/python3/dist-packages/oslo_config/cfg.py:2609
2025-12-22 00:37:23.357 38838 DEBUG oslo_service.service [-] oslo_messaging_rabbit.ssl = False log_opt_values /usr/lib/python3/dist-packages/oslo_config/cfg.py:2609
2025-12-22 00:37:23.357 38838 DEBUG oslo_service.service [-] oslo_messaging_rabbit.ssl_ca_file = log_opt_values /usr/lib/python3/dist-packages/oslo_config/cfg.py:2609
2025-12-22 00:37:23.357 38838 DEBUG oslo_service.service [-] oslo_messaging_rabbit.ssl_cert_file = log_opt_values /usr/lib/python3/dist-packages/oslo_config/cfg.py:2609
2025-12-22 00:37:23.357 38838 DEBUG oslo_service.service [-] oslo_messaging_rabbit.ssl_key_file = log_opt_values /usr/lib/python3/dist-packages/oslo_config/cfg.py:2609
2025-12-22 00:37:23.357 38838 DEBUG oslo_service.service [-] oslo_messaging_rabbit.ssl_version = log_opt_values /usr/lib/python3/dist-packages/oslo_config/cfg.py:2609
2025-12-22 00:37:23.357 38838 DEBUG oslo_service.service [-] oslo_messaging_notifications.driver = [] log_opt_values /usr/lib/python3/dist-packages/oslo_config/cfg.py:2609
2025-12-22 00:37:23.357 38838 DEBUG oslo_service.service [-] oslo_messaging_notifications.retry = -1 log_opt_values /usr/lib/python3/dist-packages/oslo_config/cfg.py:2609
2025-12-22 00:37:23.358 38838 DEBUG oslo_service.service [-] oslo_messaging_notifications.topics = ['notifications'] log_opt_values /usr/lib/python3/dist-packages/oslo_config/cfg.py:2609
2025-12-22 00:37:23.358 38838 DEBUG oslo_service.service [-] oslo_messaging_notifications.transport_url = **** log_opt_values /usr/lib/python3/dist-packages/oslo_config/cfg.py:2609
2025-12-22 00:37:23.358 38838 DEBUG oslo_service.service [-] cache.backend = dogpile.cache.null log_opt_values /usr/lib/python3/dist-packages/oslo_config/cfg.py:2609
2025-12-22 00:37:23.358 38838 DEBUG oslo_service.service [-] cache.backend_argument = **** log_opt_values /usr/lib/python3/dist-packages/oslo_config/cfg.py:2609
2025-12-22 00:37:23.359 38838 DEBUG oslo_service.service [-] cache.config_prefix = cache.oslo log_opt_values /usr/lib/python3/dist-packages/oslo_config/cfg.py:2609
2025-12-22 00:37:23.359 38838 DEBUG oslo_service.service [-] cache.debug_cache_backend = False log_opt_values /usr/lib/python3/dist-packages/oslo_config/cfg.py:2609
2025-12-22 00:37:23.359 38838 DEBUG oslo_service.service [-] cache.enabled = False log_opt_values /usr/lib/python3/dist-packages/oslo_config/cfg.py:2609
2025-12-22 00:37:23.359 38838 DEBUG oslo_service.service [-] cache.expiration_time = 600 log_opt_values /usr/lib/python3/dist-packages/oslo_config/cfg.py:2609
2025-12-22 00:37:23.359 38838 DEBUG oslo_service.service [-] cache.memcache_dead_retry = 300 log_opt_values /usr/lib/python3/dist-packages/oslo_config/cfg.py:2609
2025-12-22 00:37:23.359 38838 DEBUG oslo_service.service [-] cache.memcache_pool_connection_get_timeout = 10 log_opt_values /usr/lib/python3/dist-packages/oslo_config/cfg.py:2609
2025-12-22 00:37:23.359 38838 DEBUG oslo_service.service [-] cache.memcache_pool_flush_on_reconnect = False log_opt_values /usr/lib/python3/dist-packages/oslo_config/cfg.py:2609
2025-12-22 00:37:23.359 38838 DEBUG oslo_service.service [-] cache.memcache_pool_maxsize = 10 log_opt_values /usr/lib/python3/dist-packages/oslo_config/cfg.py:2609
2025-12-22 00:37:23.360 38838 DEBUG oslo_service.service [-] cache.memcache_pool_unused_timeout = 60 log_opt_values /usr/lib/python3/dist-packages/oslo_config/cfg.py:2609
2025-12-22 00:37:23.360 38838 DEBUG oslo_service.service [-] cache.memcache_servers = ['localhost:11211'] log_opt_values /usr/lib/python3/dist-packages/oslo_config/cfg.py:2609
2025-12-22 00:37:23.360 38838 DEBUG oslo_service.service [-] cache.memcache_socket_timeout = 1.0 log_opt_values /usr/lib/python3/dist-packages/oslo_config/cfg.py:2609
2025-12-22 00:37:23.360 38838 DEBUG oslo_service.service [-] cache.proxies = [] log_opt_values /usr/lib/python3/dist-packages/oslo_config/cfg.py:2609
2025-12-22 00:37:23.360 38838 DEBUG oslo_service.service [-] cache.tls_allowed_ciphers = None log_opt_values /usr/lib/python3/dist-packages/oslo_config/cfg.py:2609
2025-12-22 00:37:23.360 38838 DEBUG oslo_service.service [-] cache.tls_cafile = None log_opt_values /usr/lib/python3/dist-packages/oslo_config/cfg.py:2609
2025-12-22 00:37:23.361 38838 DEBUG oslo_service.service [-] cache.tls_certfile = None log_opt_values /usr/lib/python3/dist-packages/oslo_config/cfg.py:2609
2025-12-22 00:37:23.361 38838 DEBUG oslo_service.service [-] cache.tls_enabled = False log_opt_values /usr/lib/python3/dist-packages/oslo_config/cfg.py:2609
2025-12-22 00:37:23.361 38838 DEBUG oslo_service.service [-] cache.tls_keyfile = None log_opt_values /usr/lib/python3/dist-packages/oslo_config/cfg.py:2609
2025-12-22 00:37:23.361 38838 DEBUG oslo_service.service [-] constraint_validation_cache.caching = True log_opt_values /usr/lib/python3/dist-packages/oslo_config/cfg.py:2609
2025-12-22 00:37:23.361 38838 DEBUG oslo_service.service [-] constraint_validation_cache.expiration_time = 60 log_opt_values /usr/lib/python3/dist-packages/oslo_config/cfg.py:2609
2025-12-22 00:37:23.361 38838 DEBUG oslo_service.service [-] service_extension_cache.caching = True log_opt_values /usr/lib/python3/dist-packages/oslo_config/cfg.py:2609
2025-12-22 00:37:23.362 38838 DEBUG oslo_service.service [-] service_extension_cache.expiration_time = 3600 log_opt_values /usr/lib/python3/dist-packages/oslo_config/cfg.py:2609
2025-12-22 00:37:23.362 38838 DEBUG oslo_service.service [-] resource_finder_cache.caching = True log_opt_values /usr/lib/python3/dist-packages/oslo_config/cfg.py:2609
2025-12-22 00:37:23.362 38838 DEBUG oslo_service.service [-] resource_finder_cache.expiration_time = 3600 log_opt_values /usr/lib/python3/dist-packages/oslo_config/cfg.py:2609
2025-12-22 00:37:23.362 38838 DEBUG oslo_service.service [-] yaql.limit_iterators = 200 log_opt_values /usr/lib/python3/dist-packages/oslo_config/cfg.py:2609
2025-12-22 00:37:23.362 38838 DEBUG oslo_service.service [-] yaql.memory_quota = 10000 log_opt_values /usr/lib/python3/dist-packages/oslo_config/cfg.py:2609
2025-12-22 00:37:23.362 38838 DEBUG oslo_service.service [-] ******************************************************************************** log_opt_values /usr/lib/python3/dist-packages/oslo_config/cfg.py:2613
2025-12-22 00:37:23.365 39054 DEBUG oslo_db.sqlalchemy.engines [req-7d6491b5-0d8b-48de-ac4b-876b2582c84a - - - - -] MySQL server mode set to STRICT_TRANS_TABLES,STRICT_ALL_TABLES,NO_ZERO_IN_DATE,NO_ZERO_DATE,ERROR_FOR_DIVISION_BY_ZERO,TRADITIONAL,NO_ENGINE_SUBSTITUTION _check_effective_sql_mode /usr/lib/python3/dist-packages/oslo_db/sqlalchemy/engines.py:314
2025-12-22 00:37:23.378 39052 DEBUG oslo_db.sqlalchemy.engines [req-7eb9676c-954a-4ddd-9b4b-2f7a64689dc6 - - - - -] MySQL server mode set to STRICT_TRANS_TABLES,STRICT_ALL_TABLES,NO_ZERO_IN_DATE,NO_ZERO_DATE,ERROR_FOR_DIVISION_BY_ZERO,TRADITIONAL,NO_ENGINE_SUBSTITUTION _check_effective_sql_mode /usr/lib/python3/dist-packages/oslo_db/sqlalchemy/engines.py:314
2025-12-22 00:37:23.414 39055 DEBUG oslo_db.sqlalchemy.engines [req-63a325a4-6ebf-42a1-bc53-e419314abb36 - - - - -] MySQL server mode set to STRICT_TRANS_TABLES,STRICT_ALL_TABLES,NO_ZERO_IN_DATE,NO_ZERO_DATE,ERROR_FOR_DIVISION_BY_ZERO,TRADITIONAL,NO_ENGINE_SUBSTITUTION _check_effective_sql_mode /usr/lib/python3/dist-packages/oslo_db/sqlalchemy/engines.py:314
2025-12-22 00:37:23.414 39053 DEBUG oslo_db.sqlalchemy.engines [req-90d91c32-a439-4a18-a061-9c0a31ca3cfb - - - - -] MySQL server mode set to STRICT_TRANS_TABLES,STRICT_ALL_TABLES,NO_ZERO_IN_DATE,NO_ZERO_DATE,ERROR_FOR_DIVISION_BY_ZERO,TRADITIONAL,NO_ENGINE_SUBSTITUTION _check_effective_sql_mode /usr/lib/python3/dist-packages/oslo_db/sqlalchemy/engines.py:314
2025-12-22 00:37:23.488 39054 DEBUG heat.engine.service [req-813f1d7b-3e21-489c-82ee-5e66fb0ebd67 - - - - -] Service 7ff0f983-2683-43d3-8467-cde2629eda67 is started service_manage_report /usr/lib/python3/dist-packages/heat/engine/service.py:2363
2025-12-22 00:37:23.492 39052 DEBUG heat.engine.service [req-331e7b7d-3a21-4f2d-8bca-3993f29e4544 - - - - -] Service 860bc985-3427-465a-b74f-f26029432ddb is started service_manage_report /usr/lib/python3/dist-packages/heat/engine/service.py:2363
2025-12-22 00:37:23.513 39055 DEBUG heat.engine.service [req-f6628212-7695-4a13-a826-b2090ca88ea2 - - - - -] Service 734dcd56-14d2-4eff-993b-581cf98d7137 is started service_manage_report /usr/lib/python3/dist-packages/heat/engine/service.py:2363
2025-12-22 00:37:23.517 39054 DEBUG heat.engine.service [req-813f1d7b-3e21-489c-82ee-5e66fb0ebd67 - - - - -] Service 7ff0f983-2683-43d3-8467-cde2629eda67 is updated service_manage_report /usr/lib/python3/dist-packages/heat/engine/service.py:2370
2025-12-22 00:37:23.526 39052 DEBUG heat.engine.service [req-331e7b7d-3a21-4f2d-8bca-3993f29e4544 - - - - -] Service 860bc985-3427-465a-b74f-f26029432ddb is updated service_manage_report /usr/lib/python3/dist-packages/heat/engine/service.py:2370
2025-12-22 00:37:23.537 39055 DEBUG heat.engine.service [req-f6628212-7695-4a13-a826-b2090ca88ea2 - - - - -] Service 734dcd56-14d2-4eff-993b-581cf98d7137 is updated service_manage_report /usr/lib/python3/dist-packages/heat/engine/service.py:2370
2025-12-22 00:37:23.540 39053 DEBUG heat.engine.service [req-87240788-5567-43c6-a449-2aaeb4b0dcb7 - - - - -] Service 0a8c1984-6f42-4b5a-ad5b-0ab5dc99aa82 is started service_manage_report /usr/lib/python3/dist-packages/heat/engine/service.py:2363
2025-12-22 00:37:23.581 39053 DEBUG heat.engine.service [req-87240788-5567-43c6-a449-2aaeb4b0dcb7 - - - - -] Service 0a8c1984-6f42-4b5a-ad5b-0ab5dc99aa82 is updated service_manage_report /usr/lib/python3/dist-packages/heat/engine/service.py:2370
2025-12-22 00:38:23.463 39054 DEBUG heat.engine.service [req-4b029add-84af-4b2d-8e62-4dd5a9d374db - - - - -] Service 7ff0f983-2683-43d3-8467-cde2629eda67 is updated service_manage_report /usr/lib/python3/dist-packages/heat/engine/service.py:2370
2025-12-22 00:38:23.476 39052 DEBUG heat.engine.service [req-ae2615c2-2620-4f42-9d7b-b2b41c9aac3f - - - - -] Service 860bc985-3427-465a-b74f-f26029432ddb is updated service_manage_report /usr/lib/python3/dist-packages/heat/engine/service.py:2370
2025-12-22 00:38:23.513 39055 DEBUG heat.engine.service [req-4d4eff96-78e8-418e-a82c-c3ed9137ae28 - - - - -] Service 734dcd56-14d2-4eff-993b-581cf98d7137 is updated service_manage_report /usr/lib/python3/dist-packages/heat/engine/service.py:2370
2025-12-22 00:38:23.524 39053 DEBUG heat.engine.service [req-c006f612-4a61-4c54-8e31-2c1367d8fb30 - - - - -] Service 0a8c1984-6f42-4b5a-ad5b-0ab5dc99aa82 is updated service_manage_report /usr/lib/python3/dist-packages/heat/engine/service.py:2370
2025-12-22 00:39:23.459 39054 DEBUG heat.engine.service [req-ea5f34c3-5ed6-4adf-8bab-af16b3d4c7c0 - - - - -] Service 7ff0f983-2683-43d3-8467-cde2629eda67 is updated service_manage_report /usr/lib/python3/dist-packages/heat/engine/service.py:2370
2025-12-22 00:39:23.472 39052 DEBUG heat.engine.service [req-49a09446-4922-4767-97f9-bfb2e2a947e6 - - - - -] Service 860bc985-3427-465a-b74f-f26029432ddb is updated service_manage_report /usr/lib/python3/dist-packages/heat/engine/service.py:2370
2025-12-22 00:39:23.517 39055 DEBUG heat.engine.service [req-ee58de19-81c8-4bb3-8a42-099a311e97a8 - - - - -] Service 734dcd56-14d2-4eff-993b-581cf98d7137 is updated service_manage_report /usr/lib/python3/dist-packages/heat/engine/service.py:2370
2025-12-22 00:39:23.530 39053 DEBUG heat.engine.service [req-27619253-dcda-46d2-8e51-bdf5ae2ee597 - - - - -] Service 0a8c1984-6f42-4b5a-ad5b-0ab5dc99aa82 is updated service_manage_report /usr/lib/python3/dist-packages/heat/engine/service.py:2370
2025-12-22 00:40:23.467 39054 DEBUG heat.engine.service [req-323661f6-2213-4ea2-906a-4312816c1140 - - - - -] Service 7ff0f983-2683-43d3-8467-cde2629eda67 is updated service_manage_report /usr/lib/python3/dist-packages/heat/engine/service.py:2370
2025-12-22 00:40:23.477 39052 DEBUG heat.engine.service [req-b2916c3e-d38e-4fe6-a29f-89734a371397 - - - - -] Service 860bc985-3427-465a-b74f-f26029432ddb is updated service_manage_report /usr/lib/python3/dist-packages/heat/engine/service.py:2370
2025-12-22 00:40:23.527 39055 DEBUG heat.engine.service [req-2c8af8ae-f4b5-469a-bba2-e4fba27ca8f1 - - - - -] Service 734dcd56-14d2-4eff-993b-581cf98d7137 is updated service_manage_report /usr/lib/python3/dist-packages/heat/engine/service.py:2370
2025-12-22 00:40:23.529 39053 DEBUG heat.engine.service [req-70263b64-d9cc-4a4b-bbc7-c436985d2cdf - - - - -] Service 0a8c1984-6f42-4b5a-ad5b-0ab5dc99aa82 is updated service_manage_report /usr/lib/python3/dist-packages/heat/engine/service.py:2370
2025-12-22 00:41:23.463 39054 DEBUG heat.engine.service [req-f3b2e3bb-b989-4972-bd81-40145b952994 - - - - -] Service 7ff0f983-2683-43d3-8467-cde2629eda67 is updated service_manage_report /usr/lib/python3/dist-packages/heat/engine/service.py:2370
2025-12-22 00:41:23.482 39052 DEBUG heat.engine.service [req-a545794a-7fde-4d1d-aad2-e7fec2770b3f - - - - -] Service 860bc985-3427-465a-b74f-f26029432ddb is updated service_manage_report /usr/lib/python3/dist-packages/heat/engine/service.py:2370
2025-12-22 00:41:23.522 39055 DEBUG heat.engine.service [req-e64de70e-cd6a-4a7f-b334-3709a2f389df - - - - -] Service 734dcd56-14d2-4eff-993b-581cf98d7137 is updated service_manage_report /usr/lib/python3/dist-packages/heat/engine/service.py:2370
2025-12-22 00:41:23.524 39053 DEBUG heat.engine.service [req-040b14ed-f5a2-4eaa-a606-097d2fa0a2e3 - - - - -] Service 0a8c1984-6f42-4b5a-ad5b-0ab5dc99aa82 is updated service_manage_report /usr/lib/python3/dist-packages/heat/engine/service.py:2370
2025-12-22 00:42:23.460 39054 DEBUG heat.engine.service [req-4a159271-07e1-4063-a657-d65214a6d53d - - - - -] Service 7ff0f983-2683-43d3-8467-cde2629eda67 is updated service_manage_report /usr/lib/python3/dist-packages/heat/engine/service.py:2370
2025-12-22 00:42:23.486 39052 DEBUG heat.engine.service [req-d8f0ddb5-55dc-49a8-a5ca-a48284b1c499 - - - - -] Service 860bc985-3427-465a-b74f-f26029432ddb is updated service_manage_report /usr/lib/python3/dist-packages/heat/engine/service.py:2370
2025-12-22 00:42:23.529 39055 DEBUG heat.engine.service [req-e81a1de7-4d7f-4d63-ad49-fc57bb4855c0 - - - - -] Service 734dcd56-14d2-4eff-993b-581cf98d7137 is updated service_manage_report /usr/lib/python3/dist-packages/heat/engine/service.py:2370
2025-12-22 00:42:23.530 39053 DEBUG heat.engine.service [req-f005c8f9-afb2-4134-9bee-d694f9968bb6 - - - - -] Service 0a8c1984-6f42-4b5a-ad5b-0ab5dc99aa82 is updated service_manage_report /usr/lib/python3/dist-packages/heat/engine/service.py:2370
2025-12-22 00:43:23.454 39054 DEBUG heat.engine.service [req-1c5ecd0a-7ae3-42eb-ac3b-744dfc04553c - - - - -] Service 7ff0f983-2683-43d3-8467-cde2629eda67 is updated service_manage_report /usr/lib/python3/dist-packages/heat/engine/service.py:2370
2025-12-22 00:43:23.491 39052 DEBUG heat.engine.service [req-3a2953e1-9a2e-4401-b61b-d88d911b4d87 - - - - -] Service 860bc985-3427-465a-b74f-f26029432ddb is updated service_manage_report /usr/lib/python3/dist-packages/heat/engine/service.py:2370
2025-12-22 00:43:23.522 39055 DEBUG heat.engine.service [req-1c8f754d-abda-4ff2-86c9-f6eedb96992c - - - - -] Service 734dcd56-14d2-4eff-993b-581cf98d7137 is updated service_manage_report /usr/lib/python3/dist-packages/heat/engine/service.py:2370
2025-12-22 00:43:23.526 39053 DEBUG heat.engine.service [req-ecdd9d29-e38e-426e-97a9-d56a759a56f5 - - - - -] Service 0a8c1984-6f42-4b5a-ad5b-0ab5dc99aa82 is updated service_manage_report /usr/lib/python3/dist-packages/heat/engine/service.py:2370
2025-12-22 00:44:23.459 39054 DEBUG heat.engine.service [req-69a9de9b-8bf5-46c1-a436-8c50f5e27f47 - - - - -] Service 7ff0f983-2683-43d3-8467-cde2629eda67 is updated service_manage_report /usr/lib/python3/dist-packages/heat/engine/service.py:2370
2025-12-22 00:44:23.494 39052 DEBUG heat.engine.service [req-5f447de7-bd43-4cf1-b91d-e4342ca6b0b0 - - - - -] Service 860bc985-3427-465a-b74f-f26029432ddb is updated service_manage_report /usr/lib/python3/dist-packages/heat/engine/service.py:2370
2025-12-22 00:44:23.521 39053 DEBUG heat.engine.service [req-8d775872-15e6-4ddd-8079-3feaf04c296e - - - - -] Service 0a8c1984-6f42-4b5a-ad5b-0ab5dc99aa82 is updated service_manage_report /usr/lib/python3/dist-packages/heat/engine/service.py:2370
2025-12-22 00:44:23.529 39055 DEBUG heat.engine.service [req-85067d3b-a7f6-4059-9bcb-b718b24456fe - - - - -] Service 734dcd56-14d2-4eff-993b-581cf98d7137 is updated service_manage_report /usr/lib/python3/dist-packages/heat/engine/service.py:2370
2025-12-22 00:45:23.465 39054 DEBUG heat.engine.service [req-833ac845-54a3-4672-8e5c-41356db4d9c1 - - - - -] Service 7ff0f983-2683-43d3-8467-cde2629eda67 is updated service_manage_report /usr/lib/python3/dist-packages/heat/engine/service.py:2370
2025-12-22 00:45:23.498 39052 DEBUG heat.engine.service [req-0b8163a1-b040-4038-8ac8-39b11cb5ef53 - - - - -] Service 860bc985-3427-465a-b74f-f26029432ddb is updated service_manage_report /usr/lib/python3/dist-packages/heat/engine/service.py:2370
2025-12-22 00:45:23.524 39055 DEBUG heat.engine.service [req-c6da3b08-a1a1-42cc-ab32-7ce67b8a44d7 - - - - -] Service 734dcd56-14d2-4eff-993b-581cf98d7137 is updated service_manage_report /usr/lib/python3/dist-packages/heat/engine/service.py:2370
2025-12-22 00:45:23.528 39053 DEBUG heat.engine.service [req-9b5eadf6-f2b4-4710-b111-6b7d8c7cf28b - - - - -] Service 0a8c1984-6f42-4b5a-ad5b-0ab5dc99aa82 is updated service_manage_report /usr/lib/python3/dist-packages/heat/engine/service.py:2370
2025-12-22 00:46:23.460 39054 DEBUG heat.engine.service [req-3dad8624-0b86-452f-87aa-964218a889cc - - - - -] Service 7ff0f983-2683-43d3-8467-cde2629eda67 is updated service_manage_report /usr/lib/python3/dist-packages/heat/engine/service.py:2370
2025-12-22 00:46:23.502 39052 DEBUG heat.engine.service [req-33e635a6-bcfa-44ed-89ce-47c7c649f106 - - - - -] Service 860bc985-3427-465a-b74f-f26029432ddb is updated service_manage_report /usr/lib/python3/dist-packages/heat/engine/service.py:2370
2025-12-22 00:46:23.523 39053 DEBUG heat.engine.service [req-eedfad7d-7e6a-4801-b09e-76a82a33b3c4 - - - - -] Service 0a8c1984-6f42-4b5a-ad5b-0ab5dc99aa82 is updated service_manage_report /usr/lib/python3/dist-packages/heat/engine/service.py:2370
2025-12-22 00:46:23.527 39055 DEBUG heat.engine.service [req-9faacf15-4f27-4f08-9686-35a0e1b4bdd1 - - - - -] Service 734dcd56-14d2-4eff-993b-581cf98d7137 is updated service_manage_report /usr/lib/python3/dist-packages/heat/engine/service.py:2370
2025-12-22 00:47:23.464 39054 DEBUG heat.engine.service [req-90dcedd1-e0f6-4801-8a6d-12c9e9a23fcf - - - - -] Service 7ff0f983-2683-43d3-8467-cde2629eda67 is updated service_manage_report /usr/lib/python3/dist-packages/heat/engine/service.py:2370
2025-12-22 00:47:23.505 39052 DEBUG heat.engine.service [req-3ff912f6-2763-4b71-bb6b-09667997d497 - - - - -] Service 860bc985-3427-465a-b74f-f26029432ddb is updated service_manage_report /usr/lib/python3/dist-packages/heat/engine/service.py:2370
2025-12-22 00:47:23.527 39053 DEBUG heat.engine.service [req-c0b68c73-77f7-43bc-a2b3-6d1a8bc28c2d - - - - -] Service 0a8c1984-6f42-4b5a-ad5b-0ab5dc99aa82 is updated service_manage_report /usr/lib/python3/dist-packages/heat/engine/service.py:2370
2025-12-22 00:47:23.532 39055 DEBUG heat.engine.service [req-8b93ec71-0862-448c-b859-fa142539f6e5 - - - - -] Service 734dcd56-14d2-4eff-993b-581cf98d7137 is updated service_manage_report /usr/lib/python3/dist-packages/heat/engine/service.py:2370
2025-12-22 00:48:23.471 39054 DEBUG heat.engine.service [req-99272a45-ea44-4776-84b6-e421483be729 - - - - -] Service 7ff0f983-2683-43d3-8467-cde2629eda67 is updated service_manage_report /usr/lib/python3/dist-packages/heat/engine/service.py:2370
2025-12-22 00:48:23.508 39052 DEBUG heat.engine.service [req-2172724a-3dd0-45bc-9133-7da71bd413c7 - - - - -] Service 860bc985-3427-465a-b74f-f26029432ddb is updated service_manage_report /usr/lib/python3/dist-packages/heat/engine/service.py:2370
2025-12-22 00:48:23.532 39053 DEBUG heat.engine.service [req-52072cb9-5104-4c0f-a297-7d2406247736 - - - - -] Service 0a8c1984-6f42-4b5a-ad5b-0ab5dc99aa82 is updated service_manage_report /usr/lib/python3/dist-packages/heat/engine/service.py:2370
2025-12-22 00:48:23.534 39055 DEBUG heat.engine.service [req-faad9164-eafb-41f3-bc0e-d85a4946b78f - - - - -] Service 734dcd56-14d2-4eff-993b-581cf98d7137 is updated service_manage_report /usr/lib/python3/dist-packages/heat/engine/service.py:2370
2025-12-22 00:49:23.466 39054 DEBUG heat.engine.service [req-df8c8f74-461c-45e5-a765-5d592e05f911 - - - - -] Service 7ff0f983-2683-43d3-8467-cde2629eda67 is updated service_manage_report /usr/lib/python3/dist-packages/heat/engine/service.py:2370
2025-12-22 00:49:23.512 39052 DEBUG heat.engine.service [req-923d2898-419e-40fd-8658-274be906ed0d - - - - -] Service 860bc985-3427-465a-b74f-f26029432ddb is updated service_manage_report /usr/lib/python3/dist-packages/heat/engine/service.py:2370
2025-12-22 00:49:23.539 39053 DEBUG heat.engine.service [req-0eef8ddb-ff32-4fe2-a2f0-ddc87ff35bb2 - - - - -] Service 0a8c1984-6f42-4b5a-ad5b-0ab5dc99aa82 is updated service_manage_report /usr/lib/python3/dist-packages/heat/engine/service.py:2370
2025-12-22 00:49:23.542 39055 DEBUG heat.engine.service [req-aac167aa-7aa1-41e4-916b-6e8f0b41c239 - - - - -] Service 734dcd56-14d2-4eff-993b-581cf98d7137 is updated service_manage_report /usr/lib/python3/dist-packages/heat/engine/service.py:2370
2025-12-22 00:50:23.471 39054 DEBUG heat.engine.service [req-f9920391-3995-4a6e-ac43-65415b1f102a - - - - -] Service 7ff0f983-2683-43d3-8467-cde2629eda67 is updated service_manage_report /usr/lib/python3/dist-packages/heat/engine/service.py:2370
2025-12-22 00:50:23.519 39052 DEBUG heat.engine.service [req-31d59c6b-22f9-467a-91e2-5d703d49a980 - - - - -] Service 860bc985-3427-465a-b74f-f26029432ddb is updated service_manage_report /usr/lib/python3/dist-packages/heat/engine/service.py:2370
2025-12-22 00:50:23.533 39053 DEBUG heat.engine.service [req-030a5810-e85b-4b7b-928f-3e3078e31ed3 - - - - -] Service 0a8c1984-6f42-4b5a-ad5b-0ab5dc99aa82 is updated service_manage_report /usr/lib/python3/dist-packages/heat/engine/service.py:2370
2025-12-22 00:50:23.537 39055 DEBUG heat.engine.service [req-f0e87e7d-c9bf-47e4-9740-5e88aca2239d - - - - -] Service 734dcd56-14d2-4eff-993b-581cf98d7137 is updated service_manage_report /usr/lib/python3/dist-packages/heat/engine/service.py:2370
2025-12-22 00:51:23.473 39054 DEBUG heat.engine.service [req-2ebde44b-1bb4-4d8c-8b4f-ca89ebef63cc - - - - -] Service 7ff0f983-2683-43d3-8467-cde2629eda67 is updated service_manage_report /usr/lib/python3/dist-packages/heat/engine/service.py:2370
2025-12-22 00:51:23.513 39052 DEBUG heat.engine.service [req-57770f19-2623-41f6-8bc0-18b139f7fda1 - - - - -] Service 860bc985-3427-465a-b74f-f26029432ddb is updated service_manage_report /usr/lib/python3/dist-packages/heat/engine/service.py:2370
2025-12-22 00:51:23.539 39053 DEBUG heat.engine.service [req-ec2371eb-a456-4815-888b-264404e75e59 - - - - -] Service 0a8c1984-6f42-4b5a-ad5b-0ab5dc99aa82 is updated service_manage_report /usr/lib/python3/dist-packages/heat/engine/service.py:2370
2025-12-22 00:51:23.542 39055 DEBUG heat.engine.service [req-e1233660-864a-4811-9c5c-83ab763f0964 - - - - -] Service 734dcd56-14d2-4eff-993b-581cf98d7137 is updated service_manage_report /usr/lib/python3/dist-packages/heat/engine/service.py:2370
2025-12-22 00:52:23.478 39054 DEBUG heat.engine.service [req-9caef0db-5685-4b28-a99e-31a387cb5e75 - - - - -] Service 7ff0f983-2683-43d3-8467-cde2629eda67 is updated service_manage_report /usr/lib/python3/dist-packages/heat/engine/service.py:2370
2025-12-22 00:52:23.517 39052 DEBUG heat.engine.service [req-f36f8eb2-66db-40b6-b3da-7635a61a6a50 - - - - -] Service 860bc985-3427-465a-b74f-f26029432ddb is updated service_manage_report /usr/lib/python3/dist-packages/heat/engine/service.py:2370
2025-12-22 00:52:23.543 39053 DEBUG heat.engine.service [req-50e37d17-6083-4c71-a34c-0e3a8cfe14fe - - - - -] Service 0a8c1984-6f42-4b5a-ad5b-0ab5dc99aa82 is updated service_manage_report /usr/lib/python3/dist-packages/heat/engine/service.py:2370
2025-12-22 00:52:23.547 39055 DEBUG heat.engine.service [req-bdf8f10d-ccda-41db-910c-667d185a15b9 - - - - -] Service 734dcd56-14d2-4eff-993b-581cf98d7137 is updated service_manage_report /usr/lib/python3/dist-packages/heat/engine/service.py:2370
2025-12-22 00:53:23.484 39054 DEBUG heat.engine.service [req-cf42ed15-c72e-49e4-b1a5-01edfdfc362c - - - - -] Service 7ff0f983-2683-43d3-8467-cde2629eda67 is updated service_manage_report /usr/lib/python3/dist-packages/heat/engine/service.py:2370
2025-12-22 00:53:23.523 39052 DEBUG heat.engine.service [req-9d5950f5-208f-4b93-9346-c04245d19c4e - - - - -] Service 860bc985-3427-465a-b74f-f26029432ddb is updated service_manage_report /usr/lib/python3/dist-packages/heat/engine/service.py:2370
2025-12-22 00:53:23.546 39053 DEBUG heat.engine.service [req-7743314a-36d8-417d-af82-f0d5a6d32143 - - - - -] Service 0a8c1984-6f42-4b5a-ad5b-0ab5dc99aa82 is updated service_manage_report /usr/lib/python3/dist-packages/heat/engine/service.py:2370
2025-12-22 00:53:23.555 39055 DEBUG heat.engine.service [req-36b8232b-3c8e-4228-baa2-244aefe3f116 - - - - -] Service 734dcd56-14d2-4eff-993b-581cf98d7137 is updated service_manage_report /usr/lib/python3/dist-packages/heat/engine/service.py:2370
2025-12-22 00:54:23.487 39054 DEBUG heat.engine.service [req-6cbfaec2-fa47-4fb5-97a7-fd053b43741f - - - - -] Service 7ff0f983-2683-43d3-8467-cde2629eda67 is updated service_manage_report /usr/lib/python3/dist-packages/heat/engine/service.py:2370
2025-12-22 00:54:23.528 39052 DEBUG heat.engine.service [req-85c450ed-e518-45d7-9123-def97e9f1248 - - - - -] Service 860bc985-3427-465a-b74f-f26029432ddb is updated service_manage_report /usr/lib/python3/dist-packages/heat/engine/service.py:2370
2025-12-22 00:54:23.548 39055 DEBUG heat.engine.service [req-862ebbfa-afca-4c7a-80a3-40ef0319e054 - - - - -] Service 734dcd56-14d2-4eff-993b-581cf98d7137 is updated service_manage_report /usr/lib/python3/dist-packages/heat/engine/service.py:2370
2025-12-22 00:54:23.550 39053 DEBUG heat.engine.service [req-d84be8d4-f979-4bdf-a41d-a5d7ca13b3d5 - - - - -] Service 0a8c1984-6f42-4b5a-ad5b-0ab5dc99aa82 is updated service_manage_report /usr/lib/python3/dist-packages/heat/engine/service.py:2370
2025-12-22 00:55:23.492 39054 DEBUG heat.engine.service [req-b0c44b54-e9a3-46b4-ac23-7b2a4a42c705 - - - - -] Service 7ff0f983-2683-43d3-8467-cde2629eda67 is updated service_manage_report /usr/lib/python3/dist-packages/heat/engine/service.py:2370
2025-12-22 00:55:23.535 39052 DEBUG heat.engine.service [req-680b67f9-cf8f-4461-a203-02c136f831a4 - - - - -] Service 860bc985-3427-465a-b74f-f26029432ddb is updated service_manage_report /usr/lib/python3/dist-packages/heat/engine/service.py:2370
2025-12-22 00:55:23.555 39055 DEBUG heat.engine.service [req-b32c07f2-ff25-4141-9de2-2a4446a08a04 - - - - -] Service 734dcd56-14d2-4eff-993b-581cf98d7137 is updated service_manage_report /usr/lib/python3/dist-packages/heat/engine/service.py:2370
2025-12-22 00:55:23.555 39053 DEBUG heat.engine.service [req-788f997e-1456-46ef-9f9b-7b6ae884ce9e - - - - -] Service 0a8c1984-6f42-4b5a-ad5b-0ab5dc99aa82 is updated service_manage_report /usr/lib/python3/dist-packages/heat/engine/service.py:2370
2025-12-22 00:56:23.496 39054 DEBUG heat.engine.service [req-5f43a2d5-b458-4e0d-a9ee-27665aa893ce - - - - -] Service 7ff0f983-2683-43d3-8467-cde2629eda67 is updated service_manage_report /usr/lib/python3/dist-packages/heat/engine/service.py:2370
2025-12-22 00:56:23.529 39052 DEBUG heat.engine.service [req-9065eca9-80dd-44bb-aa91-c969eba7c75c - - - - -] Service 860bc985-3427-465a-b74f-f26029432ddb is updated service_manage_report /usr/lib/python3/dist-packages/heat/engine/service.py:2370
2025-12-22 00:56:23.551 39055 DEBUG heat.engine.service [req-b8a0c36a-4d12-43ef-afa4-7088945c0671 - - - - -] Service 734dcd56-14d2-4eff-993b-581cf98d7137 is updated service_manage_report /usr/lib/python3/dist-packages/heat/engine/service.py:2370
2025-12-22 00:56:23.560 39053 DEBUG heat.engine.service [req-e3d1ea14-30e8-4c5f-9a7b-b73aac730e9b - - - - -] Service 0a8c1984-6f42-4b5a-ad5b-0ab5dc99aa82 is updated service_manage_report /usr/lib/python3/dist-packages/heat/engine/service.py:2370
2025-12-22 00:57:23.500 39054 DEBUG heat.engine.service [req-d116ef76-d2ba-471b-bdef-9b4b550d0f56 - - - - -] Service 7ff0f983-2683-43d3-8467-cde2629eda67 is updated service_manage_report /usr/lib/python3/dist-packages/heat/engine/service.py:2370
2025-12-22 00:57:23.535 39052 DEBUG heat.engine.service [req-1af97268-22ed-4120-b40a-f267c5d47f0e - - - - -] Service 860bc985-3427-465a-b74f-f26029432ddb is updated service_manage_report /usr/lib/python3/dist-packages/heat/engine/service.py:2370
2025-12-22 00:57:23.545 39055 DEBUG heat.engine.service [req-5215f423-46a5-445e-b84b-046bd72243f2 - - - - -] Service 734dcd56-14d2-4eff-993b-581cf98d7137 is updated service_manage_report /usr/lib/python3/dist-packages/heat/engine/service.py:2370
2025-12-22 00:57:23.564 39053 DEBUG heat.engine.service [req-4f3e4438-952f-4e5e-a624-9260d2a5b211 - - - - -] Service 0a8c1984-6f42-4b5a-ad5b-0ab5dc99aa82 is updated service_manage_report /usr/lib/python3/dist-packages/heat/engine/service.py:2370
