2025-12-18 02:02:42.206 7 DEBUG oslo_service.service [-] ml2_type_gre.tunnel_id_ranges = [] log_opt_values /var/lib/kolla/venv/lib/python3.6/site-packages/oslo_config/cfg.py:2611
2025-12-18 02:02:42.206 7 DEBUG oslo_service.service [-] ml2_type_vlan.network_vlan_ranges = [] log_opt_values /var/lib/kolla/venv/lib/python3.6/site-packages/oslo_config/cfg.py:2611
2025-12-18 02:02:42.206 7 DEBUG oslo_service.service [-] ml2_type_vxlan.vni_ranges = [] log_opt_values /var/lib/kolla/venv/lib/python3.6/site-packages/oslo_config/cfg.py:2611
2025-12-18 02:02:42.206 7 DEBUG oslo_service.service [-] ml2_type_vxlan.vxlan_group = None log_opt_values /var/lib/kolla/venv/lib/python3.6/site-packages/oslo_config/cfg.py:2611
2025-12-18 02:02:42.206 7 DEBUG oslo_service.service [-] database.backend = sqlalchemy log_opt_values /var/lib/kolla/venv/lib/python3.6/site-packages/oslo_config/cfg.py:2611
2025-12-18 02:02:42.206 7 DEBUG oslo_service.service [-] database.connection = **** log_opt_values /var/lib/kolla/venv/lib/python3.6/site-packages/oslo_config/cfg.py:2611
2025-12-18 02:02:42.206 7 DEBUG oslo_service.service [-] database.connection_debug = 0 log_opt_values /var/lib/kolla/venv/lib/python3.6/site-packages/oslo_config/cfg.py:2611
2025-12-18 02:02:42.206 7 DEBUG oslo_service.service [-] database.connection_parameters = log_opt_values /var/lib/kolla/venv/lib/python3.6/site-packages/oslo_config/cfg.py:2611
2025-12-18 02:02:42.206 7 DEBUG oslo_service.service [-] database.connection_recycle_time = 10 log_opt_values /var/lib/kolla/venv/lib/python3.6/site-packages/oslo_config/cfg.py:2611
2025-12-18 02:02:42.206 7 DEBUG oslo_service.service [-] database.connection_trace = False log_opt_values /var/lib/kolla/venv/lib/python3.6/site-packages/oslo_config/cfg.py:2611
2025-12-18 02:02:42.206 7 DEBUG oslo_service.service [-] database.db_inc_retry_interval = True log_opt_values /var/lib/kolla/venv/lib/python3.6/site-packages/oslo_config/cfg.py:2611
2025-12-18 02:02:42.207 7 DEBUG oslo_service.service [-] database.db_max_retries = 20 log_opt_values /var/lib/kolla/venv/lib/python3.6/site-packages/oslo_config/cfg.py:2611
2025-12-18 02:02:42.207 7 DEBUG oslo_service.service [-] database.db_max_retry_interval = 10 log_opt_values /var/lib/kolla/venv/lib/python3.6/site-packages/oslo_config/cfg.py:2611
2025-12-18 02:02:42.207 7 DEBUG oslo_service.service [-] database.db_retry_interval = 1 log_opt_values /var/lib/kolla/venv/lib/python3.6/site-packages/oslo_config/cfg.py:2611
2025-12-18 02:02:42.207 7 DEBUG oslo_service.service [-] database.max_overflow = 50 log_opt_values /var/lib/kolla/venv/lib/python3.6/site-packages/oslo_config/cfg.py:2611
2025-12-18 02:02:42.207 7 DEBUG oslo_service.service [-] database.max_pool_size = 1 log_opt_values /var/lib/kolla/venv/lib/python3.6/site-packages/oslo_config/cfg.py:2611
2025-12-18 02:02:42.207 7 DEBUG oslo_service.service [-] database.max_retries = -1 log_opt_values /var/lib/kolla/venv/lib/python3.6/site-packages/oslo_config/cfg.py:2611
2025-12-18 02:02:42.207 7 DEBUG oslo_service.service [-] database.mysql_enable_ndb = False log_opt_values /var/lib/kolla/venv/lib/python3.6/site-packages/oslo_config/cfg.py:2611
2025-12-18 02:02:42.207 7 DEBUG oslo_service.service [-] database.mysql_sql_mode = TRADITIONAL log_opt_values /var/lib/kolla/venv/lib/python3.6/site-packages/oslo_config/cfg.py:2611
2025-12-18 02:02:42.207 7 DEBUG oslo_service.service [-] database.pool_timeout = None log_opt_values /var/lib/kolla/venv/lib/python3.6/site-packages/oslo_config/cfg.py:2611
2025-12-18 02:02:42.207 7 DEBUG oslo_service.service [-] database.retry_interval = 10 log_opt_values /var/lib/kolla/venv/lib/python3.6/site-packages/oslo_config/cfg.py:2611
2025-12-18 02:02:42.207 7 DEBUG oslo_service.service [-] database.slave_connection = **** log_opt_values /var/lib/kolla/venv/lib/python3.6/site-packages/oslo_config/cfg.py:2611
2025-12-18 02:02:42.207 7 DEBUG oslo_service.service [-] database.sqlite_synchronous = True log_opt_values /var/lib/kolla/venv/lib/python3.6/site-packages/oslo_config/cfg.py:2611
2025-12-18 02:02:42.207 7 DEBUG oslo_service.service [-] database.use_db_reconnect = False log_opt_values /var/lib/kolla/venv/lib/python3.6/site-packages/oslo_config/cfg.py:2611
2025-12-18 02:02:42.207 7 DEBUG oslo_service.service [-] ******************************************************************************** log_opt_values /var/lib/kolla/venv/lib/python3.6/site-packages/oslo_config/cfg.py:2613
2025-12-18 02:02:43.259 22 DEBUG neutron.wsgi [-] (22) accepted ('10.0.0.73', 51592) server /var/lib/kolla/venv/lib/python3.6/site-packages/eventlet/wsgi.py:1004
2025-12-18 02:02:43.266 22 INFO neutron.wsgi [-] 10.0.0.73 "GET / HTTP/1.1" status: 200 len: 227 time: 0.0057786
2025-12-18 02:02:46.422 23 DEBUG neutron.api.rpc.handlers.dhcp_rpc [req-21fba0d8-84f9-4ded-8bb6-8140d10e2d1b - - - - -] get_active_networks_info from cn-jenkins-deploy-platform-ansible-os-4902-1 get_active_networks_info /var/lib/kolla/venv/lib/python3.6/site-packages/neutron/api/rpc/handlers/dhcp_rpc.py:159
2025-12-18 02:02:46.447 26 DEBUG neutron_lib.callbacks.manager [req-d53b08eb-0961-4447-b87b-91145265abba - - - - -] Publish callbacks ['neutron.services.segments.db._update_segment_host_mapping_for_agent-8777303434867', 'neutron.services.l3_router.l3_router_plugin.DVRResourceOperationHandler.create_fip_agent_gw_ports-573187'] for agent (8e3bfc50-6547-41a5-a7d1-3192d9692e2b), after_create _notify_loop /var/lib/kolla/venv/lib/python3.6/site-packages/neutron_lib/callbacks/manager.py:177
2025-12-18 02:02:46.470 23 DEBUG neutron.scheduler.dhcp_agent_scheduler [req-21fba0d8-84f9-4ded-8bb6-8140d10e2d1b - - - - -] No non-hosted networks auto_schedule_networks /var/lib/kolla/venv/lib/python3.6/site-packages/neutron/scheduler/dhcp_agent_scheduler.py:60
2025-12-18 02:03:06.252 23 DEBUG neutron_lib.callbacks.manager [req-71baaf2b-69e6-44cb-9578-0c7cd3634b77 - - - - -] Publish callbacks ['neutron.services.segments.db._update_segment_host_mapping_for_agent-8777303434867', 'neutron.services.l3_router.l3_router_plugin.DVRResourceOperationHandler.create_fip_agent_gw_ports-573187'] for agent (af950aae-3f2a-4ca2-9fad-de432ce16d21), after_create _notify_loop /var/lib/kolla/venv/lib/python3.6/site-packages/neutron_lib/callbacks/manager.py:177
2025-12-18 02:03:13.317 22 DEBUG neutron.wsgi [-] (22) accepted ('10.0.0.73', 37866) server /var/lib/kolla/venv/lib/python3.6/site-packages/eventlet/wsgi.py:1004
2025-12-18 02:03:13.322 22 INFO neutron.wsgi [-] 10.0.0.73 "GET / HTTP/1.1" status: 200 len: 227 time: 0.0051692
2025-12-18 02:03:16.432 24 DEBUG neutron_lib.callbacks.manager [req-e25c408d-069d-45e6-ae94-2161a976c9c0 - - - - -] Publish callbacks ['neutron.services.segments.db._update_segment_host_mapping_for_agent-8777303434867', 'neutron.plugins.ml2.plugin.Ml2Plugin._retry_binding_revived_agents--9223372036853472403'] for agent (8e3bfc50-6547-41a5-a7d1-3192d9692e2b), after_update _notify_loop /var/lib/kolla/venv/lib/python3.6/site-packages/neutron_lib/callbacks/manager.py:177
2025-12-18 02:03:22.169 29 DEBUG neutron.db.agents_db [req-835ec26c-666c-46d9-88a2-02172915d095 - - - - -] Agent healthcheck: found 2 active agents agent_health_check /var/lib/kolla/venv/lib/python3.6/site-packages/neutron/db/agents_db.py:318
2025-12-18 02:03:36.238 25 DEBUG neutron_lib.callbacks.manager [req-71baaf2b-69e6-44cb-9578-0c7cd3634b77 - - - - -] Publish callbacks ['neutron.services.segments.db._update_segment_host_mapping_for_agent-8777303434867', 'neutron.plugins.ml2.plugin.Ml2Plugin._retry_binding_revived_agents--9223372036853472403'] for agent (af950aae-3f2a-4ca2-9fad-de432ce16d21), after_update _notify_loop /var/lib/kolla/venv/lib/python3.6/site-packages/neutron_lib/callbacks/manager.py:177
2025-12-18 02:03:43.373 22 DEBUG neutron.wsgi [-] (22) accepted ('10.0.0.73', 52288) server /var/lib/kolla/venv/lib/python3.6/site-packages/eventlet/wsgi.py:1004
2025-12-18 02:03:43.378 22 INFO neutron.wsgi [-] 10.0.0.73 "GET / HTTP/1.1" status: 200 len: 227 time: 0.0034969
2025-12-18 02:03:46.427 27 DEBUG neutron_lib.callbacks.manager [req-05e8cac8-8c16-43d9-b976-7ec64794bdbf - - - - -] Publish callbacks ['neutron.services.segments.db._update_segment_host_mapping_for_agent-8777303434867', 'neutron.plugins.ml2.plugin.Ml2Plugin._retry_binding_revived_agents--9223372036853472403'] for agent (8e3bfc50-6547-41a5-a7d1-3192d9692e2b), after_update _notify_loop /var/lib/kolla/venv/lib/python3.6/site-packages/neutron_lib/callbacks/manager.py:177
2025-12-18 02:03:59.159 29 DEBUG neutron.db.agents_db [req-835ec26c-666c-46d9-88a2-02172915d095 - - - - -] Agent healthcheck: found 2 active agents agent_health_check /var/lib/kolla/venv/lib/python3.6/site-packages/neutron/db/agents_db.py:318
2025-12-18 02:04:06.244 28 DEBUG neutron_lib.callbacks.manager [req-71baaf2b-69e6-44cb-9578-0c7cd3634b77 - - - - -] Publish callbacks ['neutron.services.segments.db._update_segment_host_mapping_for_agent-8777303434867', 'neutron.plugins.ml2.plugin.Ml2Plugin._retry_binding_revived_agents--9223372036853472403'] for agent (af950aae-3f2a-4ca2-9fad-de432ce16d21), after_update _notify_loop /var/lib/kolla/venv/lib/python3.6/site-packages/neutron_lib/callbacks/manager.py:177
2025-12-18 02:04:13.439 22 DEBUG neutron.wsgi [-] (22) accepted ('10.0.0.73', 37128) server /var/lib/kolla/venv/lib/python3.6/site-packages/eventlet/wsgi.py:1004
2025-12-18 02:04:13.443 22 INFO neutron.wsgi [-] 10.0.0.73 "GET / HTTP/1.1" status: 200 len: 227 time: 0.0035589
2025-12-18 02:04:16.416 26 DEBUG neutron_lib.callbacks.manager [req-fcbea9c1-47e9-4753-8e32-f0b08561f815 - - - - -] Publish callbacks ['neutron.services.segments.db._update_segment_host_mapping_for_agent-8777303434867', 'neutron.plugins.ml2.plugin.Ml2Plugin._retry_binding_revived_agents--9223372036853472403'] for agent (8e3bfc50-6547-41a5-a7d1-3192d9692e2b), after_update _notify_loop /var/lib/kolla/venv/lib/python3.6/site-packages/neutron_lib/callbacks/manager.py:177
2025-12-18 02:04:36.160 29 DEBUG neutron.db.agents_db [req-835ec26c-666c-46d9-88a2-02172915d095 - - - - -] Agent healthcheck: found 2 active agents agent_health_check /var/lib/kolla/venv/lib/python3.6/site-packages/neutron/db/agents_db.py:318
2025-12-18 02:04:36.230 23 DEBUG neutron_lib.callbacks.manager [req-71baaf2b-69e6-44cb-9578-0c7cd3634b77 - - - - -] Publish callbacks ['neutron.services.segments.db._update_segment_host_mapping_for_agent-8777303434867', 'neutron.plugins.ml2.plugin.Ml2Plugin._retry_binding_revived_agents--9223372036853472403'] for agent (af950aae-3f2a-4ca2-9fad-de432ce16d21), after_update _notify_loop /var/lib/kolla/venv/lib/python3.6/site-packages/neutron_lib/callbacks/manager.py:177
2025-12-18 02:04:43.495 22 DEBUG neutron.wsgi [-] (22) accepted ('10.0.0.73', 54982) server /var/lib/kolla/venv/lib/python3.6/site-packages/eventlet/wsgi.py:1004
2025-12-18 02:04:43.499 22 INFO neutron.wsgi [-] 10.0.0.73 "GET / HTTP/1.1" status: 200 len: 227 time: 0.0032198
2025-12-18 02:04:46.414 24 DEBUG neutron_lib.callbacks.manager [req-a83d4138-9333-46d2-b754-57f0d2f54e79 - - - - -] Publish callbacks ['neutron.services.segments.db._update_segment_host_mapping_for_agent-8777303434867', 'neutron.plugins.ml2.plugin.Ml2Plugin._retry_binding_revived_agents--9223372036853472403'] for agent (8e3bfc50-6547-41a5-a7d1-3192d9692e2b), after_update _notify_loop /var/lib/kolla/venv/lib/python3.6/site-packages/neutron_lib/callbacks/manager.py:177
2025-12-18 02:05:06.229 25 DEBUG neutron_lib.callbacks.manager [req-71baaf2b-69e6-44cb-9578-0c7cd3634b77 - - - - -] Publish callbacks ['neutron.services.segments.db._update_segment_host_mapping_for_agent-8777303434867', 'neutron.plugins.ml2.plugin.Ml2Plugin._retry_binding_revived_agents--9223372036853472403'] for agent (af950aae-3f2a-4ca2-9fad-de432ce16d21), after_update _notify_loop /var/lib/kolla/venv/lib/python3.6/site-packages/neutron_lib/callbacks/manager.py:177
2025-12-18 02:05:13.161 29 DEBUG neutron.db.agents_db [req-835ec26c-666c-46d9-88a2-02172915d095 - - - - -] Agent healthcheck: found 2 active agents agent_health_check /var/lib/kolla/venv/lib/python3.6/site-packages/neutron/db/agents_db.py:318
2025-12-18 02:05:13.552 22 DEBUG neutron.wsgi [-] (22) accepted ('10.0.0.73', 53354) server /var/lib/kolla/venv/lib/python3.6/site-packages/eventlet/wsgi.py:1004
2025-12-18 02:05:13.557 22 INFO neutron.wsgi [-] 10.0.0.73 "GET / HTTP/1.1" status: 200 len: 227 time: 0.0040908
2025-12-18 02:05:16.415 27 DEBUG neutron_lib.callbacks.manager [req-3d2cc967-285d-4489-a253-5a96984f41de - - - - -] Publish callbacks ['neutron.services.segments.db._update_segment_host_mapping_for_agent-8777303434867', 'neutron.plugins.ml2.plugin.Ml2Plugin._retry_binding_revived_agents--9223372036853472403'] for agent (8e3bfc50-6547-41a5-a7d1-3192d9692e2b), after_update _notify_loop /var/lib/kolla/venv/lib/python3.6/site-packages/neutron_lib/callbacks/manager.py:177
2025-12-18 02:05:36.233 28 DEBUG neutron_lib.callbacks.manager [req-71baaf2b-69e6-44cb-9578-0c7cd3634b77 - - - - -] Publish callbacks ['neutron.services.segments.db._update_segment_host_mapping_for_agent-8777303434867', 'neutron.plugins.ml2.plugin.Ml2Plugin._retry_binding_revived_agents--9223372036853472403'] for agent (af950aae-3f2a-4ca2-9fad-de432ce16d21), after_update _notify_loop /var/lib/kolla/venv/lib/python3.6/site-packages/neutron_lib/callbacks/manager.py:177
2025-12-18 02:05:43.611 22 DEBUG neutron.wsgi [-] (22) accepted ('10.0.0.73', 58768) server /var/lib/kolla/venv/lib/python3.6/site-packages/eventlet/wsgi.py:1004
2025-12-18 02:05:43.617 22 INFO neutron.wsgi [-] 10.0.0.73 "GET / HTTP/1.1" status: 200 len: 227 time: 0.0048091
2025-12-18 02:05:46.417 26 DEBUG neutron_lib.callbacks.manager [req-9aa3f8f7-1f5d-4239-98c3-7f54ff4a1862 - - - - -] Publish callbacks ['neutron.services.segments.db._update_segment_host_mapping_for_agent-8777303434867', 'neutron.plugins.ml2.plugin.Ml2Plugin._retry_binding_revived_agents--9223372036853472403'] for agent (8e3bfc50-6547-41a5-a7d1-3192d9692e2b), after_update _notify_loop /var/lib/kolla/venv/lib/python3.6/site-packages/neutron_lib/callbacks/manager.py:177
2025-12-18 02:05:50.162 29 DEBUG neutron.db.agents_db [req-835ec26c-666c-46d9-88a2-02172915d095 - - - - -] Agent healthcheck: found 2 active agents agent_health_check /var/lib/kolla/venv/lib/python3.6/site-packages/neutron/db/agents_db.py:318
2025-12-18 02:06:06.234 23 DEBUG neutron_lib.callbacks.manager [req-71baaf2b-69e6-44cb-9578-0c7cd3634b77 - - - - -] Publish callbacks ['neutron.services.segments.db._update_segment_host_mapping_for_agent-8777303434867', 'neutron.plugins.ml2.plugin.Ml2Plugin._retry_binding_revived_agents--9223372036853472403'] for agent (af950aae-3f2a-4ca2-9fad-de432ce16d21), after_update _notify_loop /var/lib/kolla/venv/lib/python3.6/site-packages/neutron_lib/callbacks/manager.py:177
2025-12-18 02:06:13.670 22 DEBUG neutron.wsgi [-] (22) accepted ('10.0.0.73', 38892) server /var/lib/kolla/venv/lib/python3.6/site-packages/eventlet/wsgi.py:1004
2025-12-18 02:06:13.676 22 INFO neutron.wsgi [-] 10.0.0.73 "GET / HTTP/1.1" status: 200 len: 227 time: 0.0041764
2025-12-18 02:06:16.457 24 DEBUG neutron_lib.callbacks.manager [req-7ec55206-8d54-48ea-912d-3a36efcde996 - - - - -] Publish callbacks ['neutron.services.segments.db._update_segment_host_mapping_for_agent-8777303434867', 'neutron.plugins.ml2.plugin.Ml2Plugin._retry_binding_revived_agents--9223372036853472403'] for agent (8e3bfc50-6547-41a5-a7d1-3192d9692e2b), after_update _notify_loop /var/lib/kolla/venv/lib/python3.6/site-packages/neutron_lib/callbacks/manager.py:177
2025-12-18 02:06:27.161 29 DEBUG neutron.db.agents_db [req-835ec26c-666c-46d9-88a2-02172915d095 - - - - -] Agent healthcheck: found 2 active agents agent_health_check /var/lib/kolla/venv/lib/python3.6/site-packages/neutron/db/agents_db.py:318
2025-12-18 02:06:36.237 25 DEBUG neutron_lib.callbacks.manager [req-71baaf2b-69e6-44cb-9578-0c7cd3634b77 - - - - -] Publish callbacks ['neutron.services.segments.db._update_segment_host_mapping_for_agent-8777303434867', 'neutron.plugins.ml2.plugin.Ml2Plugin._retry_binding_revived_agents--9223372036853472403'] for agent (af950aae-3f2a-4ca2-9fad-de432ce16d21), after_update _notify_loop /var/lib/kolla/venv/lib/python3.6/site-packages/neutron_lib/callbacks/manager.py:177
2025-12-18 02:06:43.726 22 DEBUG neutron.wsgi [-] (22) accepted ('10.0.0.73', 50300) server /var/lib/kolla/venv/lib/python3.6/site-packages/eventlet/wsgi.py:1004
2025-12-18 02:06:43.730 22 INFO neutron.wsgi [-] 10.0.0.73 "GET / HTTP/1.1" status: 200 len: 227 time: 0.0033364
2025-12-18 02:06:46.419 27 DEBUG neutron_lib.callbacks.manager [req-7c194aeb-865a-4fb0-903a-b108e96ef0fa - - - - -] Publish callbacks ['neutron.services.segments.db._update_segment_host_mapping_for_agent-8777303434867', 'neutron.plugins.ml2.plugin.Ml2Plugin._retry_binding_revived_agents--9223372036853472403'] for agent (8e3bfc50-6547-41a5-a7d1-3192d9692e2b), after_update _notify_loop /var/lib/kolla/venv/lib/python3.6/site-packages/neutron_lib/callbacks/manager.py:177
2025-12-18 02:07:04.160 29 DEBUG neutron.db.agents_db [req-835ec26c-666c-46d9-88a2-02172915d095 - - - - -] Agent healthcheck: found 2 active agents agent_health_check /var/lib/kolla/venv/lib/python3.6/site-packages/neutron/db/agents_db.py:318
2025-12-18 02:07:06.238 28 DEBUG neutron_lib.callbacks.manager [req-71baaf2b-69e6-44cb-9578-0c7cd3634b77 - - - - -] Publish callbacks ['neutron.services.segments.db._update_segment_host_mapping_for_agent-8777303434867', 'neutron.plugins.ml2.plugin.Ml2Plugin._retry_binding_revived_agents--9223372036853472403'] for agent (af950aae-3f2a-4ca2-9fad-de432ce16d21), after_update _notify_loop /var/lib/kolla/venv/lib/python3.6/site-packages/neutron_lib/callbacks/manager.py:177
2025-12-18 02:07:13.781 22 DEBUG neutron.wsgi [-] (22) accepted ('10.0.0.73', 44244) server /var/lib/kolla/venv/lib/python3.6/site-packages/eventlet/wsgi.py:1004
2025-12-18 02:07:13.787 22 INFO neutron.wsgi [-] 10.0.0.73 "GET / HTTP/1.1" status: 200 len: 227 time: 0.0057297
2025-12-18 02:07:16.418 26 DEBUG neutron_lib.callbacks.manager [req-d85d17a6-8d44-4648-ac26-8e061c4c3592 - - - - -] Publish callbacks ['neutron.services.segments.db._update_segment_host_mapping_for_agent-8777303434867', 'neutron.plugins.ml2.plugin.Ml2Plugin._retry_binding_revived_agents--9223372036853472403'] for agent (8e3bfc50-6547-41a5-a7d1-3192d9692e2b), after_update _notify_loop /var/lib/kolla/venv/lib/python3.6/site-packages/neutron_lib/callbacks/manager.py:177
2025-12-18 02:07:36.244 23 DEBUG neutron_lib.callbacks.manager [req-71baaf2b-69e6-44cb-9578-0c7cd3634b77 - - - - -] Publish callbacks ['neutron.services.segments.db._update_segment_host_mapping_for_agent-8777303434867', 'neutron.plugins.ml2.plugin.Ml2Plugin._retry_binding_revived_agents--9223372036853472403'] for agent (af950aae-3f2a-4ca2-9fad-de432ce16d21), after_update _notify_loop /var/lib/kolla/venv/lib/python3.6/site-packages/neutron_lib/callbacks/manager.py:177
2025-12-18 02:07:41.161 29 DEBUG neutron.db.agents_db [req-835ec26c-666c-46d9-88a2-02172915d095 - - - - -] Agent healthcheck: found 2 active agents agent_health_check /var/lib/kolla/venv/lib/python3.6/site-packages/neutron/db/agents_db.py:318
2025-12-18 02:07:43.840 22 DEBUG neutron.wsgi [-] (22) accepted ('10.0.0.73', 32804) server /var/lib/kolla/venv/lib/python3.6/site-packages/eventlet/wsgi.py:1004
2025-12-18 02:07:43.845 22 INFO neutron.wsgi [-] 10.0.0.73 "GET / HTTP/1.1" status: 200 len: 227 time: 0.0032237
2025-12-18 02:07:46.417 24 DEBUG neutron_lib.callbacks.manager [req-600175b7-693f-4e7a-a123-fa287a420273 - - - - -] Publish callbacks ['neutron.services.segments.db._update_segment_host_mapping_for_agent-8777303434867', 'neutron.plugins.ml2.plugin.Ml2Plugin._retry_binding_revived_agents--9223372036853472403'] for agent (8e3bfc50-6547-41a5-a7d1-3192d9692e2b), after_update _notify_loop /var/lib/kolla/venv/lib/python3.6/site-packages/neutron_lib/callbacks/manager.py:177
2025-12-18 02:08:06.252 25 DEBUG neutron_lib.callbacks.manager [req-71baaf2b-69e6-44cb-9578-0c7cd3634b77 - - - - -] Publish callbacks ['neutron.services.segments.db._update_segment_host_mapping_for_agent-8777303434867', 'neutron.plugins.ml2.plugin.Ml2Plugin._retry_binding_revived_agents--9223372036853472403'] for agent (af950aae-3f2a-4ca2-9fad-de432ce16d21), after_update _notify_loop /var/lib/kolla/venv/lib/python3.6/site-packages/neutron_lib/callbacks/manager.py:177
2025-12-18 02:08:13.895 22 DEBUG neutron.wsgi [-] (22) accepted ('10.0.0.73', 34336) server /var/lib/kolla/venv/lib/python3.6/site-packages/eventlet/wsgi.py:1004
2025-12-18 02:08:13.899 22 INFO neutron.wsgi [-] 10.0.0.73 "GET / HTTP/1.1" status: 200 len: 227 time: 0.0036166
2025-12-18 02:08:16.416 27 DEBUG neutron_lib.callbacks.manager [req-300e7abe-1935-4825-a168-46823f6f6cff - - - - -] Publish callbacks ['neutron.services.segments.db._update_segment_host_mapping_for_agent-8777303434867', 'neutron.plugins.ml2.plugin.Ml2Plugin._retry_binding_revived_agents--9223372036853472403'] for agent (8e3bfc50-6547-41a5-a7d1-3192d9692e2b), after_update _notify_loop /var/lib/kolla/venv/lib/python3.6/site-packages/neutron_lib/callbacks/manager.py:177
2025-12-18 02:08:18.160 29 DEBUG neutron.db.agents_db [req-835ec26c-666c-46d9-88a2-02172915d095 - - - - -] Agent healthcheck: found 2 active agents agent_health_check /var/lib/kolla/venv/lib/python3.6/site-packages/neutron/db/agents_db.py:318
2025-12-18 02:08:36.247 28 DEBUG neutron_lib.callbacks.manager [req-71baaf2b-69e6-44cb-9578-0c7cd3634b77 - - - - -] Publish callbacks ['neutron.services.segments.db._update_segment_host_mapping_for_agent-8777303434867', 'neutron.plugins.ml2.plugin.Ml2Plugin._retry_binding_revived_agents--9223372036853472403'] for agent (af950aae-3f2a-4ca2-9fad-de432ce16d21), after_update _notify_loop /var/lib/kolla/venv/lib/python3.6/site-packages/neutron_lib/callbacks/manager.py:177
2025-12-18 02:08:43.955 22 DEBUG neutron.wsgi [-] (22) accepted ('10.0.0.73', 54836) server /var/lib/kolla/venv/lib/python3.6/site-packages/eventlet/wsgi.py:1004
2025-12-18 02:08:43.960 22 INFO neutron.wsgi [-] 10.0.0.73 "GET / HTTP/1.1" status: 200 len: 227 time: 0.0033293
2025-12-18 02:08:46.420 26 DEBUG neutron_lib.callbacks.manager [req-f52139df-e92e-43df-ba08-9e752d729356 - - - - -] Publish callbacks ['neutron.services.segments.db._update_segment_host_mapping_for_agent-8777303434867', 'neutron.plugins.ml2.plugin.Ml2Plugin._retry_binding_revived_agents--9223372036853472403'] for agent (8e3bfc50-6547-41a5-a7d1-3192d9692e2b), after_update _notify_loop /var/lib/kolla/venv/lib/python3.6/site-packages/neutron_lib/callbacks/manager.py:177
2025-12-18 02:08:55.164 29 DEBUG neutron.db.agents_db [req-835ec26c-666c-46d9-88a2-02172915d095 - - - - -] Agent healthcheck: found 2 active agents agent_health_check /var/lib/kolla/venv/lib/python3.6/site-packages/neutron/db/agents_db.py:318
2025-12-18 02:09:06.257 23 DEBUG neutron_lib.callbacks.manager [req-71baaf2b-69e6-44cb-9578-0c7cd3634b77 - - - - -] Publish callbacks ['neutron.services.segments.db._update_segment_host_mapping_for_agent-8777303434867', 'neutron.plugins.ml2.plugin.Ml2Plugin._retry_binding_revived_agents--9223372036853472403'] for agent (af950aae-3f2a-4ca2-9fad-de432ce16d21), after_update _notify_loop /var/lib/kolla/venv/lib/python3.6/site-packages/neutron_lib/callbacks/manager.py:177
2025-12-18 02:09:14.015 22 DEBUG neutron.wsgi [-] (22) accepted ('10.0.0.73', 58240) server /var/lib/kolla/venv/lib/python3.6/site-packages/eventlet/wsgi.py:1004
2025-12-18 02:09:14.019 22 INFO neutron.wsgi [-] 10.0.0.73 "GET / HTTP/1.1" status: 200 len: 227 time: 0.0037291
2025-12-18 02:09:16.412 24 DEBUG neutron_lib.callbacks.manager [req-44316de8-f8f5-40a4-b4c8-09c5d0580a35 - - - - -] Publish callbacks ['neutron.services.segments.db._update_segment_host_mapping_for_agent-8777303434867', 'neutron.plugins.ml2.plugin.Ml2Plugin._retry_binding_revived_agents--9223372036853472403'] for agent (8e3bfc50-6547-41a5-a7d1-3192d9692e2b), after_update _notify_loop /var/lib/kolla/venv/lib/python3.6/site-packages/neutron_lib/callbacks/manager.py:177
2025-12-18 02:09:32.164 29 DEBUG neutron.db.agents_db [req-835ec26c-666c-46d9-88a2-02172915d095 - - - - -] Agent healthcheck: found 2 active agents agent_health_check /var/lib/kolla/venv/lib/python3.6/site-packages/neutron/db/agents_db.py:318
2025-12-18 02:09:36.251 25 DEBUG neutron_lib.callbacks.manager [req-71baaf2b-69e6-44cb-9578-0c7cd3634b77 - - - - -] Publish callbacks ['neutron.services.segments.db._update_segment_host_mapping_for_agent-8777303434867', 'neutron.plugins.ml2.plugin.Ml2Plugin._retry_binding_revived_agents--9223372036853472403'] for agent (af950aae-3f2a-4ca2-9fad-de432ce16d21), after_update _notify_loop /var/lib/kolla/venv/lib/python3.6/site-packages/neutron_lib/callbacks/manager.py:177
2025-12-18 02:09:44.069 22 DEBUG neutron.wsgi [-] (22) accepted ('10.0.0.73', 60858) server /var/lib/kolla/venv/lib/python3.6/site-packages/eventlet/wsgi.py:1004
2025-12-18 02:09:44.073 22 INFO neutron.wsgi [-] 10.0.0.73 "GET / HTTP/1.1" status: 200 len: 227 time: 0.0037606
2025-12-18 02:09:46.413 27 DEBUG neutron_lib.callbacks.manager [req-85d4a4a9-c05f-4be5-a8c4-87b42fb600de - - - - -] Publish callbacks ['neutron.services.segments.db._update_segment_host_mapping_for_agent-8777303434867', 'neutron.plugins.ml2.plugin.Ml2Plugin._retry_binding_revived_agents--9223372036853472403'] for agent (8e3bfc50-6547-41a5-a7d1-3192d9692e2b), after_update _notify_loop /var/lib/kolla/venv/lib/python3.6/site-packages/neutron_lib/callbacks/manager.py:177
2025-12-18 02:10:06.255 28 DEBUG neutron_lib.callbacks.manager [req-71baaf2b-69e6-44cb-9578-0c7cd3634b77 - - - - -] Publish callbacks ['neutron.services.segments.db._update_segment_host_mapping_for_agent-8777303434867', 'neutron.plugins.ml2.plugin.Ml2Plugin._retry_binding_revived_agents--9223372036853472403'] for agent (af950aae-3f2a-4ca2-9fad-de432ce16d21), after_update _notify_loop /var/lib/kolla/venv/lib/python3.6/site-packages/neutron_lib/callbacks/manager.py:177
2025-12-18 02:10:09.163 29 DEBUG neutron.db.agents_db [req-835ec26c-666c-46d9-88a2-02172915d095 - - - - -] Agent healthcheck: found 2 active agents agent_health_check /var/lib/kolla/venv/lib/python3.6/site-packages/neutron/db/agents_db.py:318
2025-12-18 02:10:14.130 22 DEBUG neutron.wsgi [-] (22) accepted ('10.0.0.73', 43028) server /var/lib/kolla/venv/lib/python3.6/site-packages/eventlet/wsgi.py:1004
2025-12-18 02:10:14.134 22 INFO neutron.wsgi [-] 10.0.0.73 "GET / HTTP/1.1" status: 200 len: 227 time: 0.0030067
2025-12-18 02:10:16.415 26 DEBUG neutron_lib.callbacks.manager [req-886e1144-6fbc-4694-9045-8781accc6207 - - - - -] Publish callbacks ['neutron.services.segments.db._update_segment_host_mapping_for_agent-8777303434867', 'neutron.plugins.ml2.plugin.Ml2Plugin._retry_binding_revived_agents--9223372036853472403'] for agent (8e3bfc50-6547-41a5-a7d1-3192d9692e2b), after_update _notify_loop /var/lib/kolla/venv/lib/python3.6/site-packages/neutron_lib/callbacks/manager.py:177
2025-12-18 02:10:36.257 23 DEBUG neutron_lib.callbacks.manager [req-71baaf2b-69e6-44cb-9578-0c7cd3634b77 - - - - -] Publish callbacks ['neutron.services.segments.db._update_segment_host_mapping_for_agent-8777303434867', 'neutron.plugins.ml2.plugin.Ml2Plugin._retry_binding_revived_agents--9223372036853472403'] for agent (af950aae-3f2a-4ca2-9fad-de432ce16d21), after_update _notify_loop /var/lib/kolla/venv/lib/python3.6/site-packages/neutron_lib/callbacks/manager.py:177
2025-12-18 02:10:44.196 22 DEBUG neutron.wsgi [-] (22) accepted ('10.0.0.73', 35698) server /var/lib/kolla/venv/lib/python3.6/site-packages/eventlet/wsgi.py:1004
2025-12-18 02:10:44.200 22 INFO neutron.wsgi [-] 10.0.0.73 "GET / HTTP/1.1" status: 200 len: 227 time: 0.0033846
2025-12-18 02:10:46.159 29 DEBUG neutron.db.agents_db [req-835ec26c-666c-46d9-88a2-02172915d095 - - - - -] Agent healthcheck: found 2 active agents agent_health_check /var/lib/kolla/venv/lib/python3.6/site-packages/neutron/db/agents_db.py:318
2025-12-18 02:10:46.414 24 DEBUG neutron_lib.callbacks.manager [req-23e2a739-f319-46ba-af51-0f1ba61da7d8 - - - - -] Publish callbacks ['neutron.services.segments.db._update_segment_host_mapping_for_agent-8777303434867', 'neutron.plugins.ml2.plugin.Ml2Plugin._retry_binding_revived_agents--9223372036853472403'] for agent (8e3bfc50-6547-41a5-a7d1-3192d9692e2b), after_update _notify_loop /var/lib/kolla/venv/lib/python3.6/site-packages/neutron_lib/callbacks/manager.py:177
2025-12-18 02:11:06.267 25 DEBUG neutron_lib.callbacks.manager [req-71baaf2b-69e6-44cb-9578-0c7cd3634b77 - - - - -] Publish callbacks ['neutron.services.segments.db._update_segment_host_mapping_for_agent-8777303434867', 'neutron.plugins.ml2.plugin.Ml2Plugin._retry_binding_revived_agents--9223372036853472403'] for agent (af950aae-3f2a-4ca2-9fad-de432ce16d21), after_update _notify_loop /var/lib/kolla/venv/lib/python3.6/site-packages/neutron_lib/callbacks/manager.py:177
2025-12-18 02:11:14.259 22 DEBUG neutron.wsgi [-] (22) accepted ('10.0.0.73', 41584) server /var/lib/kolla/venv/lib/python3.6/site-packages/eventlet/wsgi.py:1004
2025-12-18 02:11:14.263 22 INFO neutron.wsgi [-] 10.0.0.73 "GET / HTTP/1.1" status: 200 len: 227 time: 0.0030296
2025-12-18 02:11:16.416 27 DEBUG neutron_lib.callbacks.manager [req-5e22d4b9-e082-42e8-84bf-b936241231aa - - - - -] Publish callbacks ['neutron.services.segments.db._update_segment_host_mapping_for_agent-8777303434867', 'neutron.plugins.ml2.plugin.Ml2Plugin._retry_binding_revived_agents--9223372036853472403'] for agent (8e3bfc50-6547-41a5-a7d1-3192d9692e2b), after_update _notify_loop /var/lib/kolla/venv/lib/python3.6/site-packages/neutron_lib/callbacks/manager.py:177
2025-12-18 02:11:23.157 29 DEBUG neutron.db.agents_db [req-835ec26c-666c-46d9-88a2-02172915d095 - - - - -] Agent healthcheck: found 2 active agents agent_health_check /var/lib/kolla/venv/lib/python3.6/site-packages/neutron/db/agents_db.py:318
2025-12-18 02:11:36.270 28 DEBUG neutron_lib.callbacks.manager [req-71baaf2b-69e6-44cb-9578-0c7cd3634b77 - - - - -] Publish callbacks ['neutron.services.segments.db._update_segment_host_mapping_for_agent-8777303434867', 'neutron.plugins.ml2.plugin.Ml2Plugin._retry_binding_revived_agents--9223372036853472403'] for agent (af950aae-3f2a-4ca2-9fad-de432ce16d21), after_update _notify_loop /var/lib/kolla/venv/lib/python3.6/site-packages/neutron_lib/callbacks/manager.py:177
2025-12-18 02:11:44.313 22 DEBUG neutron.wsgi [-] (22) accepted ('10.0.0.73', 50948) server /var/lib/kolla/venv/lib/python3.6/site-packages/eventlet/wsgi.py:1004
2025-12-18 02:11:44.318 22 INFO neutron.wsgi [-] 10.0.0.73 "GET / HTTP/1.1" status: 200 len: 227 time: 0.0034692
2025-12-18 02:11:46.418 26 DEBUG neutron_lib.callbacks.manager [req-366a02fc-e02f-44b1-be4c-3b007f287e8d - - - - -] Publish callbacks ['neutron.services.segments.db._update_segment_host_mapping_for_agent-8777303434867', 'neutron.plugins.ml2.plugin.Ml2Plugin._retry_binding_revived_agents--9223372036853472403'] for agent (8e3bfc50-6547-41a5-a7d1-3192d9692e2b), after_update _notify_loop /var/lib/kolla/venv/lib/python3.6/site-packages/neutron_lib/callbacks/manager.py:177
2025-12-18 02:12:00.157 29 DEBUG neutron.db.agents_db [req-835ec26c-666c-46d9-88a2-02172915d095 - - - - -] Agent healthcheck: found 2 active agents agent_health_check /var/lib/kolla/venv/lib/python3.6/site-packages/neutron/db/agents_db.py:318
2025-12-18 02:12:06.266 23 DEBUG neutron_lib.callbacks.manager [req-71baaf2b-69e6-44cb-9578-0c7cd3634b77 - - - - -] Publish callbacks ['neutron.services.segments.db._update_segment_host_mapping_for_agent-8777303434867', 'neutron.plugins.ml2.plugin.Ml2Plugin._retry_binding_revived_agents--9223372036853472403'] for agent (af950aae-3f2a-4ca2-9fad-de432ce16d21), after_update _notify_loop /var/lib/kolla/venv/lib/python3.6/site-packages/neutron_lib/callbacks/manager.py:177
2025-12-18 02:12:14.374 22 DEBUG neutron.wsgi [-] (22) accepted ('10.0.0.73', 47270) server /var/lib/kolla/venv/lib/python3.6/site-packages/eventlet/wsgi.py:1004
2025-12-18 02:12:14.379 22 INFO neutron.wsgi [-] 10.0.0.73 "GET / HTTP/1.1" status: 200 len: 227 time: 0.0046055
2025-12-18 02:12:16.418 24 DEBUG neutron_lib.callbacks.manager [req-fe74902f-af4b-4341-9867-951d6e529ddc - - - - -] Publish callbacks ['neutron.services.segments.db._update_segment_host_mapping_for_agent-8777303434867', 'neutron.plugins.ml2.plugin.Ml2Plugin._retry_binding_revived_agents--9223372036853472403'] for agent (8e3bfc50-6547-41a5-a7d1-3192d9692e2b), after_update _notify_loop /var/lib/kolla/venv/lib/python3.6/site-packages/neutron_lib/callbacks/manager.py:177
2025-12-18 02:12:36.276 25 DEBUG neutron_lib.callbacks.manager [req-71baaf2b-69e6-44cb-9578-0c7cd3634b77 - - - - -] Publish callbacks ['neutron.services.segments.db._update_segment_host_mapping_for_agent-8777303434867', 'neutron.plugins.ml2.plugin.Ml2Plugin._retry_binding_revived_agents--9223372036853472403'] for agent (af950aae-3f2a-4ca2-9fad-de432ce16d21), after_update _notify_loop /var/lib/kolla/venv/lib/python3.6/site-packages/neutron_lib/callbacks/manager.py:177
2025-12-18 02:12:37.163 29 DEBUG neutron.db.agents_db [req-835ec26c-666c-46d9-88a2-02172915d095 - - - - -] Agent healthcheck: found 2 active agents agent_health_check /var/lib/kolla/venv/lib/python3.6/site-packages/neutron/db/agents_db.py:318
2025-12-18 02:12:41.546 7 INFO oslo_service.service [-] Caught SIGTERM, stopping children
2025-12-18 02:12:41.547 7 DEBUG oslo_concurrency.lockutils [-] Acquired lock "singleton_lock" lock /var/lib/kolla/venv/lib/python3.6/site-packages/oslo_concurrency/lockutils.py:294
2025-12-18 02:12:41.547 7 DEBUG oslo_concurrency.lockutils [-] Releasing lock "singleton_lock" lock /var/lib/kolla/venv/lib/python3.6/site-packages/oslo_concurrency/lockutils.py:312
2025-12-18 02:12:41.547 7 DEBUG oslo_service.service [-] Stop services. stop /var/lib/kolla/venv/lib/python3.6/site-packages/oslo_service/service.py:695
2025-12-18 02:12:41.548 7 DEBUG neutron.service [-] calling RpcWorker stop() stop /var/lib/kolla/venv/lib/python3.6/site-packages/neutron/service.py:138
2025-12-18 02:12:41.548 7 DEBUG neutron.service [-] calling RpcWorker stop() stop /var/lib/kolla/venv/lib/python3.6/site-packages/neutron/service.py:138
2025-12-18 02:12:41.548 7 DEBUG oslo_service.service [-] Killing children. stop /var/lib/kolla/venv/lib/python3.6/site-packages/oslo_service/service.py:700
2025-12-18 02:12:41.548 7 INFO oslo_service.service [-] Waiting on 8 children to exit
2025-12-18 02:12:41.549 25 DEBUG neutron.service [-] calling RpcWorker stop() stop /var/lib/kolla/venv/lib/python3.6/site-packages/neutron/service.py:138
2025-12-18 02:12:41.549 22 INFO neutron.wsgi [-] (22) wsgi exited, is_accepting=True
2025-12-18 02:12:41.549 23 DEBUG neutron.service [-] calling RpcWorker stop() stop /var/lib/kolla/venv/lib/python3.6/site-packages/neutron/service.py:138
2025-12-18 02:12:41.549 28 DEBUG neutron.service [-] calling RpcWorker stop() stop /var/lib/kolla/venv/lib/python3.6/site-packages/neutron/service.py:138
2025-12-18 02:12:41.549 26 DEBUG neutron.service [-] calling RpcWorker stop() stop /var/lib/kolla/venv/lib/python3.6/site-packages/neutron/service.py:138
2025-12-18 02:12:41.549 23 DEBUG neutron.service [-] calling stop on stop /var/lib/kolla/venv/lib/python3.6/site-packages/neutron/service.py:141
2025-12-18 02:12:41.550 22 DEBUG oslo_concurrency.lockutils [req-65a1b441-b5e2-4c8c-82ef-d7e6aa2a0063 - - - - -] Acquired lock "singleton_lock" lock /var/lib/kolla/venv/lib/python3.6/site-packages/oslo_concurrency/lockutils.py:294
2025-12-18 02:12:41.550 22 DEBUG oslo_concurrency.lockutils [req-65a1b441-b5e2-4c8c-82ef-d7e6aa2a0063 - - - - -] Releasing lock "singleton_lock" lock /var/lib/kolla/venv/lib/python3.6/site-packages/oslo_concurrency/lockutils.py:312
2025-12-18 02:12:41.550 24 DEBUG neutron.service [-] calling RpcWorker stop() stop /var/lib/kolla/venv/lib/python3.6/site-packages/neutron/service.py:138
2025-12-18 02:12:41.551 27 DEBUG neutron.service [-] calling RpcWorker stop() stop /var/lib/kolla/venv/lib/python3.6/site-packages/neutron/service.py:138
2025-12-18 02:12:41.549 25 DEBUG neutron.service [-] calling stop on stop /var/lib/kolla/venv/lib/python3.6/site-packages/neutron/service.py:141
2025-12-18 02:12:41.549 28 DEBUG neutron.service [-] calling stop on stop /var/lib/kolla/venv/lib/python3.6/site-packages/neutron/service.py:141
2025-12-18 02:12:41.553 29 DEBUG neutron.service [-] calling RpcWorker stop() stop /var/lib/kolla/venv/lib/python3.6/site-packages/neutron/service.py:138
2025-12-18 02:12:41.550 26 DEBUG neutron.service [-] calling stop on stop /var/lib/kolla/venv/lib/python3.6/site-packages/neutron/service.py:141
2025-12-18 02:12:41.552 27 DEBUG neutron.service [-] calling stop on stop /var/lib/kolla/venv/lib/python3.6/site-packages/neutron/service.py:141
2025-12-18 02:12:41.553 29 DEBUG neutron.service [-] calling stop on stop /var/lib/kolla/venv/lib/python3.6/site-packages/neutron/service.py:141
2025-12-18 02:12:41.551 24 DEBUG neutron.service [-] calling stop on stop /var/lib/kolla/venv/lib/python3.6/site-packages/neutron/service.py:141
2025-12-18 02:12:41.556 7 INFO oslo_service.service [-] Child 22 exited with status 0
2025-12-18 02:12:46.414 27 DEBUG oslo_concurrency.lockutils [req-65a1b441-b5e2-4c8c-82ef-d7e6aa2a0063 - - - - -] Acquired lock "singleton_lock" lock /var/lib/kolla/venv/lib/python3.6/site-packages/oslo_concurrency/lockutils.py:294
2025-12-18 02:12:46.415 27 DEBUG oslo_concurrency.lockutils [req-65a1b441-b5e2-4c8c-82ef-d7e6aa2a0063 - - - - -] Releasing lock "singleton_lock" lock /var/lib/kolla/venv/lib/python3.6/site-packages/oslo_concurrency/lockutils.py:312
2025-12-18 02:12:46.416 27 DEBUG neutron.service [req-65a1b441-b5e2-4c8c-82ef-d7e6aa2a0063 - - - - -] calling RpcWorker wait() _wait /var/lib/kolla/venv/lib/python3.6/site-packages/neutron/service.py:128
2025-12-18 02:12:46.416 27 DEBUG neutron.service [req-65a1b441-b5e2-4c8c-82ef-d7e6aa2a0063 - - - - -] calling wait on _wait /var/lib/kolla/venv/lib/python3.6/site-packages/neutron/service.py:131
2025-12-18 02:12:46.417 27 DEBUG neutron_lib.callbacks.manager [req-153c11f4-9db4-4dfb-a400-78db86e58113 - - - - -] Publish callbacks ['neutron.services.segments.db._update_segment_host_mapping_for_agent-8777303434867', 'neutron.plugins.ml2.plugin.Ml2Plugin._retry_binding_revived_agents--9223372036853472403'] for agent (8e3bfc50-6547-41a5-a7d1-3192d9692e2b), after_update _notify_loop /var/lib/kolla/venv/lib/python3.6/site-packages/neutron_lib/callbacks/manager.py:177
2025-12-18 02:12:46.427 27 WARNING amqp [req-65a1b441-b5e2-4c8c-82ef-d7e6aa2a0063 - - - - -] Received method (60, 30) during closing channel 1. This method will be ignored
2025-12-18 02:12:46.429 27 DEBUG neutron.service [req-65a1b441-b5e2-4c8c-82ef-d7e6aa2a0063 - - - - -] returning from RpcWorker wait() _wait /var/lib/kolla/venv/lib/python3.6/site-packages/neutron/service.py:135
2025-12-18 02:12:46.436 7 INFO oslo_service.service [-] Child 27 exited with status 0
2025-12-18 02:12:47.137 23 DEBUG neutron.service [-] calling stop on stop /var/lib/kolla/venv/lib/python3.6/site-packages/neutron/service.py:141
2025-12-18 02:12:47.147 24 DEBUG neutron.service [-] calling stop on stop /var/lib/kolla/venv/lib/python3.6/site-packages/neutron/service.py:141
2025-12-18 02:12:47.151 25 DEBUG neutron.service [-] calling stop on stop /var/lib/kolla/venv/lib/python3.6/site-packages/neutron/service.py:141
2025-12-18 02:12:47.159 26 DEBUG oslo_concurrency.lockutils [req-65a1b441-b5e2-4c8c-82ef-d7e6aa2a0063 - - - - -] Acquired lock "singleton_lock" lock /var/lib/kolla/venv/lib/python3.6/site-packages/oslo_concurrency/lockutils.py:294
2025-12-18 02:12:47.159 26 DEBUG oslo_concurrency.lockutils [req-65a1b441-b5e2-4c8c-82ef-d7e6aa2a0063 - - - - -] Releasing lock "singleton_lock" lock /var/lib/kolla/venv/lib/python3.6/site-packages/oslo_concurrency/lockutils.py:312
2025-12-18 02:12:47.159 26 DEBUG neutron.service [req-65a1b441-b5e2-4c8c-82ef-d7e6aa2a0063 - - - - -] calling RpcWorker wait() _wait /var/lib/kolla/venv/lib/python3.6/site-packages/neutron/service.py:128
2025-12-18 02:12:47.159 26 DEBUG neutron.service [req-65a1b441-b5e2-4c8c-82ef-d7e6aa2a0063 - - - - -] calling wait on _wait /var/lib/kolla/venv/lib/python3.6/site-packages/neutron/service.py:131
2025-12-18 02:12:47.160 23 DEBUG neutron.service [-] calling stop on stop /var/lib/kolla/venv/lib/python3.6/site-packages/neutron/service.py:141
2025-12-18 02:12:47.161 24 DEBUG neutron.service [-] calling stop on stop /var/lib/kolla/venv/lib/python3.6/site-packages/neutron/service.py:141
2025-12-18 02:12:47.164 25 DEBUG neutron.service [-] calling stop on stop /var/lib/kolla/venv/lib/python3.6/site-packages/neutron/service.py:141
2025-12-18 02:12:47.168 29 DEBUG oslo_concurrency.lockutils [req-65a1b441-b5e2-4c8c-82ef-d7e6aa2a0063 - - - - -] Acquired lock "singleton_lock" lock /var/lib/kolla/venv/lib/python3.6/site-packages/oslo_concurrency/lockutils.py:294
2025-12-18 02:12:47.168 29 DEBUG oslo_concurrency.lockutils [req-65a1b441-b5e2-4c8c-82ef-d7e6aa2a0063 - - - - -] Releasing lock "singleton_lock" lock /var/lib/kolla/venv/lib/python3.6/site-packages/oslo_concurrency/lockutils.py:312
2025-12-18 02:12:47.168 29 DEBUG neutron.service [req-65a1b441-b5e2-4c8c-82ef-d7e6aa2a0063 - - - - -] calling RpcWorker wait() _wait /var/lib/kolla/venv/lib/python3.6/site-packages/neutron/service.py:128
2025-12-18 02:12:47.169 29 DEBUG neutron.service [req-65a1b441-b5e2-4c8c-82ef-d7e6aa2a0063 - - - - -] calling wait on _wait /var/lib/kolla/venv/lib/python3.6/site-packages/neutron/service.py:131
2025-12-18 02:12:47.171 26 WARNING amqp [req-65a1b441-b5e2-4c8c-82ef-d7e6aa2a0063 - - - - -] Received method (60, 30) during closing channel 1. This method will be ignored
2025-12-18 02:12:47.173 26 DEBUG neutron.service [req-65a1b441-b5e2-4c8c-82ef-d7e6aa2a0063 - - - - -] returning from RpcWorker wait() _wait /var/lib/kolla/venv/lib/python3.6/site-packages/neutron/service.py:135
2025-12-18 02:12:47.176 29 WARNING amqp [req-65a1b441-b5e2-4c8c-82ef-d7e6aa2a0063 - - - - -] Received method (60, 30) during closing channel 1. This method will be ignored
2025-12-18 02:12:47.178 29 DEBUG neutron.service [req-65a1b441-b5e2-4c8c-82ef-d7e6aa2a0063 - - - - -] returning from RpcWorker wait() _wait /var/lib/kolla/venv/lib/python3.6/site-packages/neutron/service.py:135
2025-12-18 02:12:47.181 7 INFO oslo_service.service [-] Child 26 exited with status 0
2025-12-18 02:12:47.182 23 DEBUG neutron.service [-] calling stop on stop /var/lib/kolla/venv/lib/python3.6/site-packages/neutron/service.py:141
2025-12-18 02:12:47.185 7 INFO oslo_service.service [-] Child 29 exited with status 0
2025-12-18 02:12:47.196 28 DEBUG oslo_concurrency.lockutils [req-65a1b441-b5e2-4c8c-82ef-d7e6aa2a0063 - - - - -] Acquired lock "singleton_lock" lock /var/lib/kolla/venv/lib/python3.6/site-packages/oslo_concurrency/lockutils.py:294
2025-12-18 02:12:47.196 28 DEBUG oslo_concurrency.lockutils [req-65a1b441-b5e2-4c8c-82ef-d7e6aa2a0063 - - - - -] Releasing lock "singleton_lock" lock /var/lib/kolla/venv/lib/python3.6/site-packages/oslo_concurrency/lockutils.py:312
2025-12-18 02:12:47.197 28 DEBUG neutron.service [req-65a1b441-b5e2-4c8c-82ef-d7e6aa2a0063 - - - - -] calling RpcWorker wait() _wait /var/lib/kolla/venv/lib/python3.6/site-packages/neutron/service.py:128
2025-12-18 02:12:47.197 28 DEBUG neutron.service [req-65a1b441-b5e2-4c8c-82ef-d7e6aa2a0063 - - - - -] calling wait on _wait /var/lib/kolla/venv/lib/python3.6/site-packages/neutron/service.py:131
2025-12-18 02:12:47.203 28 WARNING amqp [req-65a1b441-b5e2-4c8c-82ef-d7e6aa2a0063 - - - - -] Received method (60, 30) during closing channel 1. This method will be ignored
2025-12-18 02:12:47.204 28 DEBUG neutron.service [req-65a1b441-b5e2-4c8c-82ef-d7e6aa2a0063 - - - - -] returning from RpcWorker wait() _wait /var/lib/kolla/venv/lib/python3.6/site-packages/neutron/service.py:135
2025-12-18 02:12:47.206 23 DEBUG oslo_concurrency.lockutils [req-65a1b441-b5e2-4c8c-82ef-d7e6aa2a0063 - - - - -] Acquired lock "singleton_lock" lock /var/lib/kolla/venv/lib/python3.6/site-packages/oslo_concurrency/lockutils.py:294
2025-12-18 02:12:47.207 23 DEBUG oslo_concurrency.lockutils [req-65a1b441-b5e2-4c8c-82ef-d7e6aa2a0063 - - - - -] Releasing lock "singleton_lock" lock /var/lib/kolla/venv/lib/python3.6/site-packages/oslo_concurrency/lockutils.py:312
2025-12-18 02:12:47.207 23 DEBUG neutron.service [req-65a1b441-b5e2-4c8c-82ef-d7e6aa2a0063 - - - - -] calling RpcWorker wait() _wait /var/lib/kolla/venv/lib/python3.6/site-packages/neutron/service.py:128
2025-12-18 02:12:47.208 23 DEBUG neutron.service [req-65a1b441-b5e2-4c8c-82ef-d7e6aa2a0063 - - - - -] calling wait on _wait /var/lib/kolla/venv/lib/python3.6/site-packages/neutron/service.py:131
2025-12-18 02:12:47.211 7 INFO oslo_service.service [-] Child 28 exited with status 0
2025-12-18 02:12:47.214 23 WARNING amqp [req-65a1b441-b5e2-4c8c-82ef-d7e6aa2a0063 - - - - -] Received method (60, 30) during closing channel 1. This method will be ignored
2025-12-18 02:12:47.216 23 DEBUG neutron.service [req-65a1b441-b5e2-4c8c-82ef-d7e6aa2a0063 - - - - -] calling wait on _wait /var/lib/kolla/venv/lib/python3.6/site-packages/neutron/service.py:131
2025-12-18 02:12:47.222 23 WARNING amqp [req-65a1b441-b5e2-4c8c-82ef-d7e6aa2a0063 - - - - -] Received method (60, 30) during closing channel 1. This method will be ignored
2025-12-18 02:12:47.223 23 DEBUG neutron.service [req-65a1b441-b5e2-4c8c-82ef-d7e6aa2a0063 - - - - -] calling wait on _wait /var/lib/kolla/venv/lib/python3.6/site-packages/neutron/service.py:131
2025-12-18 02:12:47.229 23 WARNING amqp [req-65a1b441-b5e2-4c8c-82ef-d7e6aa2a0063 - - - - -] Received method (60, 30) during closing channel 1. This method will be ignored
2025-12-18 02:12:47.231 23 DEBUG neutron.service [req-65a1b441-b5e2-4c8c-82ef-d7e6aa2a0063 - - - - -] calling wait on _wait /var/lib/kolla/venv/lib/python3.6/site-packages/neutron/service.py:131
2025-12-18 02:12:47.237 23 WARNING amqp [req-65a1b441-b5e2-4c8c-82ef-d7e6aa2a0063 - - - - -] Received method (60, 30) during closing channel 1. This method will be ignored
2025-12-18 02:12:47.238 23 DEBUG neutron.service [req-65a1b441-b5e2-4c8c-82ef-d7e6aa2a0063 - - - - -] returning from RpcWorker wait() _wait /var/lib/kolla/venv/lib/python3.6/site-packages/neutron/service.py:135
2025-12-18 02:12:47.249 7 INFO oslo_service.service [-] Child 23 exited with status 0
2025-12-18 02:12:49.472 25 DEBUG neutron.service [-] calling stop on stop /var/lib/kolla/venv/lib/python3.6/site-packages/neutron/service.py:141
2025-12-18 02:12:49.617 24 DEBUG neutron.service [-] calling stop on stop /var/lib/kolla/venv/lib/python3.6/site-packages/neutron/service.py:141
2025-12-18 02:12:55.412 7 INFO neutron.common.config [-] Logging enabled!
2025-12-18 02:12:55.413 7 INFO neutron.common.config [-] /var/lib/kolla/venv/bin/neutron-server version 20.5.1.dev23
2025-12-18 02:12:55.413 7 DEBUG neutron.common.config [-] command line: /var/lib/kolla/venv/bin/neutron-server --config-file /etc/neutron/neutron.conf --config-file /etc/neutron/ContrailPlugin.ini --config-file /etc/neutron/api-paste.ini setup_logging /var/lib/kolla/venv/lib/python3.6/site-packages/neutron/common/config.py:115
2025-12-18 02:12:55.419 7 INFO neutron.common.config [-] Logging enabled!
2025-12-18 02:12:55.420 7 INFO neutron.common.config [-] /var/lib/kolla/venv/bin/neutron-server version 20.5.1.dev23
2025-12-18 02:12:55.420 7 DEBUG neutron.common.config [-] command line: /var/lib/kolla/venv/bin/neutron-server --config-file /etc/neutron/neutron.conf --config-file /etc/neutron/ContrailPlugin.ini --config-file /etc/neutron/api-paste.ini setup_logging /var/lib/kolla/venv/lib/python3.6/site-packages/neutron/common/config.py:115
2025-12-18 02:12:55.421 7 DEBUG neutron.common.config [-] ******************************************************************************** log_opt_values /var/lib/kolla/venv/lib/python3.6/site-packages/oslo_config/cfg.py:2589
2025-12-18 02:12:55.423 7 DEBUG neutron.common.config [-] Configuration options gathered from: log_opt_values /var/lib/kolla/venv/lib/python3.6/site-packages/oslo_config/cfg.py:2590
2025-12-18 02:12:55.423 7 DEBUG neutron.common.config [-] command line args: ['--config-file', '/etc/neutron/neutron.conf', '--config-file', '/etc/neutron/ContrailPlugin.ini', '--config-file', '/etc/neutron/api-paste.ini'] log_opt_values /var/lib/kolla/venv/lib/python3.6/site-packages/oslo_config/cfg.py:2591
2025-12-18 02:12:55.425 7 DEBUG neutron.common.config [-] config files: ['/etc/neutron/neutron.conf', '/etc/neutron/ContrailPlugin.ini', '/etc/neutron/api-paste.ini'] log_opt_values /var/lib/kolla/venv/lib/python3.6/site-packages/oslo_config/cfg.py:2593
2025-12-18 02:12:55.425 7 DEBUG neutron.common.config [-] ================================================================================ log_opt_values /var/lib/kolla/venv/lib/python3.6/site-packages/oslo_config/cfg.py:2594
2025-12-18 02:12:55.426 7 DEBUG neutron.common.config [-] allow_bulk = True log_opt_values /var/lib/kolla/venv/lib/python3.6/site-packages/oslo_config/cfg.py:2603
2025-12-18 02:12:55.426 7 WARNING oslo_config.cfg [-] Deprecated: Option "allow_overlapping_ips" from group "DEFAULT" is deprecated for removal. Its value may be silently ignored in the future.
2025-12-18 02:12:55.426 7 DEBUG neutron.common.config [-] allow_overlapping_ips = True log_opt_values /var/lib/kolla/venv/lib/python3.6/site-packages/oslo_config/cfg.py:2603
2025-12-18 02:12:55.426 7 DEBUG neutron.common.config [-] api_extensions_path = /opt/plugin/site-packages/neutron_plugin_contrail/extensions:/opt/plugin/site-packages/neutron_lbaas/extensions log_opt_values /var/lib/kolla/venv/lib/python3.6/site-packages/oslo_config/cfg.py:2603
2025-12-18 02:12:55.427 7 DEBUG neutron.common.config [-] api_paste_config = /etc/neutron/api-paste.ini log_opt_values /var/lib/kolla/venv/lib/python3.6/site-packages/oslo_config/cfg.py:2603
