2025-12-11 00:38:35.614 155919 DEBUG nova.context [req-125bf1b5-0adf-42ba-9587-b5fb00fc0fc1 - - - - -] Found 2 cells: 00000000-0000-0000-0000-000000000000(cell0),976cf001-91af-4229-ac58-76b34c5c0bef(cell1) load_cells /usr/lib/python3/dist-packages/nova/context.py:464
2025-12-11 00:38:35.615 155919 DEBUG oslo_concurrency.lockutils [req-14e97f91-58fe-4f1d-aaa5-17d679e4189c - - - - -] Lock "00000000-0000-0000-0000-000000000000" acquired by "nova.context.set_target_cell..get_or_set_cached_cell_and_set_connections" :: waited 0.000s inner /usr/lib/python3/dist-packages/oslo_concurrency/lockutils.py:386
2025-12-11 00:38:35.616 155919 DEBUG oslo_concurrency.lockutils [req-14e97f91-58fe-4f1d-aaa5-17d679e4189c - - - - -] Lock "00000000-0000-0000-0000-000000000000" "released" by "nova.context.set_target_cell..get_or_set_cached_cell_and_set_connections" :: held 0.001s inner /usr/lib/python3/dist-packages/oslo_concurrency/lockutils.py:400
2025-12-11 00:38:35.616 155919 DEBUG oslo_concurrency.lockutils [req-14e97f91-58fe-4f1d-aaa5-17d679e4189c - - - - -] Lock "976cf001-91af-4229-ac58-76b34c5c0bef" acquired by "nova.context.set_target_cell..get_or_set_cached_cell_and_set_connections" :: waited 0.000s inner /usr/lib/python3/dist-packages/oslo_concurrency/lockutils.py:386
2025-12-11 00:38:35.617 155919 DEBUG oslo_concurrency.lockutils [req-14e97f91-58fe-4f1d-aaa5-17d679e4189c - - - - -] Lock "976cf001-91af-4229-ac58-76b34c5c0bef" "released" by "nova.context.set_target_cell..get_or_set_cached_cell_and_set_connections" :: held 0.000s inner /usr/lib/python3/dist-packages/oslo_concurrency/lockutils.py:400
2025-12-11 00:38:35.633 155919 DEBUG oslo_db.sqlalchemy.engines [req-14e97f91-58fe-4f1d-aaa5-17d679e4189c - - - - -] MySQL server mode set to STRICT_TRANS_TABLES,STRICT_ALL_TABLES,NO_ZERO_IN_DATE,NO_ZERO_DATE,ERROR_FOR_DIVISION_BY_ZERO,TRADITIONAL,NO_ENGINE_SUBSTITUTION _check_effective_sql_mode /usr/lib/python3/dist-packages/oslo_db/sqlalchemy/engines.py:314
2025-12-11 00:38:35.646 155919 DEBUG oslo_concurrency.lockutils [req-14e97f91-58fe-4f1d-aaa5-17d679e4189c - - - - -] Acquired lock "singleton_lock" lock /usr/lib/python3/dist-packages/oslo_concurrency/lockutils.py:294
2025-12-11 00:38:35.646 155919 DEBUG oslo_concurrency.lockutils [req-14e97f91-58fe-4f1d-aaa5-17d679e4189c - - - - -] Releasing lock "singleton_lock" lock /usr/lib/python3/dist-packages/oslo_concurrency/lockutils.py:312
2025-12-11 00:38:35.647 155919 INFO oslo_service.service [req-14e97f91-58fe-4f1d-aaa5-17d679e4189c - - - - -] Starting 4 workers
2025-12-11 00:38:35.651 155919 DEBUG oslo_service.service [req-14e97f91-58fe-4f1d-aaa5-17d679e4189c - - - - -] Started child 156367 _start_child /usr/lib/python3/dist-packages/oslo_service/service.py:575
2025-12-11 00:38:35.657 156367 INFO nova.service [-] Starting scheduler node (version 25.2.1)
2025-12-11 00:38:35.659 155919 DEBUG oslo_service.service [req-14e97f91-58fe-4f1d-aaa5-17d679e4189c - - - - -] Started child 156368 _start_child /usr/lib/python3/dist-packages/oslo_service/service.py:575
2025-12-11 00:38:35.664 156368 INFO nova.service [-] Starting scheduler node (version 25.2.1)
2025-12-11 00:38:35.665 155919 DEBUG oslo_service.service [req-14e97f91-58fe-4f1d-aaa5-17d679e4189c - - - - -] Started child 156369 _start_child /usr/lib/python3/dist-packages/oslo_service/service.py:575
2025-12-11 00:38:35.670 156369 INFO nova.service [-] Starting scheduler node (version 25.2.1)
2025-12-11 00:38:35.671 155919 DEBUG oslo_service.service [req-14e97f91-58fe-4f1d-aaa5-17d679e4189c - - - - -] Started child 156370 _start_child /usr/lib/python3/dist-packages/oslo_service/service.py:575
2025-12-11 00:38:35.673 155919 DEBUG oslo_service.service [req-14e97f91-58fe-4f1d-aaa5-17d679e4189c - - - - -] Full set of CONF: wait /usr/lib/python3/dist-packages/oslo_service/service.py:649
2025-12-11 00:38:35.673 155919 DEBUG oslo_service.service [req-14e97f91-58fe-4f1d-aaa5-17d679e4189c - - - - -] ******************************************************************************** log_opt_values /usr/lib/python3/dist-packages/oslo_config/cfg.py:2589
2025-12-11 00:38:35.674 155919 DEBUG oslo_service.service [req-14e97f91-58fe-4f1d-aaa5-17d679e4189c - - - - -] Configuration options gathered from: log_opt_values /usr/lib/python3/dist-packages/oslo_config/cfg.py:2590
2025-12-11 00:38:35.674 155919 DEBUG oslo_service.service [req-14e97f91-58fe-4f1d-aaa5-17d679e4189c - - - - -] command line args: ['--config-file=/etc/nova/nova.conf', '--log-file=/var/log/nova/nova-scheduler.log'] log_opt_values /usr/lib/python3/dist-packages/oslo_config/cfg.py:2591
2025-12-11 00:38:35.674 155919 DEBUG oslo_service.service [req-14e97f91-58fe-4f1d-aaa5-17d679e4189c - - - - -] config files: ['/etc/nova/nova.conf'] log_opt_values /usr/lib/python3/dist-packages/oslo_config/cfg.py:2592
2025-12-11 00:38:35.674 155919 DEBUG oslo_service.service [req-14e97f91-58fe-4f1d-aaa5-17d679e4189c - - - - -] ================================================================================ log_opt_values /usr/lib/python3/dist-packages/oslo_config/cfg.py:2594
2025-12-11 00:38:35.675 155919 DEBUG oslo_service.service [req-14e97f91-58fe-4f1d-aaa5-17d679e4189c - - - - -] allow_resize_to_same_host = False log_opt_values /usr/lib/python3/dist-packages/oslo_config/cfg.py:2602
2025-12-11 00:38:35.674 156367 DEBUG oslo_db.sqlalchemy.engines [req-8506fd71-c5cd-4f3c-8cc4-0fac29248f66 - - - - -] MySQL server mode set to STRICT_TRANS_TABLES,STRICT_ALL_TABLES,NO_ZERO_IN_DATE,NO_ZERO_DATE,ERROR_FOR_DIVISION_BY_ZERO,TRADITIONAL,NO_ENGINE_SUBSTITUTION _check_effective_sql_mode /usr/lib/python3/dist-packages/oslo_db/sqlalchemy/engines.py:314
2025-12-11 00:38:35.675 155919 DEBUG oslo_service.service [req-14e97f91-58fe-4f1d-aaa5-17d679e4189c - - - - -] arq_binding_timeout = 300 log_opt_values /usr/lib/python3/dist-packages/oslo_config/cfg.py:2602
2025-12-11 00:38:35.675 155919 DEBUG oslo_service.service [req-14e97f91-58fe-4f1d-aaa5-17d679e4189c - - - - -] block_device_allocate_retries = 60 log_opt_values /usr/lib/python3/dist-packages/oslo_config/cfg.py:2602
2025-12-11 00:38:35.675 155919 DEBUG oslo_service.service [req-14e97f91-58fe-4f1d-aaa5-17d679e4189c - - - - -] block_device_allocate_retries_interval = 3 log_opt_values /usr/lib/python3/dist-packages/oslo_config/cfg.py:2602
2025-12-11 00:38:35.676 155919 DEBUG oslo_service.service [req-14e97f91-58fe-4f1d-aaa5-17d679e4189c - - - - -] cert = self.pem log_opt_values /usr/lib/python3/dist-packages/oslo_config/cfg.py:2602
2025-12-11 00:38:35.676 155919 DEBUG oslo_service.service [req-14e97f91-58fe-4f1d-aaa5-17d679e4189c - - - - -] compute_driver = libvirt.LibvirtDriver log_opt_values /usr/lib/python3/dist-packages/oslo_config/cfg.py:2602
2025-12-11 00:38:35.676 155919 DEBUG oslo_service.service [req-14e97f91-58fe-4f1d-aaa5-17d679e4189c - - - - -] compute_monitors = [] log_opt_values /usr/lib/python3/dist-packages/oslo_config/cfg.py:2602
2025-12-11 00:38:35.676 155919 DEBUG oslo_service.service [req-14e97f91-58fe-4f1d-aaa5-17d679e4189c - - - - -] config_dir = [] log_opt_values /usr/lib/python3/dist-packages/oslo_config/cfg.py:2602
2025-12-11 00:38:35.676 155919 DEBUG oslo_service.service [req-14e97f91-58fe-4f1d-aaa5-17d679e4189c - - - - -] config_drive_format = iso9660 log_opt_values /usr/lib/python3/dist-packages/oslo_config/cfg.py:2602
2025-12-11 00:38:35.676 155919 DEBUG oslo_service.service [req-14e97f91-58fe-4f1d-aaa5-17d679e4189c - - - - -] config_file = ['/etc/nova/nova.conf'] log_opt_values /usr/lib/python3/dist-packages/oslo_config/cfg.py:2602
2025-12-11 00:38:35.677 155919 DEBUG oslo_service.service [req-14e97f91-58fe-4f1d-aaa5-17d679e4189c - - - - -] config_source = [] log_opt_values /usr/lib/python3/dist-packages/oslo_config/cfg.py:2602
2025-12-11 00:38:35.677 155919 DEBUG oslo_service.service [req-14e97f91-58fe-4f1d-aaa5-17d679e4189c - - - - -] console_host = juju-f17ef8-0-lxd-7 log_opt_values /usr/lib/python3/dist-packages/oslo_config/cfg.py:2602
2025-12-11 00:38:35.677 155919 DEBUG oslo_service.service [req-14e97f91-58fe-4f1d-aaa5-17d679e4189c - - - - -] control_exchange = nova log_opt_values /usr/lib/python3/dist-packages/oslo_config/cfg.py:2602
2025-12-11 00:38:35.677 155919 DEBUG oslo_service.service [req-14e97f91-58fe-4f1d-aaa5-17d679e4189c - - - - -] cpu_allocation_ratio = 2.0 log_opt_values /usr/lib/python3/dist-packages/oslo_config/cfg.py:2602
2025-12-11 00:38:35.677 155919 DEBUG oslo_service.service [req-14e97f91-58fe-4f1d-aaa5-17d679e4189c - - - - -] daemon = False log_opt_values /usr/lib/python3/dist-packages/oslo_config/cfg.py:2602
2025-12-11 00:38:35.678 155919 DEBUG oslo_service.service [req-14e97f91-58fe-4f1d-aaa5-17d679e4189c - - - - -] debug = True log_opt_values /usr/lib/python3/dist-packages/oslo_config/cfg.py:2602
2025-12-11 00:38:35.678 155919 DEBUG oslo_service.service [req-14e97f91-58fe-4f1d-aaa5-17d679e4189c - - - - -] default_access_ip_network_name = None log_opt_values /usr/lib/python3/dist-packages/oslo_config/cfg.py:2602
2025-12-11 00:38:35.678 155919 DEBUG oslo_service.service [req-14e97f91-58fe-4f1d-aaa5-17d679e4189c - - - - -] default_availability_zone = nova log_opt_values /usr/lib/python3/dist-packages/oslo_config/cfg.py:2602
2025-12-11 00:38:35.678 155919 DEBUG oslo_service.service [req-14e97f91-58fe-4f1d-aaa5-17d679e4189c - - - - -] default_ephemeral_format = None log_opt_values /usr/lib/python3/dist-packages/oslo_config/cfg.py:2602
2025-12-11 00:38:35.678 155919 DEBUG oslo_service.service [req-14e97f91-58fe-4f1d-aaa5-17d679e4189c - - - - -] default_log_levels = ['amqp=WARN', 'amqplib=WARN', 'boto=WARN', 'qpid=WARN', 'sqlalchemy=WARN', 'suds=INFO', 'oslo.messaging=INFO', 'oslo_messaging=DEBUG', 'iso8601=WARN', 'requests.packages.urllib3.connectionpool=WARN', 'urllib3.connectionpool=WARN', 'websocket=WARN', 'requests.packages.urllib3.util.retry=WARN', 'urllib3.util.retry=WARN', 'keystonemiddleware=WARN', 'routes.middleware=WARN', 'stevedore=WARN', 'taskflow=WARN', 'keystoneauth=WARN', 'oslo.cache=INFO', 'dogpile.core.dogpile=INFO', 'glanceclient=WARN', 'oslo.privsep.daemon=INFO'] log_opt_values /usr/lib/python3/dist-packages/oslo_config/cfg.py:2602
2025-12-11 00:38:35.679 155919 DEBUG oslo_service.service [req-14e97f91-58fe-4f1d-aaa5-17d679e4189c - - - - -] default_schedule_zone = None log_opt_values /usr/lib/python3/dist-packages/oslo_config/cfg.py:2602
2025-12-11 00:38:35.679 155919 DEBUG oslo_service.service [req-14e97f91-58fe-4f1d-aaa5-17d679e4189c - - - - -] disk_allocation_ratio = 1.0 log_opt_values /usr/lib/python3/dist-packages/oslo_config/cfg.py:2602
2025-12-11 00:38:35.679 155919 DEBUG oslo_service.service [req-14e97f91-58fe-4f1d-aaa5-17d679e4189c - - - - -] enable_new_services = True log_opt_values /usr/lib/python3/dist-packages/oslo_config/cfg.py:2602
2025-12-11 00:38:35.679 155919 DEBUG oslo_service.service [req-14e97f91-58fe-4f1d-aaa5-17d679e4189c - - - - -] enabled_apis = ['osapi_compute', 'metadata'] log_opt_values /usr/lib/python3/dist-packages/oslo_config/cfg.py:2602
2025-12-11 00:38:35.680 155919 DEBUG oslo_service.service [req-14e97f91-58fe-4f1d-aaa5-17d679e4189c - - - - -] enabled_ssl_apis = [] log_opt_values /usr/lib/python3/dist-packages/oslo_config/cfg.py:2602
2025-12-11 00:38:35.680 155919 DEBUG oslo_service.service [req-14e97f91-58fe-4f1d-aaa5-17d679e4189c - - - - -] fatal_deprecations = False log_opt_values /usr/lib/python3/dist-packages/oslo_config/cfg.py:2602
2025-12-11 00:38:35.680 155919 DEBUG oslo_service.service [req-14e97f91-58fe-4f1d-aaa5-17d679e4189c - - - - -] flat_injected = False log_opt_values /usr/lib/python3/dist-packages/oslo_config/cfg.py:2602
2025-12-11 00:38:35.680 156368 DEBUG oslo_db.sqlalchemy.engines [req-ff7de253-d482-45ef-8f4c-d281273900b8 - - - - -] MySQL server mode set to STRICT_TRANS_TABLES,STRICT_ALL_TABLES,NO_ZERO_IN_DATE,NO_ZERO_DATE,ERROR_FOR_DIVISION_BY_ZERO,TRADITIONAL,NO_ENGINE_SUBSTITUTION _check_effective_sql_mode /usr/lib/python3/dist-packages/oslo_db/sqlalchemy/engines.py:314
2025-12-11 00:38:35.680 155919 DEBUG oslo_service.service [req-14e97f91-58fe-4f1d-aaa5-17d679e4189c - - - - -] force_config_drive = False log_opt_values /usr/lib/python3/dist-packages/oslo_config/cfg.py:2602
2025-12-11 00:38:35.680 155919 DEBUG oslo_service.service [req-14e97f91-58fe-4f1d-aaa5-17d679e4189c - - - - -] force_raw_images = True log_opt_values /usr/lib/python3/dist-packages/oslo_config/cfg.py:2602
2025-12-11 00:38:35.681 155919 DEBUG oslo_service.service [req-14e97f91-58fe-4f1d-aaa5-17d679e4189c - - - - -] graceful_shutdown_timeout = 60 log_opt_values /usr/lib/python3/dist-packages/oslo_config/cfg.py:2602
2025-12-11 00:38:35.681 155919 DEBUG oslo_service.service [req-14e97f91-58fe-4f1d-aaa5-17d679e4189c - - - - -] heal_instance_info_cache_interval = 60 log_opt_values /usr/lib/python3/dist-packages/oslo_config/cfg.py:2602
2025-12-11 00:38:35.680 156370 INFO nova.service [-] Starting scheduler node (version 25.2.1)
2025-12-11 00:38:35.682 155919 DEBUG oslo_service.service [req-14e97f91-58fe-4f1d-aaa5-17d679e4189c - - - - -] host = juju-f17ef8-0-lxd-7 log_opt_values /usr/lib/python3/dist-packages/oslo_config/cfg.py:2602
2025-12-11 00:38:35.684 155919 DEBUG oslo_service.service [req-14e97f91-58fe-4f1d-aaa5-17d679e4189c - - - - -] initial_cpu_allocation_ratio = 16.0 log_opt_values /usr/lib/python3/dist-packages/oslo_config/cfg.py:2602
2025-12-11 00:38:35.684 155919 DEBUG oslo_service.service [req-14e97f91-58fe-4f1d-aaa5-17d679e4189c - - - - -] initial_disk_allocation_ratio = 1.0 log_opt_values /usr/lib/python3/dist-packages/oslo_config/cfg.py:2602
2025-12-11 00:38:35.684 155919 DEBUG oslo_service.service [req-14e97f91-58fe-4f1d-aaa5-17d679e4189c - - - - -] initial_ram_allocation_ratio = 1.5 log_opt_values /usr/lib/python3/dist-packages/oslo_config/cfg.py:2602
2025-12-11 00:38:35.685 155919 DEBUG oslo_service.service [req-14e97f91-58fe-4f1d-aaa5-17d679e4189c - - - - -] injected_network_template = /usr/lib/python3/dist-packages/nova/virt/interfaces.template log_opt_values /usr/lib/python3/dist-packages/oslo_config/cfg.py:2602
2025-12-11 00:38:35.685 155919 DEBUG oslo_service.service [req-14e97f91-58fe-4f1d-aaa5-17d679e4189c - - - - -] instance_build_timeout = 0 log_opt_values /usr/lib/python3/dist-packages/oslo_config/cfg.py:2602
2025-12-11 00:38:35.685 155919 DEBUG oslo_service.service [req-14e97f91-58fe-4f1d-aaa5-17d679e4189c - - - - -] instance_delete_interval = 300 log_opt_values /usr/lib/python3/dist-packages/oslo_config/cfg.py:2602
2025-12-11 00:38:35.686 156369 DEBUG oslo_db.sqlalchemy.engines [req-0f21653c-d1cb-47f8-8bcd-a7ef9d893e95 - - - - -] MySQL server mode set to STRICT_TRANS_TABLES,STRICT_ALL_TABLES,NO_ZERO_IN_DATE,NO_ZERO_DATE,ERROR_FOR_DIVISION_BY_ZERO,TRADITIONAL,NO_ENGINE_SUBSTITUTION _check_effective_sql_mode /usr/lib/python3/dist-packages/oslo_db/sqlalchemy/engines.py:314
2025-12-11 00:38:35.685 155919 DEBUG oslo_service.service [req-14e97f91-58fe-4f1d-aaa5-17d679e4189c - - - - -] instance_format = [instance: %(uuid)s] log_opt_values /usr/lib/python3/dist-packages/oslo_config/cfg.py:2602
2025-12-11 00:38:35.687 155919 DEBUG oslo_service.service [req-14e97f91-58fe-4f1d-aaa5-17d679e4189c - - - - -] instance_name_template = instance-%08x log_opt_values /usr/lib/python3/dist-packages/oslo_config/cfg.py:2602
2025-12-11 00:38:35.689 155919 DEBUG oslo_service.service [req-14e97f91-58fe-4f1d-aaa5-17d679e4189c - - - - -] instance_usage_audit = False log_opt_values /usr/lib/python3/dist-packages/oslo_config/cfg.py:2602
2025-12-11 00:38:35.690 155919 DEBUG oslo_service.service [req-14e97f91-58fe-4f1d-aaa5-17d679e4189c - - - - -] instance_usage_audit_period = month log_opt_values /usr/lib/python3/dist-packages/oslo_config/cfg.py:2602
2025-12-11 00:38:35.691 156367 DEBUG nova.service [req-8506fd71-c5cd-4f3c-8cc4-0fac29248f66 - - - - -] Creating RPC server for service scheduler start /usr/lib/python3/dist-packages/nova/service.py:182
2025-12-11 00:38:35.691 155919 DEBUG oslo_service.service [req-14e97f91-58fe-4f1d-aaa5-17d679e4189c - - - - -] instance_uuid_format = [instance: %(uuid)s] log_opt_values /usr/lib/python3/dist-packages/oslo_config/cfg.py:2602
2025-12-11 00:38:35.692 155919 DEBUG oslo_service.service [req-14e97f91-58fe-4f1d-aaa5-17d679e4189c - - - - -] instances_path = /var/lib/nova/instances log_opt_values /usr/lib/python3/dist-packages/oslo_config/cfg.py:2602
2025-12-11 00:38:35.692 155919 DEBUG oslo_service.service [req-14e97f91-58fe-4f1d-aaa5-17d679e4189c - - - - -] internal_service_availability_zone = internal log_opt_values /usr/lib/python3/dist-packages/oslo_config/cfg.py:2602
2025-12-11 00:38:35.693 155919 DEBUG oslo_service.service [req-14e97f91-58fe-4f1d-aaa5-17d679e4189c - - - - -] key = None log_opt_values /usr/lib/python3/dist-packages/oslo_config/cfg.py:2602
2025-12-11 00:38:35.694 155919 DEBUG oslo_service.service [req-14e97f91-58fe-4f1d-aaa5-17d679e4189c - - - - -] live_migration_retry_count = 30 log_opt_values /usr/lib/python3/dist-packages/oslo_config/cfg.py:2602
2025-12-11 00:38:35.694 155919 DEBUG oslo_service.service [req-14e97f91-58fe-4f1d-aaa5-17d679e4189c - - - - -] log_config_append = None log_opt_values /usr/lib/python3/dist-packages/oslo_config/cfg.py:2602
2025-12-11 00:38:35.695 155919 DEBUG oslo_service.service [req-14e97f91-58fe-4f1d-aaa5-17d679e4189c - - - - -] log_date_format = %Y-%m-%d %H:%M:%S log_opt_values /usr/lib/python3/dist-packages/oslo_config/cfg.py:2602
2025-12-11 00:38:35.695 155919 DEBUG oslo_service.service [req-14e97f91-58fe-4f1d-aaa5-17d679e4189c - - - - -] log_dir = /var/log/nova log_opt_values /usr/lib/python3/dist-packages/oslo_config/cfg.py:2602
2025-12-11 00:38:35.695 155919 DEBUG oslo_service.service [req-14e97f91-58fe-4f1d-aaa5-17d679e4189c - - - - -] log_file = /var/log/nova/nova-scheduler.log log_opt_values /usr/lib/python3/dist-packages/oslo_config/cfg.py:2602
2025-12-11 00:38:35.695 155919 DEBUG oslo_service.service [req-14e97f91-58fe-4f1d-aaa5-17d679e4189c - - - - -] log_options = True log_opt_values /usr/lib/python3/dist-packages/oslo_config/cfg.py:2602
2025-12-11 00:38:35.695 155919 DEBUG oslo_service.service [req-14e97f91-58fe-4f1d-aaa5-17d679e4189c - - - - -] log_rotate_interval = 1 log_opt_values /usr/lib/python3/dist-packages/oslo_config/cfg.py:2602
2025-12-11 00:38:35.695 155919 DEBUG oslo_service.service [req-14e97f91-58fe-4f1d-aaa5-17d679e4189c - - - - -] log_rotate_interval_type = days log_opt_values /usr/lib/python3/dist-packages/oslo_config/cfg.py:2602
2025-12-11 00:38:35.696 155919 DEBUG oslo_service.service [req-14e97f91-58fe-4f1d-aaa5-17d679e4189c - - - - -] log_rotation_type = none log_opt_values /usr/lib/python3/dist-packages/oslo_config/cfg.py:2602
2025-12-11 00:38:35.696 155919 DEBUG oslo_service.service [req-14e97f91-58fe-4f1d-aaa5-17d679e4189c - - - - -] logging_context_format_string = %(asctime)s.%(msecs)03d %(process)d %(levelname)s %(name)s [%(request_id)s %(user_identity)s] %(instance)s%(message)s log_opt_values /usr/lib/python3/dist-packages/oslo_config/cfg.py:2602
2025-12-11 00:38:35.696 155919 DEBUG oslo_service.service [req-14e97f91-58fe-4f1d-aaa5-17d679e4189c - - - - -] logging_debug_format_suffix = %(funcName)s %(pathname)s:%(lineno)d log_opt_values /usr/lib/python3/dist-packages/oslo_config/cfg.py:2602
2025-12-11 00:38:35.696 155919 DEBUG oslo_service.service [req-14e97f91-58fe-4f1d-aaa5-17d679e4189c - - - - -] logging_default_format_string = %(asctime)s.%(msecs)03d %(process)d %(levelname)s %(name)s [-] %(instance)s%(message)s log_opt_values /usr/lib/python3/dist-packages/oslo_config/cfg.py:2602
2025-12-11 00:38:35.696 155919 DEBUG oslo_service.service [req-14e97f91-58fe-4f1d-aaa5-17d679e4189c - - - - -] logging_exception_prefix = %(asctime)s.%(msecs)03d %(process)d ERROR %(name)s %(instance)s log_opt_values /usr/lib/python3/dist-packages/oslo_config/cfg.py:2602
2025-12-11 00:38:35.696 155919 DEBUG oslo_service.service [req-14e97f91-58fe-4f1d-aaa5-17d679e4189c - - - - -] logging_user_identity_format = %(user)s %(project)s %(domain)s %(user_domain)s %(project_domain)s log_opt_values /usr/lib/python3/dist-packages/oslo_config/cfg.py:2602
2025-12-11 00:38:35.697 155919 DEBUG oslo_service.service [req-14e97f91-58fe-4f1d-aaa5-17d679e4189c - - - - -] long_rpc_timeout = 1800 log_opt_values /usr/lib/python3/dist-packages/oslo_config/cfg.py:2602
2025-12-11 00:38:35.697 155919 DEBUG oslo_service.service [req-14e97f91-58fe-4f1d-aaa5-17d679e4189c - - - - -] max_concurrent_builds = 10 log_opt_values /usr/lib/python3/dist-packages/oslo_config/cfg.py:2602
2025-12-11 00:38:35.697 155919 DEBUG oslo_service.service [req-14e97f91-58fe-4f1d-aaa5-17d679e4189c - - - - -] max_concurrent_live_migrations = 1 log_opt_values /usr/lib/python3/dist-packages/oslo_config/cfg.py:2602
2025-12-11 00:38:35.697 155919 DEBUG oslo_service.service [req-14e97f91-58fe-4f1d-aaa5-17d679e4189c - - - - -] max_concurrent_snapshots = 5 log_opt_values /usr/lib/python3/dist-packages/oslo_config/cfg.py:2602
2025-12-11 00:38:35.697 155919 DEBUG oslo_service.service [req-14e97f91-58fe-4f1d-aaa5-17d679e4189c - - - - -] max_local_block_devices = 3 log_opt_values /usr/lib/python3/dist-packages/oslo_config/cfg.py:2602
2025-12-11 00:38:35.698 155919 DEBUG oslo_service.service [req-14e97f91-58fe-4f1d-aaa5-17d679e4189c - - - - -] max_logfile_count = 30 log_opt_values /usr/lib/python3/dist-packages/oslo_config/cfg.py:2602
2025-12-11 00:38:35.698 155919 DEBUG oslo_service.service [req-14e97f91-58fe-4f1d-aaa5-17d679e4189c - - - - -] max_logfile_size_mb = 200 log_opt_values /usr/lib/python3/dist-packages/oslo_config/cfg.py:2602
2025-12-11 00:38:35.698 155919 DEBUG oslo_service.service [req-14e97f91-58fe-4f1d-aaa5-17d679e4189c - - - - -] maximum_instance_delete_attempts = 5 log_opt_values /usr/lib/python3/dist-packages/oslo_config/cfg.py:2602
2025-12-11 00:38:35.698 155919 DEBUG oslo_service.service [req-14e97f91-58fe-4f1d-aaa5-17d679e4189c - - - - -] metadata_listen = 0.0.0.0 log_opt_values /usr/lib/python3/dist-packages/oslo_config/cfg.py:2602
2025-12-11 00:38:35.698 155919 DEBUG oslo_service.service [req-14e97f91-58fe-4f1d-aaa5-17d679e4189c - - - - -] metadata_listen_port = 8765 log_opt_values /usr/lib/python3/dist-packages/oslo_config/cfg.py:2602
2025-12-11 00:38:35.698 155919 DEBUG oslo_service.service [req-14e97f91-58fe-4f1d-aaa5-17d679e4189c - - - - -] metadata_workers = None log_opt_values /usr/lib/python3/dist-packages/oslo_config/cfg.py:2602
2025-12-11 00:38:35.699 155919 DEBUG oslo_service.service [req-14e97f91-58fe-4f1d-aaa5-17d679e4189c - - - - -] migrate_max_retries = -1 log_opt_values /usr/lib/python3/dist-packages/oslo_config/cfg.py:2602
2025-12-11 00:38:35.699 155919 DEBUG oslo_service.service [req-14e97f91-58fe-4f1d-aaa5-17d679e4189c - - - - -] mkisofs_cmd = genisoimage log_opt_values /usr/lib/python3/dist-packages/oslo_config/cfg.py:2602
2025-12-11 00:38:35.699 155919 DEBUG oslo_service.service [req-14e97f91-58fe-4f1d-aaa5-17d679e4189c - - - - -] my_block_storage_ip = 252.242.63.156 log_opt_values /usr/lib/python3/dist-packages/oslo_config/cfg.py:2602
2025-12-11 00:38:35.699 156368 DEBUG nova.service [req-ff7de253-d482-45ef-8f4c-d281273900b8 - - - - -] Creating RPC server for service scheduler start /usr/lib/python3/dist-packages/nova/service.py:182
2025-12-11 00:38:35.700 156370 DEBUG oslo_db.sqlalchemy.engines [req-d799d766-fa26-4e02-af84-f00fb081c56b - - - - -] MySQL server mode set to STRICT_TRANS_TABLES,STRICT_ALL_TABLES,NO_ZERO_IN_DATE,NO_ZERO_DATE,ERROR_FOR_DIVISION_BY_ZERO,TRADITIONAL,NO_ENGINE_SUBSTITUTION _check_effective_sql_mode /usr/lib/python3/dist-packages/oslo_db/sqlalchemy/engines.py:314
2025-12-11 00:38:35.700 155919 DEBUG oslo_service.service [req-14e97f91-58fe-4f1d-aaa5-17d679e4189c - - - - -] my_ip = 252.242.63.156 log_opt_values /usr/lib/python3/dist-packages/oslo_config/cfg.py:2602
2025-12-11 00:38:35.704 155919 DEBUG oslo_service.service [req-14e97f91-58fe-4f1d-aaa5-17d679e4189c - - - - -] network_allocate_retries = 0 log_opt_values /usr/lib/python3/dist-packages/oslo_config/cfg.py:2602
2025-12-11 00:38:35.704 155919 DEBUG oslo_service.service [req-14e97f91-58fe-4f1d-aaa5-17d679e4189c - - - - -] non_inheritable_image_properties = ['cache_in_nova', 'bittorrent'] log_opt_values /usr/lib/python3/dist-packages/oslo_config/cfg.py:2602
2025-12-11 00:38:35.704 155919 DEBUG oslo_service.service [req-14e97f91-58fe-4f1d-aaa5-17d679e4189c - - - - -] osapi_compute_listen = 0.0.0.0 log_opt_values /usr/lib/python3/dist-packages/oslo_config/cfg.py:2602
2025-12-11 00:38:35.705 155919 DEBUG oslo_service.service [req-14e97f91-58fe-4f1d-aaa5-17d679e4189c - - - - -] osapi_compute_listen_port = 8764 log_opt_values /usr/lib/python3/dist-packages/oslo_config/cfg.py:2602
2025-12-11 00:38:35.705 155919 DEBUG oslo_service.service [req-14e97f91-58fe-4f1d-aaa5-17d679e4189c - - - - -] osapi_compute_unique_server_name_scope = log_opt_values /usr/lib/python3/dist-packages/oslo_config/cfg.py:2602
2025-12-11 00:38:35.706 155919 DEBUG oslo_service.service [req-14e97f91-58fe-4f1d-aaa5-17d679e4189c - - - - -] osapi_compute_workers = 4 log_opt_values /usr/lib/python3/dist-packages/oslo_config/cfg.py:2602
2025-12-11 00:38:35.706 155919 DEBUG oslo_service.service [req-14e97f91-58fe-4f1d-aaa5-17d679e4189c - - - - -] password_length = 12 log_opt_values /usr/lib/python3/dist-packages/oslo_config/cfg.py:2602
2025-12-11 00:38:35.706 155919 DEBUG oslo_service.service [req-14e97f91-58fe-4f1d-aaa5-17d679e4189c - - - - -] periodic_enable = True log_opt_values /usr/lib/python3/dist-packages/oslo_config/cfg.py:2602
2025-12-11 00:38:35.706 155919 DEBUG oslo_service.service [req-14e97f91-58fe-4f1d-aaa5-17d679e4189c - - - - -] periodic_fuzzy_delay = 60 log_opt_values /usr/lib/python3/dist-packages/oslo_config/cfg.py:2602
2025-12-11 00:38:35.707 155919 DEBUG oslo_service.service [req-14e97f91-58fe-4f1d-aaa5-17d679e4189c - - - - -] pointer_model = usbtablet log_opt_values /usr/lib/python3/dist-packages/oslo_config/cfg.py:2602
2025-12-11 00:38:35.708 155919 DEBUG oslo_service.service [req-14e97f91-58fe-4f1d-aaa5-17d679e4189c - - - - -] preallocate_images = none log_opt_values /usr/lib/python3/dist-packages/oslo_config/cfg.py:2602
2025-12-11 00:38:35.708 156369 DEBUG nova.service [req-0f21653c-d1cb-47f8-8bcd-a7ef9d893e95 - - - - -] Creating RPC server for service scheduler start /usr/lib/python3/dist-packages/nova/service.py:182
2025-12-11 00:38:35.709 155919 DEBUG oslo_service.service [req-14e97f91-58fe-4f1d-aaa5-17d679e4189c - - - - -] publish_errors = False log_opt_values /usr/lib/python3/dist-packages/oslo_config/cfg.py:2602
2025-12-11 00:38:35.709 155919 DEBUG oslo_service.service [req-14e97f91-58fe-4f1d-aaa5-17d679e4189c - - - - -] pybasedir = /usr/lib/python3/dist-packages log_opt_values /usr/lib/python3/dist-packages/oslo_config/cfg.py:2602
2025-12-11 00:38:35.709 155919 DEBUG oslo_service.service [req-14e97f91-58fe-4f1d-aaa5-17d679e4189c - - - - -] ram_allocation_ratio = 0.98 log_opt_values /usr/lib/python3/dist-packages/oslo_config/cfg.py:2602
2025-12-11 00:38:35.710 155919 DEBUG oslo_service.service [req-14e97f91-58fe-4f1d-aaa5-17d679e4189c - - - - -] rate_limit_burst = 0 log_opt_values /usr/lib/python3/dist-packages/oslo_config/cfg.py:2602
2025-12-11 00:38:35.710 155919 DEBUG oslo_service.service [req-14e97f91-58fe-4f1d-aaa5-17d679e4189c - - - - -] rate_limit_except_level = CRITICAL log_opt_values /usr/lib/python3/dist-packages/oslo_config/cfg.py:2602
2025-12-11 00:38:35.710 155919 DEBUG oslo_service.service [req-14e97f91-58fe-4f1d-aaa5-17d679e4189c - - - - -] rate_limit_interval = 0 log_opt_values /usr/lib/python3/dist-packages/oslo_config/cfg.py:2602
2025-12-11 00:38:35.713 155919 DEBUG oslo_service.service [req-14e97f91-58fe-4f1d-aaa5-17d679e4189c - - - - -] reboot_timeout = 0 log_opt_values /usr/lib/python3/dist-packages/oslo_config/cfg.py:2602
2025-12-11 00:38:35.713 155919 DEBUG oslo_service.service [req-14e97f91-58fe-4f1d-aaa5-17d679e4189c - - - - -] reclaim_instance_interval = 0 log_opt_values /usr/lib/python3/dist-packages/oslo_config/cfg.py:2602
2025-12-11 00:38:35.713 155919 DEBUG oslo_service.service [req-14e97f91-58fe-4f1d-aaa5-17d679e4189c - - - - -] record = None log_opt_values /usr/lib/python3/dist-packages/oslo_config/cfg.py:2602
2025-12-11 00:38:35.714 155919 DEBUG oslo_service.service [req-14e97f91-58fe-4f1d-aaa5-17d679e4189c - - - - -] report_interval = 10 log_opt_values /usr/lib/python3/dist-packages/oslo_config/cfg.py:2602
2025-12-11 00:38:35.714 155919 DEBUG oslo_service.service [req-14e97f91-58fe-4f1d-aaa5-17d679e4189c - - - - -] rescue_timeout = 0 log_opt_values /usr/lib/python3/dist-packages/oslo_config/cfg.py:2602
2025-12-11 00:38:35.714 155919 DEBUG oslo_service.service [req-14e97f91-58fe-4f1d-aaa5-17d679e4189c - - - - -] reserved_host_cpus = 0 log_opt_values /usr/lib/python3/dist-packages/oslo_config/cfg.py:2602
2025-12-11 00:38:35.715 155919 DEBUG oslo_service.service [req-14e97f91-58fe-4f1d-aaa5-17d679e4189c - - - - -] reserved_host_disk_mb = 0 log_opt_values /usr/lib/python3/dist-packages/oslo_config/cfg.py:2602
2025-12-11 00:38:35.715 155919 DEBUG oslo_service.service [req-14e97f91-58fe-4f1d-aaa5-17d679e4189c - - - - -] reserved_host_memory_mb = 512 log_opt_values /usr/lib/python3/dist-packages/oslo_config/cfg.py:2602
2025-12-11 00:38:35.715 155919 DEBUG oslo_service.service [req-14e97f91-58fe-4f1d-aaa5-17d679e4189c - - - - -] reserved_huge_pages = None log_opt_values /usr/lib/python3/dist-packages/oslo_config/cfg.py:2602
2025-12-11 00:38:35.715 155919 DEBUG oslo_service.service [req-14e97f91-58fe-4f1d-aaa5-17d679e4189c - - - - -] resize_confirm_window = 0 log_opt_values /usr/lib/python3/dist-packages/oslo_config/cfg.py:2602
2025-12-11 00:38:35.716 155919 DEBUG oslo_service.service [req-14e97f91-58fe-4f1d-aaa5-17d679e4189c - - - - -] resize_fs_using_block_device = False log_opt_values /usr/lib/python3/dist-packages/oslo_config/cfg.py:2602
2025-12-11 00:38:35.716 155919 DEBUG oslo_service.service [req-14e97f91-58fe-4f1d-aaa5-17d679e4189c - - - - -] resume_guests_state_on_host_boot = False log_opt_values /usr/lib/python3/dist-packages/oslo_config/cfg.py:2602
2025-12-11 00:38:35.716 155919 DEBUG oslo_service.service [req-14e97f91-58fe-4f1d-aaa5-17d679e4189c - - - - -] rootwrap_config = /etc/nova/rootwrap.conf log_opt_values /usr/lib/python3/dist-packages/oslo_config/cfg.py:2602
2025-12-11 00:38:35.716 155919 DEBUG oslo_service.service [req-14e97f91-58fe-4f1d-aaa5-17d679e4189c - - - - -] run_external_periodic_tasks = True log_opt_values /usr/lib/python3/dist-packages/oslo_config/cfg.py:2602
2025-12-11 00:38:35.718 155919 DEBUG oslo_service.service [req-14e97f91-58fe-4f1d-aaa5-17d679e4189c - - - - -] running_deleted_instance_action = reap log_opt_values /usr/lib/python3/dist-packages/oslo_config/cfg.py:2602
2025-12-11 00:38:35.718 155919 DEBUG oslo_service.service [req-14e97f91-58fe-4f1d-aaa5-17d679e4189c - - - - -] running_deleted_instance_poll_interval = 1800 log_opt_values /usr/lib/python3/dist-packages/oslo_config/cfg.py:2602
2025-12-11 00:38:35.719 155919 DEBUG oslo_service.service [req-14e97f91-58fe-4f1d-aaa5-17d679e4189c - - - - -] running_deleted_instance_timeout = 0 log_opt_values /usr/lib/python3/dist-packages/oslo_config/cfg.py:2602
2025-12-11 00:38:35.719 155919 DEBUG oslo_service.service [req-14e97f91-58fe-4f1d-aaa5-17d679e4189c - - - - -] scheduler_instance_sync_interval = 120 log_opt_values /usr/lib/python3/dist-packages/oslo_config/cfg.py:2602
2025-12-11 00:38:35.720 155919 DEBUG oslo_service.service [req-14e97f91-58fe-4f1d-aaa5-17d679e4189c - - - - -] service_down_time = 60 log_opt_values /usr/lib/python3/dist-packages/oslo_config/cfg.py:2602
2025-12-11 00:38:35.720 155919 DEBUG oslo_service.service [req-14e97f91-58fe-4f1d-aaa5-17d679e4189c - - - - -] servicegroup_driver = db log_opt_values /usr/lib/python3/dist-packages/oslo_config/cfg.py:2602
2025-12-11 00:38:35.722 156370 DEBUG nova.service [req-d799d766-fa26-4e02-af84-f00fb081c56b - - - - -] Creating RPC server for service scheduler start /usr/lib/python3/dist-packages/nova/service.py:182
2025-12-11 00:38:35.722 155919 DEBUG oslo_service.service [req-14e97f91-58fe-4f1d-aaa5-17d679e4189c - - - - -] shelved_offload_time = 0 log_opt_values /usr/lib/python3/dist-packages/oslo_config/cfg.py:2602
2025-12-11 00:38:35.723 155919 DEBUG oslo_service.service [req-14e97f91-58fe-4f1d-aaa5-17d679e4189c - - - - -] shelved_poll_interval = 3600 log_opt_values /usr/lib/python3/dist-packages/oslo_config/cfg.py:2602
2025-12-11 00:38:35.724 155919 DEBUG oslo_service.service [req-14e97f91-58fe-4f1d-aaa5-17d679e4189c - - - - -] shutdown_timeout = 60 log_opt_values /usr/lib/python3/dist-packages/oslo_config/cfg.py:2602
2025-12-11 00:38:35.724 155919 DEBUG oslo_service.service [req-14e97f91-58fe-4f1d-aaa5-17d679e4189c - - - - -] source_is_ipv6 = False log_opt_values /usr/lib/python3/dist-packages/oslo_config/cfg.py:2602
2025-12-11 00:38:35.724 155919 DEBUG oslo_service.service [req-14e97f91-58fe-4f1d-aaa5-17d679e4189c - - - - -] ssl_only = False log_opt_values /usr/lib/python3/dist-packages/oslo_config/cfg.py:2602
2025-12-11 00:38:35.725 155919 DEBUG oslo_service.service [req-14e97f91-58fe-4f1d-aaa5-17d679e4189c - - - - -] state_path = /var/lib/nova log_opt_values /usr/lib/python3/dist-packages/oslo_config/cfg.py:2602
2025-12-11 00:38:35.726 155919 DEBUG oslo_service.service [req-14e97f91-58fe-4f1d-aaa5-17d679e4189c - - - - -] sync_power_state_interval = 600 log_opt_values /usr/lib/python3/dist-packages/oslo_config/cfg.py:2602
2025-12-11 00:38:35.726 155919 DEBUG oslo_service.service [req-14e97f91-58fe-4f1d-aaa5-17d679e4189c - - - - -] sync_power_state_pool_size = 1000 log_opt_values /usr/lib/python3/dist-packages/oslo_config/cfg.py:2602
2025-12-11 00:38:35.726 155919 DEBUG oslo_service.service [req-14e97f91-58fe-4f1d-aaa5-17d679e4189c - - - - -] syslog_log_facility = LOG_USER log_opt_values /usr/lib/python3/dist-packages/oslo_config/cfg.py:2602
2025-12-11 00:38:35.726 155919 DEBUG oslo_service.service [req-14e97f91-58fe-4f1d-aaa5-17d679e4189c - - - - -] tempdir = None log_opt_values /usr/lib/python3/dist-packages/oslo_config/cfg.py:2602
2025-12-11 00:38:35.726 155919 DEBUG oslo_service.service [req-14e97f91-58fe-4f1d-aaa5-17d679e4189c - - - - -] timeout_nbd = 10 log_opt_values /usr/lib/python3/dist-packages/oslo_config/cfg.py:2602
2025-12-11 00:38:35.727 155919 DEBUG oslo_service.service [req-14e97f91-58fe-4f1d-aaa5-17d679e4189c - - - - -] transport_url = **** log_opt_values /usr/lib/python3/dist-packages/oslo_config/cfg.py:2602
2025-12-11 00:38:35.727 155919 DEBUG oslo_service.service [req-14e97f91-58fe-4f1d-aaa5-17d679e4189c - - - - -] update_resources_interval = 0 log_opt_values /usr/lib/python3/dist-packages/oslo_config/cfg.py:2602
2025-12-11 00:38:35.727 155919 DEBUG oslo_service.service [req-14e97f91-58fe-4f1d-aaa5-17d679e4189c - - - - -] use_cow_images = True log_opt_values /usr/lib/python3/dist-packages/oslo_config/cfg.py:2602
2025-12-11 00:38:35.727 155919 DEBUG oslo_service.service [req-14e97f91-58fe-4f1d-aaa5-17d679e4189c - - - - -] use_eventlog = False log_opt_values /usr/lib/python3/dist-packages/oslo_config/cfg.py:2602
2025-12-11 00:38:35.727 155919 DEBUG oslo_service.service [req-14e97f91-58fe-4f1d-aaa5-17d679e4189c - - - - -] use_journal = False log_opt_values /usr/lib/python3/dist-packages/oslo_config/cfg.py:2602
2025-12-11 00:38:35.727 155919 DEBUG oslo_service.service [req-14e97f91-58fe-4f1d-aaa5-17d679e4189c - - - - -] use_json = False log_opt_values /usr/lib/python3/dist-packages/oslo_config/cfg.py:2602
2025-12-11 00:38:35.728 155919 DEBUG oslo_service.service [req-14e97f91-58fe-4f1d-aaa5-17d679e4189c - - - - -] use_rootwrap_daemon = False log_opt_values /usr/lib/python3/dist-packages/oslo_config/cfg.py:2602
2025-12-11 00:38:35.728 155919 DEBUG oslo_service.service [req-14e97f91-58fe-4f1d-aaa5-17d679e4189c - - - - -] use_stderr = False log_opt_values /usr/lib/python3/dist-packages/oslo_config/cfg.py:2602
2025-12-11 00:38:35.728 155919 DEBUG oslo_service.service [req-14e97f91-58fe-4f1d-aaa5-17d679e4189c - - - - -] use_syslog = False log_opt_values /usr/lib/python3/dist-packages/oslo_config/cfg.py:2602
2025-12-11 00:38:35.728 155919 DEBUG oslo_service.service [req-14e97f91-58fe-4f1d-aaa5-17d679e4189c - - - - -] vcpu_pin_set = None log_opt_values /usr/lib/python3/dist-packages/oslo_config/cfg.py:2602
2025-12-11 00:38:35.728 155919 DEBUG oslo_service.service [req-14e97f91-58fe-4f1d-aaa5-17d679e4189c - - - - -] vif_plugging_is_fatal = True log_opt_values /usr/lib/python3/dist-packages/oslo_config/cfg.py:2602
2025-12-11 00:38:35.728 155919 DEBUG oslo_service.service [req-14e97f91-58fe-4f1d-aaa5-17d679e4189c - - - - -] vif_plugging_timeout = 300 log_opt_values /usr/lib/python3/dist-packages/oslo_config/cfg.py:2602
2025-12-11 00:38:35.729 155919 DEBUG oslo_service.service [req-14e97f91-58fe-4f1d-aaa5-17d679e4189c - - - - -] virt_mkfs = [] log_opt_values /usr/lib/python3/dist-packages/oslo_config/cfg.py:2602
2025-12-11 00:38:35.729 155919 DEBUG oslo_service.service [req-14e97f91-58fe-4f1d-aaa5-17d679e4189c - - - - -] volume_usage_poll_interval = 0 log_opt_values /usr/lib/python3/dist-packages/oslo_config/cfg.py:2602
2025-12-11 00:38:35.729 155919 DEBUG oslo_service.service [req-14e97f91-58fe-4f1d-aaa5-17d679e4189c - - - - -] watch_log_file = False log_opt_values /usr/lib/python3/dist-packages/oslo_config/cfg.py:2602
2025-12-11 00:38:35.729 155919 DEBUG oslo_service.service [req-14e97f91-58fe-4f1d-aaa5-17d679e4189c - - - - -] web = /usr/share/spice-html5 log_opt_values /usr/lib/python3/dist-packages/oslo_config/cfg.py:2602
2025-12-11 00:38:35.729 155919 DEBUG oslo_service.service [req-14e97f91-58fe-4f1d-aaa5-17d679e4189c - - - - -] oslo_concurrency.disable_process_locking = False log_opt_values /usr/lib/python3/dist-packages/oslo_config/cfg.py:2609
2025-12-11 00:38:35.729 155919 DEBUG oslo_service.service [req-14e97f91-58fe-4f1d-aaa5-17d679e4189c - - - - -] oslo_concurrency.lock_path = /var/lock/nova log_opt_values /usr/lib/python3/dist-packages/oslo_config/cfg.py:2609
2025-12-11 00:38:35.730 155919 WARNING oslo_config.cfg [req-14e97f91-58fe-4f1d-aaa5-17d679e4189c - - - - -] Deprecated: Option "auth_strategy" from group "api" is deprecated for removal ( The only non-default choice, ``noauth2``, is for internal development and testing purposes only and should not be used in deployments. This option and its middleware, NoAuthMiddleware[V2_18], will be removed in a future release. ). Its value may be silently ignored in the future.
2025-12-11 00:38:35.730 155919 DEBUG oslo_service.service [req-14e97f91-58fe-4f1d-aaa5-17d679e4189c - - - - -] api.auth_strategy = keystone log_opt_values /usr/lib/python3/dist-packages/oslo_config/cfg.py:2609
2025-12-11 00:38:35.730 155919 DEBUG oslo_service.service [req-14e97f91-58fe-4f1d-aaa5-17d679e4189c - - - - -] api.compute_link_prefix = None log_opt_values /usr/lib/python3/dist-packages/oslo_config/cfg.py:2609
2025-12-11 00:38:35.731 155919 DEBUG oslo_service.service [req-14e97f91-58fe-4f1d-aaa5-17d679e4189c - - - - -] api.config_drive_skip_versions = 1.0 2007-01-19 2007-03-01 2007-08-29 2007-10-10 2007-12-15 2008-02-01 2008-09-01 log_opt_values /usr/lib/python3/dist-packages/oslo_config/cfg.py:2609
2025-12-11 00:38:35.731 155919 DEBUG oslo_service.service [req-14e97f91-58fe-4f1d-aaa5-17d679e4189c - - - - -] api.dhcp_domain = novalocal log_opt_values /usr/lib/python3/dist-packages/oslo_config/cfg.py:2609
2025-12-11 00:38:35.731 155919 DEBUG oslo_service.service [req-14e97f91-58fe-4f1d-aaa5-17d679e4189c - - - - -] api.enable_instance_password = True log_opt_values /usr/lib/python3/dist-packages/oslo_config/cfg.py:2609
2025-12-11 00:38:35.731 155919 DEBUG oslo_service.service [req-14e97f91-58fe-4f1d-aaa5-17d679e4189c - - - - -] api.glance_link_prefix = None log_opt_values /usr/lib/python3/dist-packages/oslo_config/cfg.py:2609
2025-12-11 00:38:35.731 156368 DEBUG oslo_messaging._drivers.amqpdriver [-] Listener is running poll /usr/lib/python3/dist-packages/oslo_messaging/_drivers/amqpdriver.py:343
2025-12-11 00:38:35.731 155919 DEBUG oslo_service.service [req-14e97f91-58fe-4f1d-aaa5-17d679e4189c - - - - -] api.instance_list_cells_batch_fixed_size = 100 log_opt_values /usr/lib/python3/dist-packages/oslo_config/cfg.py:2609
2025-12-11 00:38:35.731 155919 DEBUG oslo_service.service [req-14e97f91-58fe-4f1d-aaa5-17d679e4189c - - - - -] api.instance_list_cells_batch_strategy = distributed log_opt_values /usr/lib/python3/dist-packages/oslo_config/cfg.py:2609
2025-12-11 00:38:35.731 156368 DEBUG oslo_messaging._drivers.amqpdriver [-] AMQPListener connection consume poll /usr/lib/python3/dist-packages/oslo_messaging/_drivers/amqpdriver.py:357
2025-12-11 00:38:35.732 155919 DEBUG oslo_service.service [req-14e97f91-58fe-4f1d-aaa5-17d679e4189c - - - - -] api.instance_list_per_project_cells = False log_opt_values /usr/lib/python3/dist-packages/oslo_config/cfg.py:2609
2025-12-11 00:38:35.732 155919 DEBUG oslo_service.service [req-14e97f91-58fe-4f1d-aaa5-17d679e4189c - - - - -] api.list_records_by_skipping_down_cells = True log_opt_values /usr/lib/python3/dist-packages/oslo_config/cfg.py:2609
2025-12-11 00:38:35.732 155919 DEBUG oslo_service.service [req-14e97f91-58fe-4f1d-aaa5-17d679e4189c - - - - -] api.local_metadata_per_cell = False log_opt_values /usr/lib/python3/dist-packages/oslo_config/cfg.py:2609
2025-12-11 00:38:35.732 155919 DEBUG oslo_service.service [req-14e97f91-58fe-4f1d-aaa5-17d679e4189c - - - - -] api.max_limit = 1000 log_opt_values /usr/lib/python3/dist-packages/oslo_config/cfg.py:2609
2025-12-11 00:38:35.732 155919 DEBUG oslo_service.service [req-14e97f91-58fe-4f1d-aaa5-17d679e4189c - - - - -] api.metadata_cache_expiration = 15 log_opt_values /usr/lib/python3/dist-packages/oslo_config/cfg.py:2609
2025-12-11 00:38:35.732 155919 DEBUG oslo_service.service [req-14e97f91-58fe-4f1d-aaa5-17d679e4189c - - - - -] api.neutron_default_tenant_id = default log_opt_values /usr/lib/python3/dist-packages/oslo_config/cfg.py:2609
2025-12-11 00:38:35.733 155919 DEBUG oslo_service.service [req-14e97f91-58fe-4f1d-aaa5-17d679e4189c - - - - -] api.use_forwarded_for = False log_opt_values /usr/lib/python3/dist-packages/oslo_config/cfg.py:2609
2025-12-11 00:38:35.733 155919 DEBUG oslo_service.service [req-14e97f91-58fe-4f1d-aaa5-17d679e4189c - - - - -] api.use_neutron_default_nets = False log_opt_values /usr/lib/python3/dist-packages/oslo_config/cfg.py:2609
2025-12-11 00:38:35.733 155919 DEBUG oslo_service.service [req-14e97f91-58fe-4f1d-aaa5-17d679e4189c - - - - -] api.vendordata_dynamic_connect_timeout = 5 log_opt_values /usr/lib/python3/dist-packages/oslo_config/cfg.py:2609
2025-12-11 00:38:35.733 155919 DEBUG oslo_service.service [req-14e97f91-58fe-4f1d-aaa5-17d679e4189c - - - - -] api.vendordata_dynamic_failure_fatal = False log_opt_values /usr/lib/python3/dist-packages/oslo_config/cfg.py:2609
2025-12-11 00:38:35.733 156368 DEBUG nova.service [req-ff7de253-d482-45ef-8f4c-d281273900b8 - - - - -] Join ServiceGroup membership for this service scheduler start /usr/lib/python3/dist-packages/nova/service.py:199
2025-12-11 00:38:35.733 155919 DEBUG oslo_service.service [req-14e97f91-58fe-4f1d-aaa5-17d679e4189c - - - - -] api.vendordata_dynamic_read_timeout = 5 log_opt_values /usr/lib/python3/dist-packages/oslo_config/cfg.py:2609
2025-12-11 00:38:35.733 155919 DEBUG oslo_service.service [req-14e97f91-58fe-4f1d-aaa5-17d679e4189c - - - - -] api.vendordata_dynamic_ssl_certfile = log_opt_values /usr/lib/python3/dist-packages/oslo_config/cfg.py:2609
2025-12-11 00:38:35.733 156368 DEBUG nova.servicegroup.drivers.db [req-ff7de253-d482-45ef-8f4c-d281273900b8 - - - - -] DB_Driver: join new ServiceGroup member juju-f17ef8-0-lxd-7 to the scheduler group, service = join /usr/lib/python3/dist-packages/nova/servicegroup/drivers/db.py:44
2025-12-11 00:38:35.734 155919 DEBUG oslo_service.service [req-14e97f91-58fe-4f1d-aaa5-17d679e4189c - - - - -] api.vendordata_dynamic_targets = [] log_opt_values /usr/lib/python3/dist-packages/oslo_config/cfg.py:2609
2025-12-11 00:38:35.734 155919 DEBUG oslo_service.service [req-14e97f91-58fe-4f1d-aaa5-17d679e4189c - - - - -] api.vendordata_jsonfile_path = None log_opt_values /usr/lib/python3/dist-packages/oslo_config/cfg.py:2609
2025-12-11 00:38:35.734 155919 DEBUG oslo_service.service [req-14e97f91-58fe-4f1d-aaa5-17d679e4189c - - - - -] api.vendordata_providers = ['StaticJSON'] log_opt_values /usr/lib/python3/dist-packages/oslo_config/cfg.py:2609
2025-12-11 00:38:35.734 155919 DEBUG oslo_service.service [req-14e97f91-58fe-4f1d-aaa5-17d679e4189c - - - - -] cache.backend = dogpile.cache.null log_opt_values /usr/lib/python3/dist-packages/oslo_config/cfg.py:2609
2025-12-11 00:38:35.734 155919 DEBUG oslo_service.service [req-14e97f91-58fe-4f1d-aaa5-17d679e4189c - - - - -] cache.backend_argument = **** log_opt_values /usr/lib/python3/dist-packages/oslo_config/cfg.py:2609
2025-12-11 00:38:35.734 155919 DEBUG oslo_service.service [req-14e97f91-58fe-4f1d-aaa5-17d679e4189c - - - - -] cache.config_prefix = cache.oslo log_opt_values /usr/lib/python3/dist-packages/oslo_config/cfg.py:2609
2025-12-11 00:38:35.734 156368 DEBUG oslo_messaging._drivers.amqpdriver [-] AMQPListener connection timeout poll /usr/lib/python3/dist-packages/oslo_messaging/_drivers/amqpdriver.py:360
2025-12-11 00:38:35.735 155919 DEBUG oslo_service.service [req-14e97f91-58fe-4f1d-aaa5-17d679e4189c - - - - -] cache.debug_cache_backend = False log_opt_values /usr/lib/python3/dist-packages/oslo_config/cfg.py:2609
2025-12-11 00:38:35.735 155919 DEBUG oslo_service.service [req-14e97f91-58fe-4f1d-aaa5-17d679e4189c - - - - -] cache.enabled = False log_opt_values /usr/lib/python3/dist-packages/oslo_config/cfg.py:2609
2025-12-11 00:38:35.735 156368 DEBUG oslo_messaging._drivers.amqpdriver [-] Listener is running poll /usr/lib/python3/dist-packages/oslo_messaging/_drivers/amqpdriver.py:343
2025-12-11 00:38:35.735 155919 DEBUG oslo_service.service [req-14e97f91-58fe-4f1d-aaa5-17d679e4189c - - - - -] cache.expiration_time = 600 log_opt_values /usr/lib/python3/dist-packages/oslo_config/cfg.py:2609
2025-12-11 00:38:35.735 156368 DEBUG oslo_messaging._drivers.amqpdriver [-] AMQPListener connection consume poll /usr/lib/python3/dist-packages/oslo_messaging/_drivers/amqpdriver.py:357
2025-12-11 00:38:35.735 156367 DEBUG oslo_messaging._drivers.amqpdriver [-] Listener is running poll /usr/lib/python3/dist-packages/oslo_messaging/_drivers/amqpdriver.py:343
2025-12-11 00:38:35.735 155919 DEBUG oslo_service.service [req-14e97f91-58fe-4f1d-aaa5-17d679e4189c - - - - -] cache.memcache_dead_retry = 300 log_opt_values /usr/lib/python3/dist-packages/oslo_config/cfg.py:2609
2025-12-11 00:38:35.735 156367 DEBUG oslo_messaging._drivers.amqpdriver [-] AMQPListener connection consume poll /usr/lib/python3/dist-packages/oslo_messaging/_drivers/amqpdriver.py:357
2025-12-11 00:38:35.735 155919 DEBUG oslo_service.service [req-14e97f91-58fe-4f1d-aaa5-17d679e4189c - - - - -] cache.memcache_pool_connection_get_timeout = 10 log_opt_values /usr/lib/python3/dist-packages/oslo_config/cfg.py:2609
2025-12-11 00:38:35.735 155919 DEBUG oslo_service.service [req-14e97f91-58fe-4f1d-aaa5-17d679e4189c - - - - -] cache.memcache_pool_flush_on_reconnect = False log_opt_values /usr/lib/python3/dist-packages/oslo_config/cfg.py:2609
2025-12-11 00:38:35.736 155919 DEBUG oslo_service.service [req-14e97f91-58fe-4f1d-aaa5-17d679e4189c - - - - -] cache.memcache_pool_maxsize = 10 log_opt_values /usr/lib/python3/dist-packages/oslo_config/cfg.py:2609
2025-12-11 00:38:35.736 155919 DEBUG oslo_service.service [req-14e97f91-58fe-4f1d-aaa5-17d679e4189c - - - - -] cache.memcache_pool_unused_timeout = 60 log_opt_values /usr/lib/python3/dist-packages/oslo_config/cfg.py:2609
2025-12-11 00:38:35.736 155919 DEBUG oslo_service.service [req-14e97f91-58fe-4f1d-aaa5-17d679e4189c - - - - -] cache.memcache_servers = ['localhost:11211'] log_opt_values /usr/lib/python3/dist-packages/oslo_config/cfg.py:2609
2025-12-11 00:38:35.736 155919 DEBUG oslo_service.service [req-14e97f91-58fe-4f1d-aaa5-17d679e4189c - - - - -] cache.memcache_socket_timeout = 1.0 log_opt_values /usr/lib/python3/dist-packages/oslo_config/cfg.py:2609
2025-12-11 00:38:35.736 155919 DEBUG oslo_service.service [req-14e97f91-58fe-4f1d-aaa5-17d679e4189c - - - - -] cache.proxies = [] log_opt_values /usr/lib/python3/dist-packages/oslo_config/cfg.py:2609
2025-12-11 00:38:35.736 156369 DEBUG oslo_messaging._drivers.amqpdriver [-] Listener is running poll /usr/lib/python3/dist-packages/oslo_messaging/_drivers/amqpdriver.py:343
2025-12-11 00:38:35.736 155919 DEBUG oslo_service.service [req-14e97f91-58fe-4f1d-aaa5-17d679e4189c - - - - -] cache.tls_allowed_ciphers = None log_opt_values /usr/lib/python3/dist-packages/oslo_config/cfg.py:2609
2025-12-11 00:38:35.736 156369 DEBUG oslo_messaging._drivers.amqpdriver [-] AMQPListener connection consume poll /usr/lib/python3/dist-packages/oslo_messaging/_drivers/amqpdriver.py:357
2025-12-11 00:38:35.737 155919 DEBUG oslo_service.service [req-14e97f91-58fe-4f1d-aaa5-17d679e4189c - - - - -] cache.tls_cafile = None log_opt_values /usr/lib/python3/dist-packages/oslo_config/cfg.py:2609
2025-12-11 00:38:35.737 155919 DEBUG oslo_service.service [req-14e97f91-58fe-4f1d-aaa5-17d679e4189c - - - - -] cache.tls_certfile = None log_opt_values /usr/lib/python3/dist-packages/oslo_config/cfg.py:2609
2025-12-11 00:38:35.737 155919 DEBUG oslo_service.service [req-14e97f91-58fe-4f1d-aaa5-17d679e4189c - - - - -] cache.tls_enabled = False log_opt_values /usr/lib/python3/dist-packages/oslo_config/cfg.py:2609
2025-12-11 00:38:35.737 155919 DEBUG oslo_service.service [req-14e97f91-58fe-4f1d-aaa5-17d679e4189c - - - - -] cache.tls_keyfile = None log_opt_values /usr/lib/python3/dist-packages/oslo_config/cfg.py:2609
2025-12-11 00:38:35.737 155919 DEBUG oslo_service.service [req-14e97f91-58fe-4f1d-aaa5-17d679e4189c - - - - -] cinder.auth_section = None log_opt_values /usr/lib/python3/dist-packages/oslo_config/cfg.py:2609
