2025-12-11 00:38:07.992 146417 DEBUG oslo_service.service [req-dd60e0b7-9a1a-433a-b9fe-c6d218480872 - - - - -] cpu_allocation_ratio = 2.0 log_opt_values /usr/lib/python3/dist-packages/oslo_config/cfg.py:2602
2025-12-11 00:38:07.992 146417 DEBUG oslo_service.service [req-dd60e0b7-9a1a-433a-b9fe-c6d218480872 - - - - -] daemon = False log_opt_values /usr/lib/python3/dist-packages/oslo_config/cfg.py:2602
2025-12-11 00:38:07.993 146417 DEBUG oslo_service.service [req-dd60e0b7-9a1a-433a-b9fe-c6d218480872 - - - - -] debug = True log_opt_values /usr/lib/python3/dist-packages/oslo_config/cfg.py:2602
2025-12-11 00:38:07.993 146417 DEBUG oslo_service.service [req-dd60e0b7-9a1a-433a-b9fe-c6d218480872 - - - - -] default_access_ip_network_name = None log_opt_values /usr/lib/python3/dist-packages/oslo_config/cfg.py:2602
2025-12-11 00:38:07.993 146417 DEBUG oslo_service.service [req-dd60e0b7-9a1a-433a-b9fe-c6d218480872 - - - - -] default_availability_zone = nova log_opt_values /usr/lib/python3/dist-packages/oslo_config/cfg.py:2602
2025-12-11 00:38:07.993 146417 DEBUG oslo_service.service [req-dd60e0b7-9a1a-433a-b9fe-c6d218480872 - - - - -] default_ephemeral_format = None log_opt_values /usr/lib/python3/dist-packages/oslo_config/cfg.py:2602
2025-12-11 00:38:07.994 146417 DEBUG oslo_service.service [req-dd60e0b7-9a1a-433a-b9fe-c6d218480872 - - - - -] default_log_levels = ['amqp=WARN', 'amqplib=WARN', 'boto=WARN', 'qpid=WARN', 'sqlalchemy=WARN', 'suds=INFO', 'oslo.messaging=INFO', 'oslo_messaging=DEBUG', 'iso8601=WARN', 'requests.packages.urllib3.connectionpool=WARN', 'urllib3.connectionpool=WARN', 'websocket=WARN', 'requests.packages.urllib3.util.retry=WARN', 'urllib3.util.retry=WARN', 'keystonemiddleware=WARN', 'routes.middleware=WARN', 'stevedore=WARN', 'taskflow=WARN', 'keystoneauth=WARN', 'oslo.cache=INFO', 'dogpile.core.dogpile=INFO', 'glanceclient=WARN', 'oslo.privsep.daemon=INFO'] log_opt_values /usr/lib/python3/dist-packages/oslo_config/cfg.py:2602
2025-12-11 00:38:07.994 146417 DEBUG oslo_service.service [req-dd60e0b7-9a1a-433a-b9fe-c6d218480872 - - - - -] default_schedule_zone = None log_opt_values /usr/lib/python3/dist-packages/oslo_config/cfg.py:2602
2025-12-11 00:38:07.994 146417 DEBUG oslo_service.service [req-dd60e0b7-9a1a-433a-b9fe-c6d218480872 - - - - -] disk_allocation_ratio = 1.0 log_opt_values /usr/lib/python3/dist-packages/oslo_config/cfg.py:2602
2025-12-11 00:38:07.994 146417 DEBUG oslo_service.service [req-dd60e0b7-9a1a-433a-b9fe-c6d218480872 - - - - -] enable_new_services = True log_opt_values /usr/lib/python3/dist-packages/oslo_config/cfg.py:2602
2025-12-11 00:38:07.994 146417 DEBUG oslo_service.service [req-dd60e0b7-9a1a-433a-b9fe-c6d218480872 - - - - -] enabled_apis = ['osapi_compute', 'metadata'] log_opt_values /usr/lib/python3/dist-packages/oslo_config/cfg.py:2602
2025-12-11 00:38:07.995 146417 DEBUG oslo_service.service [req-dd60e0b7-9a1a-433a-b9fe-c6d218480872 - - - - -] enabled_ssl_apis = [] log_opt_values /usr/lib/python3/dist-packages/oslo_config/cfg.py:2602
2025-12-11 00:38:07.995 146417 DEBUG oslo_service.service [req-dd60e0b7-9a1a-433a-b9fe-c6d218480872 - - - - -] fatal_deprecations = False log_opt_values /usr/lib/python3/dist-packages/oslo_config/cfg.py:2602
2025-12-11 00:38:07.995 146417 DEBUG oslo_service.service [req-dd60e0b7-9a1a-433a-b9fe-c6d218480872 - - - - -] flat_injected = False log_opt_values /usr/lib/python3/dist-packages/oslo_config/cfg.py:2602
2025-12-11 00:38:07.995 146417 DEBUG oslo_service.service [req-dd60e0b7-9a1a-433a-b9fe-c6d218480872 - - - - -] force_config_drive = False log_opt_values /usr/lib/python3/dist-packages/oslo_config/cfg.py:2602
2025-12-11 00:38:07.996 146417 DEBUG oslo_service.service [req-dd60e0b7-9a1a-433a-b9fe-c6d218480872 - - - - -] force_raw_images = True log_opt_values /usr/lib/python3/dist-packages/oslo_config/cfg.py:2602
2025-12-11 00:38:07.996 146417 DEBUG oslo_service.service [req-dd60e0b7-9a1a-433a-b9fe-c6d218480872 - - - - -] graceful_shutdown_timeout = 60 log_opt_values /usr/lib/python3/dist-packages/oslo_config/cfg.py:2602
2025-12-11 00:38:07.996 146417 DEBUG oslo_service.service [req-dd60e0b7-9a1a-433a-b9fe-c6d218480872 - - - - -] heal_instance_info_cache_interval = 60 log_opt_values /usr/lib/python3/dist-packages/oslo_config/cfg.py:2602
2025-12-11 00:38:07.996 146417 DEBUG oslo_service.service [req-dd60e0b7-9a1a-433a-b9fe-c6d218480872 - - - - -] host = juju-f17ef8-0-lxd-7 log_opt_values /usr/lib/python3/dist-packages/oslo_config/cfg.py:2602
2025-12-11 00:38:07.997 146417 DEBUG oslo_service.service [req-dd60e0b7-9a1a-433a-b9fe-c6d218480872 - - - - -] initial_cpu_allocation_ratio = 16.0 log_opt_values /usr/lib/python3/dist-packages/oslo_config/cfg.py:2602
2025-12-11 00:38:07.997 146417 DEBUG oslo_service.service [req-dd60e0b7-9a1a-433a-b9fe-c6d218480872 - - - - -] initial_disk_allocation_ratio = 1.0 log_opt_values /usr/lib/python3/dist-packages/oslo_config/cfg.py:2602
2025-12-11 00:38:07.997 146417 DEBUG oslo_service.service [req-dd60e0b7-9a1a-433a-b9fe-c6d218480872 - - - - -] initial_ram_allocation_ratio = 1.5 log_opt_values /usr/lib/python3/dist-packages/oslo_config/cfg.py:2602
2025-12-11 00:38:07.997 146417 DEBUG oslo_service.service [req-dd60e0b7-9a1a-433a-b9fe-c6d218480872 - - - - -] injected_network_template = /usr/lib/python3/dist-packages/nova/virt/interfaces.template log_opt_values /usr/lib/python3/dist-packages/oslo_config/cfg.py:2602
2025-12-11 00:38:07.998 146417 DEBUG oslo_service.service [req-dd60e0b7-9a1a-433a-b9fe-c6d218480872 - - - - -] instance_build_timeout = 0 log_opt_values /usr/lib/python3/dist-packages/oslo_config/cfg.py:2602
2025-12-11 00:38:07.998 146417 DEBUG oslo_service.service [req-dd60e0b7-9a1a-433a-b9fe-c6d218480872 - - - - -] instance_delete_interval = 300 log_opt_values /usr/lib/python3/dist-packages/oslo_config/cfg.py:2602
2025-12-11 00:38:07.998 146417 DEBUG oslo_service.service [req-dd60e0b7-9a1a-433a-b9fe-c6d218480872 - - - - -] instance_format = [instance: %(uuid)s] log_opt_values /usr/lib/python3/dist-packages/oslo_config/cfg.py:2602
2025-12-11 00:38:07.998 146417 DEBUG oslo_service.service [req-dd60e0b7-9a1a-433a-b9fe-c6d218480872 - - - - -] instance_name_template = instance-%08x log_opt_values /usr/lib/python3/dist-packages/oslo_config/cfg.py:2602
2025-12-11 00:38:07.999 146417 DEBUG oslo_service.service [req-dd60e0b7-9a1a-433a-b9fe-c6d218480872 - - - - -] instance_usage_audit = False log_opt_values /usr/lib/python3/dist-packages/oslo_config/cfg.py:2602
2025-12-11 00:38:07.999 146417 DEBUG oslo_service.service [req-dd60e0b7-9a1a-433a-b9fe-c6d218480872 - - - - -] instance_usage_audit_period = month log_opt_values /usr/lib/python3/dist-packages/oslo_config/cfg.py:2602
2025-12-11 00:38:07.999 146806 DEBUG nova.service [req-3459827c-0848-477e-871b-b84cb339fae2 - - - - -] Creating RPC server for service conductor start /usr/lib/python3/dist-packages/nova/service.py:182
2025-12-11 00:38:07.999 146417 DEBUG oslo_service.service [req-dd60e0b7-9a1a-433a-b9fe-c6d218480872 - - - - -] instance_uuid_format = [instance: %(uuid)s] log_opt_values /usr/lib/python3/dist-packages/oslo_config/cfg.py:2602
2025-12-11 00:38:07.999 146417 DEBUG oslo_service.service [req-dd60e0b7-9a1a-433a-b9fe-c6d218480872 - - - - -] instances_path = /var/lib/nova/instances log_opt_values /usr/lib/python3/dist-packages/oslo_config/cfg.py:2602
2025-12-11 00:38:07.999 146808 DEBUG oslo_db.sqlalchemy.engines [req-c9422b20-1a9e-4681-b981-3a323e22011a - - - - -] MySQL server mode set to STRICT_TRANS_TABLES,STRICT_ALL_TABLES,NO_ZERO_IN_DATE,NO_ZERO_DATE,ERROR_FOR_DIVISION_BY_ZERO,TRADITIONAL,NO_ENGINE_SUBSTITUTION _check_effective_sql_mode /usr/lib/python3/dist-packages/oslo_db/sqlalchemy/engines.py:314
2025-12-11 00:38:08.000 146417 DEBUG oslo_service.service [req-dd60e0b7-9a1a-433a-b9fe-c6d218480872 - - - - -] internal_service_availability_zone = internal log_opt_values /usr/lib/python3/dist-packages/oslo_config/cfg.py:2602
2025-12-11 00:38:08.000 146417 DEBUG oslo_service.service [req-dd60e0b7-9a1a-433a-b9fe-c6d218480872 - - - - -] key = None log_opt_values /usr/lib/python3/dist-packages/oslo_config/cfg.py:2602
2025-12-11 00:38:08.000 146417 DEBUG oslo_service.service [req-dd60e0b7-9a1a-433a-b9fe-c6d218480872 - - - - -] live_migration_retry_count = 30 log_opt_values /usr/lib/python3/dist-packages/oslo_config/cfg.py:2602
2025-12-11 00:38:08.000 146417 DEBUG oslo_service.service [req-dd60e0b7-9a1a-433a-b9fe-c6d218480872 - - - - -] log_config_append = None log_opt_values /usr/lib/python3/dist-packages/oslo_config/cfg.py:2602
2025-12-11 00:38:08.000 146417 DEBUG oslo_service.service [req-dd60e0b7-9a1a-433a-b9fe-c6d218480872 - - - - -] log_date_format = %Y-%m-%d %H:%M:%S log_opt_values /usr/lib/python3/dist-packages/oslo_config/cfg.py:2602
2025-12-11 00:38:08.001 146417 DEBUG oslo_service.service [req-dd60e0b7-9a1a-433a-b9fe-c6d218480872 - - - - -] log_dir = /var/log/nova log_opt_values /usr/lib/python3/dist-packages/oslo_config/cfg.py:2602
2025-12-11 00:38:08.001 146417 DEBUG oslo_service.service [req-dd60e0b7-9a1a-433a-b9fe-c6d218480872 - - - - -] log_file = /var/log/nova/nova-conductor.log log_opt_values /usr/lib/python3/dist-packages/oslo_config/cfg.py:2602
2025-12-11 00:38:08.001 146417 DEBUG oslo_service.service [req-dd60e0b7-9a1a-433a-b9fe-c6d218480872 - - - - -] log_options = True log_opt_values /usr/lib/python3/dist-packages/oslo_config/cfg.py:2602
2025-12-11 00:38:08.001 146417 DEBUG oslo_service.service [req-dd60e0b7-9a1a-433a-b9fe-c6d218480872 - - - - -] log_rotate_interval = 1 log_opt_values /usr/lib/python3/dist-packages/oslo_config/cfg.py:2602
2025-12-11 00:38:08.001 146417 DEBUG oslo_service.service [req-dd60e0b7-9a1a-433a-b9fe-c6d218480872 - - - - -] log_rotate_interval_type = days log_opt_values /usr/lib/python3/dist-packages/oslo_config/cfg.py:2602
2025-12-11 00:38:08.001 146417 DEBUG oslo_service.service [req-dd60e0b7-9a1a-433a-b9fe-c6d218480872 - - - - -] log_rotation_type = none log_opt_values /usr/lib/python3/dist-packages/oslo_config/cfg.py:2602
2025-12-11 00:38:08.002 146417 DEBUG oslo_service.service [req-dd60e0b7-9a1a-433a-b9fe-c6d218480872 - - - - -] logging_context_format_string = %(asctime)s.%(msecs)03d %(process)d %(levelname)s %(name)s [%(request_id)s %(user_identity)s] %(instance)s%(message)s log_opt_values /usr/lib/python3/dist-packages/oslo_config/cfg.py:2602
2025-12-11 00:38:08.002 146417 DEBUG oslo_service.service [req-dd60e0b7-9a1a-433a-b9fe-c6d218480872 - - - - -] logging_debug_format_suffix = %(funcName)s %(pathname)s:%(lineno)d log_opt_values /usr/lib/python3/dist-packages/oslo_config/cfg.py:2602
2025-12-11 00:38:08.002 146417 DEBUG oslo_service.service [req-dd60e0b7-9a1a-433a-b9fe-c6d218480872 - - - - -] logging_default_format_string = %(asctime)s.%(msecs)03d %(process)d %(levelname)s %(name)s [-] %(instance)s%(message)s log_opt_values /usr/lib/python3/dist-packages/oslo_config/cfg.py:2602
2025-12-11 00:38:08.002 146417 DEBUG oslo_service.service [req-dd60e0b7-9a1a-433a-b9fe-c6d218480872 - - - - -] logging_exception_prefix = %(asctime)s.%(msecs)03d %(process)d ERROR %(name)s %(instance)s log_opt_values /usr/lib/python3/dist-packages/oslo_config/cfg.py:2602
2025-12-11 00:38:08.002 146417 DEBUG oslo_service.service [req-dd60e0b7-9a1a-433a-b9fe-c6d218480872 - - - - -] logging_user_identity_format = %(user)s %(project)s %(domain)s %(user_domain)s %(project_domain)s log_opt_values /usr/lib/python3/dist-packages/oslo_config/cfg.py:2602
2025-12-11 00:38:08.002 146417 DEBUG oslo_service.service [req-dd60e0b7-9a1a-433a-b9fe-c6d218480872 - - - - -] long_rpc_timeout = 1800 log_opt_values /usr/lib/python3/dist-packages/oslo_config/cfg.py:2602
2025-12-11 00:38:08.003 146417 DEBUG oslo_service.service [req-dd60e0b7-9a1a-433a-b9fe-c6d218480872 - - - - -] max_concurrent_builds = 10 log_opt_values /usr/lib/python3/dist-packages/oslo_config/cfg.py:2602
2025-12-11 00:38:08.003 146417 DEBUG oslo_service.service [req-dd60e0b7-9a1a-433a-b9fe-c6d218480872 - - - - -] max_concurrent_live_migrations = 1 log_opt_values /usr/lib/python3/dist-packages/oslo_config/cfg.py:2602
2025-12-11 00:38:08.003 146417 DEBUG oslo_service.service [req-dd60e0b7-9a1a-433a-b9fe-c6d218480872 - - - - -] max_concurrent_snapshots = 5 log_opt_values /usr/lib/python3/dist-packages/oslo_config/cfg.py:2602
2025-12-11 00:38:08.003 146417 DEBUG oslo_service.service [req-dd60e0b7-9a1a-433a-b9fe-c6d218480872 - - - - -] max_local_block_devices = 3 log_opt_values /usr/lib/python3/dist-packages/oslo_config/cfg.py:2602
2025-12-11 00:38:08.003 146417 DEBUG oslo_service.service [req-dd60e0b7-9a1a-433a-b9fe-c6d218480872 - - - - -] max_logfile_count = 30 log_opt_values /usr/lib/python3/dist-packages/oslo_config/cfg.py:2602
2025-12-11 00:38:08.003 146417 DEBUG oslo_service.service [req-dd60e0b7-9a1a-433a-b9fe-c6d218480872 - - - - -] max_logfile_size_mb = 200 log_opt_values /usr/lib/python3/dist-packages/oslo_config/cfg.py:2602
2025-12-11 00:38:08.004 146417 DEBUG oslo_service.service [req-dd60e0b7-9a1a-433a-b9fe-c6d218480872 - - - - -] maximum_instance_delete_attempts = 5 log_opt_values /usr/lib/python3/dist-packages/oslo_config/cfg.py:2602
2025-12-11 00:38:08.004 146417 DEBUG oslo_service.service [req-dd60e0b7-9a1a-433a-b9fe-c6d218480872 - - - - -] metadata_listen = 0.0.0.0 log_opt_values /usr/lib/python3/dist-packages/oslo_config/cfg.py:2602
2025-12-11 00:38:08.004 146417 DEBUG oslo_service.service [req-dd60e0b7-9a1a-433a-b9fe-c6d218480872 - - - - -] metadata_listen_port = 8765 log_opt_values /usr/lib/python3/dist-packages/oslo_config/cfg.py:2602
2025-12-11 00:38:08.004 146417 DEBUG oslo_service.service [req-dd60e0b7-9a1a-433a-b9fe-c6d218480872 - - - - -] metadata_workers = None log_opt_values /usr/lib/python3/dist-packages/oslo_config/cfg.py:2602
2025-12-11 00:38:08.005 146417 DEBUG oslo_service.service [req-dd60e0b7-9a1a-433a-b9fe-c6d218480872 - - - - -] migrate_max_retries = -1 log_opt_values /usr/lib/python3/dist-packages/oslo_config/cfg.py:2602
2025-12-11 00:38:08.005 146417 DEBUG oslo_service.service [req-dd60e0b7-9a1a-433a-b9fe-c6d218480872 - - - - -] mkisofs_cmd = genisoimage log_opt_values /usr/lib/python3/dist-packages/oslo_config/cfg.py:2602
2025-12-11 00:38:08.005 146417 DEBUG oslo_service.service [req-dd60e0b7-9a1a-433a-b9fe-c6d218480872 - - - - -] my_block_storage_ip = 252.242.63.156 log_opt_values /usr/lib/python3/dist-packages/oslo_config/cfg.py:2602
2025-12-11 00:38:08.005 146417 DEBUG oslo_service.service [req-dd60e0b7-9a1a-433a-b9fe-c6d218480872 - - - - -] my_ip = 252.242.63.156 log_opt_values /usr/lib/python3/dist-packages/oslo_config/cfg.py:2602
2025-12-11 00:38:08.005 146417 DEBUG oslo_service.service [req-dd60e0b7-9a1a-433a-b9fe-c6d218480872 - - - - -] network_allocate_retries = 0 log_opt_values /usr/lib/python3/dist-packages/oslo_config/cfg.py:2602
2025-12-11 00:38:08.006 146417 DEBUG oslo_service.service [req-dd60e0b7-9a1a-433a-b9fe-c6d218480872 - - - - -] non_inheritable_image_properties = ['cache_in_nova', 'bittorrent'] log_opt_values /usr/lib/python3/dist-packages/oslo_config/cfg.py:2602
2025-12-11 00:38:08.006 146417 DEBUG oslo_service.service [req-dd60e0b7-9a1a-433a-b9fe-c6d218480872 - - - - -] osapi_compute_listen = 0.0.0.0 log_opt_values /usr/lib/python3/dist-packages/oslo_config/cfg.py:2602
2025-12-11 00:38:08.006 146417 DEBUG oslo_service.service [req-dd60e0b7-9a1a-433a-b9fe-c6d218480872 - - - - -] osapi_compute_listen_port = 8764 log_opt_values /usr/lib/python3/dist-packages/oslo_config/cfg.py:2602
2025-12-11 00:38:08.006 146417 DEBUG oslo_service.service [req-dd60e0b7-9a1a-433a-b9fe-c6d218480872 - - - - -] osapi_compute_unique_server_name_scope = log_opt_values /usr/lib/python3/dist-packages/oslo_config/cfg.py:2602
2025-12-11 00:38:08.007 146417 DEBUG oslo_service.service [req-dd60e0b7-9a1a-433a-b9fe-c6d218480872 - - - - -] osapi_compute_workers = 4 log_opt_values /usr/lib/python3/dist-packages/oslo_config/cfg.py:2602
2025-12-11 00:38:08.007 146417 DEBUG oslo_service.service [req-dd60e0b7-9a1a-433a-b9fe-c6d218480872 - - - - -] password_length = 12 log_opt_values /usr/lib/python3/dist-packages/oslo_config/cfg.py:2602
2025-12-11 00:38:08.007 146417 DEBUG oslo_service.service [req-dd60e0b7-9a1a-433a-b9fe-c6d218480872 - - - - -] periodic_enable = True log_opt_values /usr/lib/python3/dist-packages/oslo_config/cfg.py:2602
2025-12-11 00:38:08.007 146417 DEBUG oslo_service.service [req-dd60e0b7-9a1a-433a-b9fe-c6d218480872 - - - - -] periodic_fuzzy_delay = 60 log_opt_values /usr/lib/python3/dist-packages/oslo_config/cfg.py:2602
2025-12-11 00:38:08.007 146807 DEBUG nova.service [req-8a39d54e-36b7-4589-a8b4-15e0a86ef7ee - - - - -] Creating RPC server for service conductor start /usr/lib/python3/dist-packages/nova/service.py:182
2025-12-11 00:38:08.007 146417 DEBUG oslo_service.service [req-dd60e0b7-9a1a-433a-b9fe-c6d218480872 - - - - -] pointer_model = usbtablet log_opt_values /usr/lib/python3/dist-packages/oslo_config/cfg.py:2602
2025-12-11 00:38:08.008 146417 DEBUG oslo_service.service [req-dd60e0b7-9a1a-433a-b9fe-c6d218480872 - - - - -] preallocate_images = none log_opt_values /usr/lib/python3/dist-packages/oslo_config/cfg.py:2602
2025-12-11 00:38:08.008 146417 DEBUG oslo_service.service [req-dd60e0b7-9a1a-433a-b9fe-c6d218480872 - - - - -] publish_errors = False log_opt_values /usr/lib/python3/dist-packages/oslo_config/cfg.py:2602
2025-12-11 00:38:08.008 146417 DEBUG oslo_service.service [req-dd60e0b7-9a1a-433a-b9fe-c6d218480872 - - - - -] pybasedir = /usr/lib/python3/dist-packages log_opt_values /usr/lib/python3/dist-packages/oslo_config/cfg.py:2602
2025-12-11 00:38:08.008 146417 DEBUG oslo_service.service [req-dd60e0b7-9a1a-433a-b9fe-c6d218480872 - - - - -] ram_allocation_ratio = 0.98 log_opt_values /usr/lib/python3/dist-packages/oslo_config/cfg.py:2602
2025-12-11 00:38:08.009 146417 DEBUG oslo_service.service [req-dd60e0b7-9a1a-433a-b9fe-c6d218480872 - - - - -] rate_limit_burst = 0 log_opt_values /usr/lib/python3/dist-packages/oslo_config/cfg.py:2602
2025-12-11 00:38:08.009 146417 DEBUG oslo_service.service [req-dd60e0b7-9a1a-433a-b9fe-c6d218480872 - - - - -] rate_limit_except_level = CRITICAL log_opt_values /usr/lib/python3/dist-packages/oslo_config/cfg.py:2602
2025-12-11 00:38:08.009 146417 DEBUG oslo_service.service [req-dd60e0b7-9a1a-433a-b9fe-c6d218480872 - - - - -] rate_limit_interval = 0 log_opt_values /usr/lib/python3/dist-packages/oslo_config/cfg.py:2602
2025-12-11 00:38:08.009 146417 DEBUG oslo_service.service [req-dd60e0b7-9a1a-433a-b9fe-c6d218480872 - - - - -] reboot_timeout = 0 log_opt_values /usr/lib/python3/dist-packages/oslo_config/cfg.py:2602
2025-12-11 00:38:08.009 146417 DEBUG oslo_service.service [req-dd60e0b7-9a1a-433a-b9fe-c6d218480872 - - - - -] reclaim_instance_interval = 0 log_opt_values /usr/lib/python3/dist-packages/oslo_config/cfg.py:2602
2025-12-11 00:38:08.010 146417 DEBUG oslo_service.service [req-dd60e0b7-9a1a-433a-b9fe-c6d218480872 - - - - -] record = None log_opt_values /usr/lib/python3/dist-packages/oslo_config/cfg.py:2602
2025-12-11 00:38:08.010 146417 DEBUG oslo_service.service [req-dd60e0b7-9a1a-433a-b9fe-c6d218480872 - - - - -] report_interval = 10 log_opt_values /usr/lib/python3/dist-packages/oslo_config/cfg.py:2602
2025-12-11 00:38:08.010 146417 DEBUG oslo_service.service [req-dd60e0b7-9a1a-433a-b9fe-c6d218480872 - - - - -] rescue_timeout = 0 log_opt_values /usr/lib/python3/dist-packages/oslo_config/cfg.py:2602
2025-12-11 00:38:08.010 146417 DEBUG oslo_service.service [req-dd60e0b7-9a1a-433a-b9fe-c6d218480872 - - - - -] reserved_host_cpus = 0 log_opt_values /usr/lib/python3/dist-packages/oslo_config/cfg.py:2602
2025-12-11 00:38:08.011 146417 DEBUG oslo_service.service [req-dd60e0b7-9a1a-433a-b9fe-c6d218480872 - - - - -] reserved_host_disk_mb = 0 log_opt_values /usr/lib/python3/dist-packages/oslo_config/cfg.py:2602
2025-12-11 00:38:08.011 146417 DEBUG oslo_service.service [req-dd60e0b7-9a1a-433a-b9fe-c6d218480872 - - - - -] reserved_host_memory_mb = 512 log_opt_values /usr/lib/python3/dist-packages/oslo_config/cfg.py:2602
2025-12-11 00:38:08.011 146417 DEBUG oslo_service.service [req-dd60e0b7-9a1a-433a-b9fe-c6d218480872 - - - - -] reserved_huge_pages = None log_opt_values /usr/lib/python3/dist-packages/oslo_config/cfg.py:2602
2025-12-11 00:38:08.012 146417 DEBUG oslo_service.service [req-dd60e0b7-9a1a-433a-b9fe-c6d218480872 - - - - -] resize_confirm_window = 0 log_opt_values /usr/lib/python3/dist-packages/oslo_config/cfg.py:2602
2025-12-11 00:38:08.012 146417 DEBUG oslo_service.service [req-dd60e0b7-9a1a-433a-b9fe-c6d218480872 - - - - -] resize_fs_using_block_device = False log_opt_values /usr/lib/python3/dist-packages/oslo_config/cfg.py:2602
2025-12-11 00:38:08.012 146417 DEBUG oslo_service.service [req-dd60e0b7-9a1a-433a-b9fe-c6d218480872 - - - - -] resume_guests_state_on_host_boot = False log_opt_values /usr/lib/python3/dist-packages/oslo_config/cfg.py:2602
2025-12-11 00:38:08.012 146417 DEBUG oslo_service.service [req-dd60e0b7-9a1a-433a-b9fe-c6d218480872 - - - - -] rootwrap_config = /etc/nova/rootwrap.conf log_opt_values /usr/lib/python3/dist-packages/oslo_config/cfg.py:2602
2025-12-11 00:38:08.012 146417 DEBUG oslo_service.service [req-dd60e0b7-9a1a-433a-b9fe-c6d218480872 - - - - -] rpc_response_timeout = 60 log_opt_values /usr/lib/python3/dist-packages/oslo_config/cfg.py:2602
2025-12-11 00:38:08.013 146417 DEBUG oslo_service.service [req-dd60e0b7-9a1a-433a-b9fe-c6d218480872 - - - - -] run_external_periodic_tasks = True log_opt_values /usr/lib/python3/dist-packages/oslo_config/cfg.py:2602
2025-12-11 00:38:08.013 146417 DEBUG oslo_service.service [req-dd60e0b7-9a1a-433a-b9fe-c6d218480872 - - - - -] running_deleted_instance_action = reap log_opt_values /usr/lib/python3/dist-packages/oslo_config/cfg.py:2602
2025-12-11 00:38:08.013 146417 DEBUG oslo_service.service [req-dd60e0b7-9a1a-433a-b9fe-c6d218480872 - - - - -] running_deleted_instance_poll_interval = 1800 log_opt_values /usr/lib/python3/dist-packages/oslo_config/cfg.py:2602
2025-12-11 00:38:08.013 146417 DEBUG oslo_service.service [req-dd60e0b7-9a1a-433a-b9fe-c6d218480872 - - - - -] running_deleted_instance_timeout = 0 log_opt_values /usr/lib/python3/dist-packages/oslo_config/cfg.py:2602
2025-12-11 00:38:08.014 146417 DEBUG oslo_service.service [req-dd60e0b7-9a1a-433a-b9fe-c6d218480872 - - - - -] scheduler_instance_sync_interval = 120 log_opt_values /usr/lib/python3/dist-packages/oslo_config/cfg.py:2602
2025-12-11 00:38:08.014 146417 DEBUG oslo_service.service [req-dd60e0b7-9a1a-433a-b9fe-c6d218480872 - - - - -] service_down_time = 60 log_opt_values /usr/lib/python3/dist-packages/oslo_config/cfg.py:2602
2025-12-11 00:38:08.014 146417 DEBUG oslo_service.service [req-dd60e0b7-9a1a-433a-b9fe-c6d218480872 - - - - -] servicegroup_driver = db log_opt_values /usr/lib/python3/dist-packages/oslo_config/cfg.py:2602
2025-12-11 00:38:08.014 146417 DEBUG oslo_service.service [req-dd60e0b7-9a1a-433a-b9fe-c6d218480872 - - - - -] shelved_offload_time = 0 log_opt_values /usr/lib/python3/dist-packages/oslo_config/cfg.py:2602
2025-12-11 00:38:08.015 146417 DEBUG oslo_service.service [req-dd60e0b7-9a1a-433a-b9fe-c6d218480872 - - - - -] shelved_poll_interval = 3600 log_opt_values /usr/lib/python3/dist-packages/oslo_config/cfg.py:2602
2025-12-11 00:38:08.015 146417 DEBUG oslo_service.service [req-dd60e0b7-9a1a-433a-b9fe-c6d218480872 - - - - -] shutdown_timeout = 60 log_opt_values /usr/lib/python3/dist-packages/oslo_config/cfg.py:2602
2025-12-11 00:38:08.015 146417 DEBUG oslo_service.service [req-dd60e0b7-9a1a-433a-b9fe-c6d218480872 - - - - -] source_is_ipv6 = False log_opt_values /usr/lib/python3/dist-packages/oslo_config/cfg.py:2602
2025-12-11 00:38:08.015 146417 DEBUG oslo_service.service [req-dd60e0b7-9a1a-433a-b9fe-c6d218480872 - - - - -] ssl_only = False log_opt_values /usr/lib/python3/dist-packages/oslo_config/cfg.py:2602
2025-12-11 00:38:08.015 146417 DEBUG oslo_service.service [req-dd60e0b7-9a1a-433a-b9fe-c6d218480872 - - - - -] state_path = /var/lib/nova log_opt_values /usr/lib/python3/dist-packages/oslo_config/cfg.py:2602
2025-12-11 00:38:08.016 146417 DEBUG oslo_service.service [req-dd60e0b7-9a1a-433a-b9fe-c6d218480872 - - - - -] sync_power_state_interval = 600 log_opt_values /usr/lib/python3/dist-packages/oslo_config/cfg.py:2602
2025-12-11 00:38:08.016 146417 DEBUG oslo_service.service [req-dd60e0b7-9a1a-433a-b9fe-c6d218480872 - - - - -] sync_power_state_pool_size = 1000 log_opt_values /usr/lib/python3/dist-packages/oslo_config/cfg.py:2602
2025-12-11 00:38:08.016 146417 DEBUG oslo_service.service [req-dd60e0b7-9a1a-433a-b9fe-c6d218480872 - - - - -] syslog_log_facility = LOG_USER log_opt_values /usr/lib/python3/dist-packages/oslo_config/cfg.py:2602
2025-12-11 00:38:08.016 146417 DEBUG oslo_service.service [req-dd60e0b7-9a1a-433a-b9fe-c6d218480872 - - - - -] tempdir = None log_opt_values /usr/lib/python3/dist-packages/oslo_config/cfg.py:2602
2025-12-11 00:38:08.016 146808 DEBUG nova.service [req-c9422b20-1a9e-4681-b981-3a323e22011a - - - - -] Creating RPC server for service conductor start /usr/lib/python3/dist-packages/nova/service.py:182
2025-12-11 00:38:08.017 146417 DEBUG oslo_service.service [req-dd60e0b7-9a1a-433a-b9fe-c6d218480872 - - - - -] timeout_nbd = 10 log_opt_values /usr/lib/python3/dist-packages/oslo_config/cfg.py:2602
2025-12-11 00:38:08.017 146417 DEBUG oslo_service.service [req-dd60e0b7-9a1a-433a-b9fe-c6d218480872 - - - - -] transport_url = **** log_opt_values /usr/lib/python3/dist-packages/oslo_config/cfg.py:2602
2025-12-11 00:38:08.017 146417 DEBUG oslo_service.service [req-dd60e0b7-9a1a-433a-b9fe-c6d218480872 - - - - -] update_resources_interval = 0 log_opt_values /usr/lib/python3/dist-packages/oslo_config/cfg.py:2602
2025-12-11 00:38:08.017 146417 DEBUG oslo_service.service [req-dd60e0b7-9a1a-433a-b9fe-c6d218480872 - - - - -] use_cow_images = True log_opt_values /usr/lib/python3/dist-packages/oslo_config/cfg.py:2602
2025-12-11 00:38:08.018 146417 DEBUG oslo_service.service [req-dd60e0b7-9a1a-433a-b9fe-c6d218480872 - - - - -] use_eventlog = False log_opt_values /usr/lib/python3/dist-packages/oslo_config/cfg.py:2602
2025-12-11 00:38:08.018 146417 DEBUG oslo_service.service [req-dd60e0b7-9a1a-433a-b9fe-c6d218480872 - - - - -] use_journal = False log_opt_values /usr/lib/python3/dist-packages/oslo_config/cfg.py:2602
2025-12-11 00:38:08.018 146417 DEBUG oslo_service.service [req-dd60e0b7-9a1a-433a-b9fe-c6d218480872 - - - - -] use_json = False log_opt_values /usr/lib/python3/dist-packages/oslo_config/cfg.py:2602
2025-12-11 00:38:08.018 146417 DEBUG oslo_service.service [req-dd60e0b7-9a1a-433a-b9fe-c6d218480872 - - - - -] use_rootwrap_daemon = False log_opt_values /usr/lib/python3/dist-packages/oslo_config/cfg.py:2602
2025-12-11 00:38:08.019 146417 DEBUG oslo_service.service [req-dd60e0b7-9a1a-433a-b9fe-c6d218480872 - - - - -] use_stderr = False log_opt_values /usr/lib/python3/dist-packages/oslo_config/cfg.py:2602
2025-12-11 00:38:08.019 146417 DEBUG oslo_service.service [req-dd60e0b7-9a1a-433a-b9fe-c6d218480872 - - - - -] use_syslog = False log_opt_values /usr/lib/python3/dist-packages/oslo_config/cfg.py:2602
2025-12-11 00:38:08.019 146417 DEBUG oslo_service.service [req-dd60e0b7-9a1a-433a-b9fe-c6d218480872 - - - - -] vcpu_pin_set = None log_opt_values /usr/lib/python3/dist-packages/oslo_config/cfg.py:2602
2025-12-11 00:38:08.019 146417 DEBUG oslo_service.service [req-dd60e0b7-9a1a-433a-b9fe-c6d218480872 - - - - -] vif_plugging_is_fatal = True log_opt_values /usr/lib/python3/dist-packages/oslo_config/cfg.py:2602
2025-12-11 00:38:08.019 146417 DEBUG oslo_service.service [req-dd60e0b7-9a1a-433a-b9fe-c6d218480872 - - - - -] vif_plugging_timeout = 300 log_opt_values /usr/lib/python3/dist-packages/oslo_config/cfg.py:2602
2025-12-11 00:38:08.020 146417 DEBUG oslo_service.service [req-dd60e0b7-9a1a-433a-b9fe-c6d218480872 - - - - -] virt_mkfs = [] log_opt_values /usr/lib/python3/dist-packages/oslo_config/cfg.py:2602
2025-12-11 00:38:08.020 146417 DEBUG oslo_service.service [req-dd60e0b7-9a1a-433a-b9fe-c6d218480872 - - - - -] volume_usage_poll_interval = 0 log_opt_values /usr/lib/python3/dist-packages/oslo_config/cfg.py:2602
2025-12-11 00:38:08.020 146417 DEBUG oslo_service.service [req-dd60e0b7-9a1a-433a-b9fe-c6d218480872 - - - - -] watch_log_file = False log_opt_values /usr/lib/python3/dist-packages/oslo_config/cfg.py:2602
2025-12-11 00:38:08.020 146417 DEBUG oslo_service.service [req-dd60e0b7-9a1a-433a-b9fe-c6d218480872 - - - - -] web = /usr/share/spice-html5 log_opt_values /usr/lib/python3/dist-packages/oslo_config/cfg.py:2602
2025-12-11 00:38:08.021 146417 DEBUG oslo_service.service [req-dd60e0b7-9a1a-433a-b9fe-c6d218480872 - - - - -] oslo_concurrency.disable_process_locking = False log_opt_values /usr/lib/python3/dist-packages/oslo_config/cfg.py:2609
2025-12-11 00:38:08.021 146417 DEBUG oslo_service.service [req-dd60e0b7-9a1a-433a-b9fe-c6d218480872 - - - - -] oslo_concurrency.lock_path = /var/lock/nova log_opt_values /usr/lib/python3/dist-packages/oslo_config/cfg.py:2609
2025-12-11 00:38:08.021 146809 DEBUG oslo_db.sqlalchemy.engines [req-a98b14ac-09a4-499c-bb2f-55aa6cd3a33e - - - - -] MySQL server mode set to STRICT_TRANS_TABLES,STRICT_ALL_TABLES,NO_ZERO_IN_DATE,NO_ZERO_DATE,ERROR_FOR_DIVISION_BY_ZERO,TRADITIONAL,NO_ENGINE_SUBSTITUTION _check_effective_sql_mode /usr/lib/python3/dist-packages/oslo_db/sqlalchemy/engines.py:314
2025-12-11 00:38:08.021 146417 DEBUG oslo_service.service [req-dd60e0b7-9a1a-433a-b9fe-c6d218480872 - - - - -] oslo_messaging_metrics.metrics_buffer_size = 1000 log_opt_values /usr/lib/python3/dist-packages/oslo_config/cfg.py:2609
2025-12-11 00:38:08.022 146417 DEBUG oslo_service.service [req-dd60e0b7-9a1a-433a-b9fe-c6d218480872 - - - - -] oslo_messaging_metrics.metrics_enabled = False log_opt_values /usr/lib/python3/dist-packages/oslo_config/cfg.py:2609
2025-12-11 00:38:08.022 146417 DEBUG oslo_service.service [req-dd60e0b7-9a1a-433a-b9fe-c6d218480872 - - - - -] oslo_messaging_metrics.metrics_process_name = log_opt_values /usr/lib/python3/dist-packages/oslo_config/cfg.py:2609
2025-12-11 00:38:08.022 146806 DEBUG oslo_messaging._drivers.amqpdriver [-] Listener is running poll /usr/lib/python3/dist-packages/oslo_messaging/_drivers/amqpdriver.py:343
2025-12-11 00:38:08.022 146417 DEBUG oslo_service.service [req-dd60e0b7-9a1a-433a-b9fe-c6d218480872 - - - - -] oslo_messaging_metrics.metrics_socket_file = /var/tmp/metrics_collector.sock log_opt_values /usr/lib/python3/dist-packages/oslo_config/cfg.py:2609
2025-12-11 00:38:08.022 146806 DEBUG oslo_messaging._drivers.amqpdriver [-] AMQPListener connection consume poll /usr/lib/python3/dist-packages/oslo_messaging/_drivers/amqpdriver.py:357
2025-12-11 00:38:08.022 146417 DEBUG oslo_service.service [req-dd60e0b7-9a1a-433a-b9fe-c6d218480872 - - - - -] oslo_messaging_metrics.metrics_thread_stop_timeout = 10 log_opt_values /usr/lib/python3/dist-packages/oslo_config/cfg.py:2609
2025-12-11 00:38:08.023 146417 WARNING oslo_config.cfg [req-dd60e0b7-9a1a-433a-b9fe-c6d218480872 - - - - -] Deprecated: Option "auth_strategy" from group "api" is deprecated for removal ( The only non-default choice, ``noauth2``, is for internal development and testing purposes only and should not be used in deployments. This option and its middleware, NoAuthMiddleware[V2_18], will be removed in a future release. ). Its value may be silently ignored in the future.
2025-12-11 00:38:08.023 146417 DEBUG oslo_service.service [req-dd60e0b7-9a1a-433a-b9fe-c6d218480872 - - - - -] api.auth_strategy = keystone log_opt_values /usr/lib/python3/dist-packages/oslo_config/cfg.py:2609
2025-12-11 00:38:08.023 146417 DEBUG oslo_service.service [req-dd60e0b7-9a1a-433a-b9fe-c6d218480872 - - - - -] api.compute_link_prefix = None log_opt_values /usr/lib/python3/dist-packages/oslo_config/cfg.py:2609
2025-12-11 00:38:08.023 146806 DEBUG nova.service [req-3459827c-0848-477e-871b-b84cb339fae2 - - - - -] Join ServiceGroup membership for this service conductor start /usr/lib/python3/dist-packages/nova/service.py:199
2025-12-11 00:38:08.023 146417 DEBUG oslo_service.service [req-dd60e0b7-9a1a-433a-b9fe-c6d218480872 - - - - -] api.config_drive_skip_versions = 1.0 2007-01-19 2007-03-01 2007-08-29 2007-10-10 2007-12-15 2008-02-01 2008-09-01 log_opt_values /usr/lib/python3/dist-packages/oslo_config/cfg.py:2609
2025-12-11 00:38:08.023 146806 DEBUG nova.servicegroup.drivers.db [req-3459827c-0848-477e-871b-b84cb339fae2 - - - - -] DB_Driver: join new ServiceGroup member juju-f17ef8-0-lxd-7 to the conductor group, service = join /usr/lib/python3/dist-packages/nova/servicegroup/drivers/db.py:44
2025-12-11 00:38:08.023 146417 DEBUG oslo_service.service [req-dd60e0b7-9a1a-433a-b9fe-c6d218480872 - - - - -] api.dhcp_domain = novalocal log_opt_values /usr/lib/python3/dist-packages/oslo_config/cfg.py:2609
2025-12-11 00:38:08.024 146417 DEBUG oslo_service.service [req-dd60e0b7-9a1a-433a-b9fe-c6d218480872 - - - - -] api.enable_instance_password = True log_opt_values /usr/lib/python3/dist-packages/oslo_config/cfg.py:2609
2025-12-11 00:38:08.024 146417 DEBUG oslo_service.service [req-dd60e0b7-9a1a-433a-b9fe-c6d218480872 - - - - -] api.glance_link_prefix = None log_opt_values /usr/lib/python3/dist-packages/oslo_config/cfg.py:2609
2025-12-11 00:38:08.024 146417 DEBUG oslo_service.service [req-dd60e0b7-9a1a-433a-b9fe-c6d218480872 - - - - -] api.instance_list_cells_batch_fixed_size = 100 log_opt_values /usr/lib/python3/dist-packages/oslo_config/cfg.py:2609
2025-12-11 00:38:08.024 146417 DEBUG oslo_service.service [req-dd60e0b7-9a1a-433a-b9fe-c6d218480872 - - - - -] api.instance_list_cells_batch_strategy = distributed log_opt_values /usr/lib/python3/dist-packages/oslo_config/cfg.py:2609
2025-12-11 00:38:08.024 146417 DEBUG oslo_service.service [req-dd60e0b7-9a1a-433a-b9fe-c6d218480872 - - - - -] api.instance_list_per_project_cells = False log_opt_values /usr/lib/python3/dist-packages/oslo_config/cfg.py:2609
2025-12-11 00:38:08.025 146417 DEBUG oslo_service.service [req-dd60e0b7-9a1a-433a-b9fe-c6d218480872 - - - - -] api.list_records_by_skipping_down_cells = True log_opt_values /usr/lib/python3/dist-packages/oslo_config/cfg.py:2609
2025-12-11 00:38:08.025 146417 DEBUG oslo_service.service [req-dd60e0b7-9a1a-433a-b9fe-c6d218480872 - - - - -] api.local_metadata_per_cell = False log_opt_values /usr/lib/python3/dist-packages/oslo_config/cfg.py:2609
2025-12-11 00:38:08.025 146417 DEBUG oslo_service.service [req-dd60e0b7-9a1a-433a-b9fe-c6d218480872 - - - - -] api.max_limit = 1000 log_opt_values /usr/lib/python3/dist-packages/oslo_config/cfg.py:2609
2025-12-11 00:38:08.025 146417 DEBUG oslo_service.service [req-dd60e0b7-9a1a-433a-b9fe-c6d218480872 - - - - -] api.metadata_cache_expiration = 15 log_opt_values /usr/lib/python3/dist-packages/oslo_config/cfg.py:2609
2025-12-11 00:38:08.026 146806 DEBUG oslo_messaging._drivers.amqpdriver [-] AMQPListener connection timeout poll /usr/lib/python3/dist-packages/oslo_messaging/_drivers/amqpdriver.py:360
2025-12-11 00:38:08.026 146417 DEBUG oslo_service.service [req-dd60e0b7-9a1a-433a-b9fe-c6d218480872 - - - - -] api.neutron_default_tenant_id = default log_opt_values /usr/lib/python3/dist-packages/oslo_config/cfg.py:2609
2025-12-11 00:38:08.026 146806 DEBUG oslo_messaging._drivers.amqpdriver [-] Listener is running poll /usr/lib/python3/dist-packages/oslo_messaging/_drivers/amqpdriver.py:343
2025-12-11 00:38:08.026 146806 DEBUG oslo_messaging._drivers.amqpdriver [-] AMQPListener connection consume poll /usr/lib/python3/dist-packages/oslo_messaging/_drivers/amqpdriver.py:357
2025-12-11 00:38:08.026 146417 DEBUG oslo_service.service [req-dd60e0b7-9a1a-433a-b9fe-c6d218480872 - - - - -] api.use_forwarded_for = False log_opt_values /usr/lib/python3/dist-packages/oslo_config/cfg.py:2609
2025-12-11 00:38:08.026 146417 DEBUG oslo_service.service [req-dd60e0b7-9a1a-433a-b9fe-c6d218480872 - - - - -] api.use_neutron_default_nets = False log_opt_values /usr/lib/python3/dist-packages/oslo_config/cfg.py:2609
2025-12-11 00:38:08.026 146417 DEBUG oslo_service.service [req-dd60e0b7-9a1a-433a-b9fe-c6d218480872 - - - - -] api.vendordata_dynamic_connect_timeout = 5 log_opt_values /usr/lib/python3/dist-packages/oslo_config/cfg.py:2609
2025-12-11 00:38:08.026 146417 DEBUG oslo_service.service [req-dd60e0b7-9a1a-433a-b9fe-c6d218480872 - - - - -] api.vendordata_dynamic_failure_fatal = False log_opt_values /usr/lib/python3/dist-packages/oslo_config/cfg.py:2609
2025-12-11 00:38:08.027 146417 DEBUG oslo_service.service [req-dd60e0b7-9a1a-433a-b9fe-c6d218480872 - - - - -] api.vendordata_dynamic_read_timeout = 5 log_opt_values /usr/lib/python3/dist-packages/oslo_config/cfg.py:2609
2025-12-11 00:38:08.027 146417 DEBUG oslo_service.service [req-dd60e0b7-9a1a-433a-b9fe-c6d218480872 - - - - -] api.vendordata_dynamic_ssl_certfile = log_opt_values /usr/lib/python3/dist-packages/oslo_config/cfg.py:2609
2025-12-11 00:38:08.027 146417 DEBUG oslo_service.service [req-dd60e0b7-9a1a-433a-b9fe-c6d218480872 - - - - -] api.vendordata_dynamic_targets = [] log_opt_values /usr/lib/python3/dist-packages/oslo_config/cfg.py:2609
2025-12-11 00:38:08.027 146417 DEBUG oslo_service.service [req-dd60e0b7-9a1a-433a-b9fe-c6d218480872 - - - - -] api.vendordata_jsonfile_path = None log_opt_values /usr/lib/python3/dist-packages/oslo_config/cfg.py:2609
2025-12-11 00:38:08.028 146417 DEBUG oslo_service.service [req-dd60e0b7-9a1a-433a-b9fe-c6d218480872 - - - - -] api.vendordata_providers = ['StaticJSON'] log_opt_values /usr/lib/python3/dist-packages/oslo_config/cfg.py:2609
2025-12-11 00:38:08.028 146417 DEBUG oslo_service.service [req-dd60e0b7-9a1a-433a-b9fe-c6d218480872 - - - - -] cache.backend = dogpile.cache.null log_opt_values /usr/lib/python3/dist-packages/oslo_config/cfg.py:2609
2025-12-11 00:38:08.028 146417 DEBUG oslo_service.service [req-dd60e0b7-9a1a-433a-b9fe-c6d218480872 - - - - -] cache.backend_argument = **** log_opt_values /usr/lib/python3/dist-packages/oslo_config/cfg.py:2609
2025-12-11 00:38:08.028 146417 DEBUG oslo_service.service [req-dd60e0b7-9a1a-433a-b9fe-c6d218480872 - - - - -] cache.config_prefix = cache.oslo log_opt_values /usr/lib/python3/dist-packages/oslo_config/cfg.py:2609
2025-12-11 00:38:08.029 146417 DEBUG oslo_service.service [req-dd60e0b7-9a1a-433a-b9fe-c6d218480872 - - - - -] cache.debug_cache_backend = False log_opt_values /usr/lib/python3/dist-packages/oslo_config/cfg.py:2609
2025-12-11 00:38:08.031 146417 DEBUG oslo_service.service [req-dd60e0b7-9a1a-433a-b9fe-c6d218480872 - - - - -] cache.enabled = False log_opt_values /usr/lib/python3/dist-packages/oslo_config/cfg.py:2609
2025-12-11 00:38:08.032 146417 DEBUG oslo_service.service [req-dd60e0b7-9a1a-433a-b9fe-c6d218480872 - - - - -] cache.expiration_time = 600 log_opt_values /usr/lib/python3/dist-packages/oslo_config/cfg.py:2609
2025-12-11 00:38:08.032 146417 DEBUG oslo_service.service [req-dd60e0b7-9a1a-433a-b9fe-c6d218480872 - - - - -] cache.memcache_dead_retry = 300 log_opt_values /usr/lib/python3/dist-packages/oslo_config/cfg.py:2609
2025-12-11 00:38:08.033 146417 DEBUG oslo_service.service [req-dd60e0b7-9a1a-433a-b9fe-c6d218480872 - - - - -] cache.memcache_pool_connection_get_timeout = 10 log_opt_values /usr/lib/python3/dist-packages/oslo_config/cfg.py:2609
2025-12-11 00:38:08.033 146417 DEBUG oslo_service.service [req-dd60e0b7-9a1a-433a-b9fe-c6d218480872 - - - - -] cache.memcache_pool_flush_on_reconnect = False log_opt_values /usr/lib/python3/dist-packages/oslo_config/cfg.py:2609
2025-12-11 00:38:08.033 146417 DEBUG oslo_service.service [req-dd60e0b7-9a1a-433a-b9fe-c6d218480872 - - - - -] cache.memcache_pool_maxsize = 10 log_opt_values /usr/lib/python3/dist-packages/oslo_config/cfg.py:2609
2025-12-11 00:38:08.034 146417 DEBUG oslo_service.service [req-dd60e0b7-9a1a-433a-b9fe-c6d218480872 - - - - -] cache.memcache_pool_unused_timeout = 60 log_opt_values /usr/lib/python3/dist-packages/oslo_config/cfg.py:2609
2025-12-11 00:38:08.034 146417 DEBUG oslo_service.service [req-dd60e0b7-9a1a-433a-b9fe-c6d218480872 - - - - -] cache.memcache_servers = ['localhost:11211'] log_opt_values /usr/lib/python3/dist-packages/oslo_config/cfg.py:2609
2025-12-11 00:38:08.034 146417 DEBUG oslo_service.service [req-dd60e0b7-9a1a-433a-b9fe-c6d218480872 - - - - -] cache.memcache_socket_timeout = 1.0 log_opt_values /usr/lib/python3/dist-packages/oslo_config/cfg.py:2609
2025-12-11 00:38:08.034 146417 DEBUG oslo_service.service [req-dd60e0b7-9a1a-433a-b9fe-c6d218480872 - - - - -] cache.proxies = [] log_opt_values /usr/lib/python3/dist-packages/oslo_config/cfg.py:2609
2025-12-11 00:38:08.035 146417 DEBUG oslo_service.service [req-dd60e0b7-9a1a-433a-b9fe-c6d218480872 - - - - -] cache.tls_allowed_ciphers = None log_opt_values /usr/lib/python3/dist-packages/oslo_config/cfg.py:2609
2025-12-11 00:38:08.035 146417 DEBUG oslo_service.service [req-dd60e0b7-9a1a-433a-b9fe-c6d218480872 - - - - -] cache.tls_cafile = None log_opt_values /usr/lib/python3/dist-packages/oslo_config/cfg.py:2609
2025-12-11 00:38:08.035 146417 DEBUG oslo_service.service [req-dd60e0b7-9a1a-433a-b9fe-c6d218480872 - - - - -] cache.tls_certfile = None log_opt_values /usr/lib/python3/dist-packages/oslo_config/cfg.py:2609
2025-12-11 00:38:08.035 146417 DEBUG oslo_service.service [req-dd60e0b7-9a1a-433a-b9fe-c6d218480872 - - - - -] cache.tls_enabled = False log_opt_values /usr/lib/python3/dist-packages/oslo_config/cfg.py:2609
2025-12-11 00:38:08.036 146417 DEBUG oslo_service.service [req-dd60e0b7-9a1a-433a-b9fe-c6d218480872 - - - - -] cache.tls_keyfile = None log_opt_values /usr/lib/python3/dist-packages/oslo_config/cfg.py:2609
2025-12-11 00:38:08.036 146417 DEBUG oslo_service.service [req-dd60e0b7-9a1a-433a-b9fe-c6d218480872 - - - - -] cinder.auth_section = None log_opt_values /usr/lib/python3/dist-packages/oslo_config/cfg.py:2609
2025-12-11 00:38:08.036 146417 DEBUG oslo_service.service [req-dd60e0b7-9a1a-433a-b9fe-c6d218480872 - - - - -] cinder.auth_type = None log_opt_values /usr/lib/python3/dist-packages/oslo_config/cfg.py:2609
2025-12-11 00:38:08.036 146417 DEBUG oslo_service.service [req-dd60e0b7-9a1a-433a-b9fe-c6d218480872 - - - - -] cinder.cafile = None log_opt_values /usr/lib/python3/dist-packages/oslo_config/cfg.py:2609
2025-12-11 00:38:08.037 146417 DEBUG oslo_service.service [req-dd60e0b7-9a1a-433a-b9fe-c6d218480872 - - - - -] cinder.catalog_info = volumev3::publicURL log_opt_values /usr/lib/python3/dist-packages/oslo_config/cfg.py:2609
2025-12-11 00:38:08.037 146417 DEBUG oslo_service.service [req-dd60e0b7-9a1a-433a-b9fe-c6d218480872 - - - - -] cinder.certfile = None log_opt_values /usr/lib/python3/dist-packages/oslo_config/cfg.py:2609
2025-12-11 00:38:08.038 146809 DEBUG nova.service [req-a98b14ac-09a4-499c-bb2f-55aa6cd3a33e - - - - -] Creating RPC server for service conductor start /usr/lib/python3/dist-packages/nova/service.py:182
2025-12-11 00:38:08.038 146417 DEBUG oslo_service.service [req-dd60e0b7-9a1a-433a-b9fe-c6d218480872 - - - - -] cinder.collect_timing = False log_opt_values /usr/lib/python3/dist-packages/oslo_config/cfg.py:2609
2025-12-11 00:38:08.040 146417 DEBUG oslo_service.service [req-dd60e0b7-9a1a-433a-b9fe-c6d218480872 - - - - -] cinder.cross_az_attach = True log_opt_values /usr/lib/python3/dist-packages/oslo_config/cfg.py:2609
2025-12-11 00:38:08.040 146807 DEBUG oslo_messaging._drivers.amqpdriver [-] Listener is running poll /usr/lib/python3/dist-packages/oslo_messaging/_drivers/amqpdriver.py:343
2025-12-11 00:38:08.040 146417 DEBUG oslo_service.service [req-dd60e0b7-9a1a-433a-b9fe-c6d218480872 - - - - -] cinder.debug = False log_opt_values /usr/lib/python3/dist-packages/oslo_config/cfg.py:2609
2025-12-11 00:38:08.040 146807 DEBUG oslo_messaging._drivers.amqpdriver [-] AMQPListener connection consume poll /usr/lib/python3/dist-packages/oslo_messaging/_drivers/amqpdriver.py:357
2025-12-11 00:38:08.040 146808 DEBUG oslo_messaging._drivers.amqpdriver [-] Listener is running poll /usr/lib/python3/dist-packages/oslo_messaging/_drivers/amqpdriver.py:343
2025-12-11 00:38:08.040 146417 DEBUG oslo_service.service [req-dd60e0b7-9a1a-433a-b9fe-c6d218480872 - - - - -] cinder.endpoint_template = None log_opt_values /usr/lib/python3/dist-packages/oslo_config/cfg.py:2609
2025-12-11 00:38:08.041 146808 DEBUG oslo_messaging._drivers.amqpdriver [-] AMQPListener connection consume poll /usr/lib/python3/dist-packages/oslo_messaging/_drivers/amqpdriver.py:357
2025-12-11 00:38:08.041 146807 DEBUG nova.service [req-8a39d54e-36b7-4589-a8b4-15e0a86ef7ee - - - - -] Join ServiceGroup membership for this service conductor start /usr/lib/python3/dist-packages/nova/service.py:199
2025-12-11 00:38:08.041 146417 DEBUG oslo_service.service [req-dd60e0b7-9a1a-433a-b9fe-c6d218480872 - - - - -] cinder.http_retries = 3 log_opt_values /usr/lib/python3/dist-packages/oslo_config/cfg.py:2609
2025-12-11 00:38:08.041 146417 DEBUG oslo_service.service [req-dd60e0b7-9a1a-433a-b9fe-c6d218480872 - - - - -] cinder.insecure = False log_opt_values /usr/lib/python3/dist-packages/oslo_config/cfg.py:2609
2025-12-11 00:38:08.041 146808 DEBUG nova.service [req-c9422b20-1a9e-4681-b981-3a323e22011a - - - - -] Join ServiceGroup membership for this service conductor start /usr/lib/python3/dist-packages/nova/service.py:199
2025-12-11 00:38:08.042 146417 DEBUG oslo_service.service [req-dd60e0b7-9a1a-433a-b9fe-c6d218480872 - - - - -] cinder.keyfile = None log_opt_values /usr/lib/python3/dist-packages/oslo_config/cfg.py:2609
2025-12-11 00:38:08.041 146807 DEBUG nova.servicegroup.drivers.db [req-8a39d54e-36b7-4589-a8b4-15e0a86ef7ee - - - - -] DB_Driver: join new ServiceGroup member juju-f17ef8-0-lxd-7 to the conductor group, service = join /usr/lib/python3/dist-packages/nova/servicegroup/drivers/db.py:44
2025-12-11 00:38:08.042 146417 DEBUG oslo_service.service [req-dd60e0b7-9a1a-433a-b9fe-c6d218480872 - - - - -] cinder.os_region_name = None log_opt_values /usr/lib/python3/dist-packages/oslo_config/cfg.py:2609
2025-12-11 00:38:08.042 146808 DEBUG nova.servicegroup.drivers.db [req-c9422b20-1a9e-4681-b981-3a323e22011a - - - - -] DB_Driver: join new ServiceGroup member juju-f17ef8-0-lxd-7 to the conductor group, service = join /usr/lib/python3/dist-packages/nova/servicegroup/drivers/db.py:44
2025-12-11 00:38:08.042 146417 DEBUG oslo_service.service [req-dd60e0b7-9a1a-433a-b9fe-c6d218480872 - - - - -] cinder.split_loggers = False log_opt_values /usr/lib/python3/dist-packages/oslo_config/cfg.py:2609
2025-12-11 00:38:08.043 146417 DEBUG oslo_service.service [req-dd60e0b7-9a1a-433a-b9fe-c6d218480872 - - - - -] cinder.timeout = None log_opt_values /usr/lib/python3/dist-packages/oslo_config/cfg.py:2609
2025-12-11 00:38:08.043 146417 DEBUG oslo_service.service [req-dd60e0b7-9a1a-433a-b9fe-c6d218480872 - - - - -] compute.consecutive_build_service_disable_threshold = 10 log_opt_values /usr/lib/python3/dist-packages/oslo_config/cfg.py:2609
2025-12-11 00:38:08.043 146417 DEBUG oslo_service.service [req-dd60e0b7-9a1a-433a-b9fe-c6d218480872 - - - - -] compute.cpu_dedicated_set = None log_opt_values /usr/lib/python3/dist-packages/oslo_config/cfg.py:2609
2025-12-11 00:38:08.044 146417 DEBUG oslo_service.service [req-dd60e0b7-9a1a-433a-b9fe-c6d218480872 - - - - -] compute.cpu_shared_set = None log_opt_values /usr/lib/python3/dist-packages/oslo_config/cfg.py:2609
2025-12-11 00:38:08.044 146417 DEBUG oslo_service.service [req-dd60e0b7-9a1a-433a-b9fe-c6d218480872 - - - - -] compute.image_type_exclude_list = [] log_opt_values /usr/lib/python3/dist-packages/oslo_config/cfg.py:2609
2025-12-11 00:38:08.044 146417 DEBUG oslo_service.service [req-dd60e0b7-9a1a-433a-b9fe-c6d218480872 - - - - -] compute.live_migration_wait_for_vif_plug = True log_opt_values /usr/lib/python3/dist-packages/oslo_config/cfg.py:2609
2025-12-11 00:38:08.044 146807 DEBUG oslo_messaging._drivers.amqpdriver [-] AMQPListener connection timeout poll /usr/lib/python3/dist-packages/oslo_messaging/_drivers/amqpdriver.py:360
2025-12-11 00:38:08.044 146808 DEBUG oslo_messaging._drivers.amqpdriver [-] AMQPListener connection timeout poll /usr/lib/python3/dist-packages/oslo_messaging/_drivers/amqpdriver.py:360
2025-12-11 00:38:08.044 146417 DEBUG oslo_service.service [req-dd60e0b7-9a1a-433a-b9fe-c6d218480872 - - - - -] compute.max_concurrent_disk_ops = 0 log_opt_values /usr/lib/python3/dist-packages/oslo_config/cfg.py:2609
2025-12-11 00:38:08.044 146808 DEBUG oslo_messaging._drivers.amqpdriver [-] Listener is running poll /usr/lib/python3/dist-packages/oslo_messaging/_drivers/amqpdriver.py:343
2025-12-11 00:38:08.044 146807 DEBUG oslo_messaging._drivers.amqpdriver [-] Listener is running poll /usr/lib/python3/dist-packages/oslo_messaging/_drivers/amqpdriver.py:343
2025-12-11 00:38:08.044 146808 DEBUG oslo_messaging._drivers.amqpdriver [-] AMQPListener connection consume poll /usr/lib/python3/dist-packages/oslo_messaging/_drivers/amqpdriver.py:357
2025-12-11 00:38:08.045 146807 DEBUG oslo_messaging._drivers.amqpdriver [-] AMQPListener connection consume poll /usr/lib/python3/dist-packages/oslo_messaging/_drivers/amqpdriver.py:357
2025-12-11 00:38:08.044 146417 DEBUG oslo_service.service [req-dd60e0b7-9a1a-433a-b9fe-c6d218480872 - - - - -] compute.max_disk_devices_to_attach = -1 log_opt_values /usr/lib/python3/dist-packages/oslo_config/cfg.py:2609
2025-12-11 00:38:08.045 146417 DEBUG oslo_service.service [req-dd60e0b7-9a1a-433a-b9fe-c6d218480872 - - - - -] compute.packing_host_numa_cells_allocation_strategy = True log_opt_values /usr/lib/python3/dist-packages/oslo_config/cfg.py:2609
2025-12-11 00:38:08.045 146417 DEBUG oslo_service.service [req-dd60e0b7-9a1a-433a-b9fe-c6d218480872 - - - - -] compute.provider_config_location = /etc/nova/provider_config/ log_opt_values /usr/lib/python3/dist-packages/oslo_config/cfg.py:2609
2025-12-11 00:38:08.045 146417 DEBUG oslo_service.service [req-dd60e0b7-9a1a-433a-b9fe-c6d218480872 - - - - -] compute.resource_provider_association_refresh = 300 log_opt_values /usr/lib/python3/dist-packages/oslo_config/cfg.py:2609
