2025-12-08 00:42:17.463 134592 DEBUG oslo_service.service [req-a41beb94-8349-48fa-a821-a4d16dea06f9 - - - - -] log_rotate_interval_type = days log_opt_values /usr/lib/python3/dist-packages/oslo_config/cfg.py:2602
2025-12-08 00:42:17.463 134592 DEBUG oslo_service.service [req-a41beb94-8349-48fa-a821-a4d16dea06f9 - - - - -] log_rotation_type = none log_opt_values /usr/lib/python3/dist-packages/oslo_config/cfg.py:2602
2025-12-08 00:42:17.463 134592 DEBUG oslo_service.service [req-a41beb94-8349-48fa-a821-a4d16dea06f9 - - - - -] logging_context_format_string = %(asctime)s.%(msecs)03d %(process)d %(levelname)s %(name)s [%(request_id)s %(user_identity)s] %(instance)s%(message)s log_opt_values /usr/lib/python3/dist-packages/oslo_config/cfg.py:2602
2025-12-08 00:42:17.463 134592 DEBUG oslo_service.service [req-a41beb94-8349-48fa-a821-a4d16dea06f9 - - - - -] logging_debug_format_suffix = %(funcName)s %(pathname)s:%(lineno)d log_opt_values /usr/lib/python3/dist-packages/oslo_config/cfg.py:2602
2025-12-08 00:42:17.464 134592 DEBUG oslo_service.service [req-a41beb94-8349-48fa-a821-a4d16dea06f9 - - - - -] logging_default_format_string = %(asctime)s.%(msecs)03d %(process)d %(levelname)s %(name)s [-] %(instance)s%(message)s log_opt_values /usr/lib/python3/dist-packages/oslo_config/cfg.py:2602
2025-12-08 00:42:17.464 134592 DEBUG oslo_service.service [req-a41beb94-8349-48fa-a821-a4d16dea06f9 - - - - -] logging_exception_prefix = %(asctime)s.%(msecs)03d %(process)d ERROR %(name)s %(instance)s log_opt_values /usr/lib/python3/dist-packages/oslo_config/cfg.py:2602
2025-12-08 00:42:17.464 134592 DEBUG oslo_service.service [req-a41beb94-8349-48fa-a821-a4d16dea06f9 - - - - -] logging_user_identity_format = %(user)s %(project)s %(domain)s %(user_domain)s %(project_domain)s log_opt_values /usr/lib/python3/dist-packages/oslo_config/cfg.py:2602
2025-12-08 00:42:17.463 135038 INFO nova.service [-] Starting conductor node (version 25.2.1)
2025-12-08 00:42:17.465 134592 DEBUG oslo_service.service [req-a41beb94-8349-48fa-a821-a4d16dea06f9 - - - - -] long_rpc_timeout = 1800 log_opt_values /usr/lib/python3/dist-packages/oslo_config/cfg.py:2602
2025-12-08 00:42:17.465 134592 DEBUG oslo_service.service [req-a41beb94-8349-48fa-a821-a4d16dea06f9 - - - - -] max_concurrent_builds = 10 log_opt_values /usr/lib/python3/dist-packages/oslo_config/cfg.py:2602
2025-12-08 00:42:17.465 134592 DEBUG oslo_service.service [req-a41beb94-8349-48fa-a821-a4d16dea06f9 - - - - -] max_concurrent_live_migrations = 1 log_opt_values /usr/lib/python3/dist-packages/oslo_config/cfg.py:2602
2025-12-08 00:42:17.466 134592 DEBUG oslo_service.service [req-a41beb94-8349-48fa-a821-a4d16dea06f9 - - - - -] max_concurrent_snapshots = 5 log_opt_values /usr/lib/python3/dist-packages/oslo_config/cfg.py:2602
2025-12-08 00:42:17.466 134592 DEBUG oslo_service.service [req-a41beb94-8349-48fa-a821-a4d16dea06f9 - - - - -] max_local_block_devices = 3 log_opt_values /usr/lib/python3/dist-packages/oslo_config/cfg.py:2602
2025-12-08 00:42:17.466 134592 DEBUG oslo_service.service [req-a41beb94-8349-48fa-a821-a4d16dea06f9 - - - - -] max_logfile_count = 30 log_opt_values /usr/lib/python3/dist-packages/oslo_config/cfg.py:2602
2025-12-08 00:42:17.467 134592 DEBUG oslo_service.service [req-a41beb94-8349-48fa-a821-a4d16dea06f9 - - - - -] max_logfile_size_mb = 200 log_opt_values /usr/lib/python3/dist-packages/oslo_config/cfg.py:2602
2025-12-08 00:42:17.467 134592 DEBUG oslo_service.service [req-a41beb94-8349-48fa-a821-a4d16dea06f9 - - - - -] maximum_instance_delete_attempts = 5 log_opt_values /usr/lib/python3/dist-packages/oslo_config/cfg.py:2602
2025-12-08 00:42:17.467 134592 DEBUG oslo_service.service [req-a41beb94-8349-48fa-a821-a4d16dea06f9 - - - - -] metadata_listen = 0.0.0.0 log_opt_values /usr/lib/python3/dist-packages/oslo_config/cfg.py:2602
2025-12-08 00:42:17.467 135036 DEBUG nova.service [req-06a80dc3-1094-495a-beb3-5cca68af1995 - - - - -] Creating RPC server for service conductor start /usr/lib/python3/dist-packages/nova/service.py:182
2025-12-08 00:42:17.468 134592 DEBUG oslo_service.service [req-a41beb94-8349-48fa-a821-a4d16dea06f9 - - - - -] metadata_listen_port = 8765 log_opt_values /usr/lib/python3/dist-packages/oslo_config/cfg.py:2602
2025-12-08 00:42:17.468 134592 DEBUG oslo_service.service [req-a41beb94-8349-48fa-a821-a4d16dea06f9 - - - - -] metadata_workers = None log_opt_values /usr/lib/python3/dist-packages/oslo_config/cfg.py:2602
2025-12-08 00:42:17.468 134592 DEBUG oslo_service.service [req-a41beb94-8349-48fa-a821-a4d16dea06f9 - - - - -] migrate_max_retries = -1 log_opt_values /usr/lib/python3/dist-packages/oslo_config/cfg.py:2602
2025-12-08 00:42:17.468 134592 DEBUG oslo_service.service [req-a41beb94-8349-48fa-a821-a4d16dea06f9 - - - - -] mkisofs_cmd = genisoimage log_opt_values /usr/lib/python3/dist-packages/oslo_config/cfg.py:2602
2025-12-08 00:42:17.469 134592 DEBUG oslo_service.service [req-a41beb94-8349-48fa-a821-a4d16dea06f9 - - - - -] my_block_storage_ip = 252.41.2.156 log_opt_values /usr/lib/python3/dist-packages/oslo_config/cfg.py:2602
2025-12-08 00:42:17.469 134592 DEBUG oslo_service.service [req-a41beb94-8349-48fa-a821-a4d16dea06f9 - - - - -] my_ip = 252.41.2.156 log_opt_values /usr/lib/python3/dist-packages/oslo_config/cfg.py:2602
2025-12-08 00:42:17.469 134592 DEBUG oslo_service.service [req-a41beb94-8349-48fa-a821-a4d16dea06f9 - - - - -] network_allocate_retries = 0 log_opt_values /usr/lib/python3/dist-packages/oslo_config/cfg.py:2602
2025-12-08 00:42:17.469 135037 DEBUG oslo_db.sqlalchemy.engines [req-bab8e4c6-bedd-41fb-948d-0a4911eb160c - - - - -] MySQL server mode set to STRICT_TRANS_TABLES,STRICT_ALL_TABLES,NO_ZERO_IN_DATE,NO_ZERO_DATE,ERROR_FOR_DIVISION_BY_ZERO,TRADITIONAL,NO_ENGINE_SUBSTITUTION _check_effective_sql_mode /usr/lib/python3/dist-packages/oslo_db/sqlalchemy/engines.py:314
2025-12-08 00:42:17.470 134592 DEBUG oslo_service.service [req-a41beb94-8349-48fa-a821-a4d16dea06f9 - - - - -] non_inheritable_image_properties = ['cache_in_nova', 'bittorrent'] log_opt_values /usr/lib/python3/dist-packages/oslo_config/cfg.py:2602
2025-12-08 00:42:17.470 134592 DEBUG oslo_service.service [req-a41beb94-8349-48fa-a821-a4d16dea06f9 - - - - -] osapi_compute_listen = 0.0.0.0 log_opt_values /usr/lib/python3/dist-packages/oslo_config/cfg.py:2602
2025-12-08 00:42:17.470 134592 DEBUG oslo_service.service [req-a41beb94-8349-48fa-a821-a4d16dea06f9 - - - - -] osapi_compute_listen_port = 8764 log_opt_values /usr/lib/python3/dist-packages/oslo_config/cfg.py:2602
2025-12-08 00:42:17.471 134592 DEBUG oslo_service.service [req-a41beb94-8349-48fa-a821-a4d16dea06f9 - - - - -] osapi_compute_unique_server_name_scope = log_opt_values /usr/lib/python3/dist-packages/oslo_config/cfg.py:2602
2025-12-08 00:42:17.471 134592 DEBUG oslo_service.service [req-a41beb94-8349-48fa-a821-a4d16dea06f9 - - - - -] osapi_compute_workers = 4 log_opt_values /usr/lib/python3/dist-packages/oslo_config/cfg.py:2602
2025-12-08 00:42:17.471 134592 DEBUG oslo_service.service [req-a41beb94-8349-48fa-a821-a4d16dea06f9 - - - - -] password_length = 12 log_opt_values /usr/lib/python3/dist-packages/oslo_config/cfg.py:2602
2025-12-08 00:42:17.472 134592 DEBUG oslo_service.service [req-a41beb94-8349-48fa-a821-a4d16dea06f9 - - - - -] periodic_enable = True log_opt_values /usr/lib/python3/dist-packages/oslo_config/cfg.py:2602
2025-12-08 00:42:17.472 134592 DEBUG oslo_service.service [req-a41beb94-8349-48fa-a821-a4d16dea06f9 - - - - -] periodic_fuzzy_delay = 60 log_opt_values /usr/lib/python3/dist-packages/oslo_config/cfg.py:2602
2025-12-08 00:42:17.472 134592 DEBUG oslo_service.service [req-a41beb94-8349-48fa-a821-a4d16dea06f9 - - - - -] pointer_model = usbtablet log_opt_values /usr/lib/python3/dist-packages/oslo_config/cfg.py:2602
2025-12-08 00:42:17.472 134592 DEBUG oslo_service.service [req-a41beb94-8349-48fa-a821-a4d16dea06f9 - - - - -] preallocate_images = none log_opt_values /usr/lib/python3/dist-packages/oslo_config/cfg.py:2602
2025-12-08 00:42:17.473 134592 DEBUG oslo_service.service [req-a41beb94-8349-48fa-a821-a4d16dea06f9 - - - - -] publish_errors = False log_opt_values /usr/lib/python3/dist-packages/oslo_config/cfg.py:2602
2025-12-08 00:42:17.473 134592 DEBUG oslo_service.service [req-a41beb94-8349-48fa-a821-a4d16dea06f9 - - - - -] pybasedir = /usr/lib/python3/dist-packages log_opt_values /usr/lib/python3/dist-packages/oslo_config/cfg.py:2602
2025-12-08 00:42:17.473 134592 DEBUG oslo_service.service [req-a41beb94-8349-48fa-a821-a4d16dea06f9 - - - - -] ram_allocation_ratio = 0.98 log_opt_values /usr/lib/python3/dist-packages/oslo_config/cfg.py:2602
2025-12-08 00:42:17.473 134592 DEBUG oslo_service.service [req-a41beb94-8349-48fa-a821-a4d16dea06f9 - - - - -] rate_limit_burst = 0 log_opt_values /usr/lib/python3/dist-packages/oslo_config/cfg.py:2602
2025-12-08 00:42:17.474 134592 DEBUG oslo_service.service [req-a41beb94-8349-48fa-a821-a4d16dea06f9 - - - - -] rate_limit_except_level = CRITICAL log_opt_values /usr/lib/python3/dist-packages/oslo_config/cfg.py:2602
2025-12-08 00:42:17.474 134592 DEBUG oslo_service.service [req-a41beb94-8349-48fa-a821-a4d16dea06f9 - - - - -] rate_limit_interval = 0 log_opt_values /usr/lib/python3/dist-packages/oslo_config/cfg.py:2602
2025-12-08 00:42:17.474 134592 DEBUG oslo_service.service [req-a41beb94-8349-48fa-a821-a4d16dea06f9 - - - - -] reboot_timeout = 0 log_opt_values /usr/lib/python3/dist-packages/oslo_config/cfg.py:2602
2025-12-08 00:42:17.474 134592 DEBUG oslo_service.service [req-a41beb94-8349-48fa-a821-a4d16dea06f9 - - - - -] reclaim_instance_interval = 0 log_opt_values /usr/lib/python3/dist-packages/oslo_config/cfg.py:2602
2025-12-08 00:42:17.475 134592 DEBUG oslo_service.service [req-a41beb94-8349-48fa-a821-a4d16dea06f9 - - - - -] record = None log_opt_values /usr/lib/python3/dist-packages/oslo_config/cfg.py:2602
2025-12-08 00:42:17.475 134592 DEBUG oslo_service.service [req-a41beb94-8349-48fa-a821-a4d16dea06f9 - - - - -] report_interval = 10 log_opt_values /usr/lib/python3/dist-packages/oslo_config/cfg.py:2602
2025-12-08 00:42:17.475 134592 DEBUG oslo_service.service [req-a41beb94-8349-48fa-a821-a4d16dea06f9 - - - - -] rescue_timeout = 0 log_opt_values /usr/lib/python3/dist-packages/oslo_config/cfg.py:2602
2025-12-08 00:42:17.475 134592 DEBUG oslo_service.service [req-a41beb94-8349-48fa-a821-a4d16dea06f9 - - - - -] reserved_host_cpus = 0 log_opt_values /usr/lib/python3/dist-packages/oslo_config/cfg.py:2602
2025-12-08 00:42:17.476 134592 DEBUG oslo_service.service [req-a41beb94-8349-48fa-a821-a4d16dea06f9 - - - - -] reserved_host_disk_mb = 0 log_opt_values /usr/lib/python3/dist-packages/oslo_config/cfg.py:2602
2025-12-08 00:42:17.476 134592 DEBUG oslo_service.service [req-a41beb94-8349-48fa-a821-a4d16dea06f9 - - - - -] reserved_host_memory_mb = 512 log_opt_values /usr/lib/python3/dist-packages/oslo_config/cfg.py:2602
2025-12-08 00:42:17.476 134592 DEBUG oslo_service.service [req-a41beb94-8349-48fa-a821-a4d16dea06f9 - - - - -] reserved_huge_pages = None log_opt_values /usr/lib/python3/dist-packages/oslo_config/cfg.py:2602
2025-12-08 00:42:17.477 134592 DEBUG oslo_service.service [req-a41beb94-8349-48fa-a821-a4d16dea06f9 - - - - -] resize_confirm_window = 0 log_opt_values /usr/lib/python3/dist-packages/oslo_config/cfg.py:2602
2025-12-08 00:42:17.477 134592 DEBUG oslo_service.service [req-a41beb94-8349-48fa-a821-a4d16dea06f9 - - - - -] resize_fs_using_block_device = False log_opt_values /usr/lib/python3/dist-packages/oslo_config/cfg.py:2602
2025-12-08 00:42:17.477 134592 DEBUG oslo_service.service [req-a41beb94-8349-48fa-a821-a4d16dea06f9 - - - - -] resume_guests_state_on_host_boot = False log_opt_values /usr/lib/python3/dist-packages/oslo_config/cfg.py:2602
2025-12-08 00:42:17.477 134592 DEBUG oslo_service.service [req-a41beb94-8349-48fa-a821-a4d16dea06f9 - - - - -] rootwrap_config = /etc/nova/rootwrap.conf log_opt_values /usr/lib/python3/dist-packages/oslo_config/cfg.py:2602
2025-12-08 00:42:17.478 134592 DEBUG oslo_service.service [req-a41beb94-8349-48fa-a821-a4d16dea06f9 - - - - -] rpc_response_timeout = 60 log_opt_values /usr/lib/python3/dist-packages/oslo_config/cfg.py:2602
2025-12-08 00:42:17.478 134592 DEBUG oslo_service.service [req-a41beb94-8349-48fa-a821-a4d16dea06f9 - - - - -] run_external_periodic_tasks = True log_opt_values /usr/lib/python3/dist-packages/oslo_config/cfg.py:2602
2025-12-08 00:42:17.478 134592 DEBUG oslo_service.service [req-a41beb94-8349-48fa-a821-a4d16dea06f9 - - - - -] running_deleted_instance_action = reap log_opt_values /usr/lib/python3/dist-packages/oslo_config/cfg.py:2602
2025-12-08 00:42:17.479 134592 DEBUG oslo_service.service [req-a41beb94-8349-48fa-a821-a4d16dea06f9 - - - - -] running_deleted_instance_poll_interval = 1800 log_opt_values /usr/lib/python3/dist-packages/oslo_config/cfg.py:2602
2025-12-08 00:42:17.479 134592 DEBUG oslo_service.service [req-a41beb94-8349-48fa-a821-a4d16dea06f9 - - - - -] running_deleted_instance_timeout = 0 log_opt_values /usr/lib/python3/dist-packages/oslo_config/cfg.py:2602
2025-12-08 00:42:17.479 134592 DEBUG oslo_service.service [req-a41beb94-8349-48fa-a821-a4d16dea06f9 - - - - -] scheduler_instance_sync_interval = 120 log_opt_values /usr/lib/python3/dist-packages/oslo_config/cfg.py:2602
2025-12-08 00:42:17.479 134592 DEBUG oslo_service.service [req-a41beb94-8349-48fa-a821-a4d16dea06f9 - - - - -] service_down_time = 60 log_opt_values /usr/lib/python3/dist-packages/oslo_config/cfg.py:2602
2025-12-08 00:42:17.480 134592 DEBUG oslo_service.service [req-a41beb94-8349-48fa-a821-a4d16dea06f9 - - - - -] servicegroup_driver = db log_opt_values /usr/lib/python3/dist-packages/oslo_config/cfg.py:2602
2025-12-08 00:42:17.480 134592 DEBUG oslo_service.service [req-a41beb94-8349-48fa-a821-a4d16dea06f9 - - - - -] shelved_offload_time = 0 log_opt_values /usr/lib/python3/dist-packages/oslo_config/cfg.py:2602
2025-12-08 00:42:17.480 134592 DEBUG oslo_service.service [req-a41beb94-8349-48fa-a821-a4d16dea06f9 - - - - -] shelved_poll_interval = 3600 log_opt_values /usr/lib/python3/dist-packages/oslo_config/cfg.py:2602
2025-12-08 00:42:17.481 134592 DEBUG oslo_service.service [req-a41beb94-8349-48fa-a821-a4d16dea06f9 - - - - -] shutdown_timeout = 60 log_opt_values /usr/lib/python3/dist-packages/oslo_config/cfg.py:2602
2025-12-08 00:42:17.481 134592 DEBUG oslo_service.service [req-a41beb94-8349-48fa-a821-a4d16dea06f9 - - - - -] source_is_ipv6 = False log_opt_values /usr/lib/python3/dist-packages/oslo_config/cfg.py:2602
2025-12-08 00:42:17.481 134592 DEBUG oslo_service.service [req-a41beb94-8349-48fa-a821-a4d16dea06f9 - - - - -] ssl_only = False log_opt_values /usr/lib/python3/dist-packages/oslo_config/cfg.py:2602
2025-12-08 00:42:17.481 134592 DEBUG oslo_service.service [req-a41beb94-8349-48fa-a821-a4d16dea06f9 - - - - -] state_path = /var/lib/nova log_opt_values /usr/lib/python3/dist-packages/oslo_config/cfg.py:2602
2025-12-08 00:42:17.482 134592 DEBUG oslo_service.service [req-a41beb94-8349-48fa-a821-a4d16dea06f9 - - - - -] sync_power_state_interval = 600 log_opt_values /usr/lib/python3/dist-packages/oslo_config/cfg.py:2602
2025-12-08 00:42:17.482 134592 DEBUG oslo_service.service [req-a41beb94-8349-48fa-a821-a4d16dea06f9 - - - - -] sync_power_state_pool_size = 1000 log_opt_values /usr/lib/python3/dist-packages/oslo_config/cfg.py:2602
2025-12-08 00:42:17.482 134592 DEBUG oslo_service.service [req-a41beb94-8349-48fa-a821-a4d16dea06f9 - - - - -] syslog_log_facility = LOG_USER log_opt_values /usr/lib/python3/dist-packages/oslo_config/cfg.py:2602
2025-12-08 00:42:17.483 134592 DEBUG oslo_service.service [req-a41beb94-8349-48fa-a821-a4d16dea06f9 - - - - -] tempdir = None log_opt_values /usr/lib/python3/dist-packages/oslo_config/cfg.py:2602
2025-12-08 00:42:17.483 134592 DEBUG oslo_service.service [req-a41beb94-8349-48fa-a821-a4d16dea06f9 - - - - -] timeout_nbd = 10 log_opt_values /usr/lib/python3/dist-packages/oslo_config/cfg.py:2602
2025-12-08 00:42:17.483 134592 DEBUG oslo_service.service [req-a41beb94-8349-48fa-a821-a4d16dea06f9 - - - - -] transport_url = **** log_opt_values /usr/lib/python3/dist-packages/oslo_config/cfg.py:2602
2025-12-08 00:42:17.483 134592 DEBUG oslo_service.service [req-a41beb94-8349-48fa-a821-a4d16dea06f9 - - - - -] update_resources_interval = 0 log_opt_values /usr/lib/python3/dist-packages/oslo_config/cfg.py:2602
2025-12-08 00:42:17.483 134592 DEBUG oslo_service.service [req-a41beb94-8349-48fa-a821-a4d16dea06f9 - - - - -] use_cow_images = True log_opt_values /usr/lib/python3/dist-packages/oslo_config/cfg.py:2602
2025-12-08 00:42:17.484 134592 DEBUG oslo_service.service [req-a41beb94-8349-48fa-a821-a4d16dea06f9 - - - - -] use_eventlog = False log_opt_values /usr/lib/python3/dist-packages/oslo_config/cfg.py:2602
2025-12-08 00:42:17.484 134592 DEBUG oslo_service.service [req-a41beb94-8349-48fa-a821-a4d16dea06f9 - - - - -] use_journal = False log_opt_values /usr/lib/python3/dist-packages/oslo_config/cfg.py:2602
2025-12-08 00:42:17.484 134592 DEBUG oslo_service.service [req-a41beb94-8349-48fa-a821-a4d16dea06f9 - - - - -] use_json = False log_opt_values /usr/lib/python3/dist-packages/oslo_config/cfg.py:2602
2025-12-08 00:42:17.484 134592 DEBUG oslo_service.service [req-a41beb94-8349-48fa-a821-a4d16dea06f9 - - - - -] use_rootwrap_daemon = False log_opt_values /usr/lib/python3/dist-packages/oslo_config/cfg.py:2602
2025-12-08 00:42:17.485 134592 DEBUG oslo_service.service [req-a41beb94-8349-48fa-a821-a4d16dea06f9 - - - - -] use_stderr = False log_opt_values /usr/lib/python3/dist-packages/oslo_config/cfg.py:2602
2025-12-08 00:42:17.484 135038 DEBUG oslo_db.sqlalchemy.engines [req-413dba71-6448-4ba0-8bbd-6bfa0e5263db - - - - -] MySQL server mode set to STRICT_TRANS_TABLES,STRICT_ALL_TABLES,NO_ZERO_IN_DATE,NO_ZERO_DATE,ERROR_FOR_DIVISION_BY_ZERO,TRADITIONAL,NO_ENGINE_SUBSTITUTION _check_effective_sql_mode /usr/lib/python3/dist-packages/oslo_db/sqlalchemy/engines.py:314
2025-12-08 00:42:17.485 134592 DEBUG oslo_service.service [req-a41beb94-8349-48fa-a821-a4d16dea06f9 - - - - -] use_syslog = False log_opt_values /usr/lib/python3/dist-packages/oslo_config/cfg.py:2602
2025-12-08 00:42:17.485 134592 DEBUG oslo_service.service [req-a41beb94-8349-48fa-a821-a4d16dea06f9 - - - - -] vcpu_pin_set = None log_opt_values /usr/lib/python3/dist-packages/oslo_config/cfg.py:2602
2025-12-08 00:42:17.486 134592 DEBUG oslo_service.service [req-a41beb94-8349-48fa-a821-a4d16dea06f9 - - - - -] vif_plugging_is_fatal = True log_opt_values /usr/lib/python3/dist-packages/oslo_config/cfg.py:2602
2025-12-08 00:42:17.486 134592 DEBUG oslo_service.service [req-a41beb94-8349-48fa-a821-a4d16dea06f9 - - - - -] vif_plugging_timeout = 300 log_opt_values /usr/lib/python3/dist-packages/oslo_config/cfg.py:2602
2025-12-08 00:42:17.486 134592 DEBUG oslo_service.service [req-a41beb94-8349-48fa-a821-a4d16dea06f9 - - - - -] virt_mkfs = [] log_opt_values /usr/lib/python3/dist-packages/oslo_config/cfg.py:2602
2025-12-08 00:42:17.486 135035 DEBUG oslo_messaging._drivers.amqpdriver [-] Listener is running poll /usr/lib/python3/dist-packages/oslo_messaging/_drivers/amqpdriver.py:343
2025-12-08 00:42:17.486 134592 DEBUG oslo_service.service [req-a41beb94-8349-48fa-a821-a4d16dea06f9 - - - - -] volume_usage_poll_interval = 0 log_opt_values /usr/lib/python3/dist-packages/oslo_config/cfg.py:2602
2025-12-08 00:42:17.487 135035 DEBUG oslo_messaging._drivers.amqpdriver [-] AMQPListener connection consume poll /usr/lib/python3/dist-packages/oslo_messaging/_drivers/amqpdriver.py:357
2025-12-08 00:42:17.487 134592 DEBUG oslo_service.service [req-a41beb94-8349-48fa-a821-a4d16dea06f9 - - - - -] watch_log_file = False log_opt_values /usr/lib/python3/dist-packages/oslo_config/cfg.py:2602
2025-12-08 00:42:17.487 134592 DEBUG oslo_service.service [req-a41beb94-8349-48fa-a821-a4d16dea06f9 - - - - -] web = /usr/share/spice-html5 log_opt_values /usr/lib/python3/dist-packages/oslo_config/cfg.py:2602
2025-12-08 00:42:17.487 135035 DEBUG nova.service [req-02002334-cbd8-4ed4-971d-5cfaadceba5a - - - - -] Join ServiceGroup membership for this service conductor start /usr/lib/python3/dist-packages/nova/service.py:199
2025-12-08 00:42:17.487 134592 DEBUG oslo_service.service [req-a41beb94-8349-48fa-a821-a4d16dea06f9 - - - - -] oslo_concurrency.disable_process_locking = False log_opt_values /usr/lib/python3/dist-packages/oslo_config/cfg.py:2609
2025-12-08 00:42:17.488 134592 DEBUG oslo_service.service [req-a41beb94-8349-48fa-a821-a4d16dea06f9 - - - - -] oslo_concurrency.lock_path = /var/lock/nova log_opt_values /usr/lib/python3/dist-packages/oslo_config/cfg.py:2609
2025-12-08 00:42:17.488 135035 DEBUG nova.servicegroup.drivers.db [req-02002334-cbd8-4ed4-971d-5cfaadceba5a - - - - -] DB_Driver: join new ServiceGroup member juju-00e7aa-0-lxd-7 to the conductor group, service = join /usr/lib/python3/dist-packages/nova/servicegroup/drivers/db.py:44
2025-12-08 00:42:17.488 134592 DEBUG oslo_service.service [req-a41beb94-8349-48fa-a821-a4d16dea06f9 - - - - -] oslo_messaging_metrics.metrics_buffer_size = 1000 log_opt_values /usr/lib/python3/dist-packages/oslo_config/cfg.py:2609
2025-12-08 00:42:17.488 134592 DEBUG oslo_service.service [req-a41beb94-8349-48fa-a821-a4d16dea06f9 - - - - -] oslo_messaging_metrics.metrics_enabled = False log_opt_values /usr/lib/python3/dist-packages/oslo_config/cfg.py:2609
2025-12-08 00:42:17.489 134592 DEBUG oslo_service.service [req-a41beb94-8349-48fa-a821-a4d16dea06f9 - - - - -] oslo_messaging_metrics.metrics_process_name = log_opt_values /usr/lib/python3/dist-packages/oslo_config/cfg.py:2609
2025-12-08 00:42:17.489 134592 DEBUG oslo_service.service [req-a41beb94-8349-48fa-a821-a4d16dea06f9 - - - - -] oslo_messaging_metrics.metrics_socket_file = /var/tmp/metrics_collector.sock log_opt_values /usr/lib/python3/dist-packages/oslo_config/cfg.py:2609
2025-12-08 00:42:17.489 134592 DEBUG oslo_service.service [req-a41beb94-8349-48fa-a821-a4d16dea06f9 - - - - -] oslo_messaging_metrics.metrics_thread_stop_timeout = 10 log_opt_values /usr/lib/python3/dist-packages/oslo_config/cfg.py:2609
2025-12-08 00:42:17.490 135037 DEBUG nova.service [req-bab8e4c6-bedd-41fb-948d-0a4911eb160c - - - - -] Creating RPC server for service conductor start /usr/lib/python3/dist-packages/nova/service.py:182
2025-12-08 00:42:17.490 134592 WARNING oslo_config.cfg [req-a41beb94-8349-48fa-a821-a4d16dea06f9 - - - - -] Deprecated: Option "auth_strategy" from group "api" is deprecated for removal ( The only non-default choice, ``noauth2``, is for internal development and testing purposes only and should not be used in deployments. This option and its middleware, NoAuthMiddleware[V2_18], will be removed in a future release. ). Its value may be silently ignored in the future.
2025-12-08 00:42:17.490 134592 DEBUG oslo_service.service [req-a41beb94-8349-48fa-a821-a4d16dea06f9 - - - - -] api.auth_strategy = keystone log_opt_values /usr/lib/python3/dist-packages/oslo_config/cfg.py:2609
2025-12-08 00:42:17.491 135035 DEBUG oslo_messaging._drivers.amqpdriver [-] AMQPListener connection timeout poll /usr/lib/python3/dist-packages/oslo_messaging/_drivers/amqpdriver.py:360
2025-12-08 00:42:17.491 134592 DEBUG oslo_service.service [req-a41beb94-8349-48fa-a821-a4d16dea06f9 - - - - -] api.compute_link_prefix = None log_opt_values /usr/lib/python3/dist-packages/oslo_config/cfg.py:2609
2025-12-08 00:42:17.491 134592 DEBUG oslo_service.service [req-a41beb94-8349-48fa-a821-a4d16dea06f9 - - - - -] api.config_drive_skip_versions = 1.0 2007-01-19 2007-03-01 2007-08-29 2007-10-10 2007-12-15 2008-02-01 2008-09-01 log_opt_values /usr/lib/python3/dist-packages/oslo_config/cfg.py:2609
2025-12-08 00:42:17.491 135035 DEBUG oslo_messaging._drivers.amqpdriver [-] Listener is running poll /usr/lib/python3/dist-packages/oslo_messaging/_drivers/amqpdriver.py:343
2025-12-08 00:42:17.491 135035 DEBUG oslo_messaging._drivers.amqpdriver [-] AMQPListener connection consume poll /usr/lib/python3/dist-packages/oslo_messaging/_drivers/amqpdriver.py:357
2025-12-08 00:42:17.491 134592 DEBUG oslo_service.service [req-a41beb94-8349-48fa-a821-a4d16dea06f9 - - - - -] api.dhcp_domain = novalocal log_opt_values /usr/lib/python3/dist-packages/oslo_config/cfg.py:2609
2025-12-08 00:42:17.492 134592 DEBUG oslo_service.service [req-a41beb94-8349-48fa-a821-a4d16dea06f9 - - - - -] api.enable_instance_password = True log_opt_values /usr/lib/python3/dist-packages/oslo_config/cfg.py:2609
2025-12-08 00:42:17.492 134592 DEBUG oslo_service.service [req-a41beb94-8349-48fa-a821-a4d16dea06f9 - - - - -] api.glance_link_prefix = None log_opt_values /usr/lib/python3/dist-packages/oslo_config/cfg.py:2609
2025-12-08 00:42:17.492 134592 DEBUG oslo_service.service [req-a41beb94-8349-48fa-a821-a4d16dea06f9 - - - - -] api.instance_list_cells_batch_fixed_size = 100 log_opt_values /usr/lib/python3/dist-packages/oslo_config/cfg.py:2609
2025-12-08 00:42:17.493 134592 DEBUG oslo_service.service [req-a41beb94-8349-48fa-a821-a4d16dea06f9 - - - - -] api.instance_list_cells_batch_strategy = distributed log_opt_values /usr/lib/python3/dist-packages/oslo_config/cfg.py:2609
2025-12-08 00:42:17.493 134592 DEBUG oslo_service.service [req-a41beb94-8349-48fa-a821-a4d16dea06f9 - - - - -] api.instance_list_per_project_cells = False log_opt_values /usr/lib/python3/dist-packages/oslo_config/cfg.py:2609
2025-12-08 00:42:17.493 134592 DEBUG oslo_service.service [req-a41beb94-8349-48fa-a821-a4d16dea06f9 - - - - -] api.list_records_by_skipping_down_cells = True log_opt_values /usr/lib/python3/dist-packages/oslo_config/cfg.py:2609
2025-12-08 00:42:17.493 134592 DEBUG oslo_service.service [req-a41beb94-8349-48fa-a821-a4d16dea06f9 - - - - -] api.local_metadata_per_cell = False log_opt_values /usr/lib/python3/dist-packages/oslo_config/cfg.py:2609
2025-12-08 00:42:17.494 134592 DEBUG oslo_service.service [req-a41beb94-8349-48fa-a821-a4d16dea06f9 - - - - -] api.max_limit = 1000 log_opt_values /usr/lib/python3/dist-packages/oslo_config/cfg.py:2609
2025-12-08 00:42:17.494 134592 DEBUG oslo_service.service [req-a41beb94-8349-48fa-a821-a4d16dea06f9 - - - - -] api.metadata_cache_expiration = 15 log_opt_values /usr/lib/python3/dist-packages/oslo_config/cfg.py:2609
2025-12-08 00:42:17.495 134592 DEBUG oslo_service.service [req-a41beb94-8349-48fa-a821-a4d16dea06f9 - - - - -] api.neutron_default_tenant_id = default log_opt_values /usr/lib/python3/dist-packages/oslo_config/cfg.py:2609
2025-12-08 00:42:17.496 134592 DEBUG oslo_service.service [req-a41beb94-8349-48fa-a821-a4d16dea06f9 - - - - -] api.use_forwarded_for = False log_opt_values /usr/lib/python3/dist-packages/oslo_config/cfg.py:2609
2025-12-08 00:42:17.496 134592 DEBUG oslo_service.service [req-a41beb94-8349-48fa-a821-a4d16dea06f9 - - - - -] api.use_neutron_default_nets = False log_opt_values /usr/lib/python3/dist-packages/oslo_config/cfg.py:2609
2025-12-08 00:42:17.498 134592 DEBUG oslo_service.service [req-a41beb94-8349-48fa-a821-a4d16dea06f9 - - - - -] api.vendordata_dynamic_connect_timeout = 5 log_opt_values /usr/lib/python3/dist-packages/oslo_config/cfg.py:2609
2025-12-08 00:42:17.499 134592 DEBUG oslo_service.service [req-a41beb94-8349-48fa-a821-a4d16dea06f9 - - - - -] api.vendordata_dynamic_failure_fatal = False log_opt_values /usr/lib/python3/dist-packages/oslo_config/cfg.py:2609
2025-12-08 00:42:17.499 134592 DEBUG oslo_service.service [req-a41beb94-8349-48fa-a821-a4d16dea06f9 - - - - -] api.vendordata_dynamic_read_timeout = 5 log_opt_values /usr/lib/python3/dist-packages/oslo_config/cfg.py:2609
2025-12-08 00:42:17.500 134592 DEBUG oslo_service.service [req-a41beb94-8349-48fa-a821-a4d16dea06f9 - - - - -] api.vendordata_dynamic_ssl_certfile = log_opt_values /usr/lib/python3/dist-packages/oslo_config/cfg.py:2609
2025-12-08 00:42:17.501 134592 DEBUG oslo_service.service [req-a41beb94-8349-48fa-a821-a4d16dea06f9 - - - - -] api.vendordata_dynamic_targets = [] log_opt_values /usr/lib/python3/dist-packages/oslo_config/cfg.py:2609
2025-12-08 00:42:17.501 134592 DEBUG oslo_service.service [req-a41beb94-8349-48fa-a821-a4d16dea06f9 - - - - -] api.vendordata_jsonfile_path = None log_opt_values /usr/lib/python3/dist-packages/oslo_config/cfg.py:2609
2025-12-08 00:42:17.501 134592 DEBUG oslo_service.service [req-a41beb94-8349-48fa-a821-a4d16dea06f9 - - - - -] api.vendordata_providers = ['StaticJSON'] log_opt_values /usr/lib/python3/dist-packages/oslo_config/cfg.py:2609
2025-12-08 00:42:17.502 135036 DEBUG oslo_messaging._drivers.amqpdriver [-] Listener is running poll /usr/lib/python3/dist-packages/oslo_messaging/_drivers/amqpdriver.py:343
2025-12-08 00:42:17.502 134592 DEBUG oslo_service.service [req-a41beb94-8349-48fa-a821-a4d16dea06f9 - - - - -] cache.backend = dogpile.cache.null log_opt_values /usr/lib/python3/dist-packages/oslo_config/cfg.py:2609
2025-12-08 00:42:17.502 135036 DEBUG oslo_messaging._drivers.amqpdriver [-] AMQPListener connection consume poll /usr/lib/python3/dist-packages/oslo_messaging/_drivers/amqpdriver.py:357
2025-12-08 00:42:17.502 134592 DEBUG oslo_service.service [req-a41beb94-8349-48fa-a821-a4d16dea06f9 - - - - -] cache.backend_argument = **** log_opt_values /usr/lib/python3/dist-packages/oslo_config/cfg.py:2609
2025-12-08 00:42:17.503 135036 DEBUG nova.service [req-06a80dc3-1094-495a-beb3-5cca68af1995 - - - - -] Join ServiceGroup membership for this service conductor start /usr/lib/python3/dist-packages/nova/service.py:199
2025-12-08 00:42:17.503 134592 DEBUG oslo_service.service [req-a41beb94-8349-48fa-a821-a4d16dea06f9 - - - - -] cache.config_prefix = cache.oslo log_opt_values /usr/lib/python3/dist-packages/oslo_config/cfg.py:2609
2025-12-08 00:42:17.503 135036 DEBUG nova.servicegroup.drivers.db [req-06a80dc3-1094-495a-beb3-5cca68af1995 - - - - -] DB_Driver: join new ServiceGroup member juju-00e7aa-0-lxd-7 to the conductor group, service = join /usr/lib/python3/dist-packages/nova/servicegroup/drivers/db.py:44
2025-12-08 00:42:17.504 134592 DEBUG oslo_service.service [req-a41beb94-8349-48fa-a821-a4d16dea06f9 - - - - -] cache.debug_cache_backend = False log_opt_values /usr/lib/python3/dist-packages/oslo_config/cfg.py:2609
2025-12-08 00:42:17.505 134592 DEBUG oslo_service.service [req-a41beb94-8349-48fa-a821-a4d16dea06f9 - - - - -] cache.enabled = False log_opt_values /usr/lib/python3/dist-packages/oslo_config/cfg.py:2609
2025-12-08 00:42:17.505 135036 DEBUG oslo_messaging._drivers.amqpdriver [-] AMQPListener connection timeout poll /usr/lib/python3/dist-packages/oslo_messaging/_drivers/amqpdriver.py:360
2025-12-08 00:42:17.506 135036 DEBUG oslo_messaging._drivers.amqpdriver [-] Listener is running poll /usr/lib/python3/dist-packages/oslo_messaging/_drivers/amqpdriver.py:343
2025-12-08 00:42:17.506 135036 DEBUG oslo_messaging._drivers.amqpdriver [-] AMQPListener connection consume poll /usr/lib/python3/dist-packages/oslo_messaging/_drivers/amqpdriver.py:357
2025-12-08 00:42:17.505 134592 DEBUG oslo_service.service [req-a41beb94-8349-48fa-a821-a4d16dea06f9 - - - - -] cache.expiration_time = 600 log_opt_values /usr/lib/python3/dist-packages/oslo_config/cfg.py:2609
2025-12-08 00:42:17.507 134592 DEBUG oslo_service.service [req-a41beb94-8349-48fa-a821-a4d16dea06f9 - - - - -] cache.memcache_dead_retry = 300 log_opt_values /usr/lib/python3/dist-packages/oslo_config/cfg.py:2609
2025-12-08 00:42:17.507 134592 DEBUG oslo_service.service [req-a41beb94-8349-48fa-a821-a4d16dea06f9 - - - - -] cache.memcache_pool_connection_get_timeout = 10 log_opt_values /usr/lib/python3/dist-packages/oslo_config/cfg.py:2609
2025-12-08 00:42:17.508 134592 DEBUG oslo_service.service [req-a41beb94-8349-48fa-a821-a4d16dea06f9 - - - - -] cache.memcache_pool_flush_on_reconnect = False log_opt_values /usr/lib/python3/dist-packages/oslo_config/cfg.py:2609
2025-12-08 00:42:17.509 135038 DEBUG nova.service [req-413dba71-6448-4ba0-8bbd-6bfa0e5263db - - - - -] Creating RPC server for service conductor start /usr/lib/python3/dist-packages/nova/service.py:182
2025-12-08 00:42:17.508 134592 DEBUG oslo_service.service [req-a41beb94-8349-48fa-a821-a4d16dea06f9 - - - - -] cache.memcache_pool_maxsize = 10 log_opt_values /usr/lib/python3/dist-packages/oslo_config/cfg.py:2609
2025-12-08 00:42:17.509 134592 DEBUG oslo_service.service [req-a41beb94-8349-48fa-a821-a4d16dea06f9 - - - - -] cache.memcache_pool_unused_timeout = 60 log_opt_values /usr/lib/python3/dist-packages/oslo_config/cfg.py:2609
2025-12-08 00:42:17.510 134592 DEBUG oslo_service.service [req-a41beb94-8349-48fa-a821-a4d16dea06f9 - - - - -] cache.memcache_servers = ['localhost:11211'] log_opt_values /usr/lib/python3/dist-packages/oslo_config/cfg.py:2609
2025-12-08 00:42:17.511 134592 DEBUG oslo_service.service [req-a41beb94-8349-48fa-a821-a4d16dea06f9 - - - - -] cache.memcache_socket_timeout = 1.0 log_opt_values /usr/lib/python3/dist-packages/oslo_config/cfg.py:2609
2025-12-08 00:42:17.511 134592 DEBUG oslo_service.service [req-a41beb94-8349-48fa-a821-a4d16dea06f9 - - - - -] cache.proxies = [] log_opt_values /usr/lib/python3/dist-packages/oslo_config/cfg.py:2609
2025-12-08 00:42:17.512 134592 DEBUG oslo_service.service [req-a41beb94-8349-48fa-a821-a4d16dea06f9 - - - - -] cache.tls_allowed_ciphers = None log_opt_values /usr/lib/python3/dist-packages/oslo_config/cfg.py:2609
2025-12-08 00:42:17.513 134592 DEBUG oslo_service.service [req-a41beb94-8349-48fa-a821-a4d16dea06f9 - - - - -] cache.tls_cafile = None log_opt_values /usr/lib/python3/dist-packages/oslo_config/cfg.py:2609
2025-12-08 00:42:17.514 134592 DEBUG oslo_service.service [req-a41beb94-8349-48fa-a821-a4d16dea06f9 - - - - -] cache.tls_certfile = None log_opt_values /usr/lib/python3/dist-packages/oslo_config/cfg.py:2609
2025-12-08 00:42:17.514 134592 DEBUG oslo_service.service [req-a41beb94-8349-48fa-a821-a4d16dea06f9 - - - - -] cache.tls_enabled = False log_opt_values /usr/lib/python3/dist-packages/oslo_config/cfg.py:2609
2025-12-08 00:42:17.515 134592 DEBUG oslo_service.service [req-a41beb94-8349-48fa-a821-a4d16dea06f9 - - - - -] cache.tls_keyfile = None log_opt_values /usr/lib/python3/dist-packages/oslo_config/cfg.py:2609
2025-12-08 00:42:17.516 134592 DEBUG oslo_service.service [req-a41beb94-8349-48fa-a821-a4d16dea06f9 - - - - -] cinder.auth_section = None log_opt_values /usr/lib/python3/dist-packages/oslo_config/cfg.py:2609
2025-12-08 00:42:17.517 134592 DEBUG oslo_service.service [req-a41beb94-8349-48fa-a821-a4d16dea06f9 - - - - -] cinder.auth_type = None log_opt_values /usr/lib/python3/dist-packages/oslo_config/cfg.py:2609
2025-12-08 00:42:17.517 135037 DEBUG oslo_messaging._drivers.amqpdriver [-] Listener is running poll /usr/lib/python3/dist-packages/oslo_messaging/_drivers/amqpdriver.py:343
2025-12-08 00:42:17.518 135037 DEBUG oslo_messaging._drivers.amqpdriver [-] AMQPListener connection consume poll /usr/lib/python3/dist-packages/oslo_messaging/_drivers/amqpdriver.py:357
2025-12-08 00:42:17.517 134592 DEBUG oslo_service.service [req-a41beb94-8349-48fa-a821-a4d16dea06f9 - - - - -] cinder.cafile = None log_opt_values /usr/lib/python3/dist-packages/oslo_config/cfg.py:2609
2025-12-08 00:42:17.518 135037 DEBUG nova.service [req-bab8e4c6-bedd-41fb-948d-0a4911eb160c - - - - -] Join ServiceGroup membership for this service conductor start /usr/lib/python3/dist-packages/nova/service.py:199
2025-12-08 00:42:17.519 135037 DEBUG nova.servicegroup.drivers.db [req-bab8e4c6-bedd-41fb-948d-0a4911eb160c - - - - -] DB_Driver: join new ServiceGroup member juju-00e7aa-0-lxd-7 to the conductor group, service = join /usr/lib/python3/dist-packages/nova/servicegroup/drivers/db.py:44
2025-12-08 00:42:17.518 134592 DEBUG oslo_service.service [req-a41beb94-8349-48fa-a821-a4d16dea06f9 - - - - -] cinder.catalog_info = volumev3::publicURL log_opt_values /usr/lib/python3/dist-packages/oslo_config/cfg.py:2609
2025-12-08 00:42:17.519 134592 DEBUG oslo_service.service [req-a41beb94-8349-48fa-a821-a4d16dea06f9 - - - - -] cinder.certfile = None log_opt_values /usr/lib/python3/dist-packages/oslo_config/cfg.py:2609
2025-12-08 00:42:17.520 134592 DEBUG oslo_service.service [req-a41beb94-8349-48fa-a821-a4d16dea06f9 - - - - -] cinder.collect_timing = False log_opt_values /usr/lib/python3/dist-packages/oslo_config/cfg.py:2609
2025-12-08 00:42:17.521 134592 DEBUG oslo_service.service [req-a41beb94-8349-48fa-a821-a4d16dea06f9 - - - - -] cinder.cross_az_attach = True log_opt_values /usr/lib/python3/dist-packages/oslo_config/cfg.py:2609
2025-12-08 00:42:17.521 135037 DEBUG oslo_messaging._drivers.amqpdriver [-] AMQPListener connection timeout poll /usr/lib/python3/dist-packages/oslo_messaging/_drivers/amqpdriver.py:360
2025-12-08 00:42:17.521 134592 DEBUG oslo_service.service [req-a41beb94-8349-48fa-a821-a4d16dea06f9 - - - - -] cinder.debug = False log_opt_values /usr/lib/python3/dist-packages/oslo_config/cfg.py:2609
2025-12-08 00:42:17.522 135037 DEBUG oslo_messaging._drivers.amqpdriver [-] Listener is running poll /usr/lib/python3/dist-packages/oslo_messaging/_drivers/amqpdriver.py:343
2025-12-08 00:42:17.522 135037 DEBUG oslo_messaging._drivers.amqpdriver [-] AMQPListener connection consume poll /usr/lib/python3/dist-packages/oslo_messaging/_drivers/amqpdriver.py:357
2025-12-08 00:42:17.522 134592 DEBUG oslo_service.service [req-a41beb94-8349-48fa-a821-a4d16dea06f9 - - - - -] cinder.endpoint_template = None log_opt_values /usr/lib/python3/dist-packages/oslo_config/cfg.py:2609
2025-12-08 00:42:17.522 134592 DEBUG oslo_service.service [req-a41beb94-8349-48fa-a821-a4d16dea06f9 - - - - -] cinder.http_retries = 3 log_opt_values /usr/lib/python3/dist-packages/oslo_config/cfg.py:2609
2025-12-08 00:42:17.522 134592 DEBUG oslo_service.service [req-a41beb94-8349-48fa-a821-a4d16dea06f9 - - - - -] cinder.insecure = False log_opt_values /usr/lib/python3/dist-packages/oslo_config/cfg.py:2609
2025-12-08 00:42:17.523 134592 DEBUG oslo_service.service [req-a41beb94-8349-48fa-a821-a4d16dea06f9 - - - - -] cinder.keyfile = None log_opt_values /usr/lib/python3/dist-packages/oslo_config/cfg.py:2609
2025-12-08 00:42:17.523 134592 DEBUG oslo_service.service [req-a41beb94-8349-48fa-a821-a4d16dea06f9 - - - - -] cinder.os_region_name = None log_opt_values /usr/lib/python3/dist-packages/oslo_config/cfg.py:2609
2025-12-08 00:42:17.523 134592 DEBUG oslo_service.service [req-a41beb94-8349-48fa-a821-a4d16dea06f9 - - - - -] cinder.split_loggers = False log_opt_values /usr/lib/python3/dist-packages/oslo_config/cfg.py:2609
2025-12-08 00:42:17.523 134592 DEBUG oslo_service.service [req-a41beb94-8349-48fa-a821-a4d16dea06f9 - - - - -] cinder.timeout = None log_opt_values /usr/lib/python3/dist-packages/oslo_config/cfg.py:2609
2025-12-08 00:42:17.524 134592 DEBUG oslo_service.service [req-a41beb94-8349-48fa-a821-a4d16dea06f9 - - - - -] compute.consecutive_build_service_disable_threshold = 10 log_opt_values /usr/lib/python3/dist-packages/oslo_config/cfg.py:2609
2025-12-08 00:42:17.524 134592 DEBUG oslo_service.service [req-a41beb94-8349-48fa-a821-a4d16dea06f9 - - - - -] compute.cpu_dedicated_set = None log_opt_values /usr/lib/python3/dist-packages/oslo_config/cfg.py:2609
2025-12-08 00:42:17.524 134592 DEBUG oslo_service.service [req-a41beb94-8349-48fa-a821-a4d16dea06f9 - - - - -] compute.cpu_shared_set = None log_opt_values /usr/lib/python3/dist-packages/oslo_config/cfg.py:2609
2025-12-08 00:42:17.525 134592 DEBUG oslo_service.service [req-a41beb94-8349-48fa-a821-a4d16dea06f9 - - - - -] compute.image_type_exclude_list = [] log_opt_values /usr/lib/python3/dist-packages/oslo_config/cfg.py:2609
2025-12-08 00:42:17.525 134592 DEBUG oslo_service.service [req-a41beb94-8349-48fa-a821-a4d16dea06f9 - - - - -] compute.live_migration_wait_for_vif_plug = True log_opt_values /usr/lib/python3/dist-packages/oslo_config/cfg.py:2609
2025-12-08 00:42:17.525 134592 DEBUG oslo_service.service [req-a41beb94-8349-48fa-a821-a4d16dea06f9 - - - - -] compute.max_concurrent_disk_ops = 0 log_opt_values /usr/lib/python3/dist-packages/oslo_config/cfg.py:2609
2025-12-08 00:42:17.525 134592 DEBUG oslo_service.service [req-a41beb94-8349-48fa-a821-a4d16dea06f9 - - - - -] compute.max_disk_devices_to_attach = -1 log_opt_values /usr/lib/python3/dist-packages/oslo_config/cfg.py:2609
2025-12-08 00:42:17.526 134592 DEBUG oslo_service.service [req-a41beb94-8349-48fa-a821-a4d16dea06f9 - - - - -] compute.packing_host_numa_cells_allocation_strategy = True log_opt_values /usr/lib/python3/dist-packages/oslo_config/cfg.py:2609
2025-12-08 00:42:17.526 134592 DEBUG oslo_service.service [req-a41beb94-8349-48fa-a821-a4d16dea06f9 - - - - -] compute.provider_config_location = /etc/nova/provider_config/ log_opt_values /usr/lib/python3/dist-packages/oslo_config/cfg.py:2609
2025-12-08 00:42:17.526 134592 DEBUG oslo_service.service [req-a41beb94-8349-48fa-a821-a4d16dea06f9 - - - - -] compute.resource_provider_association_refresh = 300 log_opt_values /usr/lib/python3/dist-packages/oslo_config/cfg.py:2609
2025-12-08 00:42:17.527 134592 DEBUG oslo_service.service [req-a41beb94-8349-48fa-a821-a4d16dea06f9 - - - - -] compute.shutdown_retry_interval = 10 log_opt_values /usr/lib/python3/dist-packages/oslo_config/cfg.py:2609
2025-12-08 00:42:17.527 134592 DEBUG oslo_service.service [req-a41beb94-8349-48fa-a821-a4d16dea06f9 - - - - -] compute.vmdk_allowed_types = ['streamOptimized', 'monolithicSparse'] log_opt_values /usr/lib/python3/dist-packages/oslo_config/cfg.py:2609
2025-12-08 00:42:17.527 134592 DEBUG oslo_service.service [req-a41beb94-8349-48fa-a821-a4d16dea06f9 - - - - -] conductor.workers = 4 log_opt_values /usr/lib/python3/dist-packages/oslo_config/cfg.py:2609
2025-12-08 00:42:17.527 134592 DEBUG oslo_service.service [req-a41beb94-8349-48fa-a821-a4d16dea06f9 - - - - -] console.allowed_origins = [] log_opt_values /usr/lib/python3/dist-packages/oslo_config/cfg.py:2609
2025-12-08 00:42:17.528 134592 DEBUG oslo_service.service [req-a41beb94-8349-48fa-a821-a4d16dea06f9 - - - - -] console.ssl_ciphers = None log_opt_values /usr/lib/python3/dist-packages/oslo_config/cfg.py:2609
2025-12-08 00:42:17.528 134592 DEBUG oslo_service.service [req-a41beb94-8349-48fa-a821-a4d16dea06f9 - - - - -] console.ssl_minimum_version = default log_opt_values /usr/lib/python3/dist-packages/oslo_config/cfg.py:2609
2025-12-08 00:42:17.528 134592 DEBUG oslo_service.service [req-a41beb94-8349-48fa-a821-a4d16dea06f9 - - - - -] consoleauth.token_ttl = 600 log_opt_values /usr/lib/python3/dist-packages/oslo_config/cfg.py:2609
2025-12-08 00:42:17.528 134592 DEBUG oslo_service.service [req-a41beb94-8349-48fa-a821-a4d16dea06f9 - - - - -] cyborg.cafile = None log_opt_values /usr/lib/python3/dist-packages/oslo_config/cfg.py:2609
2025-12-08 00:42:17.529 134592 DEBUG oslo_service.service [req-a41beb94-8349-48fa-a821-a4d16dea06f9 - - - - -] cyborg.certfile = None log_opt_values /usr/lib/python3/dist-packages/oslo_config/cfg.py:2609
2025-12-08 00:42:17.529 134592 DEBUG oslo_service.service [req-a41beb94-8349-48fa-a821-a4d16dea06f9 - - - - -] cyborg.collect_timing = False log_opt_values /usr/lib/python3/dist-packages/oslo_config/cfg.py:2609
2025-12-08 00:42:17.529 134592 DEBUG oslo_service.service [req-a41beb94-8349-48fa-a821-a4d16dea06f9 - - - - -] cyborg.connect_retries = None log_opt_values /usr/lib/python3/dist-packages/oslo_config/cfg.py:2609
2025-12-08 00:42:17.529 134592 DEBUG oslo_service.service [req-a41beb94-8349-48fa-a821-a4d16dea06f9 - - - - -] cyborg.connect_retry_delay = None log_opt_values /usr/lib/python3/dist-packages/oslo_config/cfg.py:2609
2025-12-08 00:42:17.530 134592 DEBUG oslo_service.service [req-a41beb94-8349-48fa-a821-a4d16dea06f9 - - - - -] cyborg.endpoint_override = None log_opt_values /usr/lib/python3/dist-packages/oslo_config/cfg.py:2609
2025-12-08 00:42:17.530 134592 DEBUG oslo_service.service [req-a41beb94-8349-48fa-a821-a4d16dea06f9 - - - - -] cyborg.insecure = False log_opt_values /usr/lib/python3/dist-packages/oslo_config/cfg.py:2609
2025-12-08 00:42:17.530 134592 DEBUG oslo_service.service [req-a41beb94-8349-48fa-a821-a4d16dea06f9 - - - - -] cyborg.keyfile = None log_opt_values /usr/lib/python3/dist-packages/oslo_config/cfg.py:2609
2025-12-08 00:42:17.531 134592 DEBUG oslo_service.service [req-a41beb94-8349-48fa-a821-a4d16dea06f9 - - - - -] cyborg.max_version = None log_opt_values /usr/lib/python3/dist-packages/oslo_config/cfg.py:2609
2025-12-08 00:42:17.531 134592 DEBUG oslo_service.service [req-a41beb94-8349-48fa-a821-a4d16dea06f9 - - - - -] cyborg.min_version = None log_opt_values /usr/lib/python3/dist-packages/oslo_config/cfg.py:2609
2025-12-08 00:42:17.531 134592 DEBUG oslo_service.service [req-a41beb94-8349-48fa-a821-a4d16dea06f9 - - - - -] cyborg.region_name = None log_opt_values /usr/lib/python3/dist-packages/oslo_config/cfg.py:2609
2025-12-08 00:42:17.532 134592 DEBUG oslo_service.service [req-a41beb94-8349-48fa-a821-a4d16dea06f9 - - - - -] cyborg.service_name = None log_opt_values /usr/lib/python3/dist-packages/oslo_config/cfg.py:2609
2025-12-08 00:42:17.532 134592 DEBUG oslo_service.service [req-a41beb94-8349-48fa-a821-a4d16dea06f9 - - - - -] cyborg.service_type = accelerator log_opt_values /usr/lib/python3/dist-packages/oslo_config/cfg.py:2609
2025-12-08 00:42:17.532 134592 DEBUG oslo_service.service [req-a41beb94-8349-48fa-a821-a4d16dea06f9 - - - - -] cyborg.split_loggers = False log_opt_values /usr/lib/python3/dist-packages/oslo_config/cfg.py:2609
2025-12-08 00:42:17.532 134592 DEBUG oslo_service.service [req-a41beb94-8349-48fa-a821-a4d16dea06f9 - - - - -] cyborg.status_code_retries = None log_opt_values /usr/lib/python3/dist-packages/oslo_config/cfg.py:2609
2025-12-08 00:42:17.533 134592 DEBUG oslo_service.service [req-a41beb94-8349-48fa-a821-a4d16dea06f9 - - - - -] cyborg.status_code_retry_delay = None log_opt_values /usr/lib/python3/dist-packages/oslo_config/cfg.py:2609
2025-12-08 00:42:17.533 134592 DEBUG oslo_service.service [req-a41beb94-8349-48fa-a821-a4d16dea06f9 - - - - -] cyborg.timeout = None log_opt_values /usr/lib/python3/dist-packages/oslo_config/cfg.py:2609
2025-12-08 00:42:17.533 134592 DEBUG oslo_service.service [req-a41beb94-8349-48fa-a821-a4d16dea06f9 - - - - -] cyborg.valid_interfaces = ['internal', 'public'] log_opt_values /usr/lib/python3/dist-packages/oslo_config/cfg.py:2609
2025-12-08 00:42:17.534 134592 DEBUG oslo_service.service [req-a41beb94-8349-48fa-a821-a4d16dea06f9 - - - - -] cyborg.version = None log_opt_values /usr/lib/python3/dist-packages/oslo_config/cfg.py:2609
2025-12-08 00:42:17.534 134592 DEBUG oslo_service.service [req-a41beb94-8349-48fa-a821-a4d16dea06f9 - - - - -] database.backend = sqlalchemy log_opt_values /usr/lib/python3/dist-packages/oslo_config/cfg.py:2609
2025-12-08 00:42:17.534 134592 DEBUG oslo_service.service [req-a41beb94-8349-48fa-a821-a4d16dea06f9 - - - - -] database.connection = **** log_opt_values /usr/lib/python3/dist-packages/oslo_config/cfg.py:2609
2025-12-08 00:42:17.535 134592 DEBUG oslo_service.service [req-a41beb94-8349-48fa-a821-a4d16dea06f9 - - - - -] database.connection_debug = 0 log_opt_values /usr/lib/python3/dist-packages/oslo_config/cfg.py:2609
2025-12-08 00:42:17.535 134592 DEBUG oslo_service.service [req-a41beb94-8349-48fa-a821-a4d16dea06f9 - - - - -] database.connection_parameters = log_opt_values /usr/lib/python3/dist-packages/oslo_config/cfg.py:2609
2025-12-08 00:42:17.535 134592 DEBUG oslo_service.service [req-a41beb94-8349-48fa-a821-a4d16dea06f9 - - - - -] database.connection_recycle_time = 3600 log_opt_values /usr/lib/python3/dist-packages/oslo_config/cfg.py:2609
2025-12-08 00:42:17.535 134592 DEBUG oslo_service.service [req-a41beb94-8349-48fa-a821-a4d16dea06f9 - - - - -] database.connection_trace = False log_opt_values /usr/lib/python3/dist-packages/oslo_config/cfg.py:2609
2025-12-08 00:42:17.535 134592 DEBUG oslo_service.service [req-a41beb94-8349-48fa-a821-a4d16dea06f9 - - - - -] database.db_inc_retry_interval = True log_opt_values /usr/lib/python3/dist-packages/oslo_config/cfg.py:2609
2025-12-08 00:42:17.536 134592 DEBUG oslo_service.service [req-a41beb94-8349-48fa-a821-a4d16dea06f9 - - - - -] database.db_max_retries = 20 log_opt_values /usr/lib/python3/dist-packages/oslo_config/cfg.py:2609
2025-12-08 00:42:17.536 134592 DEBUG oslo_service.service [req-a41beb94-8349-48fa-a821-a4d16dea06f9 - - - - -] database.db_max_retry_interval = 10 log_opt_values /usr/lib/python3/dist-packages/oslo_config/cfg.py:2609
2025-12-08 00:42:17.536 134592 DEBUG oslo_service.service [req-a41beb94-8349-48fa-a821-a4d16dea06f9 - - - - -] database.db_retry_interval = 1 log_opt_values /usr/lib/python3/dist-packages/oslo_config/cfg.py:2609
2025-12-08 00:42:17.536 134592 DEBUG oslo_service.service [req-a41beb94-8349-48fa-a821-a4d16dea06f9 - - - - -] database.max_overflow = 50 log_opt_values /usr/lib/python3/dist-packages/oslo_config/cfg.py:2609
2025-12-08 00:42:17.536 134592 DEBUG oslo_service.service [req-a41beb94-8349-48fa-a821-a4d16dea06f9 - - - - -] database.max_pool_size = 4 log_opt_values /usr/lib/python3/dist-packages/oslo_config/cfg.py:2609
2025-12-08 00:42:17.537 134592 DEBUG oslo_service.service [req-a41beb94-8349-48fa-a821-a4d16dea06f9 - - - - -] database.max_retries = 10 log_opt_values /usr/lib/python3/dist-packages/oslo_config/cfg.py:2609
2025-12-08 00:42:17.537 134592 DEBUG oslo_service.service [req-a41beb94-8349-48fa-a821-a4d16dea06f9 - - - - -] database.mysql_enable_ndb = False log_opt_values /usr/lib/python3/dist-packages/oslo_config/cfg.py:2609
2025-12-08 00:42:17.537 134592 DEBUG oslo_service.service [req-a41beb94-8349-48fa-a821-a4d16dea06f9 - - - - -] database.mysql_sql_mode = TRADITIONAL log_opt_values /usr/lib/python3/dist-packages/oslo_config/cfg.py:2609
2025-12-08 00:42:17.537 134592 DEBUG oslo_service.service [req-a41beb94-8349-48fa-a821-a4d16dea06f9 - - - - -] database.pool_timeout = None log_opt_values /usr/lib/python3/dist-packages/oslo_config/cfg.py:2609
2025-12-08 00:42:17.537 134592 DEBUG oslo_service.service [req-a41beb94-8349-48fa-a821-a4d16dea06f9 - - - - -] database.retry_interval = 10 log_opt_values /usr/lib/python3/dist-packages/oslo_config/cfg.py:2609
