2025-12-08 00:42:02.515 128970 DEBUG oslo_service.service [req-355fb052-9bd9-4328-b0c2-965a30831183 - - - - -] rpc_response_timeout = 60 log_opt_values /usr/lib/python3/dist-packages/oslo_config/cfg.py:2602
2025-12-08 00:42:02.516 128970 DEBUG oslo_service.service [req-355fb052-9bd9-4328-b0c2-965a30831183 - - - - -] run_external_periodic_tasks = True log_opt_values /usr/lib/python3/dist-packages/oslo_config/cfg.py:2602
2025-12-08 00:42:02.516 128970 DEBUG oslo_service.service [req-355fb052-9bd9-4328-b0c2-965a30831183 - - - - -] running_deleted_instance_action = reap log_opt_values /usr/lib/python3/dist-packages/oslo_config/cfg.py:2602
2025-12-08 00:42:02.516 128970 DEBUG oslo_service.service [req-355fb052-9bd9-4328-b0c2-965a30831183 - - - - -] running_deleted_instance_poll_interval = 1800 log_opt_values /usr/lib/python3/dist-packages/oslo_config/cfg.py:2602
2025-12-08 00:42:02.516 128970 DEBUG oslo_service.service [req-355fb052-9bd9-4328-b0c2-965a30831183 - - - - -] running_deleted_instance_timeout = 0 log_opt_values /usr/lib/python3/dist-packages/oslo_config/cfg.py:2602
2025-12-08 00:42:02.516 128970 DEBUG oslo_service.service [req-355fb052-9bd9-4328-b0c2-965a30831183 - - - - -] scheduler_instance_sync_interval = 120 log_opt_values /usr/lib/python3/dist-packages/oslo_config/cfg.py:2602
2025-12-08 00:42:02.517 128970 DEBUG oslo_service.service [req-355fb052-9bd9-4328-b0c2-965a30831183 - - - - -] service_down_time = 60 log_opt_values /usr/lib/python3/dist-packages/oslo_config/cfg.py:2602
2025-12-08 00:42:02.517 128970 DEBUG oslo_service.service [req-355fb052-9bd9-4328-b0c2-965a30831183 - - - - -] servicegroup_driver = db log_opt_values /usr/lib/python3/dist-packages/oslo_config/cfg.py:2602
2025-12-08 00:42:02.517 128970 DEBUG oslo_service.service [req-355fb052-9bd9-4328-b0c2-965a30831183 - - - - -] shelved_offload_time = 0 log_opt_values /usr/lib/python3/dist-packages/oslo_config/cfg.py:2602
2025-12-08 00:42:02.517 129783 DEBUG nova.service [req-d814e3e0-cd30-4c87-8348-9d1f7e2ed64e - - - - -] Creating RPC server for service conductor start /usr/lib/python3/dist-packages/nova/service.py:182
2025-12-08 00:42:02.517 128970 DEBUG oslo_service.service [req-355fb052-9bd9-4328-b0c2-965a30831183 - - - - -] shelved_poll_interval = 3600 log_opt_values /usr/lib/python3/dist-packages/oslo_config/cfg.py:2602
2025-12-08 00:42:02.517 128970 DEBUG oslo_service.service [req-355fb052-9bd9-4328-b0c2-965a30831183 - - - - -] shutdown_timeout = 60 log_opt_values /usr/lib/python3/dist-packages/oslo_config/cfg.py:2602
2025-12-08 00:42:02.518 128970 DEBUG oslo_service.service [req-355fb052-9bd9-4328-b0c2-965a30831183 - - - - -] source_is_ipv6 = False log_opt_values /usr/lib/python3/dist-packages/oslo_config/cfg.py:2602
2025-12-08 00:42:02.518 128970 DEBUG oslo_service.service [req-355fb052-9bd9-4328-b0c2-965a30831183 - - - - -] ssl_only = False log_opt_values /usr/lib/python3/dist-packages/oslo_config/cfg.py:2602
2025-12-08 00:42:02.518 128970 DEBUG oslo_service.service [req-355fb052-9bd9-4328-b0c2-965a30831183 - - - - -] state_path = /var/lib/nova log_opt_values /usr/lib/python3/dist-packages/oslo_config/cfg.py:2602
2025-12-08 00:42:02.518 128970 DEBUG oslo_service.service [req-355fb052-9bd9-4328-b0c2-965a30831183 - - - - -] sync_power_state_interval = 600 log_opt_values /usr/lib/python3/dist-packages/oslo_config/cfg.py:2602
2025-12-08 00:42:02.518 128970 DEBUG oslo_service.service [req-355fb052-9bd9-4328-b0c2-965a30831183 - - - - -] sync_power_state_pool_size = 1000 log_opt_values /usr/lib/python3/dist-packages/oslo_config/cfg.py:2602
2025-12-08 00:42:02.519 128970 DEBUG oslo_service.service [req-355fb052-9bd9-4328-b0c2-965a30831183 - - - - -] syslog_log_facility = LOG_USER log_opt_values /usr/lib/python3/dist-packages/oslo_config/cfg.py:2602
2025-12-08 00:42:02.519 128970 DEBUG oslo_service.service [req-355fb052-9bd9-4328-b0c2-965a30831183 - - - - -] tempdir = None log_opt_values /usr/lib/python3/dist-packages/oslo_config/cfg.py:2602
2025-12-08 00:42:02.519 128970 DEBUG oslo_service.service [req-355fb052-9bd9-4328-b0c2-965a30831183 - - - - -] timeout_nbd = 10 log_opt_values /usr/lib/python3/dist-packages/oslo_config/cfg.py:2602
2025-12-08 00:42:02.519 128970 DEBUG oslo_service.service [req-355fb052-9bd9-4328-b0c2-965a30831183 - - - - -] transport_url = **** log_opt_values /usr/lib/python3/dist-packages/oslo_config/cfg.py:2602
2025-12-08 00:42:02.520 128970 DEBUG oslo_service.service [req-355fb052-9bd9-4328-b0c2-965a30831183 - - - - -] update_resources_interval = 0 log_opt_values /usr/lib/python3/dist-packages/oslo_config/cfg.py:2602
2025-12-08 00:42:02.520 128970 DEBUG oslo_service.service [req-355fb052-9bd9-4328-b0c2-965a30831183 - - - - -] use_cow_images = True log_opt_values /usr/lib/python3/dist-packages/oslo_config/cfg.py:2602
2025-12-08 00:42:02.520 128970 DEBUG oslo_service.service [req-355fb052-9bd9-4328-b0c2-965a30831183 - - - - -] use_eventlog = False log_opt_values /usr/lib/python3/dist-packages/oslo_config/cfg.py:2602
2025-12-08 00:42:02.520 128970 DEBUG oslo_service.service [req-355fb052-9bd9-4328-b0c2-965a30831183 - - - - -] use_journal = False log_opt_values /usr/lib/python3/dist-packages/oslo_config/cfg.py:2602
2025-12-08 00:42:02.520 128970 DEBUG oslo_service.service [req-355fb052-9bd9-4328-b0c2-965a30831183 - - - - -] use_json = False log_opt_values /usr/lib/python3/dist-packages/oslo_config/cfg.py:2602
2025-12-08 00:42:02.521 128970 DEBUG oslo_service.service [req-355fb052-9bd9-4328-b0c2-965a30831183 - - - - -] use_rootwrap_daemon = False log_opt_values /usr/lib/python3/dist-packages/oslo_config/cfg.py:2602
2025-12-08 00:42:02.521 128970 DEBUG oslo_service.service [req-355fb052-9bd9-4328-b0c2-965a30831183 - - - - -] use_stderr = False log_opt_values /usr/lib/python3/dist-packages/oslo_config/cfg.py:2602
2025-12-08 00:42:02.521 128970 DEBUG oslo_service.service [req-355fb052-9bd9-4328-b0c2-965a30831183 - - - - -] use_syslog = False log_opt_values /usr/lib/python3/dist-packages/oslo_config/cfg.py:2602
2025-12-08 00:42:02.521 128970 DEBUG oslo_service.service [req-355fb052-9bd9-4328-b0c2-965a30831183 - - - - -] vcpu_pin_set = None log_opt_values /usr/lib/python3/dist-packages/oslo_config/cfg.py:2602
2025-12-08 00:42:02.522 128970 DEBUG oslo_service.service [req-355fb052-9bd9-4328-b0c2-965a30831183 - - - - -] vif_plugging_is_fatal = True log_opt_values /usr/lib/python3/dist-packages/oslo_config/cfg.py:2602
2025-12-08 00:42:02.522 128970 DEBUG oslo_service.service [req-355fb052-9bd9-4328-b0c2-965a30831183 - - - - -] vif_plugging_timeout = 300 log_opt_values /usr/lib/python3/dist-packages/oslo_config/cfg.py:2602
2025-12-08 00:42:02.524 128970 DEBUG oslo_service.service [req-355fb052-9bd9-4328-b0c2-965a30831183 - - - - -] virt_mkfs = [] log_opt_values /usr/lib/python3/dist-packages/oslo_config/cfg.py:2602
2025-12-08 00:42:02.524 128970 DEBUG oslo_service.service [req-355fb052-9bd9-4328-b0c2-965a30831183 - - - - -] volume_usage_poll_interval = 0 log_opt_values /usr/lib/python3/dist-packages/oslo_config/cfg.py:2602
2025-12-08 00:42:02.524 129785 DEBUG oslo_db.sqlalchemy.engines [req-a847e2e5-94c7-418e-addb-0963b9769584 - - - - -] MySQL server mode set to STRICT_TRANS_TABLES,STRICT_ALL_TABLES,NO_ZERO_IN_DATE,NO_ZERO_DATE,ERROR_FOR_DIVISION_BY_ZERO,TRADITIONAL,NO_ENGINE_SUBSTITUTION _check_effective_sql_mode /usr/lib/python3/dist-packages/oslo_db/sqlalchemy/engines.py:314
2025-12-08 00:42:02.525 128970 DEBUG oslo_service.service [req-355fb052-9bd9-4328-b0c2-965a30831183 - - - - -] watch_log_file = False log_opt_values /usr/lib/python3/dist-packages/oslo_config/cfg.py:2602
2025-12-08 00:42:02.525 128970 DEBUG oslo_service.service [req-355fb052-9bd9-4328-b0c2-965a30831183 - - - - -] web = /usr/share/spice-html5 log_opt_values /usr/lib/python3/dist-packages/oslo_config/cfg.py:2602
2025-12-08 00:42:02.525 128970 DEBUG oslo_service.service [req-355fb052-9bd9-4328-b0c2-965a30831183 - - - - -] oslo_concurrency.disable_process_locking = False log_opt_values /usr/lib/python3/dist-packages/oslo_config/cfg.py:2609
2025-12-08 00:42:02.526 128970 DEBUG oslo_service.service [req-355fb052-9bd9-4328-b0c2-965a30831183 - - - - -] oslo_concurrency.lock_path = /var/lock/nova log_opt_values /usr/lib/python3/dist-packages/oslo_config/cfg.py:2609
2025-12-08 00:42:02.526 128970 DEBUG oslo_service.service [req-355fb052-9bd9-4328-b0c2-965a30831183 - - - - -] oslo_messaging_metrics.metrics_buffer_size = 1000 log_opt_values /usr/lib/python3/dist-packages/oslo_config/cfg.py:2609
2025-12-08 00:42:02.526 128970 DEBUG oslo_service.service [req-355fb052-9bd9-4328-b0c2-965a30831183 - - - - -] oslo_messaging_metrics.metrics_enabled = False log_opt_values /usr/lib/python3/dist-packages/oslo_config/cfg.py:2609
2025-12-08 00:42:02.527 128970 DEBUG oslo_service.service [req-355fb052-9bd9-4328-b0c2-965a30831183 - - - - -] oslo_messaging_metrics.metrics_process_name = log_opt_values /usr/lib/python3/dist-packages/oslo_config/cfg.py:2609
2025-12-08 00:42:02.527 128970 DEBUG oslo_service.service [req-355fb052-9bd9-4328-b0c2-965a30831183 - - - - -] oslo_messaging_metrics.metrics_socket_file = /var/tmp/metrics_collector.sock log_opt_values /usr/lib/python3/dist-packages/oslo_config/cfg.py:2609
2025-12-08 00:42:02.527 128970 DEBUG oslo_service.service [req-355fb052-9bd9-4328-b0c2-965a30831183 - - - - -] oslo_messaging_metrics.metrics_thread_stop_timeout = 10 log_opt_values /usr/lib/python3/dist-packages/oslo_config/cfg.py:2609
2025-12-08 00:42:02.528 128970 WARNING oslo_config.cfg [req-355fb052-9bd9-4328-b0c2-965a30831183 - - - - -] Deprecated: Option "auth_strategy" from group "api" is deprecated for removal ( The only non-default choice, ``noauth2``, is for internal development and testing purposes only and should not be used in deployments. This option and its middleware, NoAuthMiddleware[V2_18], will be removed in a future release. ). Its value may be silently ignored in the future.
2025-12-08 00:42:02.528 128970 DEBUG oslo_service.service [req-355fb052-9bd9-4328-b0c2-965a30831183 - - - - -] api.auth_strategy = keystone log_opt_values /usr/lib/python3/dist-packages/oslo_config/cfg.py:2609
2025-12-08 00:42:02.528 128970 DEBUG oslo_service.service [req-355fb052-9bd9-4328-b0c2-965a30831183 - - - - -] api.compute_link_prefix = None log_opt_values /usr/lib/python3/dist-packages/oslo_config/cfg.py:2609
2025-12-08 00:42:02.528 128970 DEBUG oslo_service.service [req-355fb052-9bd9-4328-b0c2-965a30831183 - - - - -] api.config_drive_skip_versions = 1.0 2007-01-19 2007-03-01 2007-08-29 2007-10-10 2007-12-15 2008-02-01 2008-09-01 log_opt_values /usr/lib/python3/dist-packages/oslo_config/cfg.py:2609
2025-12-08 00:42:02.529 128970 DEBUG oslo_service.service [req-355fb052-9bd9-4328-b0c2-965a30831183 - - - - -] api.dhcp_domain = novalocal log_opt_values /usr/lib/python3/dist-packages/oslo_config/cfg.py:2609
2025-12-08 00:42:02.529 128970 DEBUG oslo_service.service [req-355fb052-9bd9-4328-b0c2-965a30831183 - - - - -] api.enable_instance_password = True log_opt_values /usr/lib/python3/dist-packages/oslo_config/cfg.py:2609
2025-12-08 00:42:02.529 128970 DEBUG oslo_service.service [req-355fb052-9bd9-4328-b0c2-965a30831183 - - - - -] api.glance_link_prefix = None log_opt_values /usr/lib/python3/dist-packages/oslo_config/cfg.py:2609
2025-12-08 00:42:02.530 128970 DEBUG oslo_service.service [req-355fb052-9bd9-4328-b0c2-965a30831183 - - - - -] api.instance_list_cells_batch_fixed_size = 100 log_opt_values /usr/lib/python3/dist-packages/oslo_config/cfg.py:2609
2025-12-08 00:42:02.530 128970 DEBUG oslo_service.service [req-355fb052-9bd9-4328-b0c2-965a30831183 - - - - -] api.instance_list_cells_batch_strategy = distributed log_opt_values /usr/lib/python3/dist-packages/oslo_config/cfg.py:2609
2025-12-08 00:42:02.530 128970 DEBUG oslo_service.service [req-355fb052-9bd9-4328-b0c2-965a30831183 - - - - -] api.instance_list_per_project_cells = False log_opt_values /usr/lib/python3/dist-packages/oslo_config/cfg.py:2609
2025-12-08 00:42:02.530 128970 DEBUG oslo_service.service [req-355fb052-9bd9-4328-b0c2-965a30831183 - - - - -] api.list_records_by_skipping_down_cells = True log_opt_values /usr/lib/python3/dist-packages/oslo_config/cfg.py:2609
2025-12-08 00:42:02.530 128970 DEBUG oslo_service.service [req-355fb052-9bd9-4328-b0c2-965a30831183 - - - - -] api.local_metadata_per_cell = False log_opt_values /usr/lib/python3/dist-packages/oslo_config/cfg.py:2609
2025-12-08 00:42:02.531 128970 DEBUG oslo_service.service [req-355fb052-9bd9-4328-b0c2-965a30831183 - - - - -] api.max_limit = 1000 log_opt_values /usr/lib/python3/dist-packages/oslo_config/cfg.py:2609
2025-12-08 00:42:02.531 128970 DEBUG oslo_service.service [req-355fb052-9bd9-4328-b0c2-965a30831183 - - - - -] api.metadata_cache_expiration = 15 log_opt_values /usr/lib/python3/dist-packages/oslo_config/cfg.py:2609
2025-12-08 00:42:02.531 128970 DEBUG oslo_service.service [req-355fb052-9bd9-4328-b0c2-965a30831183 - - - - -] api.neutron_default_tenant_id = default log_opt_values /usr/lib/python3/dist-packages/oslo_config/cfg.py:2609
2025-12-08 00:42:02.531 128970 DEBUG oslo_service.service [req-355fb052-9bd9-4328-b0c2-965a30831183 - - - - -] api.use_forwarded_for = False log_opt_values /usr/lib/python3/dist-packages/oslo_config/cfg.py:2609
2025-12-08 00:42:02.531 128970 DEBUG oslo_service.service [req-355fb052-9bd9-4328-b0c2-965a30831183 - - - - -] api.use_neutron_default_nets = False log_opt_values /usr/lib/python3/dist-packages/oslo_config/cfg.py:2609
2025-12-08 00:42:02.532 128970 DEBUG oslo_service.service [req-355fb052-9bd9-4328-b0c2-965a30831183 - - - - -] api.vendordata_dynamic_connect_timeout = 5 log_opt_values /usr/lib/python3/dist-packages/oslo_config/cfg.py:2609
2025-12-08 00:42:02.532 128970 DEBUG oslo_service.service [req-355fb052-9bd9-4328-b0c2-965a30831183 - - - - -] api.vendordata_dynamic_failure_fatal = False log_opt_values /usr/lib/python3/dist-packages/oslo_config/cfg.py:2609
2025-12-08 00:42:02.532 128970 DEBUG oslo_service.service [req-355fb052-9bd9-4328-b0c2-965a30831183 - - - - -] api.vendordata_dynamic_read_timeout = 5 log_opt_values /usr/lib/python3/dist-packages/oslo_config/cfg.py:2609
2025-12-08 00:42:02.532 128970 DEBUG oslo_service.service [req-355fb052-9bd9-4328-b0c2-965a30831183 - - - - -] api.vendordata_dynamic_ssl_certfile = log_opt_values /usr/lib/python3/dist-packages/oslo_config/cfg.py:2609
2025-12-08 00:42:02.532 128970 DEBUG oslo_service.service [req-355fb052-9bd9-4328-b0c2-965a30831183 - - - - -] api.vendordata_dynamic_targets = [] log_opt_values /usr/lib/python3/dist-packages/oslo_config/cfg.py:2609
2025-12-08 00:42:02.532 128970 DEBUG oslo_service.service [req-355fb052-9bd9-4328-b0c2-965a30831183 - - - - -] api.vendordata_jsonfile_path = None log_opt_values /usr/lib/python3/dist-packages/oslo_config/cfg.py:2609
2025-12-08 00:42:02.533 128970 DEBUG oslo_service.service [req-355fb052-9bd9-4328-b0c2-965a30831183 - - - - -] api.vendordata_providers = ['StaticJSON'] log_opt_values /usr/lib/python3/dist-packages/oslo_config/cfg.py:2609
2025-12-08 00:42:02.533 128970 DEBUG oslo_service.service [req-355fb052-9bd9-4328-b0c2-965a30831183 - - - - -] cache.backend = dogpile.cache.null log_opt_values /usr/lib/python3/dist-packages/oslo_config/cfg.py:2609
2025-12-08 00:42:02.533 128970 DEBUG oslo_service.service [req-355fb052-9bd9-4328-b0c2-965a30831183 - - - - -] cache.backend_argument = **** log_opt_values /usr/lib/python3/dist-packages/oslo_config/cfg.py:2609
2025-12-08 00:42:02.533 128970 DEBUG oslo_service.service [req-355fb052-9bd9-4328-b0c2-965a30831183 - - - - -] cache.config_prefix = cache.oslo log_opt_values /usr/lib/python3/dist-packages/oslo_config/cfg.py:2609
2025-12-08 00:42:02.534 128970 DEBUG oslo_service.service [req-355fb052-9bd9-4328-b0c2-965a30831183 - - - - -] cache.debug_cache_backend = False log_opt_values /usr/lib/python3/dist-packages/oslo_config/cfg.py:2609
2025-12-08 00:42:02.534 128970 DEBUG oslo_service.service [req-355fb052-9bd9-4328-b0c2-965a30831183 - - - - -] cache.enabled = False log_opt_values /usr/lib/python3/dist-packages/oslo_config/cfg.py:2609
2025-12-08 00:42:02.534 128970 DEBUG oslo_service.service [req-355fb052-9bd9-4328-b0c2-965a30831183 - - - - -] cache.expiration_time = 600 log_opt_values /usr/lib/python3/dist-packages/oslo_config/cfg.py:2609
2025-12-08 00:42:02.534 128970 DEBUG oslo_service.service [req-355fb052-9bd9-4328-b0c2-965a30831183 - - - - -] cache.memcache_dead_retry = 300 log_opt_values /usr/lib/python3/dist-packages/oslo_config/cfg.py:2609
2025-12-08 00:42:02.534 128970 DEBUG oslo_service.service [req-355fb052-9bd9-4328-b0c2-965a30831183 - - - - -] cache.memcache_pool_connection_get_timeout = 10 log_opt_values /usr/lib/python3/dist-packages/oslo_config/cfg.py:2609
2025-12-08 00:42:02.535 128970 DEBUG oslo_service.service [req-355fb052-9bd9-4328-b0c2-965a30831183 - - - - -] cache.memcache_pool_flush_on_reconnect = False log_opt_values /usr/lib/python3/dist-packages/oslo_config/cfg.py:2609
2025-12-08 00:42:02.535 128970 DEBUG oslo_service.service [req-355fb052-9bd9-4328-b0c2-965a30831183 - - - - -] cache.memcache_pool_maxsize = 10 log_opt_values /usr/lib/python3/dist-packages/oslo_config/cfg.py:2609
2025-12-08 00:42:02.535 128970 DEBUG oslo_service.service [req-355fb052-9bd9-4328-b0c2-965a30831183 - - - - -] cache.memcache_pool_unused_timeout = 60 log_opt_values /usr/lib/python3/dist-packages/oslo_config/cfg.py:2609
2025-12-08 00:42:02.535 128970 DEBUG oslo_service.service [req-355fb052-9bd9-4328-b0c2-965a30831183 - - - - -] cache.memcache_servers = ['localhost:11211'] log_opt_values /usr/lib/python3/dist-packages/oslo_config/cfg.py:2609
2025-12-08 00:42:02.535 128970 DEBUG oslo_service.service [req-355fb052-9bd9-4328-b0c2-965a30831183 - - - - -] cache.memcache_socket_timeout = 1.0 log_opt_values /usr/lib/python3/dist-packages/oslo_config/cfg.py:2609
2025-12-08 00:42:02.535 128970 DEBUG oslo_service.service [req-355fb052-9bd9-4328-b0c2-965a30831183 - - - - -] cache.proxies = [] log_opt_values /usr/lib/python3/dist-packages/oslo_config/cfg.py:2609
2025-12-08 00:42:02.536 128970 DEBUG oslo_service.service [req-355fb052-9bd9-4328-b0c2-965a30831183 - - - - -] cache.tls_allowed_ciphers = None log_opt_values /usr/lib/python3/dist-packages/oslo_config/cfg.py:2609
2025-12-08 00:42:02.536 128970 DEBUG oslo_service.service [req-355fb052-9bd9-4328-b0c2-965a30831183 - - - - -] cache.tls_cafile = None log_opt_values /usr/lib/python3/dist-packages/oslo_config/cfg.py:2609
2025-12-08 00:42:02.536 128970 DEBUG oslo_service.service [req-355fb052-9bd9-4328-b0c2-965a30831183 - - - - -] cache.tls_certfile = None log_opt_values /usr/lib/python3/dist-packages/oslo_config/cfg.py:2609
2025-12-08 00:42:02.536 128970 DEBUG oslo_service.service [req-355fb052-9bd9-4328-b0c2-965a30831183 - - - - -] cache.tls_enabled = False log_opt_values /usr/lib/python3/dist-packages/oslo_config/cfg.py:2609
2025-12-08 00:42:02.536 128970 DEBUG oslo_service.service [req-355fb052-9bd9-4328-b0c2-965a30831183 - - - - -] cache.tls_keyfile = None log_opt_values /usr/lib/python3/dist-packages/oslo_config/cfg.py:2609
2025-12-08 00:42:02.537 128970 DEBUG oslo_service.service [req-355fb052-9bd9-4328-b0c2-965a30831183 - - - - -] cinder.auth_section = None log_opt_values /usr/lib/python3/dist-packages/oslo_config/cfg.py:2609
2025-12-08 00:42:02.537 128970 DEBUG oslo_service.service [req-355fb052-9bd9-4328-b0c2-965a30831183 - - - - -] cinder.auth_type = None log_opt_values /usr/lib/python3/dist-packages/oslo_config/cfg.py:2609
2025-12-08 00:42:02.537 128970 DEBUG oslo_service.service [req-355fb052-9bd9-4328-b0c2-965a30831183 - - - - -] cinder.cafile = None log_opt_values /usr/lib/python3/dist-packages/oslo_config/cfg.py:2609
2025-12-08 00:42:02.537 128970 DEBUG oslo_service.service [req-355fb052-9bd9-4328-b0c2-965a30831183 - - - - -] cinder.catalog_info = volumev3::publicURL log_opt_values /usr/lib/python3/dist-packages/oslo_config/cfg.py:2609
2025-12-08 00:42:02.537 128970 DEBUG oslo_service.service [req-355fb052-9bd9-4328-b0c2-965a30831183 - - - - -] cinder.certfile = None log_opt_values /usr/lib/python3/dist-packages/oslo_config/cfg.py:2609
2025-12-08 00:42:02.537 128970 DEBUG oslo_service.service [req-355fb052-9bd9-4328-b0c2-965a30831183 - - - - -] cinder.collect_timing = False log_opt_values /usr/lib/python3/dist-packages/oslo_config/cfg.py:2609
2025-12-08 00:42:02.538 128970 DEBUG oslo_service.service [req-355fb052-9bd9-4328-b0c2-965a30831183 - - - - -] cinder.cross_az_attach = True log_opt_values /usr/lib/python3/dist-packages/oslo_config/cfg.py:2609
2025-12-08 00:42:02.538 128970 DEBUG oslo_service.service [req-355fb052-9bd9-4328-b0c2-965a30831183 - - - - -] cinder.debug = False log_opt_values /usr/lib/python3/dist-packages/oslo_config/cfg.py:2609
2025-12-08 00:42:02.538 128970 DEBUG oslo_service.service [req-355fb052-9bd9-4328-b0c2-965a30831183 - - - - -] cinder.endpoint_template = None log_opt_values /usr/lib/python3/dist-packages/oslo_config/cfg.py:2609
2025-12-08 00:42:02.538 128970 DEBUG oslo_service.service [req-355fb052-9bd9-4328-b0c2-965a30831183 - - - - -] cinder.http_retries = 3 log_opt_values /usr/lib/python3/dist-packages/oslo_config/cfg.py:2609
2025-12-08 00:42:02.538 128970 DEBUG oslo_service.service [req-355fb052-9bd9-4328-b0c2-965a30831183 - - - - -] cinder.insecure = False log_opt_values /usr/lib/python3/dist-packages/oslo_config/cfg.py:2609
2025-12-08 00:42:02.539 128970 DEBUG oslo_service.service [req-355fb052-9bd9-4328-b0c2-965a30831183 - - - - -] cinder.keyfile = None log_opt_values /usr/lib/python3/dist-packages/oslo_config/cfg.py:2609
2025-12-08 00:42:02.539 128970 DEBUG oslo_service.service [req-355fb052-9bd9-4328-b0c2-965a30831183 - - - - -] cinder.os_region_name = None log_opt_values /usr/lib/python3/dist-packages/oslo_config/cfg.py:2609
2025-12-08 00:42:02.539 128970 DEBUG oslo_service.service [req-355fb052-9bd9-4328-b0c2-965a30831183 - - - - -] cinder.split_loggers = False log_opt_values /usr/lib/python3/dist-packages/oslo_config/cfg.py:2609
2025-12-08 00:42:02.539 128970 DEBUG oslo_service.service [req-355fb052-9bd9-4328-b0c2-965a30831183 - - - - -] cinder.timeout = None log_opt_values /usr/lib/python3/dist-packages/oslo_config/cfg.py:2609
2025-12-08 00:42:02.540 128970 DEBUG oslo_service.service [req-355fb052-9bd9-4328-b0c2-965a30831183 - - - - -] compute.consecutive_build_service_disable_threshold = 10 log_opt_values /usr/lib/python3/dist-packages/oslo_config/cfg.py:2609
2025-12-08 00:42:02.540 128970 DEBUG oslo_service.service [req-355fb052-9bd9-4328-b0c2-965a30831183 - - - - -] compute.cpu_dedicated_set = None log_opt_values /usr/lib/python3/dist-packages/oslo_config/cfg.py:2609
2025-12-08 00:42:02.540 128970 DEBUG oslo_service.service [req-355fb052-9bd9-4328-b0c2-965a30831183 - - - - -] compute.cpu_shared_set = None log_opt_values /usr/lib/python3/dist-packages/oslo_config/cfg.py:2609
2025-12-08 00:42:02.540 128970 DEBUG oslo_service.service [req-355fb052-9bd9-4328-b0c2-965a30831183 - - - - -] compute.image_type_exclude_list = [] log_opt_values /usr/lib/python3/dist-packages/oslo_config/cfg.py:2609
2025-12-08 00:42:02.541 128970 DEBUG oslo_service.service [req-355fb052-9bd9-4328-b0c2-965a30831183 - - - - -] compute.live_migration_wait_for_vif_plug = True log_opt_values /usr/lib/python3/dist-packages/oslo_config/cfg.py:2609
2025-12-08 00:42:02.541 128970 DEBUG oslo_service.service [req-355fb052-9bd9-4328-b0c2-965a30831183 - - - - -] compute.max_concurrent_disk_ops = 0 log_opt_values /usr/lib/python3/dist-packages/oslo_config/cfg.py:2609
2025-12-08 00:42:02.541 128970 DEBUG oslo_service.service [req-355fb052-9bd9-4328-b0c2-965a30831183 - - - - -] compute.max_disk_devices_to_attach = -1 log_opt_values /usr/lib/python3/dist-packages/oslo_config/cfg.py:2609
2025-12-08 00:42:02.541 128970 DEBUG oslo_service.service [req-355fb052-9bd9-4328-b0c2-965a30831183 - - - - -] compute.packing_host_numa_cells_allocation_strategy = True log_opt_values /usr/lib/python3/dist-packages/oslo_config/cfg.py:2609
2025-12-08 00:42:02.541 129782 DEBUG oslo_messaging._drivers.amqpdriver [-] Listener is running poll /usr/lib/python3/dist-packages/oslo_messaging/_drivers/amqpdriver.py:343
2025-12-08 00:42:02.541 128970 DEBUG oslo_service.service [req-355fb052-9bd9-4328-b0c2-965a30831183 - - - - -] compute.provider_config_location = /etc/nova/provider_config/ log_opt_values /usr/lib/python3/dist-packages/oslo_config/cfg.py:2609
2025-12-08 00:42:02.541 129782 DEBUG oslo_messaging._drivers.amqpdriver [-] AMQPListener connection consume poll /usr/lib/python3/dist-packages/oslo_messaging/_drivers/amqpdriver.py:357
2025-12-08 00:42:02.541 129783 DEBUG oslo_messaging._drivers.amqpdriver [-] Listener is running poll /usr/lib/python3/dist-packages/oslo_messaging/_drivers/amqpdriver.py:343
2025-12-08 00:42:02.542 128970 DEBUG oslo_service.service [req-355fb052-9bd9-4328-b0c2-965a30831183 - - - - -] compute.resource_provider_association_refresh = 300 log_opt_values /usr/lib/python3/dist-packages/oslo_config/cfg.py:2609
2025-12-08 00:42:02.542 129783 DEBUG oslo_messaging._drivers.amqpdriver [-] AMQPListener connection consume poll /usr/lib/python3/dist-packages/oslo_messaging/_drivers/amqpdriver.py:357
2025-12-08 00:42:02.542 128970 DEBUG oslo_service.service [req-355fb052-9bd9-4328-b0c2-965a30831183 - - - - -] compute.shutdown_retry_interval = 10 log_opt_values /usr/lib/python3/dist-packages/oslo_config/cfg.py:2609
2025-12-08 00:42:02.542 128970 DEBUG oslo_service.service [req-355fb052-9bd9-4328-b0c2-965a30831183 - - - - -] compute.vmdk_allowed_types = ['streamOptimized', 'monolithicSparse'] log_opt_values /usr/lib/python3/dist-packages/oslo_config/cfg.py:2609
2025-12-08 00:42:02.542 128970 DEBUG oslo_service.service [req-355fb052-9bd9-4328-b0c2-965a30831183 - - - - -] conductor.workers = 4 log_opt_values /usr/lib/python3/dist-packages/oslo_config/cfg.py:2609
2025-12-08 00:42:02.542 128970 DEBUG oslo_service.service [req-355fb052-9bd9-4328-b0c2-965a30831183 - - - - -] console.allowed_origins = [] log_opt_values /usr/lib/python3/dist-packages/oslo_config/cfg.py:2609
2025-12-08 00:42:02.543 128970 DEBUG oslo_service.service [req-355fb052-9bd9-4328-b0c2-965a30831183 - - - - -] console.ssl_ciphers = None log_opt_values /usr/lib/python3/dist-packages/oslo_config/cfg.py:2609
2025-12-08 00:42:02.542 129783 DEBUG nova.service [req-d814e3e0-cd30-4c87-8348-9d1f7e2ed64e - - - - -] Join ServiceGroup membership for this service conductor start /usr/lib/python3/dist-packages/nova/service.py:199
2025-12-08 00:42:02.543 128970 DEBUG oslo_service.service [req-355fb052-9bd9-4328-b0c2-965a30831183 - - - - -] console.ssl_minimum_version = default log_opt_values /usr/lib/python3/dist-packages/oslo_config/cfg.py:2609
2025-12-08 00:42:02.543 128970 DEBUG oslo_service.service [req-355fb052-9bd9-4328-b0c2-965a30831183 - - - - -] consoleauth.token_ttl = 600 log_opt_values /usr/lib/python3/dist-packages/oslo_config/cfg.py:2609
2025-12-08 00:42:02.543 128970 DEBUG oslo_service.service [req-355fb052-9bd9-4328-b0c2-965a30831183 - - - - -] cyborg.cafile = None log_opt_values /usr/lib/python3/dist-packages/oslo_config/cfg.py:2609
2025-12-08 00:42:02.543 129783 DEBUG nova.servicegroup.drivers.db [req-d814e3e0-cd30-4c87-8348-9d1f7e2ed64e - - - - -] DB_Driver: join new ServiceGroup member juju-00e7aa-0-lxd-7 to the conductor group, service = join /usr/lib/python3/dist-packages/nova/servicegroup/drivers/db.py:44
2025-12-08 00:42:02.543 129782 DEBUG nova.service [req-1713f3a7-41ee-4dde-ae03-384b7c441390 - - - - -] Join ServiceGroup membership for this service conductor start /usr/lib/python3/dist-packages/nova/service.py:199
2025-12-08 00:42:02.543 128970 DEBUG oslo_service.service [req-355fb052-9bd9-4328-b0c2-965a30831183 - - - - -] cyborg.certfile = None log_opt_values /usr/lib/python3/dist-packages/oslo_config/cfg.py:2609
2025-12-08 00:42:02.544 128970 DEBUG oslo_service.service [req-355fb052-9bd9-4328-b0c2-965a30831183 - - - - -] cyborg.collect_timing = False log_opt_values /usr/lib/python3/dist-packages/oslo_config/cfg.py:2609
2025-12-08 00:42:02.543 129782 DEBUG nova.servicegroup.drivers.db [req-1713f3a7-41ee-4dde-ae03-384b7c441390 - - - - -] DB_Driver: join new ServiceGroup member juju-00e7aa-0-lxd-7 to the conductor group, service = join /usr/lib/python3/dist-packages/nova/servicegroup/drivers/db.py:44
2025-12-08 00:42:02.544 128970 DEBUG oslo_service.service [req-355fb052-9bd9-4328-b0c2-965a30831183 - - - - -] cyborg.connect_retries = None log_opt_values /usr/lib/python3/dist-packages/oslo_config/cfg.py:2609
2025-12-08 00:42:02.544 128970 DEBUG oslo_service.service [req-355fb052-9bd9-4328-b0c2-965a30831183 - - - - -] cyborg.connect_retry_delay = None log_opt_values /usr/lib/python3/dist-packages/oslo_config/cfg.py:2609
2025-12-08 00:42:02.544 129782 DEBUG oslo_messaging._drivers.amqpdriver [-] AMQPListener connection timeout poll /usr/lib/python3/dist-packages/oslo_messaging/_drivers/amqpdriver.py:360
2025-12-08 00:42:02.544 128970 DEBUG oslo_service.service [req-355fb052-9bd9-4328-b0c2-965a30831183 - - - - -] cyborg.endpoint_override = None log_opt_values /usr/lib/python3/dist-packages/oslo_config/cfg.py:2609
2025-12-08 00:42:02.544 129782 DEBUG oslo_messaging._drivers.amqpdriver [-] Listener is running poll /usr/lib/python3/dist-packages/oslo_messaging/_drivers/amqpdriver.py:343
2025-12-08 00:42:02.544 128970 DEBUG oslo_service.service [req-355fb052-9bd9-4328-b0c2-965a30831183 - - - - -] cyborg.insecure = False log_opt_values /usr/lib/python3/dist-packages/oslo_config/cfg.py:2609
2025-12-08 00:42:02.544 129782 DEBUG oslo_messaging._drivers.amqpdriver [-] AMQPListener connection consume poll /usr/lib/python3/dist-packages/oslo_messaging/_drivers/amqpdriver.py:357
2025-12-08 00:42:02.544 128970 DEBUG oslo_service.service [req-355fb052-9bd9-4328-b0c2-965a30831183 - - - - -] cyborg.keyfile = None log_opt_values /usr/lib/python3/dist-packages/oslo_config/cfg.py:2609
2025-12-08 00:42:02.545 128970 DEBUG oslo_service.service [req-355fb052-9bd9-4328-b0c2-965a30831183 - - - - -] cyborg.max_version = None log_opt_values /usr/lib/python3/dist-packages/oslo_config/cfg.py:2609
2025-12-08 00:42:02.545 128970 DEBUG oslo_service.service [req-355fb052-9bd9-4328-b0c2-965a30831183 - - - - -] cyborg.min_version = None log_opt_values /usr/lib/python3/dist-packages/oslo_config/cfg.py:2609
2025-12-08 00:42:02.545 128970 DEBUG oslo_service.service [req-355fb052-9bd9-4328-b0c2-965a30831183 - - - - -] cyborg.region_name = None log_opt_values /usr/lib/python3/dist-packages/oslo_config/cfg.py:2609
2025-12-08 00:42:02.545 128970 DEBUG oslo_service.service [req-355fb052-9bd9-4328-b0c2-965a30831183 - - - - -] cyborg.service_name = None log_opt_values /usr/lib/python3/dist-packages/oslo_config/cfg.py:2609
2025-12-08 00:42:02.545 128970 DEBUG oslo_service.service [req-355fb052-9bd9-4328-b0c2-965a30831183 - - - - -] cyborg.service_type = accelerator log_opt_values /usr/lib/python3/dist-packages/oslo_config/cfg.py:2609
2025-12-08 00:42:02.546 128970 DEBUG oslo_service.service [req-355fb052-9bd9-4328-b0c2-965a30831183 - - - - -] cyborg.split_loggers = False log_opt_values /usr/lib/python3/dist-packages/oslo_config/cfg.py:2609
2025-12-08 00:42:02.546 128970 DEBUG oslo_service.service [req-355fb052-9bd9-4328-b0c2-965a30831183 - - - - -] cyborg.status_code_retries = None log_opt_values /usr/lib/python3/dist-packages/oslo_config/cfg.py:2609
2025-12-08 00:42:02.546 128970 DEBUG oslo_service.service [req-355fb052-9bd9-4328-b0c2-965a30831183 - - - - -] cyborg.status_code_retry_delay = None log_opt_values /usr/lib/python3/dist-packages/oslo_config/cfg.py:2609
2025-12-08 00:42:02.546 128970 DEBUG oslo_service.service [req-355fb052-9bd9-4328-b0c2-965a30831183 - - - - -] cyborg.timeout = None log_opt_values /usr/lib/python3/dist-packages/oslo_config/cfg.py:2609
2025-12-08 00:42:02.546 128970 DEBUG oslo_service.service [req-355fb052-9bd9-4328-b0c2-965a30831183 - - - - -] cyborg.valid_interfaces = ['internal', 'public'] log_opt_values /usr/lib/python3/dist-packages/oslo_config/cfg.py:2609
2025-12-08 00:42:02.547 128970 DEBUG oslo_service.service [req-355fb052-9bd9-4328-b0c2-965a30831183 - - - - -] cyborg.version = None log_opt_values /usr/lib/python3/dist-packages/oslo_config/cfg.py:2609
2025-12-08 00:42:02.547 128970 DEBUG oslo_service.service [req-355fb052-9bd9-4328-b0c2-965a30831183 - - - - -] database.backend = sqlalchemy log_opt_values /usr/lib/python3/dist-packages/oslo_config/cfg.py:2609
2025-12-08 00:42:02.547 128970 DEBUG oslo_service.service [req-355fb052-9bd9-4328-b0c2-965a30831183 - - - - -] database.connection = **** log_opt_values /usr/lib/python3/dist-packages/oslo_config/cfg.py:2609
2025-12-08 00:42:02.547 128970 DEBUG oslo_service.service [req-355fb052-9bd9-4328-b0c2-965a30831183 - - - - -] database.connection_debug = 0 log_opt_values /usr/lib/python3/dist-packages/oslo_config/cfg.py:2609
2025-12-08 00:42:02.548 128970 DEBUG oslo_service.service [req-355fb052-9bd9-4328-b0c2-965a30831183 - - - - -] database.connection_parameters = log_opt_values /usr/lib/python3/dist-packages/oslo_config/cfg.py:2609
2025-12-08 00:42:02.548 128970 DEBUG oslo_service.service [req-355fb052-9bd9-4328-b0c2-965a30831183 - - - - -] database.connection_recycle_time = 3600 log_opt_values /usr/lib/python3/dist-packages/oslo_config/cfg.py:2609
2025-12-08 00:42:02.548 128970 DEBUG oslo_service.service [req-355fb052-9bd9-4328-b0c2-965a30831183 - - - - -] database.connection_trace = False log_opt_values /usr/lib/python3/dist-packages/oslo_config/cfg.py:2609
2025-12-08 00:42:02.548 128970 DEBUG oslo_service.service [req-355fb052-9bd9-4328-b0c2-965a30831183 - - - - -] database.db_inc_retry_interval = True log_opt_values /usr/lib/python3/dist-packages/oslo_config/cfg.py:2609
2025-12-08 00:42:02.548 129783 DEBUG oslo_messaging._drivers.amqpdriver [-] AMQPListener connection timeout poll /usr/lib/python3/dist-packages/oslo_messaging/_drivers/amqpdriver.py:360
2025-12-08 00:42:02.548 128970 DEBUG oslo_service.service [req-355fb052-9bd9-4328-b0c2-965a30831183 - - - - -] database.db_max_retries = 20 log_opt_values /usr/lib/python3/dist-packages/oslo_config/cfg.py:2609
2025-12-08 00:42:02.548 129784 DEBUG oslo_messaging._drivers.amqpdriver [-] Listener is running poll /usr/lib/python3/dist-packages/oslo_messaging/_drivers/amqpdriver.py:343
2025-12-08 00:42:02.549 129783 DEBUG oslo_messaging._drivers.amqpdriver [-] Listener is running poll /usr/lib/python3/dist-packages/oslo_messaging/_drivers/amqpdriver.py:343
2025-12-08 00:42:02.549 128970 DEBUG oslo_service.service [req-355fb052-9bd9-4328-b0c2-965a30831183 - - - - -] database.db_max_retry_interval = 10 log_opt_values /usr/lib/python3/dist-packages/oslo_config/cfg.py:2609
2025-12-08 00:42:02.549 129783 DEBUG oslo_messaging._drivers.amqpdriver [-] AMQPListener connection consume poll /usr/lib/python3/dist-packages/oslo_messaging/_drivers/amqpdriver.py:357
2025-12-08 00:42:02.549 129784 DEBUG oslo_messaging._drivers.amqpdriver [-] AMQPListener connection consume poll /usr/lib/python3/dist-packages/oslo_messaging/_drivers/amqpdriver.py:357
2025-12-08 00:42:02.549 128970 DEBUG oslo_service.service [req-355fb052-9bd9-4328-b0c2-965a30831183 - - - - -] database.db_retry_interval = 1 log_opt_values /usr/lib/python3/dist-packages/oslo_config/cfg.py:2609
2025-12-08 00:42:02.549 128970 DEBUG oslo_service.service [req-355fb052-9bd9-4328-b0c2-965a30831183 - - - - -] database.max_overflow = 50 log_opt_values /usr/lib/python3/dist-packages/oslo_config/cfg.py:2609
2025-12-08 00:42:02.549 128970 DEBUG oslo_service.service [req-355fb052-9bd9-4328-b0c2-965a30831183 - - - - -] database.max_pool_size = 4 log_opt_values /usr/lib/python3/dist-packages/oslo_config/cfg.py:2609
2025-12-08 00:42:02.549 128970 DEBUG oslo_service.service [req-355fb052-9bd9-4328-b0c2-965a30831183 - - - - -] database.max_retries = 10 log_opt_values /usr/lib/python3/dist-packages/oslo_config/cfg.py:2609
2025-12-08 00:42:02.550 128970 DEBUG oslo_service.service [req-355fb052-9bd9-4328-b0c2-965a30831183 - - - - -] database.mysql_enable_ndb = False log_opt_values /usr/lib/python3/dist-packages/oslo_config/cfg.py:2609
2025-12-08 00:42:02.550 128970 DEBUG oslo_service.service [req-355fb052-9bd9-4328-b0c2-965a30831183 - - - - -] database.mysql_sql_mode = TRADITIONAL log_opt_values /usr/lib/python3/dist-packages/oslo_config/cfg.py:2609
2025-12-08 00:42:02.550 128970 DEBUG oslo_service.service [req-355fb052-9bd9-4328-b0c2-965a30831183 - - - - -] database.pool_timeout = None log_opt_values /usr/lib/python3/dist-packages/oslo_config/cfg.py:2609
2025-12-08 00:42:02.549 129784 DEBUG nova.service [req-a47f50a6-f598-4582-860e-140d8f4b5834 - - - - -] Join ServiceGroup membership for this service conductor start /usr/lib/python3/dist-packages/nova/service.py:199
2025-12-08 00:42:02.550 128970 DEBUG oslo_service.service [req-355fb052-9bd9-4328-b0c2-965a30831183 - - - - -] database.retry_interval = 10 log_opt_values /usr/lib/python3/dist-packages/oslo_config/cfg.py:2609
2025-12-08 00:42:02.550 129784 DEBUG nova.servicegroup.drivers.db [req-a47f50a6-f598-4582-860e-140d8f4b5834 - - - - -] DB_Driver: join new ServiceGroup member juju-00e7aa-0-lxd-7 to the conductor group, service = join /usr/lib/python3/dist-packages/nova/servicegroup/drivers/db.py:44
2025-12-08 00:42:02.550 128970 DEBUG oslo_service.service [req-355fb052-9bd9-4328-b0c2-965a30831183 - - - - -] database.slave_connection = **** log_opt_values /usr/lib/python3/dist-packages/oslo_config/cfg.py:2609
2025-12-08 00:42:02.550 128970 DEBUG oslo_service.service [req-355fb052-9bd9-4328-b0c2-965a30831183 - - - - -] database.sqlite_synchronous = True log_opt_values /usr/lib/python3/dist-packages/oslo_config/cfg.py:2609
2025-12-08 00:42:02.551 128970 DEBUG oslo_service.service [req-355fb052-9bd9-4328-b0c2-965a30831183 - - - - -] database.use_db_reconnect = False log_opt_values /usr/lib/python3/dist-packages/oslo_config/cfg.py:2609
2025-12-08 00:42:02.551 128970 DEBUG oslo_service.service [req-355fb052-9bd9-4328-b0c2-965a30831183 - - - - -] api_database.backend = sqlalchemy log_opt_values /usr/lib/python3/dist-packages/oslo_config/cfg.py:2609
2025-12-08 00:42:02.551 128970 DEBUG oslo_service.service [req-355fb052-9bd9-4328-b0c2-965a30831183 - - - - -] api_database.connection = **** log_opt_values /usr/lib/python3/dist-packages/oslo_config/cfg.py:2609
2025-12-08 00:42:02.551 128970 DEBUG oslo_service.service [req-355fb052-9bd9-4328-b0c2-965a30831183 - - - - -] api_database.connection_debug = 0 log_opt_values /usr/lib/python3/dist-packages/oslo_config/cfg.py:2609
2025-12-08 00:42:02.551 128970 DEBUG oslo_service.service [req-355fb052-9bd9-4328-b0c2-965a30831183 - - - - -] api_database.connection_parameters = log_opt_values /usr/lib/python3/dist-packages/oslo_config/cfg.py:2609
2025-12-08 00:42:02.552 128970 DEBUG oslo_service.service [req-355fb052-9bd9-4328-b0c2-965a30831183 - - - - -] api_database.connection_recycle_time = 3600 log_opt_values /usr/lib/python3/dist-packages/oslo_config/cfg.py:2609
2025-12-08 00:42:02.552 128970 DEBUG oslo_service.service [req-355fb052-9bd9-4328-b0c2-965a30831183 - - - - -] api_database.connection_trace = False log_opt_values /usr/lib/python3/dist-packages/oslo_config/cfg.py:2609
2025-12-08 00:42:02.552 128970 DEBUG oslo_service.service [req-355fb052-9bd9-4328-b0c2-965a30831183 - - - - -] api_database.db_inc_retry_interval = True log_opt_values /usr/lib/python3/dist-packages/oslo_config/cfg.py:2609
2025-12-08 00:42:02.552 128970 DEBUG oslo_service.service [req-355fb052-9bd9-4328-b0c2-965a30831183 - - - - -] api_database.db_max_retries = 20 log_opt_values /usr/lib/python3/dist-packages/oslo_config/cfg.py:2609
2025-12-08 00:42:02.552 128970 DEBUG oslo_service.service [req-355fb052-9bd9-4328-b0c2-965a30831183 - - - - -] api_database.db_max_retry_interval = 10 log_opt_values /usr/lib/python3/dist-packages/oslo_config/cfg.py:2609
2025-12-08 00:42:02.552 128970 DEBUG oslo_service.service [req-355fb052-9bd9-4328-b0c2-965a30831183 - - - - -] api_database.db_retry_interval = 1 log_opt_values /usr/lib/python3/dist-packages/oslo_config/cfg.py:2609
2025-12-08 00:42:02.553 128970 DEBUG oslo_service.service [req-355fb052-9bd9-4328-b0c2-965a30831183 - - - - -] api_database.max_overflow = 50 log_opt_values /usr/lib/python3/dist-packages/oslo_config/cfg.py:2609
2025-12-08 00:42:02.553 128970 DEBUG oslo_service.service [req-355fb052-9bd9-4328-b0c2-965a30831183 - - - - -] api_database.max_pool_size = 4 log_opt_values /usr/lib/python3/dist-packages/oslo_config/cfg.py:2609
2025-12-08 00:42:02.553 128970 DEBUG oslo_service.service [req-355fb052-9bd9-4328-b0c2-965a30831183 - - - - -] api_database.max_retries = 10 log_opt_values /usr/lib/python3/dist-packages/oslo_config/cfg.py:2609
2025-12-08 00:42:02.553 128970 DEBUG oslo_service.service [req-355fb052-9bd9-4328-b0c2-965a30831183 - - - - -] api_database.mysql_enable_ndb = False log_opt_values /usr/lib/python3/dist-packages/oslo_config/cfg.py:2609
2025-12-08 00:42:02.553 128970 DEBUG oslo_service.service [req-355fb052-9bd9-4328-b0c2-965a30831183 - - - - -] api_database.mysql_sql_mode = TRADITIONAL log_opt_values /usr/lib/python3/dist-packages/oslo_config/cfg.py:2609
2025-12-08 00:42:02.554 128970 DEBUG oslo_service.service [req-355fb052-9bd9-4328-b0c2-965a30831183 - - - - -] api_database.pool_timeout = None log_opt_values /usr/lib/python3/dist-packages/oslo_config/cfg.py:2609
2025-12-08 00:42:02.554 128970 DEBUG oslo_service.service [req-355fb052-9bd9-4328-b0c2-965a30831183 - - - - -] api_database.retry_interval = 10 log_opt_values /usr/lib/python3/dist-packages/oslo_config/cfg.py:2609
2025-12-08 00:42:02.554 128970 DEBUG oslo_service.service [req-355fb052-9bd9-4328-b0c2-965a30831183 - - - - -] api_database.slave_connection = **** log_opt_values /usr/lib/python3/dist-packages/oslo_config/cfg.py:2609
2025-12-08 00:42:02.554 129784 DEBUG oslo_messaging._drivers.amqpdriver [-] AMQPListener connection timeout poll /usr/lib/python3/dist-packages/oslo_messaging/_drivers/amqpdriver.py:360
2025-12-08 00:42:02.555 129784 DEBUG oslo_messaging._drivers.amqpdriver [-] Listener is running poll /usr/lib/python3/dist-packages/oslo_messaging/_drivers/amqpdriver.py:343
2025-12-08 00:42:02.554 128970 DEBUG oslo_service.service [req-355fb052-9bd9-4328-b0c2-965a30831183 - - - - -] api_database.sqlite_synchronous = True log_opt_values /usr/lib/python3/dist-packages/oslo_config/cfg.py:2609
2025-12-08 00:42:02.555 129784 DEBUG oslo_messaging._drivers.amqpdriver [-] AMQPListener connection consume poll /usr/lib/python3/dist-packages/oslo_messaging/_drivers/amqpdriver.py:357
2025-12-08 00:42:02.555 128970 DEBUG oslo_service.service [req-355fb052-9bd9-4328-b0c2-965a30831183 - - - - -] devices.enabled_mdev_types = [] log_opt_values /usr/lib/python3/dist-packages/oslo_config/cfg.py:2609
2025-12-08 00:42:02.555 128970 DEBUG oslo_service.service [req-355fb052-9bd9-4328-b0c2-965a30831183 - - - - -] ephemeral_storage_encryption.cipher = aes-xts-plain64 log_opt_values /usr/lib/python3/dist-packages/oslo_config/cfg.py:2609
2025-12-08 00:42:02.555 128970 DEBUG oslo_service.service [req-355fb052-9bd9-4328-b0c2-965a30831183 - - - - -] ephemeral_storage_encryption.enabled = False log_opt_values /usr/lib/python3/dist-packages/oslo_config/cfg.py:2609
2025-12-08 00:42:02.555 128970 DEBUG oslo_service.service [req-355fb052-9bd9-4328-b0c2-965a30831183 - - - - -] ephemeral_storage_encryption.key_size = 512 log_opt_values /usr/lib/python3/dist-packages/oslo_config/cfg.py:2609
2025-12-08 00:42:02.556 128970 WARNING oslo_config.cfg [req-355fb052-9bd9-4328-b0c2-965a30831183 - - - - -] Deprecated: Option "api_servers" from group "glance" is deprecated for removal ( Support for image service configuration via standard keystoneauth1 Adapter options was added in the 17.0.0 Queens release. The api_servers option was retained temporarily to allow consumers time to cut over to a real load balancing solution. ). Its value may be silently ignored in the future.
2025-12-08 00:42:02.556 128970 DEBUG oslo_service.service [req-355fb052-9bd9-4328-b0c2-965a30831183 - - - - -] glance.api_servers = ['http://252.41.225.118:9292'] log_opt_values /usr/lib/python3/dist-packages/oslo_config/cfg.py:2609
2025-12-08 00:42:02.556 128970 DEBUG oslo_service.service [req-355fb052-9bd9-4328-b0c2-965a30831183 - - - - -] glance.cafile = None log_opt_values /usr/lib/python3/dist-packages/oslo_config/cfg.py:2609
2025-12-08 00:42:02.556 128970 DEBUG oslo_service.service [req-355fb052-9bd9-4328-b0c2-965a30831183 - - - - -] glance.certfile = None log_opt_values /usr/lib/python3/dist-packages/oslo_config/cfg.py:2609
2025-12-08 00:42:02.557 128970 DEBUG oslo_service.service [req-355fb052-9bd9-4328-b0c2-965a30831183 - - - - -] glance.collect_timing = False log_opt_values /usr/lib/python3/dist-packages/oslo_config/cfg.py:2609
2025-12-08 00:42:02.557 128970 DEBUG oslo_service.service [req-355fb052-9bd9-4328-b0c2-965a30831183 - - - - -] glance.connect_retries = None log_opt_values /usr/lib/python3/dist-packages/oslo_config/cfg.py:2609
2025-12-08 00:42:02.557 128970 DEBUG oslo_service.service [req-355fb052-9bd9-4328-b0c2-965a30831183 - - - - -] glance.connect_retry_delay = None log_opt_values /usr/lib/python3/dist-packages/oslo_config/cfg.py:2609
2025-12-08 00:42:02.557 128970 DEBUG oslo_service.service [req-355fb052-9bd9-4328-b0c2-965a30831183 - - - - -] glance.debug = False log_opt_values /usr/lib/python3/dist-packages/oslo_config/cfg.py:2609
2025-12-08 00:42:02.557 128970 DEBUG oslo_service.service [req-355fb052-9bd9-4328-b0c2-965a30831183 - - - - -] glance.default_trusted_certificate_ids = [] log_opt_values /usr/lib/python3/dist-packages/oslo_config/cfg.py:2609
2025-12-08 00:42:02.557 129785 DEBUG nova.service [req-a847e2e5-94c7-418e-addb-0963b9769584 - - - - -] Creating RPC server for service conductor start /usr/lib/python3/dist-packages/nova/service.py:182
2025-12-08 00:42:02.558 128970 DEBUG oslo_service.service [req-355fb052-9bd9-4328-b0c2-965a30831183 - - - - -] glance.enable_certificate_validation = False log_opt_values /usr/lib/python3/dist-packages/oslo_config/cfg.py:2609
2025-12-08 00:42:02.558 128970 DEBUG oslo_service.service [req-355fb052-9bd9-4328-b0c2-965a30831183 - - - - -] glance.enable_rbd_download = False log_opt_values /usr/lib/python3/dist-packages/oslo_config/cfg.py:2609
2025-12-08 00:42:02.558 128970 DEBUG oslo_service.service [req-355fb052-9bd9-4328-b0c2-965a30831183 - - - - -] glance.endpoint_override = None log_opt_values /usr/lib/python3/dist-packages/oslo_config/cfg.py:2609
2025-12-08 00:42:02.558 128970 DEBUG oslo_service.service [req-355fb052-9bd9-4328-b0c2-965a30831183 - - - - -] glance.insecure = False log_opt_values /usr/lib/python3/dist-packages/oslo_config/cfg.py:2609
2025-12-08 00:42:02.558 128970 DEBUG oslo_service.service [req-355fb052-9bd9-4328-b0c2-965a30831183 - - - - -] glance.keyfile = None log_opt_values /usr/lib/python3/dist-packages/oslo_config/cfg.py:2609
2025-12-08 00:42:02.558 128970 DEBUG oslo_service.service [req-355fb052-9bd9-4328-b0c2-965a30831183 - - - - -] glance.max_version = None log_opt_values /usr/lib/python3/dist-packages/oslo_config/cfg.py:2609
2025-12-08 00:42:02.559 128970 DEBUG oslo_service.service [req-355fb052-9bd9-4328-b0c2-965a30831183 - - - - -] glance.min_version = None log_opt_values /usr/lib/python3/dist-packages/oslo_config/cfg.py:2609
2025-12-08 00:42:02.559 128970 DEBUG oslo_service.service [req-355fb052-9bd9-4328-b0c2-965a30831183 - - - - -] glance.num_retries = 3 log_opt_values /usr/lib/python3/dist-packages/oslo_config/cfg.py:2609
2025-12-08 00:42:02.559 128970 DEBUG oslo_service.service [req-355fb052-9bd9-4328-b0c2-965a30831183 - - - - -] glance.rbd_ceph_conf = log_opt_values /usr/lib/python3/dist-packages/oslo_config/cfg.py:2609
2025-12-08 00:42:02.559 128970 DEBUG oslo_service.service [req-355fb052-9bd9-4328-b0c2-965a30831183 - - - - -] glance.rbd_connect_timeout = 5 log_opt_values /usr/lib/python3/dist-packages/oslo_config/cfg.py:2609
2025-12-08 00:42:02.559 128970 DEBUG oslo_service.service [req-355fb052-9bd9-4328-b0c2-965a30831183 - - - - -] glance.rbd_pool = log_opt_values /usr/lib/python3/dist-packages/oslo_config/cfg.py:2609
2025-12-08 00:42:02.559 128970 DEBUG oslo_service.service [req-355fb052-9bd9-4328-b0c2-965a30831183 - - - - -] glance.rbd_user = log_opt_values /usr/lib/python3/dist-packages/oslo_config/cfg.py:2609
2025-12-08 00:42:02.560 128970 DEBUG oslo_service.service [req-355fb052-9bd9-4328-b0c2-965a30831183 - - - - -] glance.region_name = None log_opt_values /usr/lib/python3/dist-packages/oslo_config/cfg.py:2609
2025-12-08 00:42:02.560 128970 DEBUG oslo_service.service [req-355fb052-9bd9-4328-b0c2-965a30831183 - - - - -] glance.service_name = None log_opt_values /usr/lib/python3/dist-packages/oslo_config/cfg.py:2609
2025-12-08 00:42:02.560 128970 DEBUG oslo_service.service [req-355fb052-9bd9-4328-b0c2-965a30831183 - - - - -] glance.service_type = image log_opt_values /usr/lib/python3/dist-packages/oslo_config/cfg.py:2609
2025-12-08 00:42:02.560 128970 DEBUG oslo_service.service [req-355fb052-9bd9-4328-b0c2-965a30831183 - - - - -] glance.split_loggers = False log_opt_values /usr/lib/python3/dist-packages/oslo_config/cfg.py:2609
2025-12-08 00:42:02.560 128970 DEBUG oslo_service.service [req-355fb052-9bd9-4328-b0c2-965a30831183 - - - - -] glance.status_code_retries = None log_opt_values /usr/lib/python3/dist-packages/oslo_config/cfg.py:2609
2025-12-08 00:42:02.561 128970 DEBUG oslo_service.service [req-355fb052-9bd9-4328-b0c2-965a30831183 - - - - -] glance.status_code_retry_delay = None log_opt_values /usr/lib/python3/dist-packages/oslo_config/cfg.py:2609
2025-12-08 00:42:02.561 128970 DEBUG oslo_service.service [req-355fb052-9bd9-4328-b0c2-965a30831183 - - - - -] glance.timeout = None log_opt_values /usr/lib/python3/dist-packages/oslo_config/cfg.py:2609
