2025-12-08 00:41:51.552 128667 DEBUG oslo_service.service [req-48753a4e-8238-404c-8e2f-1454b2c9ece6 - - - - -] image_cache.remove_unused_original_minimum_age_seconds = 86400 log_opt_values /usr/lib/python3/dist-packages/oslo_config/cfg.py:2609
2025-12-08 00:41:51.552 128667 DEBUG oslo_service.service [req-48753a4e-8238-404c-8e2f-1454b2c9ece6 - - - - -] image_cache.remove_unused_resized_minimum_age_seconds = 3600 log_opt_values /usr/lib/python3/dist-packages/oslo_config/cfg.py:2609
2025-12-08 00:41:51.552 128667 DEBUG oslo_service.service [req-48753a4e-8238-404c-8e2f-1454b2c9ece6 - - - - -] image_cache.subdirectory_name = _base log_opt_values /usr/lib/python3/dist-packages/oslo_config/cfg.py:2609
2025-12-08 00:41:51.552 128667 DEBUG oslo_service.service [req-48753a4e-8238-404c-8e2f-1454b2c9ece6 - - - - -] ironic.api_max_retries = 60 log_opt_values /usr/lib/python3/dist-packages/oslo_config/cfg.py:2609
2025-12-08 00:41:51.552 128667 DEBUG oslo_service.service [req-48753a4e-8238-404c-8e2f-1454b2c9ece6 - - - - -] ironic.api_retry_interval = 2 log_opt_values /usr/lib/python3/dist-packages/oslo_config/cfg.py:2609
2025-12-08 00:41:51.553 128667 DEBUG oslo_service.service [req-48753a4e-8238-404c-8e2f-1454b2c9ece6 - - - - -] ironic.auth_section = None log_opt_values /usr/lib/python3/dist-packages/oslo_config/cfg.py:2609
2025-12-08 00:41:51.553 128667 DEBUG oslo_service.service [req-48753a4e-8238-404c-8e2f-1454b2c9ece6 - - - - -] ironic.auth_type = None log_opt_values /usr/lib/python3/dist-packages/oslo_config/cfg.py:2609
2025-12-08 00:41:51.553 128667 DEBUG oslo_service.service [req-48753a4e-8238-404c-8e2f-1454b2c9ece6 - - - - -] ironic.cafile = None log_opt_values /usr/lib/python3/dist-packages/oslo_config/cfg.py:2609
2025-12-08 00:41:51.554 128667 DEBUG oslo_service.service [req-48753a4e-8238-404c-8e2f-1454b2c9ece6 - - - - -] ironic.certfile = None log_opt_values /usr/lib/python3/dist-packages/oslo_config/cfg.py:2609
2025-12-08 00:41:51.554 128667 DEBUG oslo_service.service [req-48753a4e-8238-404c-8e2f-1454b2c9ece6 - - - - -] ironic.collect_timing = False log_opt_values /usr/lib/python3/dist-packages/oslo_config/cfg.py:2609
2025-12-08 00:41:51.554 128667 DEBUG oslo_service.service [req-48753a4e-8238-404c-8e2f-1454b2c9ece6 - - - - -] ironic.connect_retries = None log_opt_values /usr/lib/python3/dist-packages/oslo_config/cfg.py:2609
2025-12-08 00:41:51.554 128667 DEBUG oslo_service.service [req-48753a4e-8238-404c-8e2f-1454b2c9ece6 - - - - -] ironic.connect_retry_delay = None log_opt_values /usr/lib/python3/dist-packages/oslo_config/cfg.py:2609
2025-12-08 00:41:51.554 128667 DEBUG oslo_service.service [req-48753a4e-8238-404c-8e2f-1454b2c9ece6 - - - - -] ironic.endpoint_override = None log_opt_values /usr/lib/python3/dist-packages/oslo_config/cfg.py:2609
2025-12-08 00:41:51.554 128667 DEBUG oslo_service.service [req-48753a4e-8238-404c-8e2f-1454b2c9ece6 - - - - -] ironic.insecure = False log_opt_values /usr/lib/python3/dist-packages/oslo_config/cfg.py:2609
2025-12-08 00:41:51.555 128667 DEBUG oslo_service.service [req-48753a4e-8238-404c-8e2f-1454b2c9ece6 - - - - -] ironic.keyfile = None log_opt_values /usr/lib/python3/dist-packages/oslo_config/cfg.py:2609
2025-12-08 00:41:51.555 128667 DEBUG oslo_service.service [req-48753a4e-8238-404c-8e2f-1454b2c9ece6 - - - - -] ironic.max_version = None log_opt_values /usr/lib/python3/dist-packages/oslo_config/cfg.py:2609
2025-12-08 00:41:51.555 128667 DEBUG oslo_service.service [req-48753a4e-8238-404c-8e2f-1454b2c9ece6 - - - - -] ironic.min_version = None log_opt_values /usr/lib/python3/dist-packages/oslo_config/cfg.py:2609
2025-12-08 00:41:51.555 128667 DEBUG oslo_service.service [req-48753a4e-8238-404c-8e2f-1454b2c9ece6 - - - - -] ironic.partition_key = None log_opt_values /usr/lib/python3/dist-packages/oslo_config/cfg.py:2609
2025-12-08 00:41:51.555 128667 DEBUG oslo_service.service [req-48753a4e-8238-404c-8e2f-1454b2c9ece6 - - - - -] ironic.peer_list = [] log_opt_values /usr/lib/python3/dist-packages/oslo_config/cfg.py:2609
2025-12-08 00:41:51.556 128667 DEBUG oslo_service.service [req-48753a4e-8238-404c-8e2f-1454b2c9ece6 - - - - -] ironic.region_name = None log_opt_values /usr/lib/python3/dist-packages/oslo_config/cfg.py:2609
2025-12-08 00:41:51.556 128667 DEBUG oslo_service.service [req-48753a4e-8238-404c-8e2f-1454b2c9ece6 - - - - -] ironic.serial_console_state_timeout = 10 log_opt_values /usr/lib/python3/dist-packages/oslo_config/cfg.py:2609
2025-12-08 00:41:51.556 128667 DEBUG oslo_service.service [req-48753a4e-8238-404c-8e2f-1454b2c9ece6 - - - - -] ironic.service_name = None log_opt_values /usr/lib/python3/dist-packages/oslo_config/cfg.py:2609
2025-12-08 00:41:51.556 128667 DEBUG oslo_service.service [req-48753a4e-8238-404c-8e2f-1454b2c9ece6 - - - - -] ironic.service_type = baremetal log_opt_values /usr/lib/python3/dist-packages/oslo_config/cfg.py:2609
2025-12-08 00:41:51.556 128667 DEBUG oslo_service.service [req-48753a4e-8238-404c-8e2f-1454b2c9ece6 - - - - -] ironic.split_loggers = False log_opt_values /usr/lib/python3/dist-packages/oslo_config/cfg.py:2609
2025-12-08 00:41:51.556 128667 DEBUG oslo_service.service [req-48753a4e-8238-404c-8e2f-1454b2c9ece6 - - - - -] ironic.status_code_retries = None log_opt_values /usr/lib/python3/dist-packages/oslo_config/cfg.py:2609
2025-12-08 00:41:51.557 128667 DEBUG oslo_service.service [req-48753a4e-8238-404c-8e2f-1454b2c9ece6 - - - - -] ironic.status_code_retry_delay = None log_opt_values /usr/lib/python3/dist-packages/oslo_config/cfg.py:2609
2025-12-08 00:41:51.557 128667 DEBUG oslo_service.service [req-48753a4e-8238-404c-8e2f-1454b2c9ece6 - - - - -] ironic.timeout = None log_opt_values /usr/lib/python3/dist-packages/oslo_config/cfg.py:2609
2025-12-08 00:41:51.557 128934 DEBUG oslo_messaging._drivers.amqpdriver [-] Listener is running poll /usr/lib/python3/dist-packages/oslo_messaging/_drivers/amqpdriver.py:343
2025-12-08 00:41:51.557 128935 DEBUG oslo_messaging._drivers.amqpdriver [-] Listener is running poll /usr/lib/python3/dist-packages/oslo_messaging/_drivers/amqpdriver.py:343
2025-12-08 00:41:51.557 128667 DEBUG oslo_service.service [req-48753a4e-8238-404c-8e2f-1454b2c9ece6 - - - - -] ironic.valid_interfaces = ['internal', 'public'] log_opt_values /usr/lib/python3/dist-packages/oslo_config/cfg.py:2609
2025-12-08 00:41:51.557 128933 DEBUG oslo_messaging._drivers.amqpdriver [-] Listener is running poll /usr/lib/python3/dist-packages/oslo_messaging/_drivers/amqpdriver.py:343
2025-12-08 00:41:51.557 128934 DEBUG oslo_messaging._drivers.amqpdriver [-] AMQPListener connection consume poll /usr/lib/python3/dist-packages/oslo_messaging/_drivers/amqpdriver.py:357
2025-12-08 00:41:51.557 128935 DEBUG oslo_messaging._drivers.amqpdriver [-] AMQPListener connection consume poll /usr/lib/python3/dist-packages/oslo_messaging/_drivers/amqpdriver.py:357
2025-12-08 00:41:51.557 128667 DEBUG oslo_service.service [req-48753a4e-8238-404c-8e2f-1454b2c9ece6 - - - - -] ironic.version = None log_opt_values /usr/lib/python3/dist-packages/oslo_config/cfg.py:2609
2025-12-08 00:41:51.557 128933 DEBUG oslo_messaging._drivers.amqpdriver [-] AMQPListener connection consume poll /usr/lib/python3/dist-packages/oslo_messaging/_drivers/amqpdriver.py:357
2025-12-08 00:41:51.557 128667 DEBUG oslo_service.service [req-48753a4e-8238-404c-8e2f-1454b2c9ece6 - - - - -] key_manager.backend = barbican log_opt_values /usr/lib/python3/dist-packages/oslo_config/cfg.py:2609
2025-12-08 00:41:51.558 128667 DEBUG oslo_service.service [req-48753a4e-8238-404c-8e2f-1454b2c9ece6 - - - - -] key_manager.fixed_key = **** log_opt_values /usr/lib/python3/dist-packages/oslo_config/cfg.py:2609
2025-12-08 00:41:51.558 128934 DEBUG nova.service [req-05f55423-d194-43ab-86ec-06038b81234a - - - - -] Join ServiceGroup membership for this service conductor start /usr/lib/python3/dist-packages/nova/service.py:199
2025-12-08 00:41:51.558 128667 DEBUG oslo_service.service [req-48753a4e-8238-404c-8e2f-1454b2c9ece6 - - - - -] barbican.auth_endpoint = http://localhost/identity/v3 log_opt_values /usr/lib/python3/dist-packages/oslo_config/cfg.py:2609
2025-12-08 00:41:51.558 128935 DEBUG nova.service [req-23e61ac8-f711-45ae-ab22-f01302053df0 - - - - -] Join ServiceGroup membership for this service conductor start /usr/lib/python3/dist-packages/nova/service.py:199
2025-12-08 00:41:51.558 128933 DEBUG nova.service [req-f53120a5-89bc-44b8-9b33-8c38a87f575b - - - - -] Join ServiceGroup membership for this service conductor start /usr/lib/python3/dist-packages/nova/service.py:199
2025-12-08 00:41:51.558 128667 DEBUG oslo_service.service [req-48753a4e-8238-404c-8e2f-1454b2c9ece6 - - - - -] barbican.barbican_api_version = None log_opt_values /usr/lib/python3/dist-packages/oslo_config/cfg.py:2609
2025-12-08 00:41:51.558 128934 DEBUG nova.servicegroup.drivers.db [req-05f55423-d194-43ab-86ec-06038b81234a - - - - -] DB_Driver: join new ServiceGroup member juju-00e7aa-0-lxd-7 to the conductor group, service = join /usr/lib/python3/dist-packages/nova/servicegroup/drivers/db.py:44
2025-12-08 00:41:51.558 128667 DEBUG oslo_service.service [req-48753a4e-8238-404c-8e2f-1454b2c9ece6 - - - - -] barbican.barbican_endpoint = None log_opt_values /usr/lib/python3/dist-packages/oslo_config/cfg.py:2609
2025-12-08 00:41:51.558 128933 DEBUG nova.servicegroup.drivers.db [req-f53120a5-89bc-44b8-9b33-8c38a87f575b - - - - -] DB_Driver: join new ServiceGroup member juju-00e7aa-0-lxd-7 to the conductor group, service = join /usr/lib/python3/dist-packages/nova/servicegroup/drivers/db.py:44
2025-12-08 00:41:51.558 128667 DEBUG oslo_service.service [req-48753a4e-8238-404c-8e2f-1454b2c9ece6 - - - - -] barbican.barbican_endpoint_type = public log_opt_values /usr/lib/python3/dist-packages/oslo_config/cfg.py:2609
2025-12-08 00:41:51.558 128935 DEBUG nova.servicegroup.drivers.db [req-23e61ac8-f711-45ae-ab22-f01302053df0 - - - - -] DB_Driver: join new ServiceGroup member juju-00e7aa-0-lxd-7 to the conductor group, service = join /usr/lib/python3/dist-packages/nova/servicegroup/drivers/db.py:44
2025-12-08 00:41:51.559 128667 DEBUG oslo_service.service [req-48753a4e-8238-404c-8e2f-1454b2c9ece6 - - - - -] barbican.barbican_region_name = None log_opt_values /usr/lib/python3/dist-packages/oslo_config/cfg.py:2609
2025-12-08 00:41:51.559 128667 DEBUG oslo_service.service [req-48753a4e-8238-404c-8e2f-1454b2c9ece6 - - - - -] barbican.cafile = None log_opt_values /usr/lib/python3/dist-packages/oslo_config/cfg.py:2609
2025-12-08 00:41:51.559 128667 DEBUG oslo_service.service [req-48753a4e-8238-404c-8e2f-1454b2c9ece6 - - - - -] barbican.certfile = None log_opt_values /usr/lib/python3/dist-packages/oslo_config/cfg.py:2609
2025-12-08 00:41:51.559 128667 DEBUG oslo_service.service [req-48753a4e-8238-404c-8e2f-1454b2c9ece6 - - - - -] barbican.collect_timing = False log_opt_values /usr/lib/python3/dist-packages/oslo_config/cfg.py:2609
2025-12-08 00:41:51.559 128667 DEBUG oslo_service.service [req-48753a4e-8238-404c-8e2f-1454b2c9ece6 - - - - -] barbican.insecure = False log_opt_values /usr/lib/python3/dist-packages/oslo_config/cfg.py:2609
2025-12-08 00:41:51.559 128667 DEBUG oslo_service.service [req-48753a4e-8238-404c-8e2f-1454b2c9ece6 - - - - -] barbican.keyfile = None log_opt_values /usr/lib/python3/dist-packages/oslo_config/cfg.py:2609
2025-12-08 00:41:51.560 128667 DEBUG oslo_service.service [req-48753a4e-8238-404c-8e2f-1454b2c9ece6 - - - - -] barbican.number_of_retries = 60 log_opt_values /usr/lib/python3/dist-packages/oslo_config/cfg.py:2609
2025-12-08 00:41:51.560 128667 DEBUG oslo_service.service [req-48753a4e-8238-404c-8e2f-1454b2c9ece6 - - - - -] barbican.retry_delay = 1 log_opt_values /usr/lib/python3/dist-packages/oslo_config/cfg.py:2609
2025-12-08 00:41:51.560 128667 DEBUG oslo_service.service [req-48753a4e-8238-404c-8e2f-1454b2c9ece6 - - - - -] barbican.send_service_user_token = False log_opt_values /usr/lib/python3/dist-packages/oslo_config/cfg.py:2609
2025-12-08 00:41:51.560 128667 DEBUG oslo_service.service [req-48753a4e-8238-404c-8e2f-1454b2c9ece6 - - - - -] barbican.split_loggers = False log_opt_values /usr/lib/python3/dist-packages/oslo_config/cfg.py:2609
2025-12-08 00:41:51.560 128667 DEBUG oslo_service.service [req-48753a4e-8238-404c-8e2f-1454b2c9ece6 - - - - -] barbican.timeout = None log_opt_values /usr/lib/python3/dist-packages/oslo_config/cfg.py:2609
2025-12-08 00:41:51.560 128934 DEBUG oslo_messaging._drivers.amqpdriver [-] AMQPListener connection timeout poll /usr/lib/python3/dist-packages/oslo_messaging/_drivers/amqpdriver.py:360
2025-12-08 00:41:51.561 128934 DEBUG oslo_messaging._drivers.amqpdriver [-] Listener is running poll /usr/lib/python3/dist-packages/oslo_messaging/_drivers/amqpdriver.py:343
2025-12-08 00:41:51.561 128667 DEBUG oslo_service.service [req-48753a4e-8238-404c-8e2f-1454b2c9ece6 - - - - -] barbican.verify_ssl = True log_opt_values /usr/lib/python3/dist-packages/oslo_config/cfg.py:2609
2025-12-08 00:41:51.561 128934 DEBUG oslo_messaging._drivers.amqpdriver [-] AMQPListener connection consume poll /usr/lib/python3/dist-packages/oslo_messaging/_drivers/amqpdriver.py:357
2025-12-08 00:41:51.561 128933 DEBUG oslo_messaging._drivers.amqpdriver [-] AMQPListener connection timeout poll /usr/lib/python3/dist-packages/oslo_messaging/_drivers/amqpdriver.py:360
2025-12-08 00:41:51.561 128667 DEBUG oslo_service.service [req-48753a4e-8238-404c-8e2f-1454b2c9ece6 - - - - -] barbican.verify_ssl_path = None log_opt_values /usr/lib/python3/dist-packages/oslo_config/cfg.py:2609
2025-12-08 00:41:51.561 128935 DEBUG oslo_messaging._drivers.amqpdriver [-] AMQPListener connection timeout poll /usr/lib/python3/dist-packages/oslo_messaging/_drivers/amqpdriver.py:360
2025-12-08 00:41:51.561 128933 DEBUG oslo_messaging._drivers.amqpdriver [-] Listener is running poll /usr/lib/python3/dist-packages/oslo_messaging/_drivers/amqpdriver.py:343
2025-12-08 00:41:51.561 128667 DEBUG oslo_service.service [req-48753a4e-8238-404c-8e2f-1454b2c9ece6 - - - - -] barbican_service_user.auth_section = None log_opt_values /usr/lib/python3/dist-packages/oslo_config/cfg.py:2609
2025-12-08 00:41:51.561 128933 DEBUG oslo_messaging._drivers.amqpdriver [-] AMQPListener connection consume poll /usr/lib/python3/dist-packages/oslo_messaging/_drivers/amqpdriver.py:357
2025-12-08 00:41:51.561 128935 DEBUG oslo_messaging._drivers.amqpdriver [-] Listener is running poll /usr/lib/python3/dist-packages/oslo_messaging/_drivers/amqpdriver.py:343
2025-12-08 00:41:51.561 128935 DEBUG oslo_messaging._drivers.amqpdriver [-] AMQPListener connection consume poll /usr/lib/python3/dist-packages/oslo_messaging/_drivers/amqpdriver.py:357
2025-12-08 00:41:51.561 128667 DEBUG oslo_service.service [req-48753a4e-8238-404c-8e2f-1454b2c9ece6 - - - - -] barbican_service_user.auth_type = None log_opt_values /usr/lib/python3/dist-packages/oslo_config/cfg.py:2609
2025-12-08 00:41:51.561 128667 DEBUG oslo_service.service [req-48753a4e-8238-404c-8e2f-1454b2c9ece6 - - - - -] barbican_service_user.cafile = None log_opt_values /usr/lib/python3/dist-packages/oslo_config/cfg.py:2609
2025-12-08 00:41:51.562 128667 DEBUG oslo_service.service [req-48753a4e-8238-404c-8e2f-1454b2c9ece6 - - - - -] barbican_service_user.certfile = None log_opt_values /usr/lib/python3/dist-packages/oslo_config/cfg.py:2609
2025-12-08 00:41:51.562 128667 DEBUG oslo_service.service [req-48753a4e-8238-404c-8e2f-1454b2c9ece6 - - - - -] barbican_service_user.collect_timing = False log_opt_values /usr/lib/python3/dist-packages/oslo_config/cfg.py:2609
2025-12-08 00:41:51.562 128667 DEBUG oslo_service.service [req-48753a4e-8238-404c-8e2f-1454b2c9ece6 - - - - -] barbican_service_user.insecure = False log_opt_values /usr/lib/python3/dist-packages/oslo_config/cfg.py:2609
2025-12-08 00:41:51.562 128667 DEBUG oslo_service.service [req-48753a4e-8238-404c-8e2f-1454b2c9ece6 - - - - -] barbican_service_user.keyfile = None log_opt_values /usr/lib/python3/dist-packages/oslo_config/cfg.py:2609
2025-12-08 00:41:51.562 128667 DEBUG oslo_service.service [req-48753a4e-8238-404c-8e2f-1454b2c9ece6 - - - - -] barbican_service_user.split_loggers = False log_opt_values /usr/lib/python3/dist-packages/oslo_config/cfg.py:2609
2025-12-08 00:41:51.562 128667 DEBUG oslo_service.service [req-48753a4e-8238-404c-8e2f-1454b2c9ece6 - - - - -] barbican_service_user.timeout = None log_opt_values /usr/lib/python3/dist-packages/oslo_config/cfg.py:2609
2025-12-08 00:41:51.563 128667 DEBUG oslo_service.service [req-48753a4e-8238-404c-8e2f-1454b2c9ece6 - - - - -] vault.approle_role_id = None log_opt_values /usr/lib/python3/dist-packages/oslo_config/cfg.py:2609
2025-12-08 00:41:51.563 128667 DEBUG oslo_service.service [req-48753a4e-8238-404c-8e2f-1454b2c9ece6 - - - - -] vault.approle_secret_id = None log_opt_values /usr/lib/python3/dist-packages/oslo_config/cfg.py:2609
2025-12-08 00:41:51.563 128667 DEBUG oslo_service.service [req-48753a4e-8238-404c-8e2f-1454b2c9ece6 - - - - -] vault.cafile = None log_opt_values /usr/lib/python3/dist-packages/oslo_config/cfg.py:2609
2025-12-08 00:41:51.563 128667 DEBUG oslo_service.service [req-48753a4e-8238-404c-8e2f-1454b2c9ece6 - - - - -] vault.certfile = None log_opt_values /usr/lib/python3/dist-packages/oslo_config/cfg.py:2609
2025-12-08 00:41:51.563 128667 DEBUG oslo_service.service [req-48753a4e-8238-404c-8e2f-1454b2c9ece6 - - - - -] vault.collect_timing = False log_opt_values /usr/lib/python3/dist-packages/oslo_config/cfg.py:2609
2025-12-08 00:41:51.563 128667 DEBUG oslo_service.service [req-48753a4e-8238-404c-8e2f-1454b2c9ece6 - - - - -] vault.insecure = False log_opt_values /usr/lib/python3/dist-packages/oslo_config/cfg.py:2609
2025-12-08 00:41:51.564 128667 DEBUG oslo_service.service [req-48753a4e-8238-404c-8e2f-1454b2c9ece6 - - - - -] vault.keyfile = None log_opt_values /usr/lib/python3/dist-packages/oslo_config/cfg.py:2609
2025-12-08 00:41:51.564 128667 DEBUG oslo_service.service [req-48753a4e-8238-404c-8e2f-1454b2c9ece6 - - - - -] vault.kv_mountpoint = secret log_opt_values /usr/lib/python3/dist-packages/oslo_config/cfg.py:2609
2025-12-08 00:41:51.564 128667 DEBUG oslo_service.service [req-48753a4e-8238-404c-8e2f-1454b2c9ece6 - - - - -] vault.kv_version = 2 log_opt_values /usr/lib/python3/dist-packages/oslo_config/cfg.py:2609
2025-12-08 00:41:51.564 128667 DEBUG oslo_service.service [req-48753a4e-8238-404c-8e2f-1454b2c9ece6 - - - - -] vault.namespace = None log_opt_values /usr/lib/python3/dist-packages/oslo_config/cfg.py:2609
2025-12-08 00:41:51.564 128667 DEBUG oslo_service.service [req-48753a4e-8238-404c-8e2f-1454b2c9ece6 - - - - -] vault.root_token_id = None log_opt_values /usr/lib/python3/dist-packages/oslo_config/cfg.py:2609
2025-12-08 00:41:51.565 128667 DEBUG oslo_service.service [req-48753a4e-8238-404c-8e2f-1454b2c9ece6 - - - - -] vault.split_loggers = False log_opt_values /usr/lib/python3/dist-packages/oslo_config/cfg.py:2609
2025-12-08 00:41:51.565 128667 DEBUG oslo_service.service [req-48753a4e-8238-404c-8e2f-1454b2c9ece6 - - - - -] vault.ssl_ca_crt_file = None log_opt_values /usr/lib/python3/dist-packages/oslo_config/cfg.py:2609
2025-12-08 00:41:51.565 128667 DEBUG oslo_service.service [req-48753a4e-8238-404c-8e2f-1454b2c9ece6 - - - - -] vault.timeout = None log_opt_values /usr/lib/python3/dist-packages/oslo_config/cfg.py:2609
2025-12-08 00:41:51.565 128667 DEBUG oslo_service.service [req-48753a4e-8238-404c-8e2f-1454b2c9ece6 - - - - -] vault.use_ssl = False log_opt_values /usr/lib/python3/dist-packages/oslo_config/cfg.py:2609
2025-12-08 00:41:51.565 128667 DEBUG oslo_service.service [req-48753a4e-8238-404c-8e2f-1454b2c9ece6 - - - - -] vault.vault_url = http://127.0.0.1:8200 log_opt_values /usr/lib/python3/dist-packages/oslo_config/cfg.py:2609
2025-12-08 00:41:51.565 128667 DEBUG oslo_service.service [req-48753a4e-8238-404c-8e2f-1454b2c9ece6 - - - - -] keystone.cafile = None log_opt_values /usr/lib/python3/dist-packages/oslo_config/cfg.py:2609
2025-12-08 00:41:51.566 128667 DEBUG oslo_service.service [req-48753a4e-8238-404c-8e2f-1454b2c9ece6 - - - - -] keystone.certfile = None log_opt_values /usr/lib/python3/dist-packages/oslo_config/cfg.py:2609
2025-12-08 00:41:51.566 128667 DEBUG oslo_service.service [req-48753a4e-8238-404c-8e2f-1454b2c9ece6 - - - - -] keystone.collect_timing = False log_opt_values /usr/lib/python3/dist-packages/oslo_config/cfg.py:2609
2025-12-08 00:41:51.566 128667 DEBUG oslo_service.service [req-48753a4e-8238-404c-8e2f-1454b2c9ece6 - - - - -] keystone.connect_retries = None log_opt_values /usr/lib/python3/dist-packages/oslo_config/cfg.py:2609
2025-12-08 00:41:51.566 128667 DEBUG oslo_service.service [req-48753a4e-8238-404c-8e2f-1454b2c9ece6 - - - - -] keystone.connect_retry_delay = None log_opt_values /usr/lib/python3/dist-packages/oslo_config/cfg.py:2609
2025-12-08 00:41:51.566 128667 DEBUG oslo_service.service [req-48753a4e-8238-404c-8e2f-1454b2c9ece6 - - - - -] keystone.endpoint_override = None log_opt_values /usr/lib/python3/dist-packages/oslo_config/cfg.py:2609
2025-12-08 00:41:51.567 128667 DEBUG oslo_service.service [req-48753a4e-8238-404c-8e2f-1454b2c9ece6 - - - - -] keystone.insecure = False log_opt_values /usr/lib/python3/dist-packages/oslo_config/cfg.py:2609
2025-12-08 00:41:51.567 128667 DEBUG oslo_service.service [req-48753a4e-8238-404c-8e2f-1454b2c9ece6 - - - - -] keystone.keyfile = None log_opt_values /usr/lib/python3/dist-packages/oslo_config/cfg.py:2609
2025-12-08 00:41:51.567 128667 DEBUG oslo_service.service [req-48753a4e-8238-404c-8e2f-1454b2c9ece6 - - - - -] keystone.max_version = None log_opt_values /usr/lib/python3/dist-packages/oslo_config/cfg.py:2609
2025-12-08 00:41:51.567 128667 DEBUG oslo_service.service [req-48753a4e-8238-404c-8e2f-1454b2c9ece6 - - - - -] keystone.min_version = None log_opt_values /usr/lib/python3/dist-packages/oslo_config/cfg.py:2609
2025-12-08 00:41:51.567 128667 DEBUG oslo_service.service [req-48753a4e-8238-404c-8e2f-1454b2c9ece6 - - - - -] keystone.region_name = None log_opt_values /usr/lib/python3/dist-packages/oslo_config/cfg.py:2609
2025-12-08 00:41:51.568 128667 DEBUG oslo_service.service [req-48753a4e-8238-404c-8e2f-1454b2c9ece6 - - - - -] keystone.service_name = None log_opt_values /usr/lib/python3/dist-packages/oslo_config/cfg.py:2609
2025-12-08 00:41:51.569 128667 DEBUG oslo_service.service [req-48753a4e-8238-404c-8e2f-1454b2c9ece6 - - - - -] keystone.service_type = identity log_opt_values /usr/lib/python3/dist-packages/oslo_config/cfg.py:2609
2025-12-08 00:41:51.569 128667 DEBUG oslo_service.service [req-48753a4e-8238-404c-8e2f-1454b2c9ece6 - - - - -] keystone.split_loggers = False log_opt_values /usr/lib/python3/dist-packages/oslo_config/cfg.py:2609
2025-12-08 00:41:51.569 128667 DEBUG oslo_service.service [req-48753a4e-8238-404c-8e2f-1454b2c9ece6 - - - - -] keystone.status_code_retries = None log_opt_values /usr/lib/python3/dist-packages/oslo_config/cfg.py:2609
2025-12-08 00:41:51.569 128667 DEBUG oslo_service.service [req-48753a4e-8238-404c-8e2f-1454b2c9ece6 - - - - -] keystone.status_code_retry_delay = None log_opt_values /usr/lib/python3/dist-packages/oslo_config/cfg.py:2609
2025-12-08 00:41:51.569 128667 DEBUG oslo_service.service [req-48753a4e-8238-404c-8e2f-1454b2c9ece6 - - - - -] keystone.timeout = None log_opt_values /usr/lib/python3/dist-packages/oslo_config/cfg.py:2609
2025-12-08 00:41:51.570 128667 DEBUG oslo_service.service [req-48753a4e-8238-404c-8e2f-1454b2c9ece6 - - - - -] keystone.valid_interfaces = ['internal', 'public'] log_opt_values /usr/lib/python3/dist-packages/oslo_config/cfg.py:2609
2025-12-08 00:41:51.570 128667 DEBUG oslo_service.service [req-48753a4e-8238-404c-8e2f-1454b2c9ece6 - - - - -] keystone.version = None log_opt_values /usr/lib/python3/dist-packages/oslo_config/cfg.py:2609
2025-12-08 00:41:51.570 128667 DEBUG oslo_service.service [req-48753a4e-8238-404c-8e2f-1454b2c9ece6 - - - - -] libvirt.connection_uri = log_opt_values /usr/lib/python3/dist-packages/oslo_config/cfg.py:2609
2025-12-08 00:41:51.570 128667 DEBUG oslo_service.service [req-48753a4e-8238-404c-8e2f-1454b2c9ece6 - - - - -] libvirt.cpu_mode = None log_opt_values /usr/lib/python3/dist-packages/oslo_config/cfg.py:2609
2025-12-08 00:41:51.570 128667 DEBUG oslo_service.service [req-48753a4e-8238-404c-8e2f-1454b2c9ece6 - - - - -] libvirt.cpu_model_extra_flags = [] log_opt_values /usr/lib/python3/dist-packages/oslo_config/cfg.py:2609
2025-12-08 00:41:51.571 128667 DEBUG oslo_service.service [req-48753a4e-8238-404c-8e2f-1454b2c9ece6 - - - - -] libvirt.cpu_models = [] log_opt_values /usr/lib/python3/dist-packages/oslo_config/cfg.py:2609
2025-12-08 00:41:51.571 128667 DEBUG oslo_service.service [req-48753a4e-8238-404c-8e2f-1454b2c9ece6 - - - - -] libvirt.device_detach_attempts = 8 log_opt_values /usr/lib/python3/dist-packages/oslo_config/cfg.py:2609
2025-12-08 00:41:51.571 128667 DEBUG oslo_service.service [req-48753a4e-8238-404c-8e2f-1454b2c9ece6 - - - - -] libvirt.device_detach_timeout = 20 log_opt_values /usr/lib/python3/dist-packages/oslo_config/cfg.py:2609
2025-12-08 00:41:51.571 128667 DEBUG oslo_service.service [req-48753a4e-8238-404c-8e2f-1454b2c9ece6 - - - - -] libvirt.disk_cachemodes = [] log_opt_values /usr/lib/python3/dist-packages/oslo_config/cfg.py:2609
2025-12-08 00:41:51.571 128667 DEBUG oslo_service.service [req-48753a4e-8238-404c-8e2f-1454b2c9ece6 - - - - -] libvirt.disk_prefix = None log_opt_values /usr/lib/python3/dist-packages/oslo_config/cfg.py:2609
2025-12-08 00:41:51.572 128667 DEBUG oslo_service.service [req-48753a4e-8238-404c-8e2f-1454b2c9ece6 - - - - -] libvirt.enabled_perf_events = [] log_opt_values /usr/lib/python3/dist-packages/oslo_config/cfg.py:2609
2025-12-08 00:41:51.572 128667 DEBUG oslo_service.service [req-48753a4e-8238-404c-8e2f-1454b2c9ece6 - - - - -] libvirt.file_backed_memory = 0 log_opt_values /usr/lib/python3/dist-packages/oslo_config/cfg.py:2609
2025-12-08 00:41:51.572 128667 DEBUG oslo_service.service [req-48753a4e-8238-404c-8e2f-1454b2c9ece6 - - - - -] libvirt.gid_maps = [] log_opt_values /usr/lib/python3/dist-packages/oslo_config/cfg.py:2609
2025-12-08 00:41:51.572 128667 DEBUG oslo_service.service [req-48753a4e-8238-404c-8e2f-1454b2c9ece6 - - - - -] libvirt.hw_disk_discard = None log_opt_values /usr/lib/python3/dist-packages/oslo_config/cfg.py:2609
2025-12-08 00:41:51.572 128667 DEBUG oslo_service.service [req-48753a4e-8238-404c-8e2f-1454b2c9ece6 - - - - -] libvirt.hw_machine_type = None log_opt_values /usr/lib/python3/dist-packages/oslo_config/cfg.py:2609
2025-12-08 00:41:51.572 128667 DEBUG oslo_service.service [req-48753a4e-8238-404c-8e2f-1454b2c9ece6 - - - - -] libvirt.images_rbd_ceph_conf = log_opt_values /usr/lib/python3/dist-packages/oslo_config/cfg.py:2609
2025-12-08 00:41:51.573 128667 DEBUG oslo_service.service [req-48753a4e-8238-404c-8e2f-1454b2c9ece6 - - - - -] libvirt.images_rbd_glance_copy_poll_interval = 15 log_opt_values /usr/lib/python3/dist-packages/oslo_config/cfg.py:2609
2025-12-08 00:41:51.573 128667 DEBUG oslo_service.service [req-48753a4e-8238-404c-8e2f-1454b2c9ece6 - - - - -] libvirt.images_rbd_glance_copy_timeout = 600 log_opt_values /usr/lib/python3/dist-packages/oslo_config/cfg.py:2609
2025-12-08 00:41:51.573 128667 DEBUG oslo_service.service [req-48753a4e-8238-404c-8e2f-1454b2c9ece6 - - - - -] libvirt.images_rbd_glance_store_name = log_opt_values /usr/lib/python3/dist-packages/oslo_config/cfg.py:2609
2025-12-08 00:41:51.573 128667 DEBUG oslo_service.service [req-48753a4e-8238-404c-8e2f-1454b2c9ece6 - - - - -] libvirt.images_rbd_pool = rbd log_opt_values /usr/lib/python3/dist-packages/oslo_config/cfg.py:2609
2025-12-08 00:41:51.573 128667 DEBUG oslo_service.service [req-48753a4e-8238-404c-8e2f-1454b2c9ece6 - - - - -] libvirt.images_type = default log_opt_values /usr/lib/python3/dist-packages/oslo_config/cfg.py:2609
2025-12-08 00:41:51.574 128667 DEBUG oslo_service.service [req-48753a4e-8238-404c-8e2f-1454b2c9ece6 - - - - -] libvirt.images_volume_group = None log_opt_values /usr/lib/python3/dist-packages/oslo_config/cfg.py:2609
2025-12-08 00:41:51.574 128667 DEBUG oslo_service.service [req-48753a4e-8238-404c-8e2f-1454b2c9ece6 - - - - -] libvirt.inject_key = False log_opt_values /usr/lib/python3/dist-packages/oslo_config/cfg.py:2609
2025-12-08 00:41:51.574 128667 DEBUG oslo_service.service [req-48753a4e-8238-404c-8e2f-1454b2c9ece6 - - - - -] libvirt.inject_partition = -2 log_opt_values /usr/lib/python3/dist-packages/oslo_config/cfg.py:2609
2025-12-08 00:41:51.574 128667 DEBUG oslo_service.service [req-48753a4e-8238-404c-8e2f-1454b2c9ece6 - - - - -] libvirt.inject_password = False log_opt_values /usr/lib/python3/dist-packages/oslo_config/cfg.py:2609
2025-12-08 00:41:51.574 128667 DEBUG oslo_service.service [req-48753a4e-8238-404c-8e2f-1454b2c9ece6 - - - - -] libvirt.iscsi_iface = None log_opt_values /usr/lib/python3/dist-packages/oslo_config/cfg.py:2609
2025-12-08 00:41:51.574 128932 DEBUG oslo_messaging._drivers.amqpdriver [-] Listener is running poll /usr/lib/python3/dist-packages/oslo_messaging/_drivers/amqpdriver.py:343
2025-12-08 00:41:51.574 128932 DEBUG oslo_messaging._drivers.amqpdriver [-] AMQPListener connection consume poll /usr/lib/python3/dist-packages/oslo_messaging/_drivers/amqpdriver.py:357
2025-12-08 00:41:51.574 128667 DEBUG oslo_service.service [req-48753a4e-8238-404c-8e2f-1454b2c9ece6 - - - - -] libvirt.iser_use_multipath = False log_opt_values /usr/lib/python3/dist-packages/oslo_config/cfg.py:2609
2025-12-08 00:41:51.575 128667 DEBUG oslo_service.service [req-48753a4e-8238-404c-8e2f-1454b2c9ece6 - - - - -] libvirt.live_migration_bandwidth = 0 log_opt_values /usr/lib/python3/dist-packages/oslo_config/cfg.py:2609
2025-12-08 00:41:51.575 128667 DEBUG oslo_service.service [req-48753a4e-8238-404c-8e2f-1454b2c9ece6 - - - - -] libvirt.live_migration_completion_timeout = 800 log_opt_values /usr/lib/python3/dist-packages/oslo_config/cfg.py:2609
2025-12-08 00:41:51.575 128667 DEBUG oslo_service.service [req-48753a4e-8238-404c-8e2f-1454b2c9ece6 - - - - -] libvirt.live_migration_downtime = 500 log_opt_values /usr/lib/python3/dist-packages/oslo_config/cfg.py:2609
2025-12-08 00:41:51.575 128932 DEBUG nova.service [req-475360b9-5856-4124-b719-9572b1467ce2 - - - - -] Join ServiceGroup membership for this service conductor start /usr/lib/python3/dist-packages/nova/service.py:199
2025-12-08 00:41:51.575 128667 DEBUG oslo_service.service [req-48753a4e-8238-404c-8e2f-1454b2c9ece6 - - - - -] libvirt.live_migration_downtime_delay = 75 log_opt_values /usr/lib/python3/dist-packages/oslo_config/cfg.py:2609
2025-12-08 00:41:51.575 128932 DEBUG nova.servicegroup.drivers.db [req-475360b9-5856-4124-b719-9572b1467ce2 - - - - -] DB_Driver: join new ServiceGroup member juju-00e7aa-0-lxd-7 to the conductor group, service = join /usr/lib/python3/dist-packages/nova/servicegroup/drivers/db.py:44
2025-12-08 00:41:51.575 128667 DEBUG oslo_service.service [req-48753a4e-8238-404c-8e2f-1454b2c9ece6 - - - - -] libvirt.live_migration_downtime_steps = 10 log_opt_values /usr/lib/python3/dist-packages/oslo_config/cfg.py:2609
2025-12-08 00:41:51.576 128667 DEBUG oslo_service.service [req-48753a4e-8238-404c-8e2f-1454b2c9ece6 - - - - -] libvirt.live_migration_inbound_addr = None log_opt_values /usr/lib/python3/dist-packages/oslo_config/cfg.py:2609
2025-12-08 00:41:51.576 128667 DEBUG oslo_service.service [req-48753a4e-8238-404c-8e2f-1454b2c9ece6 - - - - -] libvirt.live_migration_permit_auto_converge = False log_opt_values /usr/lib/python3/dist-packages/oslo_config/cfg.py:2609
2025-12-08 00:41:51.576 128667 DEBUG oslo_service.service [req-48753a4e-8238-404c-8e2f-1454b2c9ece6 - - - - -] libvirt.live_migration_permit_post_copy = False log_opt_values /usr/lib/python3/dist-packages/oslo_config/cfg.py:2609
2025-12-08 00:41:51.576 128667 DEBUG oslo_service.service [req-48753a4e-8238-404c-8e2f-1454b2c9ece6 - - - - -] libvirt.live_migration_scheme = None log_opt_values /usr/lib/python3/dist-packages/oslo_config/cfg.py:2609
2025-12-08 00:41:51.576 128667 DEBUG oslo_service.service [req-48753a4e-8238-404c-8e2f-1454b2c9ece6 - - - - -] libvirt.live_migration_timeout_action = abort log_opt_values /usr/lib/python3/dist-packages/oslo_config/cfg.py:2609
2025-12-08 00:41:51.576 128667 DEBUG oslo_service.service [req-48753a4e-8238-404c-8e2f-1454b2c9ece6 - - - - -] libvirt.live_migration_tunnelled = False log_opt_values /usr/lib/python3/dist-packages/oslo_config/cfg.py:2609
2025-12-08 00:41:51.577 128667 DEBUG oslo_service.service [req-48753a4e-8238-404c-8e2f-1454b2c9ece6 - - - - -] libvirt.live_migration_uri = None log_opt_values /usr/lib/python3/dist-packages/oslo_config/cfg.py:2609
2025-12-08 00:41:51.577 128667 DEBUG oslo_service.service [req-48753a4e-8238-404c-8e2f-1454b2c9ece6 - - - - -] libvirt.live_migration_with_native_tls = False log_opt_values /usr/lib/python3/dist-packages/oslo_config/cfg.py:2609
2025-12-08 00:41:51.577 128667 DEBUG oslo_service.service [req-48753a4e-8238-404c-8e2f-1454b2c9ece6 - - - - -] libvirt.max_queues = None log_opt_values /usr/lib/python3/dist-packages/oslo_config/cfg.py:2609
2025-12-08 00:41:51.577 128667 DEBUG oslo_service.service [req-48753a4e-8238-404c-8e2f-1454b2c9ece6 - - - - -] libvirt.mem_stats_period_seconds = 10 log_opt_values /usr/lib/python3/dist-packages/oslo_config/cfg.py:2609
2025-12-08 00:41:51.577 128667 DEBUG oslo_service.service [req-48753a4e-8238-404c-8e2f-1454b2c9ece6 - - - - -] libvirt.nfs_mount_options = None log_opt_values /usr/lib/python3/dist-packages/oslo_config/cfg.py:2609
2025-12-08 00:41:51.577 128932 DEBUG oslo_messaging._drivers.amqpdriver [-] AMQPListener connection timeout poll /usr/lib/python3/dist-packages/oslo_messaging/_drivers/amqpdriver.py:360
2025-12-08 00:41:51.578 128667 DEBUG oslo_service.service [req-48753a4e-8238-404c-8e2f-1454b2c9ece6 - - - - -] libvirt.nfs_mount_point_base = /var/lib/nova/mnt log_opt_values /usr/lib/python3/dist-packages/oslo_config/cfg.py:2609
2025-12-08 00:41:51.578 128932 DEBUG oslo_messaging._drivers.amqpdriver [-] Listener is running poll /usr/lib/python3/dist-packages/oslo_messaging/_drivers/amqpdriver.py:343
2025-12-08 00:41:51.578 128932 DEBUG oslo_messaging._drivers.amqpdriver [-] AMQPListener connection consume poll /usr/lib/python3/dist-packages/oslo_messaging/_drivers/amqpdriver.py:357
2025-12-08 00:41:51.578 128667 DEBUG oslo_service.service [req-48753a4e-8238-404c-8e2f-1454b2c9ece6 - - - - -] libvirt.num_aoe_discover_tries = 3 log_opt_values /usr/lib/python3/dist-packages/oslo_config/cfg.py:2609
2025-12-08 00:41:51.578 128667 DEBUG oslo_service.service [req-48753a4e-8238-404c-8e2f-1454b2c9ece6 - - - - -] libvirt.num_iser_scan_tries = 5 log_opt_values /usr/lib/python3/dist-packages/oslo_config/cfg.py:2609
2025-12-08 00:41:51.578 128667 DEBUG oslo_service.service [req-48753a4e-8238-404c-8e2f-1454b2c9ece6 - - - - -] libvirt.num_memory_encrypted_guests = None log_opt_values /usr/lib/python3/dist-packages/oslo_config/cfg.py:2609
2025-12-08 00:41:51.578 128667 DEBUG oslo_service.service [req-48753a4e-8238-404c-8e2f-1454b2c9ece6 - - - - -] libvirt.num_nvme_discover_tries = 5 log_opt_values /usr/lib/python3/dist-packages/oslo_config/cfg.py:2609
2025-12-08 00:41:51.579 128667 DEBUG oslo_service.service [req-48753a4e-8238-404c-8e2f-1454b2c9ece6 - - - - -] libvirt.num_pcie_ports = 0 log_opt_values /usr/lib/python3/dist-packages/oslo_config/cfg.py:2609
2025-12-08 00:41:51.579 128667 DEBUG oslo_service.service [req-48753a4e-8238-404c-8e2f-1454b2c9ece6 - - - - -] libvirt.num_volume_scan_tries = 5 log_opt_values /usr/lib/python3/dist-packages/oslo_config/cfg.py:2609
2025-12-08 00:41:51.579 128667 DEBUG oslo_service.service [req-48753a4e-8238-404c-8e2f-1454b2c9ece6 - - - - -] libvirt.pmem_namespaces = [] log_opt_values /usr/lib/python3/dist-packages/oslo_config/cfg.py:2609
2025-12-08 00:41:51.579 128667 DEBUG oslo_service.service [req-48753a4e-8238-404c-8e2f-1454b2c9ece6 - - - - -] libvirt.quobyte_client_cfg = None log_opt_values /usr/lib/python3/dist-packages/oslo_config/cfg.py:2609
2025-12-08 00:41:51.579 128667 DEBUG oslo_service.service [req-48753a4e-8238-404c-8e2f-1454b2c9ece6 - - - - -] libvirt.quobyte_mount_point_base = /var/lib/nova/mnt log_opt_values /usr/lib/python3/dist-packages/oslo_config/cfg.py:2609
2025-12-08 00:41:51.579 128667 DEBUG oslo_service.service [req-48753a4e-8238-404c-8e2f-1454b2c9ece6 - - - - -] libvirt.rbd_connect_timeout = 5 log_opt_values /usr/lib/python3/dist-packages/oslo_config/cfg.py:2609
2025-12-08 00:41:51.580 128667 DEBUG oslo_service.service [req-48753a4e-8238-404c-8e2f-1454b2c9ece6 - - - - -] libvirt.rbd_destroy_volume_retries = 12 log_opt_values /usr/lib/python3/dist-packages/oslo_config/cfg.py:2609
2025-12-08 00:41:51.580 128667 DEBUG oslo_service.service [req-48753a4e-8238-404c-8e2f-1454b2c9ece6 - - - - -] libvirt.rbd_destroy_volume_retry_interval = 5 log_opt_values /usr/lib/python3/dist-packages/oslo_config/cfg.py:2609
2025-12-08 00:41:51.580 128667 DEBUG oslo_service.service [req-48753a4e-8238-404c-8e2f-1454b2c9ece6 - - - - -] libvirt.rbd_secret_uuid = None log_opt_values /usr/lib/python3/dist-packages/oslo_config/cfg.py:2609
2025-12-08 00:41:51.580 128667 DEBUG oslo_service.service [req-48753a4e-8238-404c-8e2f-1454b2c9ece6 - - - - -] libvirt.rbd_user = None log_opt_values /usr/lib/python3/dist-packages/oslo_config/cfg.py:2609
2025-12-08 00:41:51.580 128667 DEBUG oslo_service.service [req-48753a4e-8238-404c-8e2f-1454b2c9ece6 - - - - -] libvirt.realtime_scheduler_priority = 1 log_opt_values /usr/lib/python3/dist-packages/oslo_config/cfg.py:2609
2025-12-08 00:41:51.581 128667 DEBUG oslo_service.service [req-48753a4e-8238-404c-8e2f-1454b2c9ece6 - - - - -] libvirt.remote_filesystem_transport = ssh log_opt_values /usr/lib/python3/dist-packages/oslo_config/cfg.py:2609
2025-12-08 00:41:51.581 128667 DEBUG oslo_service.service [req-48753a4e-8238-404c-8e2f-1454b2c9ece6 - - - - -] libvirt.rescue_image_id = None log_opt_values /usr/lib/python3/dist-packages/oslo_config/cfg.py:2609
2025-12-08 00:41:51.581 128667 DEBUG oslo_service.service [req-48753a4e-8238-404c-8e2f-1454b2c9ece6 - - - - -] libvirt.rescue_kernel_id = None log_opt_values /usr/lib/python3/dist-packages/oslo_config/cfg.py:2609
2025-12-08 00:41:51.581 128667 DEBUG oslo_service.service [req-48753a4e-8238-404c-8e2f-1454b2c9ece6 - - - - -] libvirt.rescue_ramdisk_id = None log_opt_values /usr/lib/python3/dist-packages/oslo_config/cfg.py:2609
2025-12-08 00:41:51.581 128667 DEBUG oslo_service.service [req-48753a4e-8238-404c-8e2f-1454b2c9ece6 - - - - -] libvirt.rng_dev_path = /dev/urandom log_opt_values /usr/lib/python3/dist-packages/oslo_config/cfg.py:2609
2025-12-08 00:41:51.581 128667 DEBUG oslo_service.service [req-48753a4e-8238-404c-8e2f-1454b2c9ece6 - - - - -] libvirt.rx_queue_size = None log_opt_values /usr/lib/python3/dist-packages/oslo_config/cfg.py:2609
2025-12-08 00:41:51.582 128667 DEBUG oslo_service.service [req-48753a4e-8238-404c-8e2f-1454b2c9ece6 - - - - -] libvirt.smbfs_mount_options = log_opt_values /usr/lib/python3/dist-packages/oslo_config/cfg.py:2609
2025-12-08 00:41:51.583 128667 DEBUG oslo_service.service [req-48753a4e-8238-404c-8e2f-1454b2c9ece6 - - - - -] libvirt.smbfs_mount_point_base = /var/lib/nova/mnt log_opt_values /usr/lib/python3/dist-packages/oslo_config/cfg.py:2609
2025-12-08 00:41:51.583 128667 DEBUG oslo_service.service [req-48753a4e-8238-404c-8e2f-1454b2c9ece6 - - - - -] libvirt.snapshot_compression = False log_opt_values /usr/lib/python3/dist-packages/oslo_config/cfg.py:2609
2025-12-08 00:41:51.583 128667 DEBUG oslo_service.service [req-48753a4e-8238-404c-8e2f-1454b2c9ece6 - - - - -] libvirt.snapshot_image_format = None log_opt_values /usr/lib/python3/dist-packages/oslo_config/cfg.py:2609
2025-12-08 00:41:51.583 128667 DEBUG oslo_service.service [req-48753a4e-8238-404c-8e2f-1454b2c9ece6 - - - - -] libvirt.snapshots_directory = /var/lib/nova/instances/snapshots log_opt_values /usr/lib/python3/dist-packages/oslo_config/cfg.py:2609
2025-12-08 00:41:51.583 128667 DEBUG oslo_service.service [req-48753a4e-8238-404c-8e2f-1454b2c9ece6 - - - - -] libvirt.sparse_logical_volumes = False log_opt_values /usr/lib/python3/dist-packages/oslo_config/cfg.py:2609
2025-12-08 00:41:51.584 128667 DEBUG oslo_service.service [req-48753a4e-8238-404c-8e2f-1454b2c9ece6 - - - - -] libvirt.swtpm_enabled = False log_opt_values /usr/lib/python3/dist-packages/oslo_config/cfg.py:2609
2025-12-08 00:41:51.584 128667 DEBUG oslo_service.service [req-48753a4e-8238-404c-8e2f-1454b2c9ece6 - - - - -] libvirt.swtpm_group = tss log_opt_values /usr/lib/python3/dist-packages/oslo_config/cfg.py:2609
2025-12-08 00:41:51.584 128667 DEBUG oslo_service.service [req-48753a4e-8238-404c-8e2f-1454b2c9ece6 - - - - -] libvirt.swtpm_user = tss log_opt_values /usr/lib/python3/dist-packages/oslo_config/cfg.py:2609
2025-12-08 00:41:51.584 128667 DEBUG oslo_service.service [req-48753a4e-8238-404c-8e2f-1454b2c9ece6 - - - - -] libvirt.sysinfo_serial = unique log_opt_values /usr/lib/python3/dist-packages/oslo_config/cfg.py:2609
2025-12-08 00:41:51.584 128667 DEBUG oslo_service.service [req-48753a4e-8238-404c-8e2f-1454b2c9ece6 - - - - -] libvirt.tx_queue_size = None log_opt_values /usr/lib/python3/dist-packages/oslo_config/cfg.py:2609
2025-12-08 00:41:51.584 128667 DEBUG oslo_service.service [req-48753a4e-8238-404c-8e2f-1454b2c9ece6 - - - - -] libvirt.uid_maps = [] log_opt_values /usr/lib/python3/dist-packages/oslo_config/cfg.py:2609
2025-12-08 00:41:51.585 128667 DEBUG oslo_service.service [req-48753a4e-8238-404c-8e2f-1454b2c9ece6 - - - - -] libvirt.use_virtio_for_bridges = True log_opt_values /usr/lib/python3/dist-packages/oslo_config/cfg.py:2609
2025-12-08 00:41:51.585 128667 DEBUG oslo_service.service [req-48753a4e-8238-404c-8e2f-1454b2c9ece6 - - - - -] libvirt.virt_type = kvm log_opt_values /usr/lib/python3/dist-packages/oslo_config/cfg.py:2609
2025-12-08 00:41:51.585 128667 DEBUG oslo_service.service [req-48753a4e-8238-404c-8e2f-1454b2c9ece6 - - - - -] libvirt.volume_clear = zero log_opt_values /usr/lib/python3/dist-packages/oslo_config/cfg.py:2609
2025-12-08 00:41:51.585 128667 DEBUG oslo_service.service [req-48753a4e-8238-404c-8e2f-1454b2c9ece6 - - - - -] libvirt.volume_clear_size = 0 log_opt_values /usr/lib/python3/dist-packages/oslo_config/cfg.py:2609
2025-12-08 00:41:51.585 128667 DEBUG oslo_service.service [req-48753a4e-8238-404c-8e2f-1454b2c9ece6 - - - - -] libvirt.volume_use_multipath = False log_opt_values /usr/lib/python3/dist-packages/oslo_config/cfg.py:2609
2025-12-08 00:41:51.586 128667 DEBUG oslo_service.service [req-48753a4e-8238-404c-8e2f-1454b2c9ece6 - - - - -] libvirt.vzstorage_cache_path = None log_opt_values /usr/lib/python3/dist-packages/oslo_config/cfg.py:2609
2025-12-08 00:41:51.586 128667 DEBUG oslo_service.service [req-48753a4e-8238-404c-8e2f-1454b2c9ece6 - - - - -] libvirt.vzstorage_log_path = /var/log/vstorage/%(cluster_name)s/nova.log.gz log_opt_values /usr/lib/python3/dist-packages/oslo_config/cfg.py:2609
2025-12-08 00:41:51.586 128667 DEBUG oslo_service.service [req-48753a4e-8238-404c-8e2f-1454b2c9ece6 - - - - -] libvirt.vzstorage_mount_group = qemu log_opt_values /usr/lib/python3/dist-packages/oslo_config/cfg.py:2609
2025-12-08 00:41:51.586 128667 DEBUG oslo_service.service [req-48753a4e-8238-404c-8e2f-1454b2c9ece6 - - - - -] libvirt.vzstorage_mount_opts = [] log_opt_values /usr/lib/python3/dist-packages/oslo_config/cfg.py:2609
2025-12-08 00:41:51.586 128667 DEBUG oslo_service.service [req-48753a4e-8238-404c-8e2f-1454b2c9ece6 - - - - -] libvirt.vzstorage_mount_perms = 0770 log_opt_values /usr/lib/python3/dist-packages/oslo_config/cfg.py:2609
2025-12-08 00:41:51.587 128667 DEBUG oslo_service.service [req-48753a4e-8238-404c-8e2f-1454b2c9ece6 - - - - -] libvirt.vzstorage_mount_point_base = /var/lib/nova/mnt log_opt_values /usr/lib/python3/dist-packages/oslo_config/cfg.py:2609
2025-12-08 00:41:51.587 128667 DEBUG oslo_service.service [req-48753a4e-8238-404c-8e2f-1454b2c9ece6 - - - - -] libvirt.vzstorage_mount_user = stack log_opt_values /usr/lib/python3/dist-packages/oslo_config/cfg.py:2609
2025-12-08 00:41:51.587 128667 DEBUG oslo_service.service [req-48753a4e-8238-404c-8e2f-1454b2c9ece6 - - - - -] libvirt.wait_soft_reboot_seconds = 120 log_opt_values /usr/lib/python3/dist-packages/oslo_config/cfg.py:2609
2025-12-08 00:41:51.587 128667 DEBUG oslo_service.service [req-48753a4e-8238-404c-8e2f-1454b2c9ece6 - - - - -] neutron.auth_section = None log_opt_values /usr/lib/python3/dist-packages/oslo_config/cfg.py:2609
2025-12-08 00:41:51.587 128667 DEBUG oslo_service.service [req-48753a4e-8238-404c-8e2f-1454b2c9ece6 - - - - -] neutron.auth_type = password log_opt_values /usr/lib/python3/dist-packages/oslo_config/cfg.py:2609
2025-12-08 00:41:51.587 128667 DEBUG oslo_service.service [req-48753a4e-8238-404c-8e2f-1454b2c9ece6 - - - - -] neutron.cafile = None log_opt_values /usr/lib/python3/dist-packages/oslo_config/cfg.py:2609
2025-12-08 00:41:51.588 128667 DEBUG oslo_service.service [req-48753a4e-8238-404c-8e2f-1454b2c9ece6 - - - - -] neutron.certfile = None log_opt_values /usr/lib/python3/dist-packages/oslo_config/cfg.py:2609
2025-12-08 00:41:51.588 128667 DEBUG oslo_service.service [req-48753a4e-8238-404c-8e2f-1454b2c9ece6 - - - - -] neutron.collect_timing = False log_opt_values /usr/lib/python3/dist-packages/oslo_config/cfg.py:2609
2025-12-08 00:41:51.588 128667 DEBUG oslo_service.service [req-48753a4e-8238-404c-8e2f-1454b2c9ece6 - - - - -] neutron.connect_retries = None log_opt_values /usr/lib/python3/dist-packages/oslo_config/cfg.py:2609
2025-12-08 00:41:51.588 128667 DEBUG oslo_service.service [req-48753a4e-8238-404c-8e2f-1454b2c9ece6 - - - - -] neutron.connect_retry_delay = None log_opt_values /usr/lib/python3/dist-packages/oslo_config/cfg.py:2609
2025-12-08 00:41:51.589 128667 DEBUG oslo_service.service [req-48753a4e-8238-404c-8e2f-1454b2c9ece6 - - - - -] neutron.default_floating_pool = nova log_opt_values /usr/lib/python3/dist-packages/oslo_config/cfg.py:2609
2025-12-08 00:41:51.589 128667 DEBUG oslo_service.service [req-48753a4e-8238-404c-8e2f-1454b2c9ece6 - - - - -] neutron.endpoint_override = None log_opt_values /usr/lib/python3/dist-packages/oslo_config/cfg.py:2609
2025-12-08 00:41:51.589 128667 DEBUG oslo_service.service [req-48753a4e-8238-404c-8e2f-1454b2c9ece6 - - - - -] neutron.extension_sync_interval = 600 log_opt_values /usr/lib/python3/dist-packages/oslo_config/cfg.py:2609
2025-12-08 00:41:51.589 128667 DEBUG oslo_service.service [req-48753a4e-8238-404c-8e2f-1454b2c9ece6 - - - - -] neutron.http_retries = 3 log_opt_values /usr/lib/python3/dist-packages/oslo_config/cfg.py:2609
2025-12-08 00:41:51.589 128667 DEBUG oslo_service.service [req-48753a4e-8238-404c-8e2f-1454b2c9ece6 - - - - -] neutron.insecure = False log_opt_values /usr/lib/python3/dist-packages/oslo_config/cfg.py:2609
2025-12-08 00:41:51.589 128667 DEBUG oslo_service.service [req-48753a4e-8238-404c-8e2f-1454b2c9ece6 - - - - -] neutron.keyfile = None log_opt_values /usr/lib/python3/dist-packages/oslo_config/cfg.py:2609
2025-12-08 00:41:51.590 128667 DEBUG oslo_service.service [req-48753a4e-8238-404c-8e2f-1454b2c9ece6 - - - - -] neutron.max_version = None log_opt_values /usr/lib/python3/dist-packages/oslo_config/cfg.py:2609
2025-12-08 00:41:51.590 128667 DEBUG oslo_service.service [req-48753a4e-8238-404c-8e2f-1454b2c9ece6 - - - - -] neutron.metadata_proxy_shared_secret = **** log_opt_values /usr/lib/python3/dist-packages/oslo_config/cfg.py:2609
2025-12-08 00:41:51.590 128667 DEBUG oslo_service.service [req-48753a4e-8238-404c-8e2f-1454b2c9ece6 - - - - -] neutron.min_version = None log_opt_values /usr/lib/python3/dist-packages/oslo_config/cfg.py:2609
2025-12-08 00:41:51.590 128667 DEBUG oslo_service.service [req-48753a4e-8238-404c-8e2f-1454b2c9ece6 - - - - -] neutron.ovs_bridge = br-int log_opt_values /usr/lib/python3/dist-packages/oslo_config/cfg.py:2609
2025-12-08 00:41:51.590 128667 DEBUG oslo_service.service [req-48753a4e-8238-404c-8e2f-1454b2c9ece6 - - - - -] neutron.physnets = [] log_opt_values /usr/lib/python3/dist-packages/oslo_config/cfg.py:2609
2025-12-08 00:41:51.591 128667 DEBUG oslo_service.service [req-48753a4e-8238-404c-8e2f-1454b2c9ece6 - - - - -] neutron.region_name = RegionOne log_opt_values /usr/lib/python3/dist-packages/oslo_config/cfg.py:2609
2025-12-08 00:41:51.591 128667 DEBUG oslo_service.service [req-48753a4e-8238-404c-8e2f-1454b2c9ece6 - - - - -] neutron.service_metadata_proxy = True log_opt_values /usr/lib/python3/dist-packages/oslo_config/cfg.py:2609
2025-12-08 00:41:51.591 128667 DEBUG oslo_service.service [req-48753a4e-8238-404c-8e2f-1454b2c9ece6 - - - - -] neutron.service_name = None log_opt_values /usr/lib/python3/dist-packages/oslo_config/cfg.py:2609
2025-12-08 00:41:51.591 128667 DEBUG oslo_service.service [req-48753a4e-8238-404c-8e2f-1454b2c9ece6 - - - - -] neutron.service_type = network log_opt_values /usr/lib/python3/dist-packages/oslo_config/cfg.py:2609
2025-12-08 00:41:51.591 128667 DEBUG oslo_service.service [req-48753a4e-8238-404c-8e2f-1454b2c9ece6 - - - - -] neutron.split_loggers = False log_opt_values /usr/lib/python3/dist-packages/oslo_config/cfg.py:2609
2025-12-08 00:41:51.591 128667 DEBUG oslo_service.service [req-48753a4e-8238-404c-8e2f-1454b2c9ece6 - - - - -] neutron.status_code_retries = None log_opt_values /usr/lib/python3/dist-packages/oslo_config/cfg.py:2609
2025-12-08 00:41:51.592 128667 DEBUG oslo_service.service [req-48753a4e-8238-404c-8e2f-1454b2c9ece6 - - - - -] neutron.status_code_retry_delay = None log_opt_values /usr/lib/python3/dist-packages/oslo_config/cfg.py:2609
2025-12-08 00:41:51.592 128667 DEBUG oslo_service.service [req-48753a4e-8238-404c-8e2f-1454b2c9ece6 - - - - -] neutron.timeout = None log_opt_values /usr/lib/python3/dist-packages/oslo_config/cfg.py:2609
2025-12-08 00:41:51.592 128667 DEBUG oslo_service.service [req-48753a4e-8238-404c-8e2f-1454b2c9ece6 - - - - -] neutron.valid_interfaces = ['internal', 'public'] log_opt_values /usr/lib/python3/dist-packages/oslo_config/cfg.py:2609
