2025-12-08 00:42:17.651 134592 DEBUG oslo_service.service [req-a41beb94-8349-48fa-a821-a4d16dea06f9 - - - - -] vmware.ca_file = None log_opt_values /usr/lib/python3/dist-packages/oslo_config/cfg.py:2609
2025-12-08 00:42:17.652 134592 DEBUG oslo_service.service [req-a41beb94-8349-48fa-a821-a4d16dea06f9 - - - - -] vmware.cache_prefix = None log_opt_values /usr/lib/python3/dist-packages/oslo_config/cfg.py:2609
2025-12-08 00:42:17.652 134592 DEBUG oslo_service.service [req-a41beb94-8349-48fa-a821-a4d16dea06f9 - - - - -] vmware.cluster_name = None log_opt_values /usr/lib/python3/dist-packages/oslo_config/cfg.py:2609
2025-12-08 00:42:17.652 134592 DEBUG oslo_service.service [req-a41beb94-8349-48fa-a821-a4d16dea06f9 - - - - -] vmware.connection_pool_size = 10 log_opt_values /usr/lib/python3/dist-packages/oslo_config/cfg.py:2609
2025-12-08 00:42:17.652 134592 DEBUG oslo_service.service [req-a41beb94-8349-48fa-a821-a4d16dea06f9 - - - - -] vmware.console_delay_seconds = None log_opt_values /usr/lib/python3/dist-packages/oslo_config/cfg.py:2609
2025-12-08 00:42:17.653 134592 DEBUG oslo_service.service [req-a41beb94-8349-48fa-a821-a4d16dea06f9 - - - - -] vmware.datastore_regex = None log_opt_values /usr/lib/python3/dist-packages/oslo_config/cfg.py:2609
2025-12-08 00:42:17.653 134592 DEBUG oslo_service.service [req-a41beb94-8349-48fa-a821-a4d16dea06f9 - - - - -] vmware.host_ip = None log_opt_values /usr/lib/python3/dist-packages/oslo_config/cfg.py:2609
2025-12-08 00:42:17.653 134592 DEBUG oslo_service.service [req-a41beb94-8349-48fa-a821-a4d16dea06f9 - - - - -] vmware.host_password = **** log_opt_values /usr/lib/python3/dist-packages/oslo_config/cfg.py:2609
2025-12-08 00:42:17.653 135037 DEBUG oslo_messaging._drivers.amqpdriver [req-feb9ee75-d430-46d6-a3ca-1751eb2b8e91 - - - - -] sending reply msg_id: d39a091a1f914f90a88d6c308da7b9f3 reply queue: reply_e69dd7ba4a3d4ce0a6e3684f87b7c1d0 time elapsed: 0.021516831000099046s _send_reply /usr/lib/python3/dist-packages/oslo_messaging/_drivers/amqpdriver.py:118
2025-12-08 00:42:17.654 134592 DEBUG oslo_service.service [req-a41beb94-8349-48fa-a821-a4d16dea06f9 - - - - -] vmware.host_port = 443 log_opt_values /usr/lib/python3/dist-packages/oslo_config/cfg.py:2609
2025-12-08 00:42:17.654 134592 DEBUG oslo_service.service [req-a41beb94-8349-48fa-a821-a4d16dea06f9 - - - - -] vmware.host_username = None log_opt_values /usr/lib/python3/dist-packages/oslo_config/cfg.py:2609
2025-12-08 00:42:17.654 134592 DEBUG oslo_service.service [req-a41beb94-8349-48fa-a821-a4d16dea06f9 - - - - -] vmware.insecure = False log_opt_values /usr/lib/python3/dist-packages/oslo_config/cfg.py:2609
2025-12-08 00:42:17.655 134592 DEBUG oslo_service.service [req-a41beb94-8349-48fa-a821-a4d16dea06f9 - - - - -] vmware.integration_bridge = None log_opt_values /usr/lib/python3/dist-packages/oslo_config/cfg.py:2609
2025-12-08 00:42:17.655 134592 DEBUG oslo_service.service [req-a41beb94-8349-48fa-a821-a4d16dea06f9 - - - - -] vmware.maximum_objects = 100 log_opt_values /usr/lib/python3/dist-packages/oslo_config/cfg.py:2609
2025-12-08 00:42:17.655 134592 DEBUG oslo_service.service [req-a41beb94-8349-48fa-a821-a4d16dea06f9 - - - - -] vmware.pbm_default_policy = None log_opt_values /usr/lib/python3/dist-packages/oslo_config/cfg.py:2609
2025-12-08 00:42:17.655 134592 DEBUG oslo_service.service [req-a41beb94-8349-48fa-a821-a4d16dea06f9 - - - - -] vmware.pbm_enabled = False log_opt_values /usr/lib/python3/dist-packages/oslo_config/cfg.py:2609
2025-12-08 00:42:17.656 134592 DEBUG oslo_service.service [req-a41beb94-8349-48fa-a821-a4d16dea06f9 - - - - -] vmware.pbm_wsdl_location = None log_opt_values /usr/lib/python3/dist-packages/oslo_config/cfg.py:2609
2025-12-08 00:42:17.656 134592 DEBUG oslo_service.service [req-a41beb94-8349-48fa-a821-a4d16dea06f9 - - - - -] vmware.serial_log_dir = /opt/vmware/vspc log_opt_values /usr/lib/python3/dist-packages/oslo_config/cfg.py:2609
2025-12-08 00:42:17.656 134592 DEBUG oslo_service.service [req-a41beb94-8349-48fa-a821-a4d16dea06f9 - - - - -] vmware.serial_port_proxy_uri = None log_opt_values /usr/lib/python3/dist-packages/oslo_config/cfg.py:2609
2025-12-08 00:42:17.657 134592 DEBUG oslo_service.service [req-a41beb94-8349-48fa-a821-a4d16dea06f9 - - - - -] vmware.serial_port_service_uri = None log_opt_values /usr/lib/python3/dist-packages/oslo_config/cfg.py:2609
2025-12-08 00:42:17.657 134592 DEBUG oslo_service.service [req-a41beb94-8349-48fa-a821-a4d16dea06f9 - - - - -] vmware.task_poll_interval = 0.5 log_opt_values /usr/lib/python3/dist-packages/oslo_config/cfg.py:2609
2025-12-08 00:42:17.657 134592 DEBUG oslo_service.service [req-a41beb94-8349-48fa-a821-a4d16dea06f9 - - - - -] vmware.use_linked_clone = True log_opt_values /usr/lib/python3/dist-packages/oslo_config/cfg.py:2609
2025-12-08 00:42:17.657 134592 DEBUG oslo_service.service [req-a41beb94-8349-48fa-a821-a4d16dea06f9 - - - - -] vmware.vnc_keymap = en-us log_opt_values /usr/lib/python3/dist-packages/oslo_config/cfg.py:2609
2025-12-08 00:42:17.658 134592 DEBUG oslo_service.service [req-a41beb94-8349-48fa-a821-a4d16dea06f9 - - - - -] vmware.vnc_port = 5900 log_opt_values /usr/lib/python3/dist-packages/oslo_config/cfg.py:2609
2025-12-08 00:42:17.658 134592 DEBUG oslo_service.service [req-a41beb94-8349-48fa-a821-a4d16dea06f9 - - - - -] vmware.vnc_port_total = 10000 log_opt_values /usr/lib/python3/dist-packages/oslo_config/cfg.py:2609
2025-12-08 00:42:17.659 135038 DEBUG oslo_messaging._drivers.amqpdriver [-] received message msg_id: 8df6fa3d37934a488ce8a03396d26d71 reply to reply_e69dd7ba4a3d4ce0a6e3684f87b7c1d0 __call__ /usr/lib/python3/dist-packages/oslo_messaging/_drivers/amqpdriver.py:320
2025-12-08 00:42:17.659 134592 DEBUG oslo_service.service [req-a41beb94-8349-48fa-a821-a4d16dea06f9 - - - - -] vnc.auth_schemes = ['none'] log_opt_values /usr/lib/python3/dist-packages/oslo_config/cfg.py:2609
2025-12-08 00:42:17.659 135038 DEBUG oslo_messaging._drivers.amqpdriver [-] Listener is running poll /usr/lib/python3/dist-packages/oslo_messaging/_drivers/amqpdriver.py:343
2025-12-08 00:42:17.659 134592 DEBUG oslo_service.service [req-a41beb94-8349-48fa-a821-a4d16dea06f9 - - - - -] vnc.enabled = True log_opt_values /usr/lib/python3/dist-packages/oslo_config/cfg.py:2609
2025-12-08 00:42:17.659 135038 DEBUG oslo_messaging._drivers.amqpdriver [-] Poll the incoming message with unique_id: 26cda13e42a342209170e3315d8c0244 poll /usr/lib/python3/dist-packages/oslo_messaging/_drivers/amqpdriver.py:346
2025-12-08 00:42:17.659 135038 DEBUG oslo_messaging._drivers.amqpdriver [-] Listener is running poll /usr/lib/python3/dist-packages/oslo_messaging/_drivers/amqpdriver.py:343
2025-12-08 00:42:17.659 135038 DEBUG oslo_messaging._drivers.amqpdriver [-] AMQPListener connection consume poll /usr/lib/python3/dist-packages/oslo_messaging/_drivers/amqpdriver.py:357
2025-12-08 00:42:17.659 134592 DEBUG oslo_service.service [req-a41beb94-8349-48fa-a821-a4d16dea06f9 - - - - -] vnc.novncproxy_base_url = http://127.0.0.1:6080/vnc_auto.html log_opt_values /usr/lib/python3/dist-packages/oslo_config/cfg.py:2609
2025-12-08 00:42:17.660 134592 DEBUG oslo_service.service [req-a41beb94-8349-48fa-a821-a4d16dea06f9 - - - - -] vnc.novncproxy_host = 0.0.0.0 log_opt_values /usr/lib/python3/dist-packages/oslo_config/cfg.py:2609
2025-12-08 00:42:17.660 134592 DEBUG oslo_service.service [req-a41beb94-8349-48fa-a821-a4d16dea06f9 - - - - -] vnc.novncproxy_port = 6080 log_opt_values /usr/lib/python3/dist-packages/oslo_config/cfg.py:2609
2025-12-08 00:42:17.660 134592 DEBUG oslo_service.service [req-a41beb94-8349-48fa-a821-a4d16dea06f9 - - - - -] vnc.server_listen = 127.0.0.1 log_opt_values /usr/lib/python3/dist-packages/oslo_config/cfg.py:2609
2025-12-08 00:42:17.661 134592 DEBUG oslo_service.service [req-a41beb94-8349-48fa-a821-a4d16dea06f9 - - - - -] vnc.server_proxyclient_address = 127.0.0.1 log_opt_values /usr/lib/python3/dist-packages/oslo_config/cfg.py:2609
2025-12-08 00:42:17.661 134592 DEBUG oslo_service.service [req-a41beb94-8349-48fa-a821-a4d16dea06f9 - - - - -] vnc.vencrypt_ca_certs = None log_opt_values /usr/lib/python3/dist-packages/oslo_config/cfg.py:2609
2025-12-08 00:42:17.661 134592 DEBUG oslo_service.service [req-a41beb94-8349-48fa-a821-a4d16dea06f9 - - - - -] vnc.vencrypt_client_cert = None log_opt_values /usr/lib/python3/dist-packages/oslo_config/cfg.py:2609
2025-12-08 00:42:17.662 134592 DEBUG oslo_service.service [req-a41beb94-8349-48fa-a821-a4d16dea06f9 - - - - -] vnc.vencrypt_client_key = None log_opt_values /usr/lib/python3/dist-packages/oslo_config/cfg.py:2609
2025-12-08 00:42:17.662 135038 DEBUG oslo_messaging._drivers.amqpdriver [-] AMQPListener connection timeout poll /usr/lib/python3/dist-packages/oslo_messaging/_drivers/amqpdriver.py:360
2025-12-08 00:42:17.662 134592 DEBUG oslo_service.service [req-a41beb94-8349-48fa-a821-a4d16dea06f9 - - - - -] workarounds.disable_compute_service_check_for_ffu = False log_opt_values /usr/lib/python3/dist-packages/oslo_config/cfg.py:2609
2025-12-08 00:42:17.662 135038 DEBUG oslo_messaging._drivers.amqpdriver [-] Listener is running poll /usr/lib/python3/dist-packages/oslo_messaging/_drivers/amqpdriver.py:343
2025-12-08 00:42:17.662 134592 DEBUG oslo_service.service [req-a41beb94-8349-48fa-a821-a4d16dea06f9 - - - - -] workarounds.disable_deep_image_inspection = False log_opt_values /usr/lib/python3/dist-packages/oslo_config/cfg.py:2609
2025-12-08 00:42:17.662 135038 DEBUG oslo_messaging._drivers.amqpdriver [-] AMQPListener connection consume poll /usr/lib/python3/dist-packages/oslo_messaging/_drivers/amqpdriver.py:357
2025-12-08 00:42:17.663 134592 DEBUG oslo_service.service [req-a41beb94-8349-48fa-a821-a4d16dea06f9 - - - - -] workarounds.disable_fallback_pcpu_query = False log_opt_values /usr/lib/python3/dist-packages/oslo_config/cfg.py:2609
2025-12-08 00:42:17.663 134592 DEBUG oslo_service.service [req-a41beb94-8349-48fa-a821-a4d16dea06f9 - - - - -] workarounds.disable_group_policy_check_upcall = False log_opt_values /usr/lib/python3/dist-packages/oslo_config/cfg.py:2609
2025-12-08 00:42:17.663 134592 DEBUG oslo_service.service [req-a41beb94-8349-48fa-a821-a4d16dea06f9 - - - - -] workarounds.disable_libvirt_livesnapshot = False log_opt_values /usr/lib/python3/dist-packages/oslo_config/cfg.py:2609
2025-12-08 00:42:17.663 134592 DEBUG oslo_service.service [req-a41beb94-8349-48fa-a821-a4d16dea06f9 - - - - -] workarounds.disable_rootwrap = False log_opt_values /usr/lib/python3/dist-packages/oslo_config/cfg.py:2609
2025-12-08 00:42:17.664 134592 DEBUG oslo_service.service [req-a41beb94-8349-48fa-a821-a4d16dea06f9 - - - - -] workarounds.enable_numa_live_migration = False log_opt_values /usr/lib/python3/dist-packages/oslo_config/cfg.py:2609
2025-12-08 00:42:17.664 134592 DEBUG oslo_service.service [req-a41beb94-8349-48fa-a821-a4d16dea06f9 - - - - -] workarounds.enable_qemu_monitor_announce_self = False log_opt_values /usr/lib/python3/dist-packages/oslo_config/cfg.py:2609
2025-12-08 00:42:17.664 134592 DEBUG oslo_service.service [req-a41beb94-8349-48fa-a821-a4d16dea06f9 - - - - -] workarounds.ensure_libvirt_rbd_instance_dir_cleanup = False log_opt_values /usr/lib/python3/dist-packages/oslo_config/cfg.py:2609
2025-12-08 00:42:17.665 134592 DEBUG oslo_service.service [req-a41beb94-8349-48fa-a821-a4d16dea06f9 - - - - -] workarounds.handle_virt_lifecycle_events = True log_opt_values /usr/lib/python3/dist-packages/oslo_config/cfg.py:2609
2025-12-08 00:42:17.665 134592 DEBUG oslo_service.service [req-a41beb94-8349-48fa-a821-a4d16dea06f9 - - - - -] workarounds.libvirt_disable_apic = False log_opt_values /usr/lib/python3/dist-packages/oslo_config/cfg.py:2609
2025-12-08 00:42:17.665 134592 DEBUG oslo_service.service [req-a41beb94-8349-48fa-a821-a4d16dea06f9 - - - - -] workarounds.never_download_image_if_on_rbd = False log_opt_values /usr/lib/python3/dist-packages/oslo_config/cfg.py:2609
2025-12-08 00:42:17.666 134592 DEBUG oslo_service.service [req-a41beb94-8349-48fa-a821-a4d16dea06f9 - - - - -] workarounds.reserve_disk_resource_for_image_cache = False log_opt_values /usr/lib/python3/dist-packages/oslo_config/cfg.py:2609
2025-12-08 00:42:17.666 134592 DEBUG oslo_service.service [req-a41beb94-8349-48fa-a821-a4d16dea06f9 - - - - -] workarounds.skip_cpu_compare_at_startup = False log_opt_values /usr/lib/python3/dist-packages/oslo_config/cfg.py:2609
2025-12-08 00:42:17.666 134592 DEBUG oslo_service.service [req-a41beb94-8349-48fa-a821-a4d16dea06f9 - - - - -] workarounds.skip_cpu_compare_on_dest = False log_opt_values /usr/lib/python3/dist-packages/oslo_config/cfg.py:2609
2025-12-08 00:42:17.666 134592 DEBUG oslo_service.service [req-a41beb94-8349-48fa-a821-a4d16dea06f9 - - - - -] workarounds.skip_hypervisor_version_check_on_lm = False log_opt_values /usr/lib/python3/dist-packages/oslo_config/cfg.py:2609
2025-12-08 00:42:17.667 134592 DEBUG oslo_service.service [req-a41beb94-8349-48fa-a821-a4d16dea06f9 - - - - -] workarounds.unified_limits_count_pcpu_as_vcpu = False log_opt_values /usr/lib/python3/dist-packages/oslo_config/cfg.py:2609
2025-12-08 00:42:17.667 134592 DEBUG oslo_service.service [req-a41beb94-8349-48fa-a821-a4d16dea06f9 - - - - -] workarounds.wait_for_vif_plugged_event_during_hard_reboot = [] log_opt_values /usr/lib/python3/dist-packages/oslo_config/cfg.py:2609
2025-12-08 00:42:17.667 134592 DEBUG oslo_service.service [req-a41beb94-8349-48fa-a821-a4d16dea06f9 - - - - -] wsgi.api_paste_config = /etc/nova/api-paste.ini log_opt_values /usr/lib/python3/dist-packages/oslo_config/cfg.py:2609
2025-12-08 00:42:17.668 134592 DEBUG oslo_service.service [req-a41beb94-8349-48fa-a821-a4d16dea06f9 - - - - -] wsgi.client_socket_timeout = 900 log_opt_values /usr/lib/python3/dist-packages/oslo_config/cfg.py:2609
2025-12-08 00:42:17.668 134592 DEBUG oslo_service.service [req-a41beb94-8349-48fa-a821-a4d16dea06f9 - - - - -] wsgi.default_pool_size = 1000 log_opt_values /usr/lib/python3/dist-packages/oslo_config/cfg.py:2609
2025-12-08 00:42:17.668 134592 DEBUG oslo_service.service [req-a41beb94-8349-48fa-a821-a4d16dea06f9 - - - - -] wsgi.keep_alive = True log_opt_values /usr/lib/python3/dist-packages/oslo_config/cfg.py:2609
2025-12-08 00:42:17.669 134592 DEBUG oslo_service.service [req-a41beb94-8349-48fa-a821-a4d16dea06f9 - - - - -] wsgi.max_header_line = 16384 log_opt_values /usr/lib/python3/dist-packages/oslo_config/cfg.py:2609
2025-12-08 00:42:17.669 134592 DEBUG oslo_service.service [req-a41beb94-8349-48fa-a821-a4d16dea06f9 - - - - -] wsgi.secure_proxy_ssl_header = None log_opt_values /usr/lib/python3/dist-packages/oslo_config/cfg.py:2609
2025-12-08 00:42:17.669 134592 DEBUG oslo_service.service [req-a41beb94-8349-48fa-a821-a4d16dea06f9 - - - - -] wsgi.ssl_ca_file = None log_opt_values /usr/lib/python3/dist-packages/oslo_config/cfg.py:2609
2025-12-08 00:42:17.669 134592 DEBUG oslo_service.service [req-a41beb94-8349-48fa-a821-a4d16dea06f9 - - - - -] wsgi.ssl_cert_file = None log_opt_values /usr/lib/python3/dist-packages/oslo_config/cfg.py:2609
2025-12-08 00:42:17.670 134592 DEBUG oslo_service.service [req-a41beb94-8349-48fa-a821-a4d16dea06f9 - - - - -] wsgi.ssl_key_file = None log_opt_values /usr/lib/python3/dist-packages/oslo_config/cfg.py:2609
2025-12-08 00:42:17.670 134592 DEBUG oslo_service.service [req-a41beb94-8349-48fa-a821-a4d16dea06f9 - - - - -] wsgi.tcp_keepidle = 600 log_opt_values /usr/lib/python3/dist-packages/oslo_config/cfg.py:2609
2025-12-08 00:42:17.670 134592 DEBUG oslo_service.service [req-a41beb94-8349-48fa-a821-a4d16dea06f9 - - - - -] wsgi.wsgi_log_format = %(client_ip)s "%(request_line)s" status: %(status_code)s len: %(body_length)s time: %(wall_seconds).7f log_opt_values /usr/lib/python3/dist-packages/oslo_config/cfg.py:2609
2025-12-08 00:42:17.671 134592 DEBUG oslo_service.service [req-a41beb94-8349-48fa-a821-a4d16dea06f9 - - - - -] zvm.ca_file = None log_opt_values /usr/lib/python3/dist-packages/oslo_config/cfg.py:2609
2025-12-08 00:42:17.671 134592 DEBUG oslo_service.service [req-a41beb94-8349-48fa-a821-a4d16dea06f9 - - - - -] zvm.cloud_connector_url = None log_opt_values /usr/lib/python3/dist-packages/oslo_config/cfg.py:2609
2025-12-08 00:42:17.672 134592 DEBUG oslo_service.service [req-a41beb94-8349-48fa-a821-a4d16dea06f9 - - - - -] zvm.image_tmp_path = /var/lib/nova/images log_opt_values /usr/lib/python3/dist-packages/oslo_config/cfg.py:2609
2025-12-08 00:42:17.672 134592 DEBUG oslo_service.service [req-a41beb94-8349-48fa-a821-a4d16dea06f9 - - - - -] zvm.reachable_timeout = 300 log_opt_values /usr/lib/python3/dist-packages/oslo_config/cfg.py:2609
2025-12-08 00:42:17.672 134592 DEBUG oslo_service.service [req-a41beb94-8349-48fa-a821-a4d16dea06f9 - - - - -] oslo_policy.enforce_new_defaults = False log_opt_values /usr/lib/python3/dist-packages/oslo_config/cfg.py:2609
2025-12-08 00:42:17.673 134592 DEBUG oslo_service.service [req-a41beb94-8349-48fa-a821-a4d16dea06f9 - - - - -] oslo_policy.enforce_scope = False log_opt_values /usr/lib/python3/dist-packages/oslo_config/cfg.py:2609
2025-12-08 00:42:17.673 134592 DEBUG oslo_service.service [req-a41beb94-8349-48fa-a821-a4d16dea06f9 - - - - -] oslo_policy.policy_default_rule = default log_opt_values /usr/lib/python3/dist-packages/oslo_config/cfg.py:2609
2025-12-08 00:42:17.673 134592 DEBUG oslo_service.service [req-a41beb94-8349-48fa-a821-a4d16dea06f9 - - - - -] oslo_policy.policy_dirs = ['policy.d'] log_opt_values /usr/lib/python3/dist-packages/oslo_config/cfg.py:2609
2025-12-08 00:42:17.674 134592 DEBUG oslo_service.service [req-a41beb94-8349-48fa-a821-a4d16dea06f9 - - - - -] oslo_policy.policy_file = policy.yaml log_opt_values /usr/lib/python3/dist-packages/oslo_config/cfg.py:2609
2025-12-08 00:42:17.674 134592 DEBUG oslo_service.service [req-a41beb94-8349-48fa-a821-a4d16dea06f9 - - - - -] oslo_policy.remote_content_type = application/x-www-form-urlencoded log_opt_values /usr/lib/python3/dist-packages/oslo_config/cfg.py:2609
2025-12-08 00:42:17.674 134592 DEBUG oslo_service.service [req-a41beb94-8349-48fa-a821-a4d16dea06f9 - - - - -] oslo_policy.remote_ssl_ca_crt_file = None log_opt_values /usr/lib/python3/dist-packages/oslo_config/cfg.py:2609
2025-12-08 00:42:17.674 134592 DEBUG oslo_service.service [req-a41beb94-8349-48fa-a821-a4d16dea06f9 - - - - -] oslo_policy.remote_ssl_client_crt_file = None log_opt_values /usr/lib/python3/dist-packages/oslo_config/cfg.py:2609
2025-12-08 00:42:17.675 134592 DEBUG oslo_service.service [req-a41beb94-8349-48fa-a821-a4d16dea06f9 - - - - -] oslo_policy.remote_ssl_client_key_file = None log_opt_values /usr/lib/python3/dist-packages/oslo_config/cfg.py:2609
2025-12-08 00:42:17.675 135038 DEBUG oslo_messaging._drivers.amqpdriver [req-feb9ee75-d430-46d6-a3ca-1751eb2b8e91 - - - - -] sending reply msg_id: 8df6fa3d37934a488ce8a03396d26d71 reply queue: reply_e69dd7ba4a3d4ce0a6e3684f87b7c1d0 time elapsed: 0.015788125000199216s _send_reply /usr/lib/python3/dist-packages/oslo_messaging/_drivers/amqpdriver.py:118
2025-12-08 00:42:17.675 134592 DEBUG oslo_service.service [req-a41beb94-8349-48fa-a821-a4d16dea06f9 - - - - -] oslo_policy.remote_ssl_verify_server_crt = False log_opt_values /usr/lib/python3/dist-packages/oslo_config/cfg.py:2609
2025-12-08 00:42:17.675 134592 DEBUG oslo_service.service [req-a41beb94-8349-48fa-a821-a4d16dea06f9 - - - - -] oslo_versionedobjects.fatal_exception_format_errors = False log_opt_values /usr/lib/python3/dist-packages/oslo_config/cfg.py:2609
2025-12-08 00:42:17.676 134592 DEBUG oslo_service.service [req-a41beb94-8349-48fa-a821-a4d16dea06f9 - - - - -] oslo_middleware.http_basic_auth_user_file = /etc/htpasswd log_opt_values /usr/lib/python3/dist-packages/oslo_config/cfg.py:2609
2025-12-08 00:42:17.676 134592 DEBUG oslo_service.service [req-a41beb94-8349-48fa-a821-a4d16dea06f9 - - - - -] profiler.connection_string = messaging:// log_opt_values /usr/lib/python3/dist-packages/oslo_config/cfg.py:2609
2025-12-08 00:42:17.676 134592 DEBUG oslo_service.service [req-a41beb94-8349-48fa-a821-a4d16dea06f9 - - - - -] profiler.enabled = False log_opt_values /usr/lib/python3/dist-packages/oslo_config/cfg.py:2609
2025-12-08 00:42:17.677 134592 DEBUG oslo_service.service [req-a41beb94-8349-48fa-a821-a4d16dea06f9 - - - - -] profiler.es_doc_type = notification log_opt_values /usr/lib/python3/dist-packages/oslo_config/cfg.py:2609
2025-12-08 00:42:17.677 134592 DEBUG oslo_service.service [req-a41beb94-8349-48fa-a821-a4d16dea06f9 - - - - -] profiler.es_scroll_size = 10000 log_opt_values /usr/lib/python3/dist-packages/oslo_config/cfg.py:2609
2025-12-08 00:42:17.677 134592 DEBUG oslo_service.service [req-a41beb94-8349-48fa-a821-a4d16dea06f9 - - - - -] profiler.es_scroll_time = 2m log_opt_values /usr/lib/python3/dist-packages/oslo_config/cfg.py:2609
2025-12-08 00:42:17.678 134592 DEBUG oslo_service.service [req-a41beb94-8349-48fa-a821-a4d16dea06f9 - - - - -] profiler.filter_error_trace = False log_opt_values /usr/lib/python3/dist-packages/oslo_config/cfg.py:2609
2025-12-08 00:42:17.678 134592 DEBUG oslo_service.service [req-a41beb94-8349-48fa-a821-a4d16dea06f9 - - - - -] profiler.hmac_keys = SECRET_KEY log_opt_values /usr/lib/python3/dist-packages/oslo_config/cfg.py:2609
2025-12-08 00:42:17.678 134592 DEBUG oslo_service.service [req-a41beb94-8349-48fa-a821-a4d16dea06f9 - - - - -] profiler.sentinel_service_name = mymaster log_opt_values /usr/lib/python3/dist-packages/oslo_config/cfg.py:2609
2025-12-08 00:42:17.679 134592 DEBUG oslo_service.service [req-a41beb94-8349-48fa-a821-a4d16dea06f9 - - - - -] profiler.socket_timeout = 0.1 log_opt_values /usr/lib/python3/dist-packages/oslo_config/cfg.py:2609
2025-12-08 00:42:17.679 134592 DEBUG oslo_service.service [req-a41beb94-8349-48fa-a821-a4d16dea06f9 - - - - -] profiler.trace_sqlalchemy = False log_opt_values /usr/lib/python3/dist-packages/oslo_config/cfg.py:2609
2025-12-08 00:42:17.679 134592 DEBUG oslo_service.service [req-a41beb94-8349-48fa-a821-a4d16dea06f9 - - - - -] remote_debug.host = None log_opt_values /usr/lib/python3/dist-packages/oslo_config/cfg.py:2609
2025-12-08 00:42:17.680 134592 DEBUG oslo_service.service [req-a41beb94-8349-48fa-a821-a4d16dea06f9 - - - - -] remote_debug.port = None log_opt_values /usr/lib/python3/dist-packages/oslo_config/cfg.py:2609
2025-12-08 00:42:17.680 134592 DEBUG oslo_service.service [req-a41beb94-8349-48fa-a821-a4d16dea06f9 - - - - -] oslo_messaging_rabbit.amqp_auto_delete = False log_opt_values /usr/lib/python3/dist-packages/oslo_config/cfg.py:2609
2025-12-08 00:42:17.680 134592 DEBUG oslo_service.service [req-a41beb94-8349-48fa-a821-a4d16dea06f9 - - - - -] oslo_messaging_rabbit.amqp_durable_queues = False log_opt_values /usr/lib/python3/dist-packages/oslo_config/cfg.py:2609
2025-12-08 00:42:17.681 134592 DEBUG oslo_service.service [req-a41beb94-8349-48fa-a821-a4d16dea06f9 - - - - -] oslo_messaging_rabbit.conn_pool_min_size = 2 log_opt_values /usr/lib/python3/dist-packages/oslo_config/cfg.py:2609
2025-12-08 00:42:17.680 135035 DEBUG oslo_messaging._drivers.amqpdriver [-] received message msg_id: b6500bb480b44d97a9d30be6ddb86d32 reply to reply_e69dd7ba4a3d4ce0a6e3684f87b7c1d0 __call__ /usr/lib/python3/dist-packages/oslo_messaging/_drivers/amqpdriver.py:320
2025-12-08 00:42:17.681 134592 DEBUG oslo_service.service [req-a41beb94-8349-48fa-a821-a4d16dea06f9 - - - - -] oslo_messaging_rabbit.conn_pool_ttl = 1200 log_opt_values /usr/lib/python3/dist-packages/oslo_config/cfg.py:2609
2025-12-08 00:42:17.681 135035 DEBUG oslo_messaging._drivers.amqpdriver [-] Listener is running poll /usr/lib/python3/dist-packages/oslo_messaging/_drivers/amqpdriver.py:343
2025-12-08 00:42:17.681 135035 DEBUG oslo_messaging._drivers.amqpdriver [-] Poll the incoming message with unique_id: b2c1785c104c45ceb77ec28bfee5a373 poll /usr/lib/python3/dist-packages/oslo_messaging/_drivers/amqpdriver.py:346
2025-12-08 00:42:17.681 134592 DEBUG oslo_service.service [req-a41beb94-8349-48fa-a821-a4d16dea06f9 - - - - -] oslo_messaging_rabbit.direct_mandatory_flag = True log_opt_values /usr/lib/python3/dist-packages/oslo_config/cfg.py:2609
2025-12-08 00:42:17.681 135035 DEBUG oslo_messaging._drivers.amqpdriver [-] Listener is running poll /usr/lib/python3/dist-packages/oslo_messaging/_drivers/amqpdriver.py:343
2025-12-08 00:42:17.681 135035 DEBUG oslo_messaging._drivers.amqpdriver [-] AMQPListener connection consume poll /usr/lib/python3/dist-packages/oslo_messaging/_drivers/amqpdriver.py:357
2025-12-08 00:42:17.681 134592 DEBUG oslo_service.service [req-a41beb94-8349-48fa-a821-a4d16dea06f9 - - - - -] oslo_messaging_rabbit.enable_cancel_on_failover = False log_opt_values /usr/lib/python3/dist-packages/oslo_config/cfg.py:2609
2025-12-08 00:42:17.682 134592 DEBUG oslo_service.service [req-a41beb94-8349-48fa-a821-a4d16dea06f9 - - - - -] oslo_messaging_rabbit.heartbeat_in_pthread = False log_opt_values /usr/lib/python3/dist-packages/oslo_config/cfg.py:2609
2025-12-08 00:42:17.682 134592 DEBUG oslo_service.service [req-a41beb94-8349-48fa-a821-a4d16dea06f9 - - - - -] oslo_messaging_rabbit.heartbeat_rate = 2 log_opt_values /usr/lib/python3/dist-packages/oslo_config/cfg.py:2609
2025-12-08 00:42:17.682 134592 DEBUG oslo_service.service [req-a41beb94-8349-48fa-a821-a4d16dea06f9 - - - - -] oslo_messaging_rabbit.heartbeat_timeout_threshold = 60 log_opt_values /usr/lib/python3/dist-packages/oslo_config/cfg.py:2609
2025-12-08 00:42:17.683 134592 DEBUG oslo_service.service [req-a41beb94-8349-48fa-a821-a4d16dea06f9 - - - - -] oslo_messaging_rabbit.kombu_compression = None log_opt_values /usr/lib/python3/dist-packages/oslo_config/cfg.py:2609
2025-12-08 00:42:17.683 134592 DEBUG oslo_service.service [req-a41beb94-8349-48fa-a821-a4d16dea06f9 - - - - -] oslo_messaging_rabbit.kombu_failover_strategy = round-robin log_opt_values /usr/lib/python3/dist-packages/oslo_config/cfg.py:2609
2025-12-08 00:42:17.683 134592 DEBUG oslo_service.service [req-a41beb94-8349-48fa-a821-a4d16dea06f9 - - - - -] oslo_messaging_rabbit.kombu_missing_consumer_retry_timeout = 60 log_opt_values /usr/lib/python3/dist-packages/oslo_config/cfg.py:2609
2025-12-08 00:42:17.683 134592 DEBUG oslo_service.service [req-a41beb94-8349-48fa-a821-a4d16dea06f9 - - - - -] oslo_messaging_rabbit.kombu_reconnect_delay = 1.0 log_opt_values /usr/lib/python3/dist-packages/oslo_config/cfg.py:2609
2025-12-08 00:42:17.684 134592 DEBUG oslo_service.service [req-a41beb94-8349-48fa-a821-a4d16dea06f9 - - - - -] oslo_messaging_rabbit.rabbit_ha_queues = False log_opt_values /usr/lib/python3/dist-packages/oslo_config/cfg.py:2609
2025-12-08 00:42:17.684 134592 DEBUG oslo_service.service [req-a41beb94-8349-48fa-a821-a4d16dea06f9 - - - - -] oslo_messaging_rabbit.rabbit_interval_max = 30 log_opt_values /usr/lib/python3/dist-packages/oslo_config/cfg.py:2609
2025-12-08 00:42:17.684 135035 DEBUG oslo_messaging._drivers.amqpdriver [-] AMQPListener connection timeout poll /usr/lib/python3/dist-packages/oslo_messaging/_drivers/amqpdriver.py:360
2025-12-08 00:42:17.684 134592 DEBUG oslo_service.service [req-a41beb94-8349-48fa-a821-a4d16dea06f9 - - - - -] oslo_messaging_rabbit.rabbit_login_method = AMQPLAIN log_opt_values /usr/lib/python3/dist-packages/oslo_config/cfg.py:2609
2025-12-08 00:42:17.684 135035 DEBUG oslo_messaging._drivers.amqpdriver [-] Listener is running poll /usr/lib/python3/dist-packages/oslo_messaging/_drivers/amqpdriver.py:343
2025-12-08 00:42:17.685 135035 DEBUG oslo_messaging._drivers.amqpdriver [-] AMQPListener connection consume poll /usr/lib/python3/dist-packages/oslo_messaging/_drivers/amqpdriver.py:357
2025-12-08 00:42:17.685 134592 DEBUG oslo_service.service [req-a41beb94-8349-48fa-a821-a4d16dea06f9 - - - - -] oslo_messaging_rabbit.rabbit_qos_prefetch_count = 0 log_opt_values /usr/lib/python3/dist-packages/oslo_config/cfg.py:2609
2025-12-08 00:42:17.685 134592 DEBUG oslo_service.service [req-a41beb94-8349-48fa-a821-a4d16dea06f9 - - - - -] oslo_messaging_rabbit.rabbit_quorum_queue = False log_opt_values /usr/lib/python3/dist-packages/oslo_config/cfg.py:2609
2025-12-08 00:42:17.685 134592 DEBUG oslo_service.service [req-a41beb94-8349-48fa-a821-a4d16dea06f9 - - - - -] oslo_messaging_rabbit.rabbit_retry_backoff = 2 log_opt_values /usr/lib/python3/dist-packages/oslo_config/cfg.py:2609
2025-12-08 00:42:17.686 134592 DEBUG oslo_service.service [req-a41beb94-8349-48fa-a821-a4d16dea06f9 - - - - -] oslo_messaging_rabbit.rabbit_retry_interval = 1 log_opt_values /usr/lib/python3/dist-packages/oslo_config/cfg.py:2609
2025-12-08 00:42:17.686 134592 DEBUG oslo_service.service [req-a41beb94-8349-48fa-a821-a4d16dea06f9 - - - - -] oslo_messaging_rabbit.rabbit_transient_queues_ttl = 1800 log_opt_values /usr/lib/python3/dist-packages/oslo_config/cfg.py:2609
2025-12-08 00:42:17.686 134592 DEBUG oslo_service.service [req-a41beb94-8349-48fa-a821-a4d16dea06f9 - - - - -] oslo_messaging_rabbit.rpc_conn_pool_size = 30 log_opt_values /usr/lib/python3/dist-packages/oslo_config/cfg.py:2609
2025-12-08 00:42:17.686 134592 DEBUG oslo_service.service [req-a41beb94-8349-48fa-a821-a4d16dea06f9 - - - - -] oslo_messaging_rabbit.ssl = False log_opt_values /usr/lib/python3/dist-packages/oslo_config/cfg.py:2609
2025-12-08 00:42:17.687 134592 DEBUG oslo_service.service [req-a41beb94-8349-48fa-a821-a4d16dea06f9 - - - - -] oslo_messaging_rabbit.ssl_ca_file = log_opt_values /usr/lib/python3/dist-packages/oslo_config/cfg.py:2609
2025-12-08 00:42:17.687 134592 DEBUG oslo_service.service [req-a41beb94-8349-48fa-a821-a4d16dea06f9 - - - - -] oslo_messaging_rabbit.ssl_cert_file = log_opt_values /usr/lib/python3/dist-packages/oslo_config/cfg.py:2609
2025-12-08 00:42:17.687 135035 DEBUG oslo_messaging._drivers.amqpdriver [req-827feaab-ffe1-4404-ac58-a7e79db34289 - - - - -] sending reply msg_id: b6500bb480b44d97a9d30be6ddb86d32 reply queue: reply_e69dd7ba4a3d4ce0a6e3684f87b7c1d0 time elapsed: 0.006393177000063588s _send_reply /usr/lib/python3/dist-packages/oslo_messaging/_drivers/amqpdriver.py:118
2025-12-08 00:42:17.687 134592 DEBUG oslo_service.service [req-a41beb94-8349-48fa-a821-a4d16dea06f9 - - - - -] oslo_messaging_rabbit.ssl_key_file = log_opt_values /usr/lib/python3/dist-packages/oslo_config/cfg.py:2609
2025-12-08 00:42:17.688 134592 DEBUG oslo_service.service [req-a41beb94-8349-48fa-a821-a4d16dea06f9 - - - - -] oslo_messaging_rabbit.ssl_version = log_opt_values /usr/lib/python3/dist-packages/oslo_config/cfg.py:2609
2025-12-08 00:42:17.688 134592 DEBUG oslo_service.service [req-a41beb94-8349-48fa-a821-a4d16dea06f9 - - - - -] oslo_messaging_notifications.driver = ['messagingv2'] log_opt_values /usr/lib/python3/dist-packages/oslo_config/cfg.py:2609
2025-12-08 00:42:17.688 134592 DEBUG oslo_service.service [req-a41beb94-8349-48fa-a821-a4d16dea06f9 - - - - -] oslo_messaging_notifications.retry = -1 log_opt_values /usr/lib/python3/dist-packages/oslo_config/cfg.py:2609
2025-12-08 00:42:17.689 134592 DEBUG oslo_service.service [req-a41beb94-8349-48fa-a821-a4d16dea06f9 - - - - -] oslo_messaging_notifications.topics = ['notifications'] log_opt_values /usr/lib/python3/dist-packages/oslo_config/cfg.py:2609
2025-12-08 00:42:17.689 134592 DEBUG oslo_service.service [req-a41beb94-8349-48fa-a821-a4d16dea06f9 - - - - -] oslo_messaging_notifications.transport_url = **** log_opt_values /usr/lib/python3/dist-packages/oslo_config/cfg.py:2609
2025-12-08 00:42:17.689 134592 DEBUG oslo_service.service [req-a41beb94-8349-48fa-a821-a4d16dea06f9 - - - - -] oslo_limit.auth_section = None log_opt_values /usr/lib/python3/dist-packages/oslo_config/cfg.py:2609
2025-12-08 00:42:17.690 134592 DEBUG oslo_service.service [req-a41beb94-8349-48fa-a821-a4d16dea06f9 - - - - -] oslo_limit.auth_type = None log_opt_values /usr/lib/python3/dist-packages/oslo_config/cfg.py:2609
2025-12-08 00:42:17.690 134592 DEBUG oslo_service.service [req-a41beb94-8349-48fa-a821-a4d16dea06f9 - - - - -] oslo_limit.cafile = None log_opt_values /usr/lib/python3/dist-packages/oslo_config/cfg.py:2609
2025-12-08 00:42:17.690 134592 DEBUG oslo_service.service [req-a41beb94-8349-48fa-a821-a4d16dea06f9 - - - - -] oslo_limit.certfile = None log_opt_values /usr/lib/python3/dist-packages/oslo_config/cfg.py:2609
2025-12-08 00:42:17.691 134592 DEBUG oslo_service.service [req-a41beb94-8349-48fa-a821-a4d16dea06f9 - - - - -] oslo_limit.collect_timing = False log_opt_values /usr/lib/python3/dist-packages/oslo_config/cfg.py:2609
2025-12-08 00:42:17.691 135036 DEBUG oslo_messaging._drivers.amqpdriver [-] received message msg_id: 484c8422bb5847edab61ac13b12802bb reply to reply_e69dd7ba4a3d4ce0a6e3684f87b7c1d0 __call__ /usr/lib/python3/dist-packages/oslo_messaging/_drivers/amqpdriver.py:320
2025-12-08 00:42:17.691 134592 DEBUG oslo_service.service [req-a41beb94-8349-48fa-a821-a4d16dea06f9 - - - - -] oslo_limit.connect_retries = None log_opt_values /usr/lib/python3/dist-packages/oslo_config/cfg.py:2609
2025-12-08 00:42:17.691 135036 DEBUG oslo_messaging._drivers.amqpdriver [-] Listener is running poll /usr/lib/python3/dist-packages/oslo_messaging/_drivers/amqpdriver.py:343
2025-12-08 00:42:17.691 134592 DEBUG oslo_service.service [req-a41beb94-8349-48fa-a821-a4d16dea06f9 - - - - -] oslo_limit.connect_retry_delay = None log_opt_values /usr/lib/python3/dist-packages/oslo_config/cfg.py:2609
2025-12-08 00:42:17.692 135036 DEBUG oslo_messaging._drivers.amqpdriver [-] Poll the incoming message with unique_id: a6277489ad0848b58ae62552b1749abf poll /usr/lib/python3/dist-packages/oslo_messaging/_drivers/amqpdriver.py:346
2025-12-08 00:42:17.692 134592 DEBUG oslo_service.service [req-a41beb94-8349-48fa-a821-a4d16dea06f9 - - - - -] oslo_limit.endpoint_id = None log_opt_values /usr/lib/python3/dist-packages/oslo_config/cfg.py:2609
2025-12-08 00:42:17.692 135036 DEBUG oslo_messaging._drivers.amqpdriver [-] Listener is running poll /usr/lib/python3/dist-packages/oslo_messaging/_drivers/amqpdriver.py:343
2025-12-08 00:42:17.692 135036 DEBUG oslo_messaging._drivers.amqpdriver [-] AMQPListener connection consume poll /usr/lib/python3/dist-packages/oslo_messaging/_drivers/amqpdriver.py:357
2025-12-08 00:42:17.692 134592 DEBUG oslo_service.service [req-a41beb94-8349-48fa-a821-a4d16dea06f9 - - - - -] oslo_limit.endpoint_override = None log_opt_values /usr/lib/python3/dist-packages/oslo_config/cfg.py:2609
2025-12-08 00:42:17.692 134592 DEBUG oslo_service.service [req-a41beb94-8349-48fa-a821-a4d16dea06f9 - - - - -] oslo_limit.insecure = False log_opt_values /usr/lib/python3/dist-packages/oslo_config/cfg.py:2609
2025-12-08 00:42:17.693 134592 DEBUG oslo_service.service [req-a41beb94-8349-48fa-a821-a4d16dea06f9 - - - - -] oslo_limit.keyfile = None log_opt_values /usr/lib/python3/dist-packages/oslo_config/cfg.py:2609
2025-12-08 00:42:17.693 134592 DEBUG oslo_service.service [req-a41beb94-8349-48fa-a821-a4d16dea06f9 - - - - -] oslo_limit.max_version = None log_opt_values /usr/lib/python3/dist-packages/oslo_config/cfg.py:2609
2025-12-08 00:42:17.693 134592 DEBUG oslo_service.service [req-a41beb94-8349-48fa-a821-a4d16dea06f9 - - - - -] oslo_limit.min_version = None log_opt_values /usr/lib/python3/dist-packages/oslo_config/cfg.py:2609
2025-12-08 00:42:17.693 134592 DEBUG oslo_service.service [req-a41beb94-8349-48fa-a821-a4d16dea06f9 - - - - -] oslo_limit.region_name = None log_opt_values /usr/lib/python3/dist-packages/oslo_config/cfg.py:2609
2025-12-08 00:42:17.694 134592 DEBUG oslo_service.service [req-a41beb94-8349-48fa-a821-a4d16dea06f9 - - - - -] oslo_limit.service_name = None log_opt_values /usr/lib/python3/dist-packages/oslo_config/cfg.py:2609
2025-12-08 00:42:17.694 134592 DEBUG oslo_service.service [req-a41beb94-8349-48fa-a821-a4d16dea06f9 - - - - -] oslo_limit.service_type = None log_opt_values /usr/lib/python3/dist-packages/oslo_config/cfg.py:2609
2025-12-08 00:42:17.694 134592 DEBUG oslo_service.service [req-a41beb94-8349-48fa-a821-a4d16dea06f9 - - - - -] oslo_limit.split_loggers = False log_opt_values /usr/lib/python3/dist-packages/oslo_config/cfg.py:2609
2025-12-08 00:42:17.695 134592 DEBUG oslo_service.service [req-a41beb94-8349-48fa-a821-a4d16dea06f9 - - - - -] oslo_limit.status_code_retries = None log_opt_values /usr/lib/python3/dist-packages/oslo_config/cfg.py:2609
2025-12-08 00:42:17.695 134592 DEBUG oslo_service.service [req-a41beb94-8349-48fa-a821-a4d16dea06f9 - - - - -] oslo_limit.status_code_retry_delay = None log_opt_values /usr/lib/python3/dist-packages/oslo_config/cfg.py:2609
2025-12-08 00:42:17.695 134592 DEBUG oslo_service.service [req-a41beb94-8349-48fa-a821-a4d16dea06f9 - - - - -] oslo_limit.timeout = None log_opt_values /usr/lib/python3/dist-packages/oslo_config/cfg.py:2609
2025-12-08 00:42:17.695 134592 DEBUG oslo_service.service [req-a41beb94-8349-48fa-a821-a4d16dea06f9 - - - - -] oslo_limit.valid_interfaces = None log_opt_values /usr/lib/python3/dist-packages/oslo_config/cfg.py:2609
2025-12-08 00:42:17.696 134592 DEBUG oslo_service.service [req-a41beb94-8349-48fa-a821-a4d16dea06f9 - - - - -] oslo_limit.version = None log_opt_values /usr/lib/python3/dist-packages/oslo_config/cfg.py:2609
2025-12-08 00:42:17.696 134592 DEBUG oslo_service.service [req-a41beb94-8349-48fa-a821-a4d16dea06f9 - - - - -] oslo_reports.file_event_handler = None log_opt_values /usr/lib/python3/dist-packages/oslo_config/cfg.py:2609
2025-12-08 00:42:17.696 134592 DEBUG oslo_service.service [req-a41beb94-8349-48fa-a821-a4d16dea06f9 - - - - -] oslo_reports.file_event_handler_interval = 1 log_opt_values /usr/lib/python3/dist-packages/oslo_config/cfg.py:2609
2025-12-08 00:42:17.697 134592 DEBUG oslo_service.service [req-a41beb94-8349-48fa-a821-a4d16dea06f9 - - - - -] oslo_reports.log_dir = None log_opt_values /usr/lib/python3/dist-packages/oslo_config/cfg.py:2609
2025-12-08 00:42:17.697 135036 DEBUG oslo_messaging._drivers.amqpdriver [-] AMQPListener connection timeout poll /usr/lib/python3/dist-packages/oslo_messaging/_drivers/amqpdriver.py:360
2025-12-08 00:42:17.697 134592 DEBUG oslo_service.service [req-a41beb94-8349-48fa-a821-a4d16dea06f9 - - - - -] ******************************************************************************** log_opt_values /usr/lib/python3/dist-packages/oslo_config/cfg.py:2613
2025-12-08 00:42:17.697 135036 DEBUG oslo_messaging._drivers.amqpdriver [-] Listener is running poll /usr/lib/python3/dist-packages/oslo_messaging/_drivers/amqpdriver.py:343
2025-12-08 00:42:17.697 135036 DEBUG oslo_messaging._drivers.amqpdriver [-] AMQPListener connection consume poll /usr/lib/python3/dist-packages/oslo_messaging/_drivers/amqpdriver.py:357
2025-12-08 00:42:17.712 135036 DEBUG oslo_messaging._drivers.amqpdriver [req-827feaab-ffe1-4404-ac58-a7e79db34289 - - - - -] sending reply msg_id: 484c8422bb5847edab61ac13b12802bb reply queue: reply_e69dd7ba4a3d4ce0a6e3684f87b7c1d0 time elapsed: 0.020685935000074096s _send_reply /usr/lib/python3/dist-packages/oslo_messaging/_drivers/amqpdriver.py:118
2025-12-08 00:42:17.718 135037 DEBUG oslo_messaging._drivers.amqpdriver [-] received message msg_id: 003cdf1bcf614d458e408af1ea216afa reply to reply_e69dd7ba4a3d4ce0a6e3684f87b7c1d0 __call__ /usr/lib/python3/dist-packages/oslo_messaging/_drivers/amqpdriver.py:320
2025-12-08 00:42:17.718 135037 DEBUG oslo_messaging._drivers.amqpdriver [-] Listener is running poll /usr/lib/python3/dist-packages/oslo_messaging/_drivers/amqpdriver.py:343
2025-12-08 00:42:17.718 135037 DEBUG oslo_messaging._drivers.amqpdriver [-] Poll the incoming message with unique_id: d653c216c2864da9a05d688ca3483ce0 poll /usr/lib/python3/dist-packages/oslo_messaging/_drivers/amqpdriver.py:346
2025-12-08 00:42:17.719 135037 DEBUG oslo_messaging._drivers.amqpdriver [-] Listener is running poll /usr/lib/python3/dist-packages/oslo_messaging/_drivers/amqpdriver.py:343
2025-12-08 00:42:17.719 135037 DEBUG oslo_messaging._drivers.amqpdriver [-] AMQPListener connection consume poll /usr/lib/python3/dist-packages/oslo_messaging/_drivers/amqpdriver.py:357
2025-12-08 00:42:17.726 135037 DEBUG oslo_messaging._drivers.amqpdriver [-] AMQPListener connection timeout poll /usr/lib/python3/dist-packages/oslo_messaging/_drivers/amqpdriver.py:360
2025-12-08 00:42:17.726 135037 DEBUG oslo_messaging._drivers.amqpdriver [-] Listener is running poll /usr/lib/python3/dist-packages/oslo_messaging/_drivers/amqpdriver.py:343
2025-12-08 00:42:17.726 135037 DEBUG oslo_messaging._drivers.amqpdriver [-] AMQPListener connection consume poll /usr/lib/python3/dist-packages/oslo_messaging/_drivers/amqpdriver.py:357
2025-12-08 00:42:17.727 135037 DEBUG oslo_messaging.rpc.server [req-56fff91c-1846-4599-adb7-450cd17de56c - - - - -] Expected exception during message handling () _process_incoming /usr/lib/python3/dist-packages/oslo_messaging/rpc/server.py:171
2025-12-08 00:42:17.728 135037 DEBUG oslo_messaging._drivers.amqpdriver [req-56fff91c-1846-4599-adb7-450cd17de56c - - - - -] sending reply msg_id: 003cdf1bcf614d458e408af1ea216afa reply queue: reply_e69dd7ba4a3d4ce0a6e3684f87b7c1d0 time elapsed: 0.009623385000395501s _send_reply /usr/lib/python3/dist-packages/oslo_messaging/_drivers/amqpdriver.py:118
2025-12-08 00:42:17.781 135038 DEBUG oslo_messaging._drivers.amqpdriver [-] received message msg_id: c2f99f88f12d49b8adb76ac63424fc73 reply to reply_e69dd7ba4a3d4ce0a6e3684f87b7c1d0 __call__ /usr/lib/python3/dist-packages/oslo_messaging/_drivers/amqpdriver.py:320
2025-12-08 00:42:17.781 135038 DEBUG oslo_messaging._drivers.amqpdriver [-] Listener is running poll /usr/lib/python3/dist-packages/oslo_messaging/_drivers/amqpdriver.py:343
2025-12-08 00:42:17.782 135038 DEBUG oslo_messaging._drivers.amqpdriver [-] Poll the incoming message with unique_id: a2bf5708b49e46cf93c29d8dae86c6d1 poll /usr/lib/python3/dist-packages/oslo_messaging/_drivers/amqpdriver.py:346
2025-12-08 00:42:17.782 135038 DEBUG oslo_messaging._drivers.amqpdriver [-] Listener is running poll /usr/lib/python3/dist-packages/oslo_messaging/_drivers/amqpdriver.py:343
2025-12-08 00:42:17.782 135038 DEBUG oslo_messaging._drivers.amqpdriver [-] AMQPListener connection consume poll /usr/lib/python3/dist-packages/oslo_messaging/_drivers/amqpdriver.py:357
2025-12-08 00:42:17.785 135038 DEBUG oslo_messaging._drivers.amqpdriver [-] AMQPListener connection timeout poll /usr/lib/python3/dist-packages/oslo_messaging/_drivers/amqpdriver.py:360
2025-12-08 00:42:17.785 135038 DEBUG oslo_messaging._drivers.amqpdriver [-] Listener is running poll /usr/lib/python3/dist-packages/oslo_messaging/_drivers/amqpdriver.py:343
2025-12-08 00:42:17.786 135038 DEBUG oslo_messaging._drivers.amqpdriver [-] AMQPListener connection consume poll /usr/lib/python3/dist-packages/oslo_messaging/_drivers/amqpdriver.py:357
2025-12-08 00:42:17.792 135038 DEBUG oslo_messaging.rpc.server [req-56fff91c-1846-4599-adb7-450cd17de56c - - - - -] Expected exception during message handling () _process_incoming /usr/lib/python3/dist-packages/oslo_messaging/rpc/server.py:171
2025-12-08 00:42:17.795 135038 DEBUG oslo_messaging._drivers.amqpdriver [req-56fff91c-1846-4599-adb7-450cd17de56c - - - - -] sending reply msg_id: c2f99f88f12d49b8adb76ac63424fc73 reply queue: reply_e69dd7ba4a3d4ce0a6e3684f87b7c1d0 time elapsed: 0.013274507999994967s _send_reply /usr/lib/python3/dist-packages/oslo_messaging/_drivers/amqpdriver.py:118
2025-12-08 00:42:17.801 135035 DEBUG oslo_messaging._drivers.amqpdriver [-] received message msg_id: 7d9432b0841b4fd297197d93d598c493 reply to reply_e69dd7ba4a3d4ce0a6e3684f87b7c1d0 __call__ /usr/lib/python3/dist-packages/oslo_messaging/_drivers/amqpdriver.py:320
2025-12-08 00:42:17.801 135035 DEBUG oslo_messaging._drivers.amqpdriver [-] Listener is running poll /usr/lib/python3/dist-packages/oslo_messaging/_drivers/amqpdriver.py:343
2025-12-08 00:42:17.802 135035 DEBUG oslo_messaging._drivers.amqpdriver [-] Poll the incoming message with unique_id: 94c048bb94a84642a5dae8dee8d19bb8 poll /usr/lib/python3/dist-packages/oslo_messaging/_drivers/amqpdriver.py:346
2025-12-08 00:42:17.802 135035 DEBUG oslo_messaging._drivers.amqpdriver [-] Listener is running poll /usr/lib/python3/dist-packages/oslo_messaging/_drivers/amqpdriver.py:343
2025-12-08 00:42:17.802 135035 DEBUG oslo_messaging._drivers.amqpdriver [-] AMQPListener connection consume poll /usr/lib/python3/dist-packages/oslo_messaging/_drivers/amqpdriver.py:357
2025-12-08 00:42:17.808 135035 DEBUG oslo_messaging._drivers.amqpdriver [-] AMQPListener connection timeout poll /usr/lib/python3/dist-packages/oslo_messaging/_drivers/amqpdriver.py:360
2025-12-08 00:42:17.808 135035 DEBUG oslo_messaging._drivers.amqpdriver [-] Listener is running poll /usr/lib/python3/dist-packages/oslo_messaging/_drivers/amqpdriver.py:343
2025-12-08 00:42:17.809 135035 DEBUG oslo_messaging._drivers.amqpdriver [-] AMQPListener connection consume poll /usr/lib/python3/dist-packages/oslo_messaging/_drivers/amqpdriver.py:357
2025-12-08 00:42:17.831 135035 DEBUG oslo_messaging._drivers.amqpdriver [req-56fff91c-1846-4599-adb7-450cd17de56c - - - - -] sending reply msg_id: 7d9432b0841b4fd297197d93d598c493 reply queue: reply_e69dd7ba4a3d4ce0a6e3684f87b7c1d0 time elapsed: 0.02990671099996689s _send_reply /usr/lib/python3/dist-packages/oslo_messaging/_drivers/amqpdriver.py:118
2025-12-08 00:42:17.838 135036 DEBUG oslo_messaging._drivers.amqpdriver [-] received message msg_id: 93ea0e46b4514419a7b087b8e70ff6cd reply to reply_e69dd7ba4a3d4ce0a6e3684f87b7c1d0 __call__ /usr/lib/python3/dist-packages/oslo_messaging/_drivers/amqpdriver.py:320
2025-12-08 00:42:17.839 135036 DEBUG oslo_messaging._drivers.amqpdriver [-] Listener is running poll /usr/lib/python3/dist-packages/oslo_messaging/_drivers/amqpdriver.py:343
2025-12-08 00:42:17.839 135036 DEBUG oslo_messaging._drivers.amqpdriver [-] Poll the incoming message with unique_id: b9f95585613549ea8fa82825d5607946 poll /usr/lib/python3/dist-packages/oslo_messaging/_drivers/amqpdriver.py:346
2025-12-08 00:42:17.839 135036 DEBUG oslo_messaging._drivers.amqpdriver [-] Listener is running poll /usr/lib/python3/dist-packages/oslo_messaging/_drivers/amqpdriver.py:343
2025-12-08 00:42:17.839 135036 DEBUG oslo_messaging._drivers.amqpdriver [-] AMQPListener connection consume poll /usr/lib/python3/dist-packages/oslo_messaging/_drivers/amqpdriver.py:357
2025-12-08 00:42:17.841 135036 DEBUG oslo_messaging._drivers.amqpdriver [-] AMQPListener connection timeout poll /usr/lib/python3/dist-packages/oslo_messaging/_drivers/amqpdriver.py:360
2025-12-08 00:42:17.841 135036 DEBUG oslo_messaging._drivers.amqpdriver [-] Listener is running poll /usr/lib/python3/dist-packages/oslo_messaging/_drivers/amqpdriver.py:343
2025-12-08 00:42:17.841 135036 DEBUG oslo_messaging._drivers.amqpdriver [-] AMQPListener connection consume poll /usr/lib/python3/dist-packages/oslo_messaging/_drivers/amqpdriver.py:357
2025-12-08 00:42:17.847 135036 DEBUG oslo_messaging._drivers.amqpdriver [req-56fff91c-1846-4599-adb7-450cd17de56c - - - - -] sending reply msg_id: 93ea0e46b4514419a7b087b8e70ff6cd reply queue: reply_e69dd7ba4a3d4ce0a6e3684f87b7c1d0 time elapsed: 0.008414391999849613s _send_reply /usr/lib/python3/dist-packages/oslo_messaging/_drivers/amqpdriver.py:118
2025-12-08 00:42:17.854 135037 DEBUG oslo_messaging._drivers.amqpdriver [-] received message msg_id: c61e13f4cbcc40a397e96e0287ec3ebf reply to reply_e69dd7ba4a3d4ce0a6e3684f87b7c1d0 __call__ /usr/lib/python3/dist-packages/oslo_messaging/_drivers/amqpdriver.py:320
2025-12-08 00:42:17.855 135037 DEBUG oslo_messaging._drivers.amqpdriver [-] Listener is running poll /usr/lib/python3/dist-packages/oslo_messaging/_drivers/amqpdriver.py:343
2025-12-08 00:42:17.855 135037 DEBUG oslo_messaging._drivers.amqpdriver [-] Poll the incoming message with unique_id: e37262475e0241a0b9816951cca1422b poll /usr/lib/python3/dist-packages/oslo_messaging/_drivers/amqpdriver.py:346
2025-12-08 00:42:17.855 135037 DEBUG oslo_messaging._drivers.amqpdriver [-] Listener is running poll /usr/lib/python3/dist-packages/oslo_messaging/_drivers/amqpdriver.py:343
2025-12-08 00:42:17.855 135037 DEBUG oslo_messaging._drivers.amqpdriver [-] AMQPListener connection consume poll /usr/lib/python3/dist-packages/oslo_messaging/_drivers/amqpdriver.py:357
2025-12-08 00:42:17.858 135037 DEBUG oslo_messaging._drivers.amqpdriver [-] AMQPListener connection timeout poll /usr/lib/python3/dist-packages/oslo_messaging/_drivers/amqpdriver.py:360
2025-12-08 00:42:17.858 135037 DEBUG oslo_messaging._drivers.amqpdriver [-] Listener is running poll /usr/lib/python3/dist-packages/oslo_messaging/_drivers/amqpdriver.py:343
2025-12-08 00:42:17.858 135037 DEBUG oslo_messaging._drivers.amqpdriver [-] AMQPListener connection consume poll /usr/lib/python3/dist-packages/oslo_messaging/_drivers/amqpdriver.py:357
2025-12-08 00:42:17.875 135037 DEBUG oslo_messaging._drivers.amqpdriver [req-56fff91c-1846-4599-adb7-450cd17de56c - - - - -] sending reply msg_id: c61e13f4cbcc40a397e96e0287ec3ebf reply queue: reply_e69dd7ba4a3d4ce0a6e3684f87b7c1d0 time elapsed: 0.0202532240000437s _send_reply /usr/lib/python3/dist-packages/oslo_messaging/_drivers/amqpdriver.py:118
2025-12-08 00:42:17.879 135038 DEBUG oslo_messaging._drivers.amqpdriver [-] received message msg_id: 63c4caa15d8a4032bb915b9408d9af3f reply to reply_e69dd7ba4a3d4ce0a6e3684f87b7c1d0 __call__ /usr/lib/python3/dist-packages/oslo_messaging/_drivers/amqpdriver.py:320
2025-12-08 00:42:17.879 135038 DEBUG oslo_messaging._drivers.amqpdriver [-] Listener is running poll /usr/lib/python3/dist-packages/oslo_messaging/_drivers/amqpdriver.py:343
2025-12-08 00:42:17.879 135038 DEBUG oslo_messaging._drivers.amqpdriver [-] Poll the incoming message with unique_id: f9d05c988608443d9961ebde81c57f00 poll /usr/lib/python3/dist-packages/oslo_messaging/_drivers/amqpdriver.py:346
2025-12-08 00:42:17.880 135038 DEBUG oslo_messaging._drivers.amqpdriver [-] Listener is running poll /usr/lib/python3/dist-packages/oslo_messaging/_drivers/amqpdriver.py:343
2025-12-08 00:42:17.880 135038 DEBUG oslo_messaging._drivers.amqpdriver [-] AMQPListener connection consume poll /usr/lib/python3/dist-packages/oslo_messaging/_drivers/amqpdriver.py:357
