2025-12-08 00:36:06.720 38610 DEBUG oslo_service.service [-] revision.heat_revision = unknown log_opt_values /usr/lib/python3/dist-packages/oslo_config/cfg.py:2609
2025-12-08 00:36:06.720 38610 DEBUG oslo_service.service [-] volumes.backups_enabled = True log_opt_values /usr/lib/python3/dist-packages/oslo_config/cfg.py:2609
2025-12-08 00:36:06.720 38610 DEBUG oslo_service.service [-] noauth.token_response = log_opt_values /usr/lib/python3/dist-packages/oslo_config/cfg.py:2609
2025-12-08 00:36:06.720 38610 DEBUG oslo_service.service [-] clients.ca_file = None log_opt_values /usr/lib/python3/dist-packages/oslo_config/cfg.py:2609
2025-12-08 00:36:06.724 38610 DEBUG oslo_service.service [-] clients.cert_file = None log_opt_values /usr/lib/python3/dist-packages/oslo_config/cfg.py:2609
2025-12-08 00:36:06.724 38610 DEBUG oslo_service.service [-] clients.endpoint_type = publicURL log_opt_values /usr/lib/python3/dist-packages/oslo_config/cfg.py:2609
2025-12-08 00:36:06.724 38610 DEBUG oslo_service.service [-] clients.insecure = False log_opt_values /usr/lib/python3/dist-packages/oslo_config/cfg.py:2609
2025-12-08 00:36:06.724 38610 DEBUG oslo_service.service [-] clients.key_file = None log_opt_values /usr/lib/python3/dist-packages/oslo_config/cfg.py:2609
2025-12-08 00:36:06.725 38610 DEBUG oslo_service.service [-] clients_aodh.ca_file = None log_opt_values /usr/lib/python3/dist-packages/oslo_config/cfg.py:2609
2025-12-08 00:36:06.725 38610 DEBUG oslo_service.service [-] clients_aodh.cert_file = None log_opt_values /usr/lib/python3/dist-packages/oslo_config/cfg.py:2609
2025-12-08 00:36:06.725 38610 DEBUG oslo_service.service [-] clients_aodh.endpoint_type = None log_opt_values /usr/lib/python3/dist-packages/oslo_config/cfg.py:2609
2025-12-08 00:36:06.725 38610 DEBUG oslo_service.service [-] clients_aodh.insecure = None log_opt_values /usr/lib/python3/dist-packages/oslo_config/cfg.py:2609
2025-12-08 00:36:06.725 38610 DEBUG oslo_service.service [-] clients_aodh.key_file = None log_opt_values /usr/lib/python3/dist-packages/oslo_config/cfg.py:2609
2025-12-08 00:36:06.726 38610 DEBUG oslo_service.service [-] clients_barbican.ca_file = None log_opt_values /usr/lib/python3/dist-packages/oslo_config/cfg.py:2609
2025-12-08 00:36:06.726 38610 DEBUG oslo_service.service [-] clients_barbican.cert_file = None log_opt_values /usr/lib/python3/dist-packages/oslo_config/cfg.py:2609
2025-12-08 00:36:06.726 38610 DEBUG oslo_service.service [-] clients_barbican.endpoint_type = None log_opt_values /usr/lib/python3/dist-packages/oslo_config/cfg.py:2609
2025-12-08 00:36:06.727 38610 DEBUG oslo_service.service [-] clients_barbican.insecure = None log_opt_values /usr/lib/python3/dist-packages/oslo_config/cfg.py:2609
2025-12-08 00:36:06.727 38610 DEBUG oslo_service.service [-] clients_barbican.key_file = None log_opt_values /usr/lib/python3/dist-packages/oslo_config/cfg.py:2609
2025-12-08 00:36:06.727 38610 DEBUG oslo_service.service [-] clients_cinder.ca_file = None log_opt_values /usr/lib/python3/dist-packages/oslo_config/cfg.py:2609
2025-12-08 00:36:06.727 38610 DEBUG oslo_service.service [-] clients_cinder.cert_file = None log_opt_values /usr/lib/python3/dist-packages/oslo_config/cfg.py:2609
2025-12-08 00:36:06.727 38610 DEBUG oslo_service.service [-] clients_cinder.endpoint_type = None log_opt_values /usr/lib/python3/dist-packages/oslo_config/cfg.py:2609
2025-12-08 00:36:06.728 38610 DEBUG oslo_service.service [-] clients_cinder.http_log_debug = False log_opt_values /usr/lib/python3/dist-packages/oslo_config/cfg.py:2609
2025-12-08 00:36:06.728 38610 DEBUG oslo_service.service [-] clients_cinder.insecure = None log_opt_values /usr/lib/python3/dist-packages/oslo_config/cfg.py:2609
2025-12-08 00:36:06.728 38610 DEBUG oslo_service.service [-] clients_cinder.key_file = None log_opt_values /usr/lib/python3/dist-packages/oslo_config/cfg.py:2609
2025-12-08 00:36:06.728 38610 DEBUG oslo_service.service [-] clients_designate.ca_file = None log_opt_values /usr/lib/python3/dist-packages/oslo_config/cfg.py:2609
2025-12-08 00:36:06.729 38610 DEBUG oslo_service.service [-] clients_designate.cert_file = None log_opt_values /usr/lib/python3/dist-packages/oslo_config/cfg.py:2609
2025-12-08 00:36:06.729 38610 DEBUG oslo_service.service [-] clients_designate.endpoint_type = None log_opt_values /usr/lib/python3/dist-packages/oslo_config/cfg.py:2609
2025-12-08 00:36:06.729 38610 DEBUG oslo_service.service [-] clients_designate.insecure = None log_opt_values /usr/lib/python3/dist-packages/oslo_config/cfg.py:2609
2025-12-08 00:36:06.729 38610 DEBUG oslo_service.service [-] clients_designate.key_file = None log_opt_values /usr/lib/python3/dist-packages/oslo_config/cfg.py:2609
2025-12-08 00:36:06.729 38610 DEBUG oslo_service.service [-] clients_glance.ca_file = None log_opt_values /usr/lib/python3/dist-packages/oslo_config/cfg.py:2609
2025-12-08 00:36:06.729 38610 DEBUG oslo_service.service [-] clients_glance.cert_file = None log_opt_values /usr/lib/python3/dist-packages/oslo_config/cfg.py:2609
2025-12-08 00:36:06.729 38610 DEBUG oslo_service.service [-] clients_glance.endpoint_type = None log_opt_values /usr/lib/python3/dist-packages/oslo_config/cfg.py:2609
2025-12-08 00:36:06.729 38610 DEBUG oslo_service.service [-] clients_glance.insecure = None log_opt_values /usr/lib/python3/dist-packages/oslo_config/cfg.py:2609
2025-12-08 00:36:06.729 38610 DEBUG oslo_service.service [-] clients_glance.key_file = None log_opt_values /usr/lib/python3/dist-packages/oslo_config/cfg.py:2609
2025-12-08 00:36:06.730 38610 DEBUG oslo_service.service [-] clients_heat.ca_file = None log_opt_values /usr/lib/python3/dist-packages/oslo_config/cfg.py:2609
2025-12-08 00:36:06.730 38610 DEBUG oslo_service.service [-] clients_heat.cert_file = None log_opt_values /usr/lib/python3/dist-packages/oslo_config/cfg.py:2609
2025-12-08 00:36:06.730 38610 DEBUG oslo_service.service [-] clients_heat.endpoint_type = None log_opt_values /usr/lib/python3/dist-packages/oslo_config/cfg.py:2609
2025-12-08 00:36:06.730 38610 DEBUG oslo_service.service [-] clients_heat.insecure = None log_opt_values /usr/lib/python3/dist-packages/oslo_config/cfg.py:2609
2025-12-08 00:36:06.730 38610 DEBUG oslo_service.service [-] clients_heat.key_file = None log_opt_values /usr/lib/python3/dist-packages/oslo_config/cfg.py:2609
2025-12-08 00:36:06.730 38610 DEBUG oslo_service.service [-] clients_heat.url = log_opt_values /usr/lib/python3/dist-packages/oslo_config/cfg.py:2609
2025-12-08 00:36:06.730 38610 DEBUG oslo_service.service [-] clients_keystone.auth_uri = http://252.41.34.207:5050 log_opt_values /usr/lib/python3/dist-packages/oslo_config/cfg.py:2609
2025-12-08 00:36:06.731 38610 DEBUG oslo_service.service [-] clients_keystone.ca_file = None log_opt_values /usr/lib/python3/dist-packages/oslo_config/cfg.py:2609
2025-12-08 00:36:06.731 38610 DEBUG oslo_service.service [-] clients_keystone.cert_file = None log_opt_values /usr/lib/python3/dist-packages/oslo_config/cfg.py:2609
2025-12-08 00:36:06.732 38610 DEBUG oslo_service.service [-] clients_keystone.endpoint_type = None log_opt_values /usr/lib/python3/dist-packages/oslo_config/cfg.py:2609
2025-12-08 00:36:06.732 38610 DEBUG oslo_service.service [-] clients_keystone.insecure = None log_opt_values /usr/lib/python3/dist-packages/oslo_config/cfg.py:2609
2025-12-08 00:36:06.733 38610 DEBUG oslo_service.service [-] clients_keystone.key_file = None log_opt_values /usr/lib/python3/dist-packages/oslo_config/cfg.py:2609
2025-12-08 00:36:06.733 38610 DEBUG oslo_service.service [-] clients_magnum.ca_file = None log_opt_values /usr/lib/python3/dist-packages/oslo_config/cfg.py:2609
2025-12-08 00:36:06.733 38610 DEBUG oslo_service.service [-] clients_magnum.cert_file = None log_opt_values /usr/lib/python3/dist-packages/oslo_config/cfg.py:2609
2025-12-08 00:36:06.734 38610 DEBUG oslo_service.service [-] clients_magnum.endpoint_type = None log_opt_values /usr/lib/python3/dist-packages/oslo_config/cfg.py:2609
2025-12-08 00:36:06.735 38610 DEBUG oslo_service.service [-] clients_magnum.insecure = None log_opt_values /usr/lib/python3/dist-packages/oslo_config/cfg.py:2609
2025-12-08 00:36:06.731 38832 INFO heat.engine.worker [-] Starting engine_worker (1.4) in engine 44f93191-29ff-4c2e-a91a-9a14f6f45890.
2025-12-08 00:36:06.735 38610 DEBUG oslo_service.service [-] clients_magnum.key_file = None log_opt_values /usr/lib/python3/dist-packages/oslo_config/cfg.py:2609
2025-12-08 00:36:06.738 38610 DEBUG oslo_service.service [-] clients_manila.ca_file = None log_opt_values /usr/lib/python3/dist-packages/oslo_config/cfg.py:2609
2025-12-08 00:36:06.738 38610 DEBUG oslo_service.service [-] clients_manila.cert_file = None log_opt_values /usr/lib/python3/dist-packages/oslo_config/cfg.py:2609
2025-12-08 00:36:06.748 38610 DEBUG oslo_service.service [-] clients_manila.endpoint_type = None log_opt_values /usr/lib/python3/dist-packages/oslo_config/cfg.py:2609
2025-12-08 00:36:06.748 38610 DEBUG oslo_service.service [-] clients_manila.insecure = None log_opt_values /usr/lib/python3/dist-packages/oslo_config/cfg.py:2609
2025-12-08 00:36:06.748 38610 DEBUG oslo_service.service [-] clients_manila.key_file = None log_opt_values /usr/lib/python3/dist-packages/oslo_config/cfg.py:2609
2025-12-08 00:36:06.748 38610 DEBUG oslo_service.service [-] clients_mistral.ca_file = None log_opt_values /usr/lib/python3/dist-packages/oslo_config/cfg.py:2609
2025-12-08 00:36:06.748 38610 DEBUG oslo_service.service [-] clients_mistral.cert_file = None log_opt_values /usr/lib/python3/dist-packages/oslo_config/cfg.py:2609
2025-12-08 00:36:06.748 38610 DEBUG oslo_service.service [-] clients_mistral.endpoint_type = None log_opt_values /usr/lib/python3/dist-packages/oslo_config/cfg.py:2609
2025-12-08 00:36:06.749 38610 DEBUG oslo_service.service [-] clients_mistral.insecure = None log_opt_values /usr/lib/python3/dist-packages/oslo_config/cfg.py:2609
2025-12-08 00:36:06.749 38610 DEBUG oslo_service.service [-] clients_mistral.key_file = None log_opt_values /usr/lib/python3/dist-packages/oslo_config/cfg.py:2609
2025-12-08 00:36:06.750 38610 DEBUG oslo_service.service [-] clients_monasca.ca_file = None log_opt_values /usr/lib/python3/dist-packages/oslo_config/cfg.py:2609
2025-12-08 00:36:06.750 38610 DEBUG oslo_service.service [-] clients_monasca.cert_file = None log_opt_values /usr/lib/python3/dist-packages/oslo_config/cfg.py:2609
2025-12-08 00:36:06.750 38610 DEBUG oslo_service.service [-] clients_monasca.endpoint_type = None log_opt_values /usr/lib/python3/dist-packages/oslo_config/cfg.py:2609
2025-12-08 00:36:06.751 38610 DEBUG oslo_service.service [-] clients_monasca.insecure = None log_opt_values /usr/lib/python3/dist-packages/oslo_config/cfg.py:2609
2025-12-08 00:36:06.751 38610 DEBUG oslo_service.service [-] clients_monasca.key_file = None log_opt_values /usr/lib/python3/dist-packages/oslo_config/cfg.py:2609
2025-12-08 00:36:06.751 38610 DEBUG oslo_service.service [-] clients_neutron.ca_file = None log_opt_values /usr/lib/python3/dist-packages/oslo_config/cfg.py:2609
2025-12-08 00:36:06.751 38610 DEBUG oslo_service.service [-] clients_neutron.cert_file = None log_opt_values /usr/lib/python3/dist-packages/oslo_config/cfg.py:2609
2025-12-08 00:36:06.751 38610 DEBUG oslo_service.service [-] clients_neutron.endpoint_type = None log_opt_values /usr/lib/python3/dist-packages/oslo_config/cfg.py:2609
2025-12-08 00:36:06.751 38610 DEBUG oslo_service.service [-] clients_neutron.insecure = None log_opt_values /usr/lib/python3/dist-packages/oslo_config/cfg.py:2609
2025-12-08 00:36:06.752 38610 DEBUG oslo_service.service [-] clients_neutron.key_file = None log_opt_values /usr/lib/python3/dist-packages/oslo_config/cfg.py:2609
2025-12-08 00:36:06.752 38610 DEBUG oslo_service.service [-] clients_nova.ca_file = None log_opt_values /usr/lib/python3/dist-packages/oslo_config/cfg.py:2609
2025-12-08 00:36:06.752 38610 DEBUG oslo_service.service [-] clients_nova.cert_file = None log_opt_values /usr/lib/python3/dist-packages/oslo_config/cfg.py:2609
2025-12-08 00:36:06.752 38610 DEBUG oslo_service.service [-] clients_nova.endpoint_type = None log_opt_values /usr/lib/python3/dist-packages/oslo_config/cfg.py:2609
2025-12-08 00:36:06.752 38610 DEBUG oslo_service.service [-] clients_nova.http_log_debug = False log_opt_values /usr/lib/python3/dist-packages/oslo_config/cfg.py:2609
2025-12-08 00:36:06.752 38610 DEBUG oslo_service.service [-] clients_nova.insecure = None log_opt_values /usr/lib/python3/dist-packages/oslo_config/cfg.py:2609
2025-12-08 00:36:06.753 38610 DEBUG oslo_service.service [-] clients_nova.key_file = None log_opt_values /usr/lib/python3/dist-packages/oslo_config/cfg.py:2609
2025-12-08 00:36:06.753 38610 DEBUG oslo_service.service [-] clients_octavia.ca_file = None log_opt_values /usr/lib/python3/dist-packages/oslo_config/cfg.py:2609
2025-12-08 00:36:06.754 38610 DEBUG oslo_service.service [-] clients_octavia.cert_file = None log_opt_values /usr/lib/python3/dist-packages/oslo_config/cfg.py:2609
2025-12-08 00:36:06.754 38610 DEBUG oslo_service.service [-] clients_octavia.endpoint_type = None log_opt_values /usr/lib/python3/dist-packages/oslo_config/cfg.py:2609
2025-12-08 00:36:06.754 38610 DEBUG oslo_service.service [-] clients_octavia.insecure = None log_opt_values /usr/lib/python3/dist-packages/oslo_config/cfg.py:2609
2025-12-08 00:36:06.754 38610 DEBUG oslo_service.service [-] clients_octavia.key_file = None log_opt_values /usr/lib/python3/dist-packages/oslo_config/cfg.py:2609
2025-12-08 00:36:06.754 38610 DEBUG oslo_service.service [-] clients_sahara.ca_file = None log_opt_values /usr/lib/python3/dist-packages/oslo_config/cfg.py:2609
2025-12-08 00:36:06.755 38610 DEBUG oslo_service.service [-] clients_sahara.cert_file = None log_opt_values /usr/lib/python3/dist-packages/oslo_config/cfg.py:2609
2025-12-08 00:36:06.755 38610 DEBUG oslo_service.service [-] clients_sahara.endpoint_type = None log_opt_values /usr/lib/python3/dist-packages/oslo_config/cfg.py:2609
2025-12-08 00:36:06.755 38610 DEBUG oslo_service.service [-] clients_sahara.insecure = None log_opt_values /usr/lib/python3/dist-packages/oslo_config/cfg.py:2609
2025-12-08 00:36:06.755 38610 DEBUG oslo_service.service [-] clients_sahara.key_file = None log_opt_values /usr/lib/python3/dist-packages/oslo_config/cfg.py:2609
2025-12-08 00:36:06.755 38610 DEBUG oslo_service.service [-] clients_senlin.ca_file = None log_opt_values /usr/lib/python3/dist-packages/oslo_config/cfg.py:2609
2025-12-08 00:36:06.756 38610 DEBUG oslo_service.service [-] clients_senlin.cert_file = None log_opt_values /usr/lib/python3/dist-packages/oslo_config/cfg.py:2609
2025-12-08 00:36:06.756 38610 DEBUG oslo_service.service [-] clients_senlin.endpoint_type = None log_opt_values /usr/lib/python3/dist-packages/oslo_config/cfg.py:2609
2025-12-08 00:36:06.759 38610 DEBUG oslo_service.service [-] clients_senlin.insecure = None log_opt_values /usr/lib/python3/dist-packages/oslo_config/cfg.py:2609
2025-12-08 00:36:06.759 38610 DEBUG oslo_service.service [-] clients_senlin.key_file = None log_opt_values /usr/lib/python3/dist-packages/oslo_config/cfg.py:2609
2025-12-08 00:36:06.760 38610 DEBUG oslo_service.service [-] clients_swift.ca_file = None log_opt_values /usr/lib/python3/dist-packages/oslo_config/cfg.py:2609
2025-12-08 00:36:06.762 38610 DEBUG oslo_service.service [-] clients_swift.cert_file = None log_opt_values /usr/lib/python3/dist-packages/oslo_config/cfg.py:2609
2025-12-08 00:36:06.762 38610 DEBUG oslo_service.service [-] clients_swift.endpoint_type = None log_opt_values /usr/lib/python3/dist-packages/oslo_config/cfg.py:2609
2025-12-08 00:36:06.762 38610 DEBUG oslo_service.service [-] clients_swift.insecure = None log_opt_values /usr/lib/python3/dist-packages/oslo_config/cfg.py:2609
2025-12-08 00:36:06.763 38610 DEBUG oslo_service.service [-] clients_swift.key_file = None log_opt_values /usr/lib/python3/dist-packages/oslo_config/cfg.py:2609
2025-12-08 00:36:06.763 38610 DEBUG oslo_service.service [-] clients_trove.ca_file = None log_opt_values /usr/lib/python3/dist-packages/oslo_config/cfg.py:2609
2025-12-08 00:36:06.763 38610 DEBUG oslo_service.service [-] clients_trove.cert_file = None log_opt_values /usr/lib/python3/dist-packages/oslo_config/cfg.py:2609
2025-12-08 00:36:06.763 38610 DEBUG oslo_service.service [-] clients_trove.endpoint_type = None log_opt_values /usr/lib/python3/dist-packages/oslo_config/cfg.py:2609
2025-12-08 00:36:06.764 38610 DEBUG oslo_service.service [-] clients_trove.insecure = None log_opt_values /usr/lib/python3/dist-packages/oslo_config/cfg.py:2609
2025-12-08 00:36:06.766 38610 DEBUG oslo_service.service [-] clients_trove.key_file = None log_opt_values /usr/lib/python3/dist-packages/oslo_config/cfg.py:2609
2025-12-08 00:36:06.766 38610 DEBUG oslo_service.service [-] clients_vitrage.ca_file = None log_opt_values /usr/lib/python3/dist-packages/oslo_config/cfg.py:2609
2025-12-08 00:36:06.766 38610 DEBUG oslo_service.service [-] clients_vitrage.cert_file = None log_opt_values /usr/lib/python3/dist-packages/oslo_config/cfg.py:2609
2025-12-08 00:36:06.766 38610 DEBUG oslo_service.service [-] clients_vitrage.endpoint_type = None log_opt_values /usr/lib/python3/dist-packages/oslo_config/cfg.py:2609
2025-12-08 00:36:06.766 38610 DEBUG oslo_service.service [-] clients_vitrage.insecure = None log_opt_values /usr/lib/python3/dist-packages/oslo_config/cfg.py:2609
2025-12-08 00:36:06.767 38610 DEBUG oslo_service.service [-] clients_vitrage.key_file = None log_opt_values /usr/lib/python3/dist-packages/oslo_config/cfg.py:2609
2025-12-08 00:36:06.768 38610 DEBUG oslo_service.service [-] clients_zaqar.ca_file = None log_opt_values /usr/lib/python3/dist-packages/oslo_config/cfg.py:2609
2025-12-08 00:36:06.768 38610 DEBUG oslo_service.service [-] clients_zaqar.cert_file = None log_opt_values /usr/lib/python3/dist-packages/oslo_config/cfg.py:2609
2025-12-08 00:36:06.768 38610 DEBUG oslo_service.service [-] clients_zaqar.endpoint_type = None log_opt_values /usr/lib/python3/dist-packages/oslo_config/cfg.py:2609
2025-12-08 00:36:06.768 38610 DEBUG oslo_service.service [-] clients_zaqar.insecure = None log_opt_values /usr/lib/python3/dist-packages/oslo_config/cfg.py:2609
2025-12-08 00:36:06.770 38610 DEBUG oslo_service.service [-] clients_zaqar.key_file = None log_opt_values /usr/lib/python3/dist-packages/oslo_config/cfg.py:2609
2025-12-08 00:36:06.770 38610 DEBUG oslo_service.service [-] database.backend = sqlalchemy log_opt_values /usr/lib/python3/dist-packages/oslo_config/cfg.py:2609
2025-12-08 00:36:06.771 38610 DEBUG oslo_service.service [-] database.connection = **** log_opt_values /usr/lib/python3/dist-packages/oslo_config/cfg.py:2609
2025-12-08 00:36:06.771 38610 DEBUG oslo_service.service [-] database.connection_debug = 0 log_opt_values /usr/lib/python3/dist-packages/oslo_config/cfg.py:2609
2025-12-08 00:36:06.772 38610 DEBUG oslo_service.service [-] database.connection_parameters = log_opt_values /usr/lib/python3/dist-packages/oslo_config/cfg.py:2609
2025-12-08 00:36:06.772 38610 DEBUG oslo_service.service [-] database.connection_recycle_time = 3600 log_opt_values /usr/lib/python3/dist-packages/oslo_config/cfg.py:2609
2025-12-08 00:36:06.772 38610 DEBUG oslo_service.service [-] database.connection_trace = False log_opt_values /usr/lib/python3/dist-packages/oslo_config/cfg.py:2609
2025-12-08 00:36:06.772 38610 DEBUG oslo_service.service [-] database.db_inc_retry_interval = True log_opt_values /usr/lib/python3/dist-packages/oslo_config/cfg.py:2609
2025-12-08 00:36:06.772 38610 DEBUG oslo_service.service [-] database.db_max_retries = 20 log_opt_values /usr/lib/python3/dist-packages/oslo_config/cfg.py:2609
2025-12-08 00:36:06.773 38610 DEBUG oslo_service.service [-] database.db_max_retry_interval = 10 log_opt_values /usr/lib/python3/dist-packages/oslo_config/cfg.py:2609
2025-12-08 00:36:06.773 38610 DEBUG oslo_service.service [-] database.db_retry_interval = 1 log_opt_values /usr/lib/python3/dist-packages/oslo_config/cfg.py:2609
2025-12-08 00:36:06.773 38610 DEBUG oslo_service.service [-] database.max_overflow = 50 log_opt_values /usr/lib/python3/dist-packages/oslo_config/cfg.py:2609
2025-12-08 00:36:06.773 38610 DEBUG oslo_service.service [-] database.max_pool_size = 5 log_opt_values /usr/lib/python3/dist-packages/oslo_config/cfg.py:2609
2025-12-08 00:36:06.773 38610 DEBUG oslo_service.service [-] database.max_retries = 10 log_opt_values /usr/lib/python3/dist-packages/oslo_config/cfg.py:2609
2025-12-08 00:36:06.773 38610 DEBUG oslo_service.service [-] database.mysql_enable_ndb = False log_opt_values /usr/lib/python3/dist-packages/oslo_config/cfg.py:2609
2025-12-08 00:36:06.775 38610 DEBUG oslo_service.service [-] database.mysql_sql_mode = TRADITIONAL log_opt_values /usr/lib/python3/dist-packages/oslo_config/cfg.py:2609
2025-12-08 00:36:06.775 38610 DEBUG oslo_service.service [-] database.pool_timeout = None log_opt_values /usr/lib/python3/dist-packages/oslo_config/cfg.py:2609
2025-12-08 00:36:06.775 38610 DEBUG oslo_service.service [-] database.retry_interval = 10 log_opt_values /usr/lib/python3/dist-packages/oslo_config/cfg.py:2609
2025-12-08 00:36:06.776 38610 DEBUG oslo_service.service [-] database.slave_connection = **** log_opt_values /usr/lib/python3/dist-packages/oslo_config/cfg.py:2609
2025-12-08 00:36:06.776 38610 DEBUG oslo_service.service [-] database.sqlite_synchronous = True log_opt_values /usr/lib/python3/dist-packages/oslo_config/cfg.py:2609
2025-12-08 00:36:06.776 38610 DEBUG oslo_service.service [-] database.use_db_reconnect = False log_opt_values /usr/lib/python3/dist-packages/oslo_config/cfg.py:2609
2025-12-08 00:36:06.776 38610 DEBUG oslo_service.service [-] oslo_messaging_metrics.metrics_buffer_size = 1000 log_opt_values /usr/lib/python3/dist-packages/oslo_config/cfg.py:2609
2025-12-08 00:36:06.776 38610 DEBUG oslo_service.service [-] oslo_messaging_metrics.metrics_enabled = False log_opt_values /usr/lib/python3/dist-packages/oslo_config/cfg.py:2609
2025-12-08 00:36:06.777 38610 DEBUG oslo_service.service [-] oslo_messaging_metrics.metrics_process_name = log_opt_values /usr/lib/python3/dist-packages/oslo_config/cfg.py:2609
2025-12-08 00:36:06.778 38610 DEBUG oslo_service.service [-] oslo_messaging_metrics.metrics_socket_file = /var/tmp/metrics_collector.sock log_opt_values /usr/lib/python3/dist-packages/oslo_config/cfg.py:2609
2025-12-08 00:36:06.778 38610 DEBUG oslo_service.service [-] oslo_messaging_metrics.metrics_thread_stop_timeout = 10 log_opt_values /usr/lib/python3/dist-packages/oslo_config/cfg.py:2609
2025-12-08 00:36:06.778 38610 DEBUG oslo_service.service [-] oslo_policy.enforce_new_defaults = False log_opt_values /usr/lib/python3/dist-packages/oslo_config/cfg.py:2609
2025-12-08 00:36:06.778 38610 DEBUG oslo_service.service [-] oslo_policy.enforce_scope = False log_opt_values /usr/lib/python3/dist-packages/oslo_config/cfg.py:2609
2025-12-08 00:36:06.779 38610 DEBUG oslo_service.service [-] oslo_policy.policy_default_rule = default log_opt_values /usr/lib/python3/dist-packages/oslo_config/cfg.py:2609
2025-12-08 00:36:06.779 38610 DEBUG oslo_service.service [-] oslo_policy.policy_dirs = ['policy.d'] log_opt_values /usr/lib/python3/dist-packages/oslo_config/cfg.py:2609
2025-12-08 00:36:06.779 38610 DEBUG oslo_service.service [-] oslo_policy.policy_file = policy.yaml log_opt_values /usr/lib/python3/dist-packages/oslo_config/cfg.py:2609
2025-12-08 00:36:06.779 38610 DEBUG oslo_service.service [-] oslo_policy.remote_content_type = application/x-www-form-urlencoded log_opt_values /usr/lib/python3/dist-packages/oslo_config/cfg.py:2609
2025-12-08 00:36:06.779 38610 DEBUG oslo_service.service [-] oslo_policy.remote_ssl_ca_crt_file = None log_opt_values /usr/lib/python3/dist-packages/oslo_config/cfg.py:2609
2025-12-08 00:36:06.780 38610 DEBUG oslo_service.service [-] oslo_policy.remote_ssl_client_crt_file = None log_opt_values /usr/lib/python3/dist-packages/oslo_config/cfg.py:2609
2025-12-08 00:36:06.780 38610 DEBUG oslo_service.service [-] oslo_policy.remote_ssl_client_key_file = None log_opt_values /usr/lib/python3/dist-packages/oslo_config/cfg.py:2609
2025-12-08 00:36:06.780 38610 DEBUG oslo_service.service [-] oslo_policy.remote_ssl_verify_server_crt = False log_opt_values /usr/lib/python3/dist-packages/oslo_config/cfg.py:2609
2025-12-08 00:36:06.782 38610 DEBUG oslo_service.service [-] trustee.auth_section = None log_opt_values /usr/lib/python3/dist-packages/oslo_config/cfg.py:2609
2025-12-08 00:36:06.782 38610 WARNING oslo_config.cfg [-] Deprecated: Option "auth_plugin" from group "trustee" is deprecated. Use option "auth_type" from group "trustee".
2025-12-08 00:36:06.783 38610 DEBUG oslo_service.service [-] trustee.auth_type = password log_opt_values /usr/lib/python3/dist-packages/oslo_config/cfg.py:2609
2025-12-08 00:36:06.783 38610 DEBUG oslo_service.service [-] oslo_versionedobjects.fatal_exception_format_errors = False log_opt_values /usr/lib/python3/dist-packages/oslo_config/cfg.py:2609
2025-12-08 00:36:06.783 38610 DEBUG oslo_service.service [-] oslo_messaging_rabbit.amqp_auto_delete = False log_opt_values /usr/lib/python3/dist-packages/oslo_config/cfg.py:2609
2025-12-08 00:36:06.783 38610 DEBUG oslo_service.service [-] oslo_messaging_rabbit.amqp_durable_queues = False log_opt_values /usr/lib/python3/dist-packages/oslo_config/cfg.py:2609
2025-12-08 00:36:06.784 38610 DEBUG oslo_service.service [-] oslo_messaging_rabbit.conn_pool_min_size = 2 log_opt_values /usr/lib/python3/dist-packages/oslo_config/cfg.py:2609
2025-12-08 00:36:06.784 38610 DEBUG oslo_service.service [-] oslo_messaging_rabbit.conn_pool_ttl = 1200 log_opt_values /usr/lib/python3/dist-packages/oslo_config/cfg.py:2609
2025-12-08 00:36:06.786 38610 DEBUG oslo_service.service [-] oslo_messaging_rabbit.direct_mandatory_flag = True log_opt_values /usr/lib/python3/dist-packages/oslo_config/cfg.py:2609
2025-12-08 00:36:06.787 38610 DEBUG oslo_service.service [-] oslo_messaging_rabbit.enable_cancel_on_failover = False log_opt_values /usr/lib/python3/dist-packages/oslo_config/cfg.py:2609
2025-12-08 00:36:06.787 38610 DEBUG oslo_service.service [-] oslo_messaging_rabbit.heartbeat_in_pthread = False log_opt_values /usr/lib/python3/dist-packages/oslo_config/cfg.py:2609
2025-12-08 00:36:06.787 38610 DEBUG oslo_service.service [-] oslo_messaging_rabbit.heartbeat_rate = 2 log_opt_values /usr/lib/python3/dist-packages/oslo_config/cfg.py:2609
2025-12-08 00:36:06.788 38610 DEBUG oslo_service.service [-] oslo_messaging_rabbit.heartbeat_timeout_threshold = 60 log_opt_values /usr/lib/python3/dist-packages/oslo_config/cfg.py:2609
2025-12-08 00:36:06.788 38610 DEBUG oslo_service.service [-] oslo_messaging_rabbit.kombu_compression = None log_opt_values /usr/lib/python3/dist-packages/oslo_config/cfg.py:2609
2025-12-08 00:36:06.788 38610 DEBUG oslo_service.service [-] oslo_messaging_rabbit.kombu_failover_strategy = round-robin log_opt_values /usr/lib/python3/dist-packages/oslo_config/cfg.py:2609
2025-12-08 00:36:06.788 38610 DEBUG oslo_service.service [-] oslo_messaging_rabbit.kombu_missing_consumer_retry_timeout = 60 log_opt_values /usr/lib/python3/dist-packages/oslo_config/cfg.py:2609
2025-12-08 00:36:06.788 38610 DEBUG oslo_service.service [-] oslo_messaging_rabbit.kombu_reconnect_delay = 1.0 log_opt_values /usr/lib/python3/dist-packages/oslo_config/cfg.py:2609
2025-12-08 00:36:06.788 38610 DEBUG oslo_service.service [-] oslo_messaging_rabbit.rabbit_ha_queues = False log_opt_values /usr/lib/python3/dist-packages/oslo_config/cfg.py:2609
2025-12-08 00:36:06.789 38610 DEBUG oslo_service.service [-] oslo_messaging_rabbit.rabbit_interval_max = 30 log_opt_values /usr/lib/python3/dist-packages/oslo_config/cfg.py:2609
2025-12-08 00:36:06.789 38610 DEBUG oslo_service.service [-] oslo_messaging_rabbit.rabbit_login_method = AMQPLAIN log_opt_values /usr/lib/python3/dist-packages/oslo_config/cfg.py:2609
2025-12-08 00:36:06.789 38610 DEBUG oslo_service.service [-] oslo_messaging_rabbit.rabbit_qos_prefetch_count = 0 log_opt_values /usr/lib/python3/dist-packages/oslo_config/cfg.py:2609
2025-12-08 00:36:06.791 38610 DEBUG oslo_service.service [-] oslo_messaging_rabbit.rabbit_quorum_queue = False log_opt_values /usr/lib/python3/dist-packages/oslo_config/cfg.py:2609
2025-12-08 00:36:06.791 38610 DEBUG oslo_service.service [-] oslo_messaging_rabbit.rabbit_retry_backoff = 2 log_opt_values /usr/lib/python3/dist-packages/oslo_config/cfg.py:2609
2025-12-08 00:36:06.792 38610 DEBUG oslo_service.service [-] oslo_messaging_rabbit.rabbit_retry_interval = 1 log_opt_values /usr/lib/python3/dist-packages/oslo_config/cfg.py:2609
2025-12-08 00:36:06.792 38610 DEBUG oslo_service.service [-] oslo_messaging_rabbit.rabbit_transient_queues_ttl = 1800 log_opt_values /usr/lib/python3/dist-packages/oslo_config/cfg.py:2609
2025-12-08 00:36:06.792 38610 DEBUG oslo_service.service [-] oslo_messaging_rabbit.rpc_conn_pool_size = 30 log_opt_values /usr/lib/python3/dist-packages/oslo_config/cfg.py:2609
2025-12-08 00:36:06.793 38610 DEBUG oslo_service.service [-] oslo_messaging_rabbit.ssl = False log_opt_values /usr/lib/python3/dist-packages/oslo_config/cfg.py:2609
2025-12-08 00:36:06.793 38610 DEBUG oslo_service.service [-] oslo_messaging_rabbit.ssl_ca_file = log_opt_values /usr/lib/python3/dist-packages/oslo_config/cfg.py:2609
2025-12-08 00:36:06.793 38610 DEBUG oslo_service.service [-] oslo_messaging_rabbit.ssl_cert_file = log_opt_values /usr/lib/python3/dist-packages/oslo_config/cfg.py:2609
2025-12-08 00:36:06.794 38610 DEBUG oslo_service.service [-] oslo_messaging_rabbit.ssl_key_file = log_opt_values /usr/lib/python3/dist-packages/oslo_config/cfg.py:2609
2025-12-08 00:36:06.794 38610 DEBUG oslo_service.service [-] oslo_messaging_rabbit.ssl_version = log_opt_values /usr/lib/python3/dist-packages/oslo_config/cfg.py:2609
2025-12-08 00:36:06.794 38610 DEBUG oslo_service.service [-] oslo_messaging_notifications.driver = [] log_opt_values /usr/lib/python3/dist-packages/oslo_config/cfg.py:2609
2025-12-08 00:36:06.795 38610 DEBUG oslo_service.service [-] oslo_messaging_notifications.retry = -1 log_opt_values /usr/lib/python3/dist-packages/oslo_config/cfg.py:2609
2025-12-08 00:36:06.795 38610 DEBUG oslo_service.service [-] oslo_messaging_notifications.topics = ['notifications'] log_opt_values /usr/lib/python3/dist-packages/oslo_config/cfg.py:2609
2025-12-08 00:36:06.796 38610 DEBUG oslo_service.service [-] oslo_messaging_notifications.transport_url = **** log_opt_values /usr/lib/python3/dist-packages/oslo_config/cfg.py:2609
2025-12-08 00:36:06.796 38610 DEBUG oslo_service.service [-] cache.backend = dogpile.cache.null log_opt_values /usr/lib/python3/dist-packages/oslo_config/cfg.py:2609
2025-12-08 00:36:06.796 38610 DEBUG oslo_service.service [-] cache.backend_argument = **** log_opt_values /usr/lib/python3/dist-packages/oslo_config/cfg.py:2609
2025-12-08 00:36:06.797 38610 DEBUG oslo_service.service [-] cache.config_prefix = cache.oslo log_opt_values /usr/lib/python3/dist-packages/oslo_config/cfg.py:2609
2025-12-08 00:36:06.797 38610 DEBUG oslo_service.service [-] cache.debug_cache_backend = False log_opt_values /usr/lib/python3/dist-packages/oslo_config/cfg.py:2609
2025-12-08 00:36:06.797 38610 DEBUG oslo_service.service [-] cache.enabled = False log_opt_values /usr/lib/python3/dist-packages/oslo_config/cfg.py:2609
2025-12-08 00:36:06.797 38610 DEBUG oslo_service.service [-] cache.expiration_time = 600 log_opt_values /usr/lib/python3/dist-packages/oslo_config/cfg.py:2609
2025-12-08 00:36:06.797 38610 DEBUG oslo_service.service [-] cache.memcache_dead_retry = 300 log_opt_values /usr/lib/python3/dist-packages/oslo_config/cfg.py:2609
2025-12-08 00:36:06.797 38610 DEBUG oslo_service.service [-] cache.memcache_pool_connection_get_timeout = 10 log_opt_values /usr/lib/python3/dist-packages/oslo_config/cfg.py:2609
2025-12-08 00:36:06.797 38610 DEBUG oslo_service.service [-] cache.memcache_pool_flush_on_reconnect = False log_opt_values /usr/lib/python3/dist-packages/oslo_config/cfg.py:2609
2025-12-08 00:36:06.798 38610 DEBUG oslo_service.service [-] cache.memcache_pool_maxsize = 10 log_opt_values /usr/lib/python3/dist-packages/oslo_config/cfg.py:2609
2025-12-08 00:36:06.798 38610 DEBUG oslo_service.service [-] cache.memcache_pool_unused_timeout = 60 log_opt_values /usr/lib/python3/dist-packages/oslo_config/cfg.py:2609
2025-12-08 00:36:06.798 38610 DEBUG oslo_service.service [-] cache.memcache_servers = ['localhost:11211'] log_opt_values /usr/lib/python3/dist-packages/oslo_config/cfg.py:2609
2025-12-08 00:36:06.798 38610 DEBUG oslo_service.service [-] cache.memcache_socket_timeout = 1.0 log_opt_values /usr/lib/python3/dist-packages/oslo_config/cfg.py:2609
2025-12-08 00:36:06.798 38610 DEBUG oslo_service.service [-] cache.proxies = [] log_opt_values /usr/lib/python3/dist-packages/oslo_config/cfg.py:2609
2025-12-08 00:36:06.799 38610 DEBUG oslo_service.service [-] cache.tls_allowed_ciphers = None log_opt_values /usr/lib/python3/dist-packages/oslo_config/cfg.py:2609
2025-12-08 00:36:06.799 38610 DEBUG oslo_service.service [-] cache.tls_cafile = None log_opt_values /usr/lib/python3/dist-packages/oslo_config/cfg.py:2609
2025-12-08 00:36:06.800 38610 DEBUG oslo_service.service [-] cache.tls_certfile = None log_opt_values /usr/lib/python3/dist-packages/oslo_config/cfg.py:2609
2025-12-08 00:36:06.800 38610 DEBUG oslo_service.service [-] cache.tls_enabled = False log_opt_values /usr/lib/python3/dist-packages/oslo_config/cfg.py:2609
2025-12-08 00:36:06.800 38610 DEBUG oslo_service.service [-] cache.tls_keyfile = None log_opt_values /usr/lib/python3/dist-packages/oslo_config/cfg.py:2609
2025-12-08 00:36:06.800 38610 DEBUG oslo_service.service [-] constraint_validation_cache.caching = True log_opt_values /usr/lib/python3/dist-packages/oslo_config/cfg.py:2609
2025-12-08 00:36:06.800 38610 DEBUG oslo_service.service [-] constraint_validation_cache.expiration_time = 60 log_opt_values /usr/lib/python3/dist-packages/oslo_config/cfg.py:2609
2025-12-08 00:36:06.801 38610 DEBUG oslo_service.service [-] service_extension_cache.caching = True log_opt_values /usr/lib/python3/dist-packages/oslo_config/cfg.py:2609
2025-12-08 00:36:06.801 38610 DEBUG oslo_service.service [-] service_extension_cache.expiration_time = 3600 log_opt_values /usr/lib/python3/dist-packages/oslo_config/cfg.py:2609
2025-12-08 00:36:06.801 38610 DEBUG oslo_service.service [-] resource_finder_cache.caching = True log_opt_values /usr/lib/python3/dist-packages/oslo_config/cfg.py:2609
2025-12-08 00:36:06.802 38610 DEBUG oslo_service.service [-] resource_finder_cache.expiration_time = 3600 log_opt_values /usr/lib/python3/dist-packages/oslo_config/cfg.py:2609
2025-12-08 00:36:06.802 38610 DEBUG oslo_service.service [-] yaql.limit_iterators = 200 log_opt_values /usr/lib/python3/dist-packages/oslo_config/cfg.py:2609
2025-12-08 00:36:06.802 38610 DEBUG oslo_service.service [-] yaql.memory_quota = 10000 log_opt_values /usr/lib/python3/dist-packages/oslo_config/cfg.py:2609
2025-12-08 00:36:06.803 38610 DEBUG oslo_service.service [-] ******************************************************************************** log_opt_values /usr/lib/python3/dist-packages/oslo_config/cfg.py:2613
2025-12-08 00:36:06.807 38829 DEBUG oslo_db.sqlalchemy.engines [req-c8772463-7c13-44b3-bd3f-751c3cf2958a - - - - -] MySQL server mode set to STRICT_TRANS_TABLES,STRICT_ALL_TABLES,NO_ZERO_IN_DATE,NO_ZERO_DATE,ERROR_FOR_DIVISION_BY_ZERO,TRADITIONAL,NO_ENGINE_SUBSTITUTION _check_effective_sql_mode /usr/lib/python3/dist-packages/oslo_db/sqlalchemy/engines.py:314
2025-12-08 00:36:06.807 38831 DEBUG oslo_db.sqlalchemy.engines [req-b61d1ee6-a885-4fc1-8a1c-eaf1f79b7d54 - - - - -] MySQL server mode set to STRICT_TRANS_TABLES,STRICT_ALL_TABLES,NO_ZERO_IN_DATE,NO_ZERO_DATE,ERROR_FOR_DIVISION_BY_ZERO,TRADITIONAL,NO_ENGINE_SUBSTITUTION _check_effective_sql_mode /usr/lib/python3/dist-packages/oslo_db/sqlalchemy/engines.py:314
2025-12-08 00:36:06.854 38830 DEBUG oslo_db.sqlalchemy.engines [req-1d3d3397-87a0-4f77-85a5-0d5c000bf7c9 - - - - -] MySQL server mode set to STRICT_TRANS_TABLES,STRICT_ALL_TABLES,NO_ZERO_IN_DATE,NO_ZERO_DATE,ERROR_FOR_DIVISION_BY_ZERO,TRADITIONAL,NO_ENGINE_SUBSTITUTION _check_effective_sql_mode /usr/lib/python3/dist-packages/oslo_db/sqlalchemy/engines.py:314
2025-12-08 00:36:06.873 38832 DEBUG oslo_db.sqlalchemy.engines [req-e63c2789-33fe-47fe-8d43-93f62eae0507 - - - - -] MySQL server mode set to STRICT_TRANS_TABLES,STRICT_ALL_TABLES,NO_ZERO_IN_DATE,NO_ZERO_DATE,ERROR_FOR_DIVISION_BY_ZERO,TRADITIONAL,NO_ENGINE_SUBSTITUTION _check_effective_sql_mode /usr/lib/python3/dist-packages/oslo_db/sqlalchemy/engines.py:314
2025-12-08 00:36:06.913 38831 DEBUG heat.engine.service [req-5ff7b894-f577-4949-8386-d28ad1357cd0 - - - - -] Service ddf2799f-a7af-4932-bcf5-72704a53bb1f is started service_manage_report /usr/lib/python3/dist-packages/heat/engine/service.py:2363
2025-12-08 00:36:06.933 38829 DEBUG heat.engine.service [req-6ea6b9d1-2576-4776-85e7-f51db35b60e4 - - - - -] Service 4a3b79f0-7b9e-4569-8057-191625e84469 is started service_manage_report /usr/lib/python3/dist-packages/heat/engine/service.py:2363
2025-12-08 00:36:06.942 38831 DEBUG heat.engine.service [req-5ff7b894-f577-4949-8386-d28ad1357cd0 - - - - -] Service ddf2799f-a7af-4932-bcf5-72704a53bb1f is updated service_manage_report /usr/lib/python3/dist-packages/heat/engine/service.py:2370
2025-12-08 00:36:06.967 38829 DEBUG heat.engine.service [req-6ea6b9d1-2576-4776-85e7-f51db35b60e4 - - - - -] Service 4a3b79f0-7b9e-4569-8057-191625e84469 is updated service_manage_report /usr/lib/python3/dist-packages/heat/engine/service.py:2370
2025-12-08 00:36:07.004 38830 DEBUG heat.engine.service [req-0b33b6fd-8f19-43bc-b43a-092719e1fe93 - - - - -] Service 5a7c32db-f7d8-4221-b65c-f25836b45fc3 is started service_manage_report /usr/lib/python3/dist-packages/heat/engine/service.py:2363
2025-12-08 00:36:07.019 38832 DEBUG heat.engine.service [req-6e788f4a-1848-40c7-b4e2-f6574df2bbe3 - - - - -] Service a4a42e31-b59a-44cc-93e8-d8ef97ce1c53 is started service_manage_report /usr/lib/python3/dist-packages/heat/engine/service.py:2363
2025-12-08 00:36:07.031 38830 DEBUG heat.engine.service [req-0b33b6fd-8f19-43bc-b43a-092719e1fe93 - - - - -] Service 5a7c32db-f7d8-4221-b65c-f25836b45fc3 is updated service_manage_report /usr/lib/python3/dist-packages/heat/engine/service.py:2370
2025-12-08 00:36:07.046 38832 DEBUG heat.engine.service [req-6e788f4a-1848-40c7-b4e2-f6574df2bbe3 - - - - -] Service a4a42e31-b59a-44cc-93e8-d8ef97ce1c53 is updated service_manage_report /usr/lib/python3/dist-packages/heat/engine/service.py:2370
2025-12-08 00:37:06.889 38831 DEBUG heat.engine.service [req-4ed0d91b-8300-47a1-ac03-d8401eb5f983 - - - - -] Service ddf2799f-a7af-4932-bcf5-72704a53bb1f is updated service_manage_report /usr/lib/python3/dist-packages/heat/engine/service.py:2370
2025-12-08 00:37:06.922 38829 DEBUG heat.engine.service [req-f5c3bac2-d1f0-46a5-a24a-2bdd4373dd53 - - - - -] Service 4a3b79f0-7b9e-4569-8057-191625e84469 is updated service_manage_report /usr/lib/python3/dist-packages/heat/engine/service.py:2370
2025-12-08 00:37:07.031 38830 DEBUG heat.engine.service [req-ab838965-1a82-457d-83b7-18495ad2d170 - - - - -] Service 5a7c32db-f7d8-4221-b65c-f25836b45fc3 is updated service_manage_report /usr/lib/python3/dist-packages/heat/engine/service.py:2370
2025-12-08 00:37:07.038 38832 DEBUG heat.engine.service [req-4a59e5a7-0088-4544-8d12-aacb513e067b - - - - -] Service a4a42e31-b59a-44cc-93e8-d8ef97ce1c53 is updated service_manage_report /usr/lib/python3/dist-packages/heat/engine/service.py:2370
2025-12-08 00:38:06.887 38831 DEBUG heat.engine.service [req-a8ce883f-0fe9-4897-8408-008d2fd25561 - - - - -] Service ddf2799f-a7af-4932-bcf5-72704a53bb1f is updated service_manage_report /usr/lib/python3/dist-packages/heat/engine/service.py:2370
2025-12-08 00:38:06.927 38829 DEBUG heat.engine.service [req-5c59c5eb-e9f8-446f-83a2-43af8b7f3f82 - - - - -] Service 4a3b79f0-7b9e-4569-8057-191625e84469 is updated service_manage_report /usr/lib/python3/dist-packages/heat/engine/service.py:2370
2025-12-08 00:38:06.986 38830 DEBUG heat.engine.service [req-4dd1bef0-6de3-4970-8747-2534029ba024 - - - - -] Service 5a7c32db-f7d8-4221-b65c-f25836b45fc3 is updated service_manage_report /usr/lib/python3/dist-packages/heat/engine/service.py:2370
2025-12-08 00:38:07.003 38832 DEBUG heat.engine.service [req-dbd6bc17-a6ba-4bab-8e8a-2ea6f049fb7b - - - - -] Service a4a42e31-b59a-44cc-93e8-d8ef97ce1c53 is updated service_manage_report /usr/lib/python3/dist-packages/heat/engine/service.py:2370
2025-12-08 00:39:06.881 38831 DEBUG heat.engine.service [req-db7b445f-46c3-4f5d-8731-fb7387b9ba69 - - - - -] Service ddf2799f-a7af-4932-bcf5-72704a53bb1f is updated service_manage_report /usr/lib/python3/dist-packages/heat/engine/service.py:2370
2025-12-08 00:39:06.931 38829 DEBUG heat.engine.service [req-8405c7b2-53cd-4953-9d20-81dbb9d7f001 - - - - -] Service 4a3b79f0-7b9e-4569-8057-191625e84469 is updated service_manage_report /usr/lib/python3/dist-packages/heat/engine/service.py:2370
2025-12-08 00:39:06.993 38830 DEBUG heat.engine.service [req-59dd0966-c6eb-4c98-a65b-90f575e0c3b2 - - - - -] Service 5a7c32db-f7d8-4221-b65c-f25836b45fc3 is updated service_manage_report /usr/lib/python3/dist-packages/heat/engine/service.py:2370
2025-12-08 00:39:07.007 38832 DEBUG heat.engine.service [req-bb4ea635-3089-4618-b041-7bee456ef6ea - - - - -] Service a4a42e31-b59a-44cc-93e8-d8ef97ce1c53 is updated service_manage_report /usr/lib/python3/dist-packages/heat/engine/service.py:2370
2025-12-08 00:40:06.886 38831 DEBUG heat.engine.service [req-dd9dbe49-43f3-4e8d-822c-b0d075174c5e - - - - -] Service ddf2799f-a7af-4932-bcf5-72704a53bb1f is updated service_manage_report /usr/lib/python3/dist-packages/heat/engine/service.py:2370
2025-12-08 00:40:06.935 38829 DEBUG heat.engine.service [req-0442f463-aa00-41cf-9412-9ef84f9040b8 - - - - -] Service 4a3b79f0-7b9e-4569-8057-191625e84469 is updated service_manage_report /usr/lib/python3/dist-packages/heat/engine/service.py:2370
2025-12-08 00:40:06.988 38830 DEBUG heat.engine.service [req-23b4d3c3-0d07-4ea3-aca7-d17171d42e2e - - - - -] Service 5a7c32db-f7d8-4221-b65c-f25836b45fc3 is updated service_manage_report /usr/lib/python3/dist-packages/heat/engine/service.py:2370
2025-12-08 00:40:07.010 38832 DEBUG heat.engine.service [req-1de735a1-e24f-4e06-a00e-046b9bbe39a1 - - - - -] Service a4a42e31-b59a-44cc-93e8-d8ef97ce1c53 is updated service_manage_report /usr/lib/python3/dist-packages/heat/engine/service.py:2370
2025-12-08 00:41:06.896 38831 DEBUG heat.engine.service [req-c341eb5f-d556-4506-84db-19eae4ba5f04 - - - - -] Service ddf2799f-a7af-4932-bcf5-72704a53bb1f is updated service_manage_report /usr/lib/python3/dist-packages/heat/engine/service.py:2370
2025-12-08 00:41:06.950 38829 DEBUG heat.engine.service [req-1c54aeeb-e308-4e60-ae9d-e08f362ca9d7 - - - - -] Service 4a3b79f0-7b9e-4569-8057-191625e84469 is updated service_manage_report /usr/lib/python3/dist-packages/heat/engine/service.py:2370
2025-12-08 00:41:06.999 38830 DEBUG heat.engine.service [req-43f9b7c3-e45e-49bc-81bf-6d4d69e56811 - - - - -] Service 5a7c32db-f7d8-4221-b65c-f25836b45fc3 is updated service_manage_report /usr/lib/python3/dist-packages/heat/engine/service.py:2370
2025-12-08 00:41:07.022 38832 DEBUG heat.engine.service [req-771c835f-fca3-453c-b13c-380553b130e8 - - - - -] Service a4a42e31-b59a-44cc-93e8-d8ef97ce1c53 is updated service_manage_report /usr/lib/python3/dist-packages/heat/engine/service.py:2370
2025-12-08 00:42:06.889 38831 DEBUG heat.engine.service [req-6abd2172-a909-4f5b-a0c6-546a74a639ab - - - - -] Service ddf2799f-a7af-4932-bcf5-72704a53bb1f is updated service_manage_report /usr/lib/python3/dist-packages/heat/engine/service.py:2370
2025-12-08 00:42:06.947 38829 DEBUG heat.engine.service [req-b971a860-2e78-454f-8088-30a4fb4e88d5 - - - - -] Service 4a3b79f0-7b9e-4569-8057-191625e84469 is updated service_manage_report /usr/lib/python3/dist-packages/heat/engine/service.py:2370
2025-12-08 00:42:06.993 38830 DEBUG heat.engine.service [req-5e5e9654-0853-4771-bf24-2e584dd3f52c - - - - -] Service 5a7c32db-f7d8-4221-b65c-f25836b45fc3 is updated service_manage_report /usr/lib/python3/dist-packages/heat/engine/service.py:2370
2025-12-08 00:42:07.014 38832 DEBUG heat.engine.service [req-089f241d-e794-4e4c-ad14-654e16c8d54f - - - - -] Service a4a42e31-b59a-44cc-93e8-d8ef97ce1c53 is updated service_manage_report /usr/lib/python3/dist-packages/heat/engine/service.py:2370
2025-12-08 00:43:06.896 38831 DEBUG heat.engine.service [req-adbaa0a7-05e5-463a-b990-f0875184c45c - - - - -] Service ddf2799f-a7af-4932-bcf5-72704a53bb1f is updated service_manage_report /usr/lib/python3/dist-packages/heat/engine/service.py:2370
2025-12-08 00:43:06.943 38829 DEBUG heat.engine.service [req-221f78ba-790d-4a79-a085-122000469972 - - - - -] Service 4a3b79f0-7b9e-4569-8057-191625e84469 is updated service_manage_report /usr/lib/python3/dist-packages/heat/engine/service.py:2370
2025-12-08 00:43:06.997 38830 DEBUG heat.engine.service [req-9f82b02e-692a-41ef-9815-7fcd88685c20 - - - - -] Service 5a7c32db-f7d8-4221-b65c-f25836b45fc3 is updated service_manage_report /usr/lib/python3/dist-packages/heat/engine/service.py:2370
2025-12-08 00:43:07.018 38832 DEBUG heat.engine.service [req-1fe28e04-21d8-4d6b-84e1-683612a9fe29 - - - - -] Service a4a42e31-b59a-44cc-93e8-d8ef97ce1c53 is updated service_manage_report /usr/lib/python3/dist-packages/heat/engine/service.py:2370
2025-12-08 00:44:06.890 38831 DEBUG heat.engine.service [req-a4e4cba1-401d-4e47-9447-a58cbc3e4379 - - - - -] Service ddf2799f-a7af-4932-bcf5-72704a53bb1f is updated service_manage_report /usr/lib/python3/dist-packages/heat/engine/service.py:2370
2025-12-08 00:44:06.936 38829 DEBUG heat.engine.service [req-3665eebf-b175-4fae-a680-88ca074e181a - - - - -] Service 4a3b79f0-7b9e-4569-8057-191625e84469 is updated service_manage_report /usr/lib/python3/dist-packages/heat/engine/service.py:2370
2025-12-08 00:44:07.000 38830 DEBUG heat.engine.service [req-9cd9c291-cc2e-41bc-8bc4-3778c1c596cf - - - - -] Service 5a7c32db-f7d8-4221-b65c-f25836b45fc3 is updated service_manage_report /usr/lib/python3/dist-packages/heat/engine/service.py:2370
2025-12-08 00:44:07.021 38832 DEBUG heat.engine.service [req-f7038cf4-dab6-4364-9fad-461eee266654 - - - - -] Service a4a42e31-b59a-44cc-93e8-d8ef97ce1c53 is updated service_manage_report /usr/lib/python3/dist-packages/heat/engine/service.py:2370
2025-12-08 00:45:06.893 38831 DEBUG heat.engine.service [req-05e2ac80-15b6-47cb-889e-b613725cb774 - - - - -] Service ddf2799f-a7af-4932-bcf5-72704a53bb1f is updated service_manage_report /usr/lib/python3/dist-packages/heat/engine/service.py:2370
2025-12-08 00:45:06.941 38829 DEBUG heat.engine.service [req-d562fa53-d40f-4db7-aea9-91b43db2c323 - - - - -] Service 4a3b79f0-7b9e-4569-8057-191625e84469 is updated service_manage_report /usr/lib/python3/dist-packages/heat/engine/service.py:2370
2025-12-08 00:45:07.003 38830 DEBUG heat.engine.service [req-b631effa-a95d-4e0f-9d37-3f72368f0be8 - - - - -] Service 5a7c32db-f7d8-4221-b65c-f25836b45fc3 is updated service_manage_report /usr/lib/python3/dist-packages/heat/engine/service.py:2370
2025-12-08 00:45:07.024 38832 DEBUG heat.engine.service [req-9dc4fb52-d016-48c5-92d3-36b585b08895 - - - - -] Service a4a42e31-b59a-44cc-93e8-d8ef97ce1c53 is updated service_manage_report /usr/lib/python3/dist-packages/heat/engine/service.py:2370
2025-12-08 00:46:06.898 38831 DEBUG heat.engine.service [req-e568a1b3-4d81-4f44-8081-e235f7bf002e - - - - -] Service ddf2799f-a7af-4932-bcf5-72704a53bb1f is updated service_manage_report /usr/lib/python3/dist-packages/heat/engine/service.py:2370
2025-12-08 00:46:06.942 38829 DEBUG heat.engine.service [req-35cb2aae-6a20-42e3-b3e9-75806c0feec7 - - - - -] Service 4a3b79f0-7b9e-4569-8057-191625e84469 is updated service_manage_report /usr/lib/python3/dist-packages/heat/engine/service.py:2370
2025-12-08 00:46:07.007 38830 DEBUG heat.engine.service [req-af9bfc0c-7096-4084-ada8-30250c2df772 - - - - -] Service 5a7c32db-f7d8-4221-b65c-f25836b45fc3 is updated service_manage_report /usr/lib/python3/dist-packages/heat/engine/service.py:2370
2025-12-08 00:46:07.027 38832 DEBUG heat.engine.service [req-43901db1-5d2d-4c59-a11a-32988cb54678 - - - - -] Service a4a42e31-b59a-44cc-93e8-d8ef97ce1c53 is updated service_manage_report /usr/lib/python3/dist-packages/heat/engine/service.py:2370
2025-12-08 00:47:06.903 38831 DEBUG heat.engine.service [req-a934ea33-e32c-4310-aaec-f59c8ca9f5f8 - - - - -] Service ddf2799f-a7af-4932-bcf5-72704a53bb1f is updated service_manage_report /usr/lib/python3/dist-packages/heat/engine/service.py:2370
2025-12-08 00:47:06.945 38829 DEBUG heat.engine.service [req-65eb5a68-f6d4-4aef-ba44-00ad2b6ad1e6 - - - - -] Service 4a3b79f0-7b9e-4569-8057-191625e84469 is updated service_manage_report /usr/lib/python3/dist-packages/heat/engine/service.py:2370
2025-12-08 00:47:07.012 38830 DEBUG heat.engine.service [req-9e0058ec-c632-4213-bd19-4dc4674ad458 - - - - -] Service 5a7c32db-f7d8-4221-b65c-f25836b45fc3 is updated service_manage_report /usr/lib/python3/dist-packages/heat/engine/service.py:2370
2025-12-08 00:47:07.030 38832 DEBUG heat.engine.service [req-3be1154f-7f19-4124-be68-832cfc4e6782 - - - - -] Service a4a42e31-b59a-44cc-93e8-d8ef97ce1c53 is updated service_manage_report /usr/lib/python3/dist-packages/heat/engine/service.py:2370
2025-12-08 00:48:06.907 38831 DEBUG heat.engine.service [req-0ba000a3-7e9d-466a-b22e-9588686721ac - - - - -] Service ddf2799f-a7af-4932-bcf5-72704a53bb1f is updated service_manage_report /usr/lib/python3/dist-packages/heat/engine/service.py:2370
2025-12-08 00:48:06.949 38829 DEBUG heat.engine.service [req-a1dd21ff-587e-4124-af5f-b5b76be6cd59 - - - - -] Service 4a3b79f0-7b9e-4569-8057-191625e84469 is updated service_manage_report /usr/lib/python3/dist-packages/heat/engine/service.py:2370
