2025-12-04 00:37:31.622 157481 DEBUG oslo_service.service [req-1c6e3732-ac08-41b4-8aa9-284858ffd6fd - - - - -] oslo_limit.timeout = None log_opt_values /usr/lib/python3/dist-packages/oslo_config/cfg.py:2609
2025-12-04 00:37:31.623 157481 DEBUG oslo_service.service [req-1c6e3732-ac08-41b4-8aa9-284858ffd6fd - - - - -] oslo_limit.valid_interfaces = None log_opt_values /usr/lib/python3/dist-packages/oslo_config/cfg.py:2609
2025-12-04 00:37:31.623 157481 DEBUG oslo_service.service [req-1c6e3732-ac08-41b4-8aa9-284858ffd6fd - - - - -] oslo_limit.version = None log_opt_values /usr/lib/python3/dist-packages/oslo_config/cfg.py:2609
2025-12-04 00:37:31.623 157481 DEBUG oslo_service.service [req-1c6e3732-ac08-41b4-8aa9-284858ffd6fd - - - - -] oslo_reports.file_event_handler = None log_opt_values /usr/lib/python3/dist-packages/oslo_config/cfg.py:2609
2025-12-04 00:37:31.624 157481 DEBUG oslo_service.service [req-1c6e3732-ac08-41b4-8aa9-284858ffd6fd - - - - -] oslo_reports.file_event_handler_interval = 1 log_opt_values /usr/lib/python3/dist-packages/oslo_config/cfg.py:2609
2025-12-04 00:37:31.624 157481 DEBUG oslo_service.service [req-1c6e3732-ac08-41b4-8aa9-284858ffd6fd - - - - -] oslo_reports.log_dir = None log_opt_values /usr/lib/python3/dist-packages/oslo_config/cfg.py:2609
2025-12-04 00:37:31.624 157481 DEBUG oslo_service.service [req-1c6e3732-ac08-41b4-8aa9-284858ffd6fd - - - - -] ******************************************************************************** log_opt_values /usr/lib/python3/dist-packages/oslo_config/cfg.py:2613
2025-12-04 00:37:32.455 157961 DEBUG oslo_messaging._drivers.amqpdriver [-] AMQPListener connection timeout poll /usr/lib/python3/dist-packages/oslo_messaging/_drivers/amqpdriver.py:360
2025-12-04 00:37:32.455 157961 DEBUG oslo_messaging._drivers.amqpdriver [-] Listener is running poll /usr/lib/python3/dist-packages/oslo_messaging/_drivers/amqpdriver.py:343
2025-12-04 00:37:32.455 157961 DEBUG oslo_messaging._drivers.amqpdriver [-] AMQPListener connection consume poll /usr/lib/python3/dist-packages/oslo_messaging/_drivers/amqpdriver.py:357
2025-12-04 00:37:32.464 157958 DEBUG oslo_messaging._drivers.amqpdriver [-] AMQPListener connection timeout poll /usr/lib/python3/dist-packages/oslo_messaging/_drivers/amqpdriver.py:360
2025-12-04 00:37:32.465 157958 DEBUG oslo_messaging._drivers.amqpdriver [-] Listener is running poll /usr/lib/python3/dist-packages/oslo_messaging/_drivers/amqpdriver.py:343
2025-12-04 00:37:32.465 157958 DEBUG oslo_messaging._drivers.amqpdriver [-] AMQPListener connection consume poll /usr/lib/python3/dist-packages/oslo_messaging/_drivers/amqpdriver.py:357
2025-12-04 00:37:32.480 157959 DEBUG oslo_messaging._drivers.amqpdriver [-] AMQPListener connection timeout poll /usr/lib/python3/dist-packages/oslo_messaging/_drivers/amqpdriver.py:360
2025-12-04 00:37:32.481 157959 DEBUG oslo_messaging._drivers.amqpdriver [-] Listener is running poll /usr/lib/python3/dist-packages/oslo_messaging/_drivers/amqpdriver.py:343
2025-12-04 00:37:32.481 157959 DEBUG oslo_messaging._drivers.amqpdriver [-] AMQPListener connection consume poll /usr/lib/python3/dist-packages/oslo_messaging/_drivers/amqpdriver.py:357
2025-12-04 00:37:32.495 157960 DEBUG oslo_messaging._drivers.amqpdriver [-] AMQPListener connection timeout poll /usr/lib/python3/dist-packages/oslo_messaging/_drivers/amqpdriver.py:360
2025-12-04 00:37:32.495 157960 DEBUG oslo_messaging._drivers.amqpdriver [-] Listener is running poll /usr/lib/python3/dist-packages/oslo_messaging/_drivers/amqpdriver.py:343
2025-12-04 00:37:32.495 157960 DEBUG oslo_messaging._drivers.amqpdriver [-] AMQPListener connection consume poll /usr/lib/python3/dist-packages/oslo_messaging/_drivers/amqpdriver.py:357
2025-12-04 00:37:34.456 157961 DEBUG oslo_messaging._drivers.amqpdriver [-] AMQPListener connection timeout poll /usr/lib/python3/dist-packages/oslo_messaging/_drivers/amqpdriver.py:360
2025-12-04 00:37:34.457 157961 DEBUG oslo_messaging._drivers.amqpdriver [-] Listener is running poll /usr/lib/python3/dist-packages/oslo_messaging/_drivers/amqpdriver.py:343
2025-12-04 00:37:34.457 157961 DEBUG oslo_messaging._drivers.amqpdriver [-] AMQPListener connection consume poll /usr/lib/python3/dist-packages/oslo_messaging/_drivers/amqpdriver.py:357
2025-12-04 00:37:34.467 157958 DEBUG oslo_messaging._drivers.amqpdriver [-] AMQPListener connection timeout poll /usr/lib/python3/dist-packages/oslo_messaging/_drivers/amqpdriver.py:360
2025-12-04 00:37:34.467 157958 DEBUG oslo_messaging._drivers.amqpdriver [-] Listener is running poll /usr/lib/python3/dist-packages/oslo_messaging/_drivers/amqpdriver.py:343
2025-12-04 00:37:34.467 157958 DEBUG oslo_messaging._drivers.amqpdriver [-] AMQPListener connection consume poll /usr/lib/python3/dist-packages/oslo_messaging/_drivers/amqpdriver.py:357
2025-12-04 00:37:34.483 157959 DEBUG oslo_messaging._drivers.amqpdriver [-] AMQPListener connection timeout poll /usr/lib/python3/dist-packages/oslo_messaging/_drivers/amqpdriver.py:360
2025-12-04 00:37:34.483 157959 DEBUG oslo_messaging._drivers.amqpdriver [-] Listener is running poll /usr/lib/python3/dist-packages/oslo_messaging/_drivers/amqpdriver.py:343
2025-12-04 00:37:34.483 157959 DEBUG oslo_messaging._drivers.amqpdriver [-] AMQPListener connection consume poll /usr/lib/python3/dist-packages/oslo_messaging/_drivers/amqpdriver.py:357
2025-12-04 00:37:34.497 157960 DEBUG oslo_messaging._drivers.amqpdriver [-] AMQPListener connection timeout poll /usr/lib/python3/dist-packages/oslo_messaging/_drivers/amqpdriver.py:360
2025-12-04 00:37:34.497 157960 DEBUG oslo_messaging._drivers.amqpdriver [-] Listener is running poll /usr/lib/python3/dist-packages/oslo_messaging/_drivers/amqpdriver.py:343
2025-12-04 00:37:34.497 157960 DEBUG oslo_messaging._drivers.amqpdriver [-] AMQPListener connection consume poll /usr/lib/python3/dist-packages/oslo_messaging/_drivers/amqpdriver.py:357
2025-12-04 00:37:38.459 157961 DEBUG oslo_messaging._drivers.amqpdriver [-] AMQPListener connection timeout poll /usr/lib/python3/dist-packages/oslo_messaging/_drivers/amqpdriver.py:360
2025-12-04 00:37:38.459 157961 DEBUG oslo_messaging._drivers.amqpdriver [-] Listener is running poll /usr/lib/python3/dist-packages/oslo_messaging/_drivers/amqpdriver.py:343
2025-12-04 00:37:38.459 157961 DEBUG oslo_messaging._drivers.amqpdriver [-] AMQPListener connection consume poll /usr/lib/python3/dist-packages/oslo_messaging/_drivers/amqpdriver.py:357
2025-12-04 00:37:38.470 157958 DEBUG oslo_messaging._drivers.amqpdriver [-] AMQPListener connection timeout poll /usr/lib/python3/dist-packages/oslo_messaging/_drivers/amqpdriver.py:360
2025-12-04 00:37:38.470 157958 DEBUG oslo_messaging._drivers.amqpdriver [-] Listener is running poll /usr/lib/python3/dist-packages/oslo_messaging/_drivers/amqpdriver.py:343
2025-12-04 00:37:38.471 157958 DEBUG oslo_messaging._drivers.amqpdriver [-] AMQPListener connection consume poll /usr/lib/python3/dist-packages/oslo_messaging/_drivers/amqpdriver.py:357
2025-12-04 00:37:38.486 157959 DEBUG oslo_messaging._drivers.amqpdriver [-] AMQPListener connection timeout poll /usr/lib/python3/dist-packages/oslo_messaging/_drivers/amqpdriver.py:360
2025-12-04 00:37:38.487 157959 DEBUG oslo_messaging._drivers.amqpdriver [-] Listener is running poll /usr/lib/python3/dist-packages/oslo_messaging/_drivers/amqpdriver.py:343
2025-12-04 00:37:38.487 157959 DEBUG oslo_messaging._drivers.amqpdriver [-] AMQPListener connection consume poll /usr/lib/python3/dist-packages/oslo_messaging/_drivers/amqpdriver.py:357
2025-12-04 00:37:38.499 157960 DEBUG oslo_messaging._drivers.amqpdriver [-] AMQPListener connection timeout poll /usr/lib/python3/dist-packages/oslo_messaging/_drivers/amqpdriver.py:360
2025-12-04 00:37:38.500 157960 DEBUG oslo_messaging._drivers.amqpdriver [-] Listener is running poll /usr/lib/python3/dist-packages/oslo_messaging/_drivers/amqpdriver.py:343
2025-12-04 00:37:38.500 157960 DEBUG oslo_messaging._drivers.amqpdriver [-] AMQPListener connection consume poll /usr/lib/python3/dist-packages/oslo_messaging/_drivers/amqpdriver.py:357
2025-12-04 00:37:44.540 157481 INFO oslo_service.service [req-1c6e3732-ac08-41b4-8aa9-284858ffd6fd - - - - -] Caught SIGTERM, stopping children
2025-12-04 00:37:44.541 157481 DEBUG oslo_concurrency.lockutils [req-1c6e3732-ac08-41b4-8aa9-284858ffd6fd - - - - -] Acquired lock "singleton_lock" lock /usr/lib/python3/dist-packages/oslo_concurrency/lockutils.py:294
2025-12-04 00:37:44.541 157481 DEBUG oslo_concurrency.lockutils [req-1c6e3732-ac08-41b4-8aa9-284858ffd6fd - - - - -] Releasing lock "singleton_lock" lock /usr/lib/python3/dist-packages/oslo_concurrency/lockutils.py:312
2025-12-04 00:37:44.541 157481 DEBUG oslo_service.service [req-1c6e3732-ac08-41b4-8aa9-284858ffd6fd - - - - -] Stop services. stop /usr/lib/python3/dist-packages/oslo_service/service.py:695
2025-12-04 00:37:44.542 157481 DEBUG oslo_service.service [req-1c6e3732-ac08-41b4-8aa9-284858ffd6fd - - - - -] Killing children. stop /usr/lib/python3/dist-packages/oslo_service/service.py:700
2025-12-04 00:37:44.542 157481 INFO oslo_service.service [req-1c6e3732-ac08-41b4-8aa9-284858ffd6fd - - - - -] Waiting on 4 children to exit
2025-12-04 00:37:44.548 157481 INFO oslo_service.service [req-1c6e3732-ac08-41b4-8aa9-284858ffd6fd - - - - -] Child 157958 killed by signal 15
2025-12-04 00:37:44.549 157481 INFO oslo_service.service [req-1c6e3732-ac08-41b4-8aa9-284858ffd6fd - - - - -] Child 157959 killed by signal 15
2025-12-04 00:37:44.549 157481 INFO oslo_service.service [req-1c6e3732-ac08-41b4-8aa9-284858ffd6fd - - - - -] Child 157960 killed by signal 15
2025-12-04 00:37:44.549 157481 INFO oslo_service.service [req-1c6e3732-ac08-41b4-8aa9-284858ffd6fd - - - - -] Child 157961 killed by signal 15
2025-12-04 00:37:46.136 163094 DEBUG oslo_db.sqlalchemy.engines [req-c187bed5-39f2-45c3-9a5b-60aff3649cd6 - - - - -] MySQL server mode set to STRICT_TRANS_TABLES,STRICT_ALL_TABLES,NO_ZERO_IN_DATE,NO_ZERO_DATE,ERROR_FOR_DIVISION_BY_ZERO,TRADITIONAL,NO_ENGINE_SUBSTITUTION _check_effective_sql_mode /usr/lib/python3/dist-packages/oslo_db/sqlalchemy/engines.py:314
2025-12-04 00:37:46.175 163094 DEBUG nova.scheduler.host_manager [req-c187bed5-39f2-45c3-9a5b-60aff3649cd6 - - - - -] Found 1 cells: e50613b1-e940-4c59-aae8-c59265f377ef refresh_cells_caches /usr/lib/python3/dist-packages/nova/scheduler/host_manager.py:730
2025-12-04 00:37:46.175 163094 DEBUG nova.scheduler.host_manager [req-c187bed5-39f2-45c3-9a5b-60aff3649cd6 - - - - -] Found 0 disabled cells: refresh_cells_caches /usr/lib/python3/dist-packages/nova/scheduler/host_manager.py:742
2025-12-04 00:37:46.180 163094 WARNING nova.scheduler.filters.availability_zone_filter [req-c187bed5-39f2-45c3-9a5b-60aff3649cd6 - - - - -] The 'AvailabilityZoneFilter' is deprecated since the 24.0.0 (Xena) release. Since the 18.0.0 (Rocky) release, nova has supported mapping AZs to placement aggregates. The feature is enabled by the 'query_placement_for_availability_zone' config option and is now enabled by default. As such, the 'AvailabilityZoneFilter' is no longer required. Nova is currently configured to use both placement and the AvailabilityZoneFilter for AZ enforcement.
2025-12-04 00:37:46.259 163094 DEBUG nova.scheduler.host_manager [req-c187bed5-39f2-45c3-9a5b-60aff3649cd6 - - - - -] START:_async_init_instance_info _async_init_instance_info /usr/lib/python3/dist-packages/nova/scheduler/host_manager.py:411
2025-12-04 00:37:46.261 163094 DEBUG oslo_concurrency.lockutils [req-864bf43d-84c9-49f4-b911-c927c0d5d223 - - - - -] Lock "e50613b1-e940-4c59-aae8-c59265f377ef" acquired by "nova.context.set_target_cell..get_or_set_cached_cell_and_set_connections" :: waited 0.000s inner /usr/lib/python3/dist-packages/oslo_concurrency/lockutils.py:386
2025-12-04 00:37:46.262 163094 DEBUG oslo_concurrency.lockutils [req-864bf43d-84c9-49f4-b911-c927c0d5d223 - - - - -] Lock "e50613b1-e940-4c59-aae8-c59265f377ef" "released" by "nova.context.set_target_cell..get_or_set_cached_cell_and_set_connections" :: held 0.001s inner /usr/lib/python3/dist-packages/oslo_concurrency/lockutils.py:400
2025-12-04 00:37:46.274 163094 DEBUG oslo_db.sqlalchemy.engines [req-864bf43d-84c9-49f4-b911-c927c0d5d223 - - - - -] MySQL server mode set to STRICT_TRANS_TABLES,STRICT_ALL_TABLES,NO_ZERO_IN_DATE,NO_ZERO_DATE,ERROR_FOR_DIVISION_BY_ZERO,TRADITIONAL,NO_ENGINE_SUBSTITUTION _check_effective_sql_mode /usr/lib/python3/dist-packages/oslo_db/sqlalchemy/engines.py:314
2025-12-04 00:37:46.289 163094 DEBUG nova.scheduler.host_manager [req-864bf43d-84c9-49f4-b911-c927c0d5d223 - - - - -] Total number of compute nodes: 1 _async_init_instance_info /usr/lib/python3/dist-packages/nova/scheduler/host_manager.py:424
2025-12-04 00:37:46.289 163094 DEBUG oslo_concurrency.lockutils [req-864bf43d-84c9-49f4-b911-c927c0d5d223 - - - - -] Lock "e50613b1-e940-4c59-aae8-c59265f377ef" acquired by "nova.context.set_target_cell..get_or_set_cached_cell_and_set_connections" :: waited 0.000s inner /usr/lib/python3/dist-packages/oslo_concurrency/lockutils.py:386
2025-12-04 00:37:46.290 163094 DEBUG oslo_concurrency.lockutils [req-864bf43d-84c9-49f4-b911-c927c0d5d223 - - - - -] Lock "e50613b1-e940-4c59-aae8-c59265f377ef" "released" by "nova.context.set_target_cell..get_or_set_cached_cell_and_set_connections" :: held 0.000s inner /usr/lib/python3/dist-packages/oslo_concurrency/lockutils.py:400
2025-12-04 00:37:46.363 163094 DEBUG nova.scheduler.host_manager [req-864bf43d-84c9-49f4-b911-c927c0d5d223 - - - - -] Adding 0 instances for hosts 10-20 _async_init_instance_info /usr/lib/python3/dist-packages/nova/scheduler/host_manager.py:443
2025-12-04 00:37:46.364 163094 DEBUG nova.scheduler.host_manager [req-864bf43d-84c9-49f4-b911-c927c0d5d223 - - - - -] END:_async_init_instance_info _async_init_instance_info /usr/lib/python3/dist-packages/nova/scheduler/host_manager.py:454
2025-12-04 00:37:46.574 163094 DEBUG nova.context [req-c187bed5-39f2-45c3-9a5b-60aff3649cd6 - - - - -] Found 2 cells: 00000000-0000-0000-0000-000000000000(cell0),e50613b1-e940-4c59-aae8-c59265f377ef(cell1) load_cells /usr/lib/python3/dist-packages/nova/context.py:464
2025-12-04 00:37:46.575 163094 DEBUG oslo_concurrency.lockutils [req-458c7ba0-fe13-4f83-a1bc-653a58edb39a - - - - -] Lock "00000000-0000-0000-0000-000000000000" acquired by "nova.context.set_target_cell..get_or_set_cached_cell_and_set_connections" :: waited 0.000s inner /usr/lib/python3/dist-packages/oslo_concurrency/lockutils.py:386
2025-12-04 00:37:46.576 163094 DEBUG oslo_concurrency.lockutils [req-458c7ba0-fe13-4f83-a1bc-653a58edb39a - - - - -] Lock "00000000-0000-0000-0000-000000000000" "released" by "nova.context.set_target_cell..get_or_set_cached_cell_and_set_connections" :: held 0.001s inner /usr/lib/python3/dist-packages/oslo_concurrency/lockutils.py:400
2025-12-04 00:37:46.576 163094 DEBUG oslo_concurrency.lockutils [req-458c7ba0-fe13-4f83-a1bc-653a58edb39a - - - - -] Lock "e50613b1-e940-4c59-aae8-c59265f377ef" acquired by "nova.context.set_target_cell..get_or_set_cached_cell_and_set_connections" :: waited 0.000s inner /usr/lib/python3/dist-packages/oslo_concurrency/lockutils.py:386
2025-12-04 00:37:46.576 163094 DEBUG oslo_concurrency.lockutils [req-458c7ba0-fe13-4f83-a1bc-653a58edb39a - - - - -] Lock "e50613b1-e940-4c59-aae8-c59265f377ef" "released" by "nova.context.set_target_cell..get_or_set_cached_cell_and_set_connections" :: held 0.000s inner /usr/lib/python3/dist-packages/oslo_concurrency/lockutils.py:400
2025-12-04 00:37:46.585 163094 DEBUG oslo_db.sqlalchemy.engines [req-458c7ba0-fe13-4f83-a1bc-653a58edb39a - - - - -] MySQL server mode set to STRICT_TRANS_TABLES,STRICT_ALL_TABLES,NO_ZERO_IN_DATE,NO_ZERO_DATE,ERROR_FOR_DIVISION_BY_ZERO,TRADITIONAL,NO_ENGINE_SUBSTITUTION _check_effective_sql_mode /usr/lib/python3/dist-packages/oslo_db/sqlalchemy/engines.py:314
2025-12-04 00:37:46.595 163094 DEBUG oslo_concurrency.lockutils [req-458c7ba0-fe13-4f83-a1bc-653a58edb39a - - - - -] Acquired lock "singleton_lock" lock /usr/lib/python3/dist-packages/oslo_concurrency/lockutils.py:294
2025-12-04 00:37:46.595 163094 DEBUG oslo_concurrency.lockutils [req-458c7ba0-fe13-4f83-a1bc-653a58edb39a - - - - -] Releasing lock "singleton_lock" lock /usr/lib/python3/dist-packages/oslo_concurrency/lockutils.py:312
2025-12-04 00:37:46.596 163094 INFO oslo_service.service [req-458c7ba0-fe13-4f83-a1bc-653a58edb39a - - - - -] Starting 4 workers
2025-12-04 00:37:46.600 163094 DEBUG oslo_service.service [req-458c7ba0-fe13-4f83-a1bc-653a58edb39a - - - - -] Started child 163483 _start_child /usr/lib/python3/dist-packages/oslo_service/service.py:575
2025-12-04 00:37:46.605 163483 INFO nova.service [-] Starting scheduler node (version 25.2.1)
2025-12-04 00:37:46.605 163094 DEBUG oslo_service.service [req-458c7ba0-fe13-4f83-a1bc-653a58edb39a - - - - -] Started child 163484 _start_child /usr/lib/python3/dist-packages/oslo_service/service.py:575
2025-12-04 00:37:46.610 163484 INFO nova.service [-] Starting scheduler node (version 25.2.1)
2025-12-04 00:37:46.610 163094 DEBUG oslo_service.service [req-458c7ba0-fe13-4f83-a1bc-653a58edb39a - - - - -] Started child 163490 _start_child /usr/lib/python3/dist-packages/oslo_service/service.py:575
2025-12-04 00:37:46.618 163490 INFO nova.service [-] Starting scheduler node (version 25.2.1)
2025-12-04 00:37:46.616 163094 DEBUG oslo_service.service [req-458c7ba0-fe13-4f83-a1bc-653a58edb39a - - - - -] Started child 163491 _start_child /usr/lib/python3/dist-packages/oslo_service/service.py:575
2025-12-04 00:37:46.619 163483 DEBUG oslo_db.sqlalchemy.engines [req-1d5c4306-8b31-441b-88c3-3eb7c3c85ae2 - - - - -] MySQL server mode set to STRICT_TRANS_TABLES,STRICT_ALL_TABLES,NO_ZERO_IN_DATE,NO_ZERO_DATE,ERROR_FOR_DIVISION_BY_ZERO,TRADITIONAL,NO_ENGINE_SUBSTITUTION _check_effective_sql_mode /usr/lib/python3/dist-packages/oslo_db/sqlalchemy/engines.py:314
2025-12-04 00:37:46.623 163094 DEBUG oslo_service.service [req-458c7ba0-fe13-4f83-a1bc-653a58edb39a - - - - -] Full set of CONF: wait /usr/lib/python3/dist-packages/oslo_service/service.py:649
2025-12-04 00:37:46.624 163094 DEBUG oslo_service.service [req-458c7ba0-fe13-4f83-a1bc-653a58edb39a - - - - -] ******************************************************************************** log_opt_values /usr/lib/python3/dist-packages/oslo_config/cfg.py:2589
2025-12-04 00:37:46.624 163094 DEBUG oslo_service.service [req-458c7ba0-fe13-4f83-a1bc-653a58edb39a - - - - -] Configuration options gathered from: log_opt_values /usr/lib/python3/dist-packages/oslo_config/cfg.py:2590
2025-12-04 00:37:46.624 163094 DEBUG oslo_service.service [req-458c7ba0-fe13-4f83-a1bc-653a58edb39a - - - - -] command line args: ['--config-file=/etc/nova/nova.conf', '--log-file=/var/log/nova/nova-scheduler.log'] log_opt_values /usr/lib/python3/dist-packages/oslo_config/cfg.py:2591
2025-12-04 00:37:46.627 163491 INFO nova.service [-] Starting scheduler node (version 25.2.1)
2025-12-04 00:37:46.627 163094 DEBUG oslo_service.service [req-458c7ba0-fe13-4f83-a1bc-653a58edb39a - - - - -] config files: ['/etc/nova/nova.conf'] log_opt_values /usr/lib/python3/dist-packages/oslo_config/cfg.py:2592
2025-12-04 00:37:46.628 163094 DEBUG oslo_service.service [req-458c7ba0-fe13-4f83-a1bc-653a58edb39a - - - - -] ================================================================================ log_opt_values /usr/lib/python3/dist-packages/oslo_config/cfg.py:2594
2025-12-04 00:37:46.631 163484 DEBUG oslo_db.sqlalchemy.engines [req-936776bc-dbd3-4f1f-b083-134f33899ab7 - - - - -] MySQL server mode set to STRICT_TRANS_TABLES,STRICT_ALL_TABLES,NO_ZERO_IN_DATE,NO_ZERO_DATE,ERROR_FOR_DIVISION_BY_ZERO,TRADITIONAL,NO_ENGINE_SUBSTITUTION _check_effective_sql_mode /usr/lib/python3/dist-packages/oslo_db/sqlalchemy/engines.py:314
2025-12-04 00:37:46.635 163094 DEBUG oslo_service.service [req-458c7ba0-fe13-4f83-a1bc-653a58edb39a - - - - -] allow_resize_to_same_host = False log_opt_values /usr/lib/python3/dist-packages/oslo_config/cfg.py:2602
2025-12-04 00:37:46.635 163094 DEBUG oslo_service.service [req-458c7ba0-fe13-4f83-a1bc-653a58edb39a - - - - -] arq_binding_timeout = 300 log_opt_values /usr/lib/python3/dist-packages/oslo_config/cfg.py:2602
2025-12-04 00:37:46.635 163094 DEBUG oslo_service.service [req-458c7ba0-fe13-4f83-a1bc-653a58edb39a - - - - -] block_device_allocate_retries = 60 log_opt_values /usr/lib/python3/dist-packages/oslo_config/cfg.py:2602
2025-12-04 00:37:46.636 163094 DEBUG oslo_service.service [req-458c7ba0-fe13-4f83-a1bc-653a58edb39a - - - - -] block_device_allocate_retries_interval = 3 log_opt_values /usr/lib/python3/dist-packages/oslo_config/cfg.py:2602
2025-12-04 00:37:46.636 163094 DEBUG oslo_service.service [req-458c7ba0-fe13-4f83-a1bc-653a58edb39a - - - - -] cert = self.pem log_opt_values /usr/lib/python3/dist-packages/oslo_config/cfg.py:2602
2025-12-04 00:37:46.638 163094 DEBUG oslo_service.service [req-458c7ba0-fe13-4f83-a1bc-653a58edb39a - - - - -] compute_driver = libvirt.LibvirtDriver log_opt_values /usr/lib/python3/dist-packages/oslo_config/cfg.py:2602
2025-12-04 00:37:46.640 163490 DEBUG oslo_db.sqlalchemy.engines [req-8f5bf16c-8fb9-4792-8981-23c0592de3cd - - - - -] MySQL server mode set to STRICT_TRANS_TABLES,STRICT_ALL_TABLES,NO_ZERO_IN_DATE,NO_ZERO_DATE,ERROR_FOR_DIVISION_BY_ZERO,TRADITIONAL,NO_ENGINE_SUBSTITUTION _check_effective_sql_mode /usr/lib/python3/dist-packages/oslo_db/sqlalchemy/engines.py:314
2025-12-04 00:37:46.641 163483 DEBUG nova.service [req-1d5c4306-8b31-441b-88c3-3eb7c3c85ae2 - - - - -] Creating RPC server for service scheduler start /usr/lib/python3/dist-packages/nova/service.py:182
2025-12-04 00:37:46.644 163491 DEBUG oslo_db.sqlalchemy.engines [req-23d52bd0-c36a-40b7-8fc4-d2365e8b41b2 - - - - -] MySQL server mode set to STRICT_TRANS_TABLES,STRICT_ALL_TABLES,NO_ZERO_IN_DATE,NO_ZERO_DATE,ERROR_FOR_DIVISION_BY_ZERO,TRADITIONAL,NO_ENGINE_SUBSTITUTION _check_effective_sql_mode /usr/lib/python3/dist-packages/oslo_db/sqlalchemy/engines.py:314
2025-12-04 00:37:46.644 163094 DEBUG oslo_service.service [req-458c7ba0-fe13-4f83-a1bc-653a58edb39a - - - - -] compute_monitors = [] log_opt_values /usr/lib/python3/dist-packages/oslo_config/cfg.py:2602
2025-12-04 00:37:46.646 163094 DEBUG oslo_service.service [req-458c7ba0-fe13-4f83-a1bc-653a58edb39a - - - - -] config_dir = [] log_opt_values /usr/lib/python3/dist-packages/oslo_config/cfg.py:2602
2025-12-04 00:37:46.646 163094 DEBUG oslo_service.service [req-458c7ba0-fe13-4f83-a1bc-653a58edb39a - - - - -] config_drive_format = iso9660 log_opt_values /usr/lib/python3/dist-packages/oslo_config/cfg.py:2602
2025-12-04 00:37:46.647 163094 DEBUG oslo_service.service [req-458c7ba0-fe13-4f83-a1bc-653a58edb39a - - - - -] config_file = ['/etc/nova/nova.conf'] log_opt_values /usr/lib/python3/dist-packages/oslo_config/cfg.py:2602
2025-12-04 00:37:46.647 163094 DEBUG oslo_service.service [req-458c7ba0-fe13-4f83-a1bc-653a58edb39a - - - - -] config_source = [] log_opt_values /usr/lib/python3/dist-packages/oslo_config/cfg.py:2602
2025-12-04 00:37:46.647 163094 DEBUG oslo_service.service [req-458c7ba0-fe13-4f83-a1bc-653a58edb39a - - - - -] console_host = juju-569b9c-0-lxd-7 log_opt_values /usr/lib/python3/dist-packages/oslo_config/cfg.py:2602
2025-12-04 00:37:46.647 163094 DEBUG oslo_service.service [req-458c7ba0-fe13-4f83-a1bc-653a58edb39a - - - - -] control_exchange = nova log_opt_values /usr/lib/python3/dist-packages/oslo_config/cfg.py:2602
2025-12-04 00:37:46.648 163094 DEBUG oslo_service.service [req-458c7ba0-fe13-4f83-a1bc-653a58edb39a - - - - -] cpu_allocation_ratio = 2.0 log_opt_values /usr/lib/python3/dist-packages/oslo_config/cfg.py:2602
2025-12-04 00:37:46.648 163094 DEBUG oslo_service.service [req-458c7ba0-fe13-4f83-a1bc-653a58edb39a - - - - -] daemon = False log_opt_values /usr/lib/python3/dist-packages/oslo_config/cfg.py:2602
2025-12-04 00:37:46.648 163094 DEBUG oslo_service.service [req-458c7ba0-fe13-4f83-a1bc-653a58edb39a - - - - -] debug = True log_opt_values /usr/lib/python3/dist-packages/oslo_config/cfg.py:2602
2025-12-04 00:37:46.648 163094 DEBUG oslo_service.service [req-458c7ba0-fe13-4f83-a1bc-653a58edb39a - - - - -] default_access_ip_network_name = None log_opt_values /usr/lib/python3/dist-packages/oslo_config/cfg.py:2602
2025-12-04 00:37:46.648 163094 DEBUG oslo_service.service [req-458c7ba0-fe13-4f83-a1bc-653a58edb39a - - - - -] default_availability_zone = nova log_opt_values /usr/lib/python3/dist-packages/oslo_config/cfg.py:2602
2025-12-04 00:37:46.649 163094 DEBUG oslo_service.service [req-458c7ba0-fe13-4f83-a1bc-653a58edb39a - - - - -] default_ephemeral_format = None log_opt_values /usr/lib/python3/dist-packages/oslo_config/cfg.py:2602
2025-12-04 00:37:46.649 163094 DEBUG oslo_service.service [req-458c7ba0-fe13-4f83-a1bc-653a58edb39a - - - - -] default_log_levels = ['amqp=WARN', 'amqplib=WARN', 'boto=WARN', 'qpid=WARN', 'sqlalchemy=WARN', 'suds=INFO', 'oslo.messaging=INFO', 'oslo_messaging=DEBUG', 'iso8601=WARN', 'requests.packages.urllib3.connectionpool=WARN', 'urllib3.connectionpool=WARN', 'websocket=WARN', 'requests.packages.urllib3.util.retry=WARN', 'urllib3.util.retry=WARN', 'keystonemiddleware=WARN', 'routes.middleware=WARN', 'stevedore=WARN', 'taskflow=WARN', 'keystoneauth=WARN', 'oslo.cache=INFO', 'dogpile.core.dogpile=INFO', 'glanceclient=WARN', 'oslo.privsep.daemon=INFO'] log_opt_values /usr/lib/python3/dist-packages/oslo_config/cfg.py:2602
2025-12-04 00:37:46.650 163094 DEBUG oslo_service.service [req-458c7ba0-fe13-4f83-a1bc-653a58edb39a - - - - -] default_schedule_zone = None log_opt_values /usr/lib/python3/dist-packages/oslo_config/cfg.py:2602
2025-12-04 00:37:46.651 163094 DEBUG oslo_service.service [req-458c7ba0-fe13-4f83-a1bc-653a58edb39a - - - - -] disk_allocation_ratio = 1.0 log_opt_values /usr/lib/python3/dist-packages/oslo_config/cfg.py:2602
2025-12-04 00:37:46.651 163094 DEBUG oslo_service.service [req-458c7ba0-fe13-4f83-a1bc-653a58edb39a - - - - -] enable_new_services = True log_opt_values /usr/lib/python3/dist-packages/oslo_config/cfg.py:2602
2025-12-04 00:37:46.651 163094 DEBUG oslo_service.service [req-458c7ba0-fe13-4f83-a1bc-653a58edb39a - - - - -] enabled_apis = ['osapi_compute', 'metadata'] log_opt_values /usr/lib/python3/dist-packages/oslo_config/cfg.py:2602
2025-12-04 00:37:46.651 163094 DEBUG oslo_service.service [req-458c7ba0-fe13-4f83-a1bc-653a58edb39a - - - - -] enabled_ssl_apis = [] log_opt_values /usr/lib/python3/dist-packages/oslo_config/cfg.py:2602
2025-12-04 00:37:46.653 163484 DEBUG nova.service [req-936776bc-dbd3-4f1f-b083-134f33899ab7 - - - - -] Creating RPC server for service scheduler start /usr/lib/python3/dist-packages/nova/service.py:182
2025-12-04 00:37:46.652 163094 DEBUG oslo_service.service [req-458c7ba0-fe13-4f83-a1bc-653a58edb39a - - - - -] fatal_deprecations = False log_opt_values /usr/lib/python3/dist-packages/oslo_config/cfg.py:2602
2025-12-04 00:37:46.655 163094 DEBUG oslo_service.service [req-458c7ba0-fe13-4f83-a1bc-653a58edb39a - - - - -] flat_injected = False log_opt_values /usr/lib/python3/dist-packages/oslo_config/cfg.py:2602
2025-12-04 00:37:46.655 163094 DEBUG oslo_service.service [req-458c7ba0-fe13-4f83-a1bc-653a58edb39a - - - - -] force_config_drive = False log_opt_values /usr/lib/python3/dist-packages/oslo_config/cfg.py:2602
2025-12-04 00:37:46.655 163094 DEBUG oslo_service.service [req-458c7ba0-fe13-4f83-a1bc-653a58edb39a - - - - -] force_raw_images = True log_opt_values /usr/lib/python3/dist-packages/oslo_config/cfg.py:2602
2025-12-04 00:37:46.655 163094 DEBUG oslo_service.service [req-458c7ba0-fe13-4f83-a1bc-653a58edb39a - - - - -] graceful_shutdown_timeout = 60 log_opt_values /usr/lib/python3/dist-packages/oslo_config/cfg.py:2602
2025-12-04 00:37:46.656 163094 DEBUG oslo_service.service [req-458c7ba0-fe13-4f83-a1bc-653a58edb39a - - - - -] heal_instance_info_cache_interval = 60 log_opt_values /usr/lib/python3/dist-packages/oslo_config/cfg.py:2602
2025-12-04 00:37:46.656 163490 DEBUG nova.service [req-8f5bf16c-8fb9-4792-8981-23c0592de3cd - - - - -] Creating RPC server for service scheduler start /usr/lib/python3/dist-packages/nova/service.py:182
2025-12-04 00:37:46.657 163094 DEBUG oslo_service.service [req-458c7ba0-fe13-4f83-a1bc-653a58edb39a - - - - -] host = juju-569b9c-0-lxd-7 log_opt_values /usr/lib/python3/dist-packages/oslo_config/cfg.py:2602
2025-12-04 00:37:46.658 163094 DEBUG oslo_service.service [req-458c7ba0-fe13-4f83-a1bc-653a58edb39a - - - - -] initial_cpu_allocation_ratio = 16.0 log_opt_values /usr/lib/python3/dist-packages/oslo_config/cfg.py:2602
2025-12-04 00:37:46.658 163094 DEBUG oslo_service.service [req-458c7ba0-fe13-4f83-a1bc-653a58edb39a - - - - -] initial_disk_allocation_ratio = 1.0 log_opt_values /usr/lib/python3/dist-packages/oslo_config/cfg.py:2602
2025-12-04 00:37:46.658 163094 DEBUG oslo_service.service [req-458c7ba0-fe13-4f83-a1bc-653a58edb39a - - - - -] initial_ram_allocation_ratio = 1.5 log_opt_values /usr/lib/python3/dist-packages/oslo_config/cfg.py:2602
2025-12-04 00:37:46.659 163094 DEBUG oslo_service.service [req-458c7ba0-fe13-4f83-a1bc-653a58edb39a - - - - -] injected_network_template = /usr/lib/python3/dist-packages/nova/virt/interfaces.template log_opt_values /usr/lib/python3/dist-packages/oslo_config/cfg.py:2602
2025-12-04 00:37:46.659 163094 DEBUG oslo_service.service [req-458c7ba0-fe13-4f83-a1bc-653a58edb39a - - - - -] instance_build_timeout = 0 log_opt_values /usr/lib/python3/dist-packages/oslo_config/cfg.py:2602
2025-12-04 00:37:46.659 163094 DEBUG oslo_service.service [req-458c7ba0-fe13-4f83-a1bc-653a58edb39a - - - - -] instance_delete_interval = 300 log_opt_values /usr/lib/python3/dist-packages/oslo_config/cfg.py:2602
2025-12-04 00:37:46.659 163094 DEBUG oslo_service.service [req-458c7ba0-fe13-4f83-a1bc-653a58edb39a - - - - -] instance_format = [instance: %(uuid)s] log_opt_values /usr/lib/python3/dist-packages/oslo_config/cfg.py:2602
2025-12-04 00:37:46.659 163094 DEBUG oslo_service.service [req-458c7ba0-fe13-4f83-a1bc-653a58edb39a - - - - -] instance_name_template = instance-%08x log_opt_values /usr/lib/python3/dist-packages/oslo_config/cfg.py:2602
2025-12-04 00:37:46.660 163491 DEBUG nova.service [req-23d52bd0-c36a-40b7-8fc4-d2365e8b41b2 - - - - -] Creating RPC server for service scheduler start /usr/lib/python3/dist-packages/nova/service.py:182
2025-12-04 00:37:46.660 163094 DEBUG oslo_service.service [req-458c7ba0-fe13-4f83-a1bc-653a58edb39a - - - - -] instance_usage_audit = False log_opt_values /usr/lib/python3/dist-packages/oslo_config/cfg.py:2602
2025-12-04 00:37:46.663 163094 DEBUG oslo_service.service [req-458c7ba0-fe13-4f83-a1bc-653a58edb39a - - - - -] instance_usage_audit_period = month log_opt_values /usr/lib/python3/dist-packages/oslo_config/cfg.py:2602
2025-12-04 00:37:46.663 163094 DEBUG oslo_service.service [req-458c7ba0-fe13-4f83-a1bc-653a58edb39a - - - - -] instance_uuid_format = [instance: %(uuid)s] log_opt_values /usr/lib/python3/dist-packages/oslo_config/cfg.py:2602
2025-12-04 00:37:46.664 163094 DEBUG oslo_service.service [req-458c7ba0-fe13-4f83-a1bc-653a58edb39a - - - - -] instances_path = /var/lib/nova/instances log_opt_values /usr/lib/python3/dist-packages/oslo_config/cfg.py:2602
2025-12-04 00:37:46.664 163094 DEBUG oslo_service.service [req-458c7ba0-fe13-4f83-a1bc-653a58edb39a - - - - -] internal_service_availability_zone = internal log_opt_values /usr/lib/python3/dist-packages/oslo_config/cfg.py:2602
2025-12-04 00:37:46.664 163094 DEBUG oslo_service.service [req-458c7ba0-fe13-4f83-a1bc-653a58edb39a - - - - -] key = None log_opt_values /usr/lib/python3/dist-packages/oslo_config/cfg.py:2602
2025-12-04 00:37:46.664 163094 DEBUG oslo_service.service [req-458c7ba0-fe13-4f83-a1bc-653a58edb39a - - - - -] live_migration_retry_count = 30 log_opt_values /usr/lib/python3/dist-packages/oslo_config/cfg.py:2602
2025-12-04 00:37:46.664 163094 DEBUG oslo_service.service [req-458c7ba0-fe13-4f83-a1bc-653a58edb39a - - - - -] log_config_append = None log_opt_values /usr/lib/python3/dist-packages/oslo_config/cfg.py:2602
2025-12-04 00:37:46.665 163094 DEBUG oslo_service.service [req-458c7ba0-fe13-4f83-a1bc-653a58edb39a - - - - -] log_date_format = %Y-%m-%d %H:%M:%S log_opt_values /usr/lib/python3/dist-packages/oslo_config/cfg.py:2602
2025-12-04 00:37:46.667 163094 DEBUG oslo_service.service [req-458c7ba0-fe13-4f83-a1bc-653a58edb39a - - - - -] log_dir = /var/log/nova log_opt_values /usr/lib/python3/dist-packages/oslo_config/cfg.py:2602
2025-12-04 00:37:46.667 163094 DEBUG oslo_service.service [req-458c7ba0-fe13-4f83-a1bc-653a58edb39a - - - - -] log_file = /var/log/nova/nova-scheduler.log log_opt_values /usr/lib/python3/dist-packages/oslo_config/cfg.py:2602
2025-12-04 00:37:46.668 163094 DEBUG oslo_service.service [req-458c7ba0-fe13-4f83-a1bc-653a58edb39a - - - - -] log_options = True log_opt_values /usr/lib/python3/dist-packages/oslo_config/cfg.py:2602
2025-12-04 00:37:46.670 163094 DEBUG oslo_service.service [req-458c7ba0-fe13-4f83-a1bc-653a58edb39a - - - - -] log_rotate_interval = 1 log_opt_values /usr/lib/python3/dist-packages/oslo_config/cfg.py:2602
2025-12-04 00:37:46.673 163094 DEBUG oslo_service.service [req-458c7ba0-fe13-4f83-a1bc-653a58edb39a - - - - -] log_rotate_interval_type = days log_opt_values /usr/lib/python3/dist-packages/oslo_config/cfg.py:2602
2025-12-04 00:37:46.675 163094 DEBUG oslo_service.service [req-458c7ba0-fe13-4f83-a1bc-653a58edb39a - - - - -] log_rotation_type = none log_opt_values /usr/lib/python3/dist-packages/oslo_config/cfg.py:2602
2025-12-04 00:37:46.676 163094 DEBUG oslo_service.service [req-458c7ba0-fe13-4f83-a1bc-653a58edb39a - - - - -] logging_context_format_string = %(asctime)s.%(msecs)03d %(process)d %(levelname)s %(name)s [%(request_id)s %(user_identity)s] %(instance)s%(message)s log_opt_values /usr/lib/python3/dist-packages/oslo_config/cfg.py:2602
2025-12-04 00:37:46.676 163094 DEBUG oslo_service.service [req-458c7ba0-fe13-4f83-a1bc-653a58edb39a - - - - -] logging_debug_format_suffix = %(funcName)s %(pathname)s:%(lineno)d log_opt_values /usr/lib/python3/dist-packages/oslo_config/cfg.py:2602
2025-12-04 00:37:46.676 163094 DEBUG oslo_service.service [req-458c7ba0-fe13-4f83-a1bc-653a58edb39a - - - - -] logging_default_format_string = %(asctime)s.%(msecs)03d %(process)d %(levelname)s %(name)s [-] %(instance)s%(message)s log_opt_values /usr/lib/python3/dist-packages/oslo_config/cfg.py:2602
2025-12-04 00:37:46.676 163094 DEBUG oslo_service.service [req-458c7ba0-fe13-4f83-a1bc-653a58edb39a - - - - -] logging_exception_prefix = %(asctime)s.%(msecs)03d %(process)d ERROR %(name)s %(instance)s log_opt_values /usr/lib/python3/dist-packages/oslo_config/cfg.py:2602
2025-12-04 00:37:46.676 163094 DEBUG oslo_service.service [req-458c7ba0-fe13-4f83-a1bc-653a58edb39a - - - - -] logging_user_identity_format = %(user)s %(project)s %(domain)s %(user_domain)s %(project_domain)s log_opt_values /usr/lib/python3/dist-packages/oslo_config/cfg.py:2602
2025-12-04 00:37:46.676 163094 DEBUG oslo_service.service [req-458c7ba0-fe13-4f83-a1bc-653a58edb39a - - - - -] long_rpc_timeout = 1800 log_opt_values /usr/lib/python3/dist-packages/oslo_config/cfg.py:2602
2025-12-04 00:37:46.677 163094 DEBUG oslo_service.service [req-458c7ba0-fe13-4f83-a1bc-653a58edb39a - - - - -] max_concurrent_builds = 10 log_opt_values /usr/lib/python3/dist-packages/oslo_config/cfg.py:2602
2025-12-04 00:37:46.679 163094 DEBUG oslo_service.service [req-458c7ba0-fe13-4f83-a1bc-653a58edb39a - - - - -] max_concurrent_live_migrations = 1 log_opt_values /usr/lib/python3/dist-packages/oslo_config/cfg.py:2602
2025-12-04 00:37:46.680 163094 DEBUG oslo_service.service [req-458c7ba0-fe13-4f83-a1bc-653a58edb39a - - - - -] max_concurrent_snapshots = 5 log_opt_values /usr/lib/python3/dist-packages/oslo_config/cfg.py:2602
2025-12-04 00:37:46.680 163094 DEBUG oslo_service.service [req-458c7ba0-fe13-4f83-a1bc-653a58edb39a - - - - -] max_local_block_devices = 3 log_opt_values /usr/lib/python3/dist-packages/oslo_config/cfg.py:2602
2025-12-04 00:37:46.680 163094 DEBUG oslo_service.service [req-458c7ba0-fe13-4f83-a1bc-653a58edb39a - - - - -] max_logfile_count = 30 log_opt_values /usr/lib/python3/dist-packages/oslo_config/cfg.py:2602
2025-12-04 00:37:46.680 163094 DEBUG oslo_service.service [req-458c7ba0-fe13-4f83-a1bc-653a58edb39a - - - - -] max_logfile_size_mb = 200 log_opt_values /usr/lib/python3/dist-packages/oslo_config/cfg.py:2602
2025-12-04 00:37:46.680 163094 DEBUG oslo_service.service [req-458c7ba0-fe13-4f83-a1bc-653a58edb39a - - - - -] maximum_instance_delete_attempts = 5 log_opt_values /usr/lib/python3/dist-packages/oslo_config/cfg.py:2602
2025-12-04 00:37:46.681 163094 DEBUG oslo_service.service [req-458c7ba0-fe13-4f83-a1bc-653a58edb39a - - - - -] metadata_listen = 0.0.0.0 log_opt_values /usr/lib/python3/dist-packages/oslo_config/cfg.py:2602
2025-12-04 00:37:46.682 163094 DEBUG oslo_service.service [req-458c7ba0-fe13-4f83-a1bc-653a58edb39a - - - - -] metadata_listen_port = 8765 log_opt_values /usr/lib/python3/dist-packages/oslo_config/cfg.py:2602
2025-12-04 00:37:46.682 163094 DEBUG oslo_service.service [req-458c7ba0-fe13-4f83-a1bc-653a58edb39a - - - - -] metadata_workers = None log_opt_values /usr/lib/python3/dist-packages/oslo_config/cfg.py:2602
2025-12-04 00:37:46.682 163094 DEBUG oslo_service.service [req-458c7ba0-fe13-4f83-a1bc-653a58edb39a - - - - -] migrate_max_retries = -1 log_opt_values /usr/lib/python3/dist-packages/oslo_config/cfg.py:2602
2025-12-04 00:37:46.682 163094 DEBUG oslo_service.service [req-458c7ba0-fe13-4f83-a1bc-653a58edb39a - - - - -] mkisofs_cmd = genisoimage log_opt_values /usr/lib/python3/dist-packages/oslo_config/cfg.py:2602
2025-12-04 00:37:46.682 163094 DEBUG oslo_service.service [req-458c7ba0-fe13-4f83-a1bc-653a58edb39a - - - - -] my_block_storage_ip = 252.241.124.174 log_opt_values /usr/lib/python3/dist-packages/oslo_config/cfg.py:2602
2025-12-04 00:37:46.683 163094 DEBUG oslo_service.service [req-458c7ba0-fe13-4f83-a1bc-653a58edb39a - - - - -] my_ip = 252.241.124.174 log_opt_values /usr/lib/python3/dist-packages/oslo_config/cfg.py:2602
2025-12-04 00:37:46.683 163094 DEBUG oslo_service.service [req-458c7ba0-fe13-4f83-a1bc-653a58edb39a - - - - -] network_allocate_retries = 0 log_opt_values /usr/lib/python3/dist-packages/oslo_config/cfg.py:2602
2025-12-04 00:37:46.683 163094 DEBUG oslo_service.service [req-458c7ba0-fe13-4f83-a1bc-653a58edb39a - - - - -] non_inheritable_image_properties = ['cache_in_nova', 'bittorrent'] log_opt_values /usr/lib/python3/dist-packages/oslo_config/cfg.py:2602
2025-12-04 00:37:46.683 163094 DEBUG oslo_service.service [req-458c7ba0-fe13-4f83-a1bc-653a58edb39a - - - - -] osapi_compute_listen = 0.0.0.0 log_opt_values /usr/lib/python3/dist-packages/oslo_config/cfg.py:2602
2025-12-04 00:37:46.683 163094 DEBUG oslo_service.service [req-458c7ba0-fe13-4f83-a1bc-653a58edb39a - - - - -] osapi_compute_listen_port = 8764 log_opt_values /usr/lib/python3/dist-packages/oslo_config/cfg.py:2602
2025-12-04 00:37:46.683 163490 DEBUG oslo_messaging._drivers.amqpdriver [-] Listener is running poll /usr/lib/python3/dist-packages/oslo_messaging/_drivers/amqpdriver.py:343
2025-12-04 00:37:46.683 163094 DEBUG oslo_service.service [req-458c7ba0-fe13-4f83-a1bc-653a58edb39a - - - - -] osapi_compute_unique_server_name_scope = log_opt_values /usr/lib/python3/dist-packages/oslo_config/cfg.py:2602
2025-12-04 00:37:46.683 163094 DEBUG oslo_service.service [req-458c7ba0-fe13-4f83-a1bc-653a58edb39a - - - - -] osapi_compute_workers = 4 log_opt_values /usr/lib/python3/dist-packages/oslo_config/cfg.py:2602
2025-12-04 00:37:46.684 163094 DEBUG oslo_service.service [req-458c7ba0-fe13-4f83-a1bc-653a58edb39a - - - - -] password_length = 12 log_opt_values /usr/lib/python3/dist-packages/oslo_config/cfg.py:2602
2025-12-04 00:37:46.683 163490 DEBUG oslo_messaging._drivers.amqpdriver [-] AMQPListener connection consume poll /usr/lib/python3/dist-packages/oslo_messaging/_drivers/amqpdriver.py:357
2025-12-04 00:37:46.684 163094 DEBUG oslo_service.service [req-458c7ba0-fe13-4f83-a1bc-653a58edb39a - - - - -] periodic_enable = True log_opt_values /usr/lib/python3/dist-packages/oslo_config/cfg.py:2602
2025-12-04 00:37:46.684 163094 DEBUG oslo_service.service [req-458c7ba0-fe13-4f83-a1bc-653a58edb39a - - - - -] periodic_fuzzy_delay = 60 log_opt_values /usr/lib/python3/dist-packages/oslo_config/cfg.py:2602
2025-12-04 00:37:46.684 163094 DEBUG oslo_service.service [req-458c7ba0-fe13-4f83-a1bc-653a58edb39a - - - - -] pointer_model = usbtablet log_opt_values /usr/lib/python3/dist-packages/oslo_config/cfg.py:2602
2025-12-04 00:37:46.684 163094 DEBUG oslo_service.service [req-458c7ba0-fe13-4f83-a1bc-653a58edb39a - - - - -] preallocate_images = none log_opt_values /usr/lib/python3/dist-packages/oslo_config/cfg.py:2602
2025-12-04 00:37:46.684 163094 DEBUG oslo_service.service [req-458c7ba0-fe13-4f83-a1bc-653a58edb39a - - - - -] publish_errors = False log_opt_values /usr/lib/python3/dist-packages/oslo_config/cfg.py:2602
2025-12-04 00:37:46.685 163094 DEBUG oslo_service.service [req-458c7ba0-fe13-4f83-a1bc-653a58edb39a - - - - -] pybasedir = /usr/lib/python3/dist-packages log_opt_values /usr/lib/python3/dist-packages/oslo_config/cfg.py:2602
2025-12-04 00:37:46.685 163094 DEBUG oslo_service.service [req-458c7ba0-fe13-4f83-a1bc-653a58edb39a - - - - -] ram_allocation_ratio = 0.98 log_opt_values /usr/lib/python3/dist-packages/oslo_config/cfg.py:2602
2025-12-04 00:37:46.685 163094 DEBUG oslo_service.service [req-458c7ba0-fe13-4f83-a1bc-653a58edb39a - - - - -] rate_limit_burst = 0 log_opt_values /usr/lib/python3/dist-packages/oslo_config/cfg.py:2602
2025-12-04 00:37:46.685 163094 DEBUG oslo_service.service [req-458c7ba0-fe13-4f83-a1bc-653a58edb39a - - - - -] rate_limit_except_level = CRITICAL log_opt_values /usr/lib/python3/dist-packages/oslo_config/cfg.py:2602
2025-12-04 00:37:46.685 163094 DEBUG oslo_service.service [req-458c7ba0-fe13-4f83-a1bc-653a58edb39a - - - - -] rate_limit_interval = 0 log_opt_values /usr/lib/python3/dist-packages/oslo_config/cfg.py:2602
2025-12-04 00:37:46.685 163094 DEBUG oslo_service.service [req-458c7ba0-fe13-4f83-a1bc-653a58edb39a - - - - -] reboot_timeout = 0 log_opt_values /usr/lib/python3/dist-packages/oslo_config/cfg.py:2602
2025-12-04 00:37:46.685 163094 DEBUG oslo_service.service [req-458c7ba0-fe13-4f83-a1bc-653a58edb39a - - - - -] reclaim_instance_interval = 0 log_opt_values /usr/lib/python3/dist-packages/oslo_config/cfg.py:2602
2025-12-04 00:37:46.686 163094 DEBUG oslo_service.service [req-458c7ba0-fe13-4f83-a1bc-653a58edb39a - - - - -] record = None log_opt_values /usr/lib/python3/dist-packages/oslo_config/cfg.py:2602
2025-12-04 00:37:46.686 163094 DEBUG oslo_service.service [req-458c7ba0-fe13-4f83-a1bc-653a58edb39a - - - - -] report_interval = 10 log_opt_values /usr/lib/python3/dist-packages/oslo_config/cfg.py:2602
2025-12-04 00:37:46.686 163094 DEBUG oslo_service.service [req-458c7ba0-fe13-4f83-a1bc-653a58edb39a - - - - -] rescue_timeout = 0 log_opt_values /usr/lib/python3/dist-packages/oslo_config/cfg.py:2602
2025-12-04 00:37:46.686 163094 DEBUG oslo_service.service [req-458c7ba0-fe13-4f83-a1bc-653a58edb39a - - - - -] reserved_host_cpus = 0 log_opt_values /usr/lib/python3/dist-packages/oslo_config/cfg.py:2602
2025-12-04 00:37:46.686 163094 DEBUG oslo_service.service [req-458c7ba0-fe13-4f83-a1bc-653a58edb39a - - - - -] reserved_host_disk_mb = 0 log_opt_values /usr/lib/python3/dist-packages/oslo_config/cfg.py:2602
2025-12-04 00:37:46.686 163094 DEBUG oslo_service.service [req-458c7ba0-fe13-4f83-a1bc-653a58edb39a - - - - -] reserved_host_memory_mb = 512 log_opt_values /usr/lib/python3/dist-packages/oslo_config/cfg.py:2602
2025-12-04 00:37:46.687 163094 DEBUG oslo_service.service [req-458c7ba0-fe13-4f83-a1bc-653a58edb39a - - - - -] reserved_huge_pages = None log_opt_values /usr/lib/python3/dist-packages/oslo_config/cfg.py:2602
2025-12-04 00:37:46.687 163094 DEBUG oslo_service.service [req-458c7ba0-fe13-4f83-a1bc-653a58edb39a - - - - -] resize_confirm_window = 0 log_opt_values /usr/lib/python3/dist-packages/oslo_config/cfg.py:2602
2025-12-04 00:37:46.687 163094 DEBUG oslo_service.service [req-458c7ba0-fe13-4f83-a1bc-653a58edb39a - - - - -] resize_fs_using_block_device = False log_opt_values /usr/lib/python3/dist-packages/oslo_config/cfg.py:2602
2025-12-04 00:37:46.687 163094 DEBUG oslo_service.service [req-458c7ba0-fe13-4f83-a1bc-653a58edb39a - - - - -] resume_guests_state_on_host_boot = False log_opt_values /usr/lib/python3/dist-packages/oslo_config/cfg.py:2602
2025-12-04 00:37:46.687 163094 DEBUG oslo_service.service [req-458c7ba0-fe13-4f83-a1bc-653a58edb39a - - - - -] rootwrap_config = /etc/nova/rootwrap.conf log_opt_values /usr/lib/python3/dist-packages/oslo_config/cfg.py:2602
2025-12-04 00:37:46.687 163094 DEBUG oslo_service.service [req-458c7ba0-fe13-4f83-a1bc-653a58edb39a - - - - -] run_external_periodic_tasks = True log_opt_values /usr/lib/python3/dist-packages/oslo_config/cfg.py:2602
2025-12-04 00:37:46.688 163094 DEBUG oslo_service.service [req-458c7ba0-fe13-4f83-a1bc-653a58edb39a - - - - -] running_deleted_instance_action = reap log_opt_values /usr/lib/python3/dist-packages/oslo_config/cfg.py:2602
2025-12-04 00:37:46.688 163094 DEBUG oslo_service.service [req-458c7ba0-fe13-4f83-a1bc-653a58edb39a - - - - -] running_deleted_instance_poll_interval = 1800 log_opt_values /usr/lib/python3/dist-packages/oslo_config/cfg.py:2602
2025-12-04 00:37:46.688 163094 DEBUG oslo_service.service [req-458c7ba0-fe13-4f83-a1bc-653a58edb39a - - - - -] running_deleted_instance_timeout = 0 log_opt_values /usr/lib/python3/dist-packages/oslo_config/cfg.py:2602
2025-12-04 00:37:46.688 163094 DEBUG oslo_service.service [req-458c7ba0-fe13-4f83-a1bc-653a58edb39a - - - - -] scheduler_instance_sync_interval = 120 log_opt_values /usr/lib/python3/dist-packages/oslo_config/cfg.py:2602
2025-12-04 00:37:46.688 163094 DEBUG oslo_service.service [req-458c7ba0-fe13-4f83-a1bc-653a58edb39a - - - - -] service_down_time = 60 log_opt_values /usr/lib/python3/dist-packages/oslo_config/cfg.py:2602
2025-12-04 00:37:46.688 163094 DEBUG oslo_service.service [req-458c7ba0-fe13-4f83-a1bc-653a58edb39a - - - - -] servicegroup_driver = db log_opt_values /usr/lib/python3/dist-packages/oslo_config/cfg.py:2602
2025-12-04 00:37:46.688 163094 DEBUG oslo_service.service [req-458c7ba0-fe13-4f83-a1bc-653a58edb39a - - - - -] shelved_offload_time = 0 log_opt_values /usr/lib/python3/dist-packages/oslo_config/cfg.py:2602
2025-12-04 00:37:46.689 163094 DEBUG oslo_service.service [req-458c7ba0-fe13-4f83-a1bc-653a58edb39a - - - - -] shelved_poll_interval = 3600 log_opt_values /usr/lib/python3/dist-packages/oslo_config/cfg.py:2602
2025-12-04 00:37:46.689 163094 DEBUG oslo_service.service [req-458c7ba0-fe13-4f83-a1bc-653a58edb39a - - - - -] shutdown_timeout = 60 log_opt_values /usr/lib/python3/dist-packages/oslo_config/cfg.py:2602
2025-12-04 00:37:46.689 163094 DEBUG oslo_service.service [req-458c7ba0-fe13-4f83-a1bc-653a58edb39a - - - - -] source_is_ipv6 = False log_opt_values /usr/lib/python3/dist-packages/oslo_config/cfg.py:2602
2025-12-04 00:37:46.689 163094 DEBUG oslo_service.service [req-458c7ba0-fe13-4f83-a1bc-653a58edb39a - - - - -] ssl_only = False log_opt_values /usr/lib/python3/dist-packages/oslo_config/cfg.py:2602
2025-12-04 00:37:46.689 163094 DEBUG oslo_service.service [req-458c7ba0-fe13-4f83-a1bc-653a58edb39a - - - - -] state_path = /var/lib/nova log_opt_values /usr/lib/python3/dist-packages/oslo_config/cfg.py:2602
2025-12-04 00:37:46.689 163094 DEBUG oslo_service.service [req-458c7ba0-fe13-4f83-a1bc-653a58edb39a - - - - -] sync_power_state_interval = 600 log_opt_values /usr/lib/python3/dist-packages/oslo_config/cfg.py:2602
2025-12-04 00:37:46.689 163094 DEBUG oslo_service.service [req-458c7ba0-fe13-4f83-a1bc-653a58edb39a - - - - -] sync_power_state_pool_size = 1000 log_opt_values /usr/lib/python3/dist-packages/oslo_config/cfg.py:2602
2025-12-04 00:37:46.690 163094 DEBUG oslo_service.service [req-458c7ba0-fe13-4f83-a1bc-653a58edb39a - - - - -] syslog_log_facility = LOG_USER log_opt_values /usr/lib/python3/dist-packages/oslo_config/cfg.py:2602
2025-12-04 00:37:46.690 163094 DEBUG oslo_service.service [req-458c7ba0-fe13-4f83-a1bc-653a58edb39a - - - - -] tempdir = None log_opt_values /usr/lib/python3/dist-packages/oslo_config/cfg.py:2602
2025-12-04 00:37:46.690 163094 DEBUG oslo_service.service [req-458c7ba0-fe13-4f83-a1bc-653a58edb39a - - - - -] timeout_nbd = 10 log_opt_values /usr/lib/python3/dist-packages/oslo_config/cfg.py:2602
2025-12-04 00:37:46.690 163094 DEBUG oslo_service.service [req-458c7ba0-fe13-4f83-a1bc-653a58edb39a - - - - -] transport_url = **** log_opt_values /usr/lib/python3/dist-packages/oslo_config/cfg.py:2602
2025-12-04 00:37:46.685 163490 DEBUG nova.service [req-8f5bf16c-8fb9-4792-8981-23c0592de3cd - - - - -] Join ServiceGroup membership for this service scheduler start /usr/lib/python3/dist-packages/nova/service.py:199
2025-12-04 00:37:46.690 163094 DEBUG oslo_service.service [req-458c7ba0-fe13-4f83-a1bc-653a58edb39a - - - - -] update_resources_interval = 0 log_opt_values /usr/lib/python3/dist-packages/oslo_config/cfg.py:2602
2025-12-04 00:37:46.690 163094 DEBUG oslo_service.service [req-458c7ba0-fe13-4f83-a1bc-653a58edb39a - - - - -] use_cow_images = True log_opt_values /usr/lib/python3/dist-packages/oslo_config/cfg.py:2602
2025-12-04 00:37:46.690 163483 DEBUG oslo_messaging._drivers.amqpdriver [-] Listener is running poll /usr/lib/python3/dist-packages/oslo_messaging/_drivers/amqpdriver.py:343
2025-12-04 00:37:46.690 163490 DEBUG nova.servicegroup.drivers.db [req-8f5bf16c-8fb9-4792-8981-23c0592de3cd - - - - -] DB_Driver: join new ServiceGroup member juju-569b9c-0-lxd-7 to the scheduler group, service = join /usr/lib/python3/dist-packages/nova/servicegroup/drivers/db.py:44
2025-12-04 00:37:46.691 163094 DEBUG oslo_service.service [req-458c7ba0-fe13-4f83-a1bc-653a58edb39a - - - - -] use_eventlog = False log_opt_values /usr/lib/python3/dist-packages/oslo_config/cfg.py:2602
