2025-12-04 00:35:28.028 132299 DEBUG oslo_service.service [req-ee78d430-9f70-45fd-ae71-0a034d6e3716 - - - - -] wsgi.secure_proxy_ssl_header = None log_opt_values /usr/lib/python3/dist-packages/oslo_config/cfg.py:2609
2025-12-04 00:35:28.028 132299 DEBUG oslo_service.service [req-ee78d430-9f70-45fd-ae71-0a034d6e3716 - - - - -] wsgi.ssl_ca_file = None log_opt_values /usr/lib/python3/dist-packages/oslo_config/cfg.py:2609
2025-12-04 00:35:28.028 132299 DEBUG oslo_service.service [req-ee78d430-9f70-45fd-ae71-0a034d6e3716 - - - - -] wsgi.ssl_cert_file = None log_opt_values /usr/lib/python3/dist-packages/oslo_config/cfg.py:2609
2025-12-04 00:35:28.029 132299 DEBUG oslo_service.service [req-ee78d430-9f70-45fd-ae71-0a034d6e3716 - - - - -] wsgi.ssl_key_file = None log_opt_values /usr/lib/python3/dist-packages/oslo_config/cfg.py:2609
2025-12-04 00:35:28.029 132299 DEBUG oslo_service.service [req-ee78d430-9f70-45fd-ae71-0a034d6e3716 - - - - -] wsgi.tcp_keepidle = 600 log_opt_values /usr/lib/python3/dist-packages/oslo_config/cfg.py:2609
2025-12-04 00:35:28.029 132299 DEBUG oslo_service.service [req-ee78d430-9f70-45fd-ae71-0a034d6e3716 - - - - -] wsgi.wsgi_log_format = %(client_ip)s "%(request_line)s" status: %(status_code)s len: %(body_length)s time: %(wall_seconds).7f log_opt_values /usr/lib/python3/dist-packages/oslo_config/cfg.py:2609
2025-12-04 00:35:28.029 132299 DEBUG oslo_service.service [req-ee78d430-9f70-45fd-ae71-0a034d6e3716 - - - - -] zvm.ca_file = None log_opt_values /usr/lib/python3/dist-packages/oslo_config/cfg.py:2609
2025-12-04 00:35:28.029 132299 DEBUG oslo_service.service [req-ee78d430-9f70-45fd-ae71-0a034d6e3716 - - - - -] zvm.cloud_connector_url = None log_opt_values /usr/lib/python3/dist-packages/oslo_config/cfg.py:2609
2025-12-04 00:35:28.029 132299 DEBUG oslo_service.service [req-ee78d430-9f70-45fd-ae71-0a034d6e3716 - - - - -] zvm.image_tmp_path = /var/lib/nova/images log_opt_values /usr/lib/python3/dist-packages/oslo_config/cfg.py:2609
2025-12-04 00:35:28.030 132299 DEBUG oslo_service.service [req-ee78d430-9f70-45fd-ae71-0a034d6e3716 - - - - -] zvm.reachable_timeout = 300 log_opt_values /usr/lib/python3/dist-packages/oslo_config/cfg.py:2609
2025-12-04 00:35:28.030 132299 DEBUG oslo_service.service [req-ee78d430-9f70-45fd-ae71-0a034d6e3716 - - - - -] oslo_messaging_metrics.metrics_buffer_size = 1000 log_opt_values /usr/lib/python3/dist-packages/oslo_config/cfg.py:2609
2025-12-04 00:35:28.030 132299 DEBUG oslo_service.service [req-ee78d430-9f70-45fd-ae71-0a034d6e3716 - - - - -] oslo_messaging_metrics.metrics_enabled = False log_opt_values /usr/lib/python3/dist-packages/oslo_config/cfg.py:2609
2025-12-04 00:35:28.030 132299 DEBUG oslo_service.service [req-ee78d430-9f70-45fd-ae71-0a034d6e3716 - - - - -] oslo_messaging_metrics.metrics_process_name = log_opt_values /usr/lib/python3/dist-packages/oslo_config/cfg.py:2609
2025-12-04 00:35:28.030 132299 DEBUG oslo_service.service [req-ee78d430-9f70-45fd-ae71-0a034d6e3716 - - - - -] oslo_messaging_metrics.metrics_socket_file = /var/tmp/metrics_collector.sock log_opt_values /usr/lib/python3/dist-packages/oslo_config/cfg.py:2609
2025-12-04 00:35:28.031 132299 DEBUG oslo_service.service [req-ee78d430-9f70-45fd-ae71-0a034d6e3716 - - - - -] oslo_messaging_metrics.metrics_thread_stop_timeout = 10 log_opt_values /usr/lib/python3/dist-packages/oslo_config/cfg.py:2609
2025-12-04 00:35:28.031 132299 DEBUG oslo_service.service [req-ee78d430-9f70-45fd-ae71-0a034d6e3716 - - - - -] oslo_policy.enforce_new_defaults = False log_opt_values /usr/lib/python3/dist-packages/oslo_config/cfg.py:2609
2025-12-04 00:35:28.031 132299 DEBUG oslo_service.service [req-ee78d430-9f70-45fd-ae71-0a034d6e3716 - - - - -] oslo_policy.enforce_scope = False log_opt_values /usr/lib/python3/dist-packages/oslo_config/cfg.py:2609
2025-12-04 00:35:28.031 132299 DEBUG oslo_service.service [req-ee78d430-9f70-45fd-ae71-0a034d6e3716 - - - - -] oslo_policy.policy_default_rule = default log_opt_values /usr/lib/python3/dist-packages/oslo_config/cfg.py:2609
2025-12-04 00:35:28.032 132299 DEBUG oslo_service.service [req-ee78d430-9f70-45fd-ae71-0a034d6e3716 - - - - -] oslo_policy.policy_dirs = ['policy.d'] log_opt_values /usr/lib/python3/dist-packages/oslo_config/cfg.py:2609
2025-12-04 00:35:28.032 132299 DEBUG oslo_service.service [req-ee78d430-9f70-45fd-ae71-0a034d6e3716 - - - - -] oslo_policy.policy_file = policy.yaml log_opt_values /usr/lib/python3/dist-packages/oslo_config/cfg.py:2609
2025-12-04 00:35:28.032 132299 DEBUG oslo_service.service [req-ee78d430-9f70-45fd-ae71-0a034d6e3716 - - - - -] oslo_policy.remote_content_type = application/x-www-form-urlencoded log_opt_values /usr/lib/python3/dist-packages/oslo_config/cfg.py:2609
2025-12-04 00:35:28.032 132299 DEBUG oslo_service.service [req-ee78d430-9f70-45fd-ae71-0a034d6e3716 - - - - -] oslo_policy.remote_ssl_ca_crt_file = None log_opt_values /usr/lib/python3/dist-packages/oslo_config/cfg.py:2609
2025-12-04 00:35:28.033 132299 DEBUG oslo_service.service [req-ee78d430-9f70-45fd-ae71-0a034d6e3716 - - - - -] oslo_policy.remote_ssl_client_crt_file = None log_opt_values /usr/lib/python3/dist-packages/oslo_config/cfg.py:2609
2025-12-04 00:35:28.034 132299 DEBUG oslo_service.service [req-ee78d430-9f70-45fd-ae71-0a034d6e3716 - - - - -] oslo_policy.remote_ssl_client_key_file = None log_opt_values /usr/lib/python3/dist-packages/oslo_config/cfg.py:2609
2025-12-04 00:35:28.034 132299 DEBUG oslo_service.service [req-ee78d430-9f70-45fd-ae71-0a034d6e3716 - - - - -] oslo_policy.remote_ssl_verify_server_crt = False log_opt_values /usr/lib/python3/dist-packages/oslo_config/cfg.py:2609
2025-12-04 00:35:28.034 132299 DEBUG oslo_service.service [req-ee78d430-9f70-45fd-ae71-0a034d6e3716 - - - - -] oslo_versionedobjects.fatal_exception_format_errors = False log_opt_values /usr/lib/python3/dist-packages/oslo_config/cfg.py:2609
2025-12-04 00:35:28.035 132299 DEBUG oslo_service.service [req-ee78d430-9f70-45fd-ae71-0a034d6e3716 - - - - -] oslo_middleware.http_basic_auth_user_file = /etc/htpasswd log_opt_values /usr/lib/python3/dist-packages/oslo_config/cfg.py:2609
2025-12-04 00:35:28.035 132299 DEBUG oslo_service.service [req-ee78d430-9f70-45fd-ae71-0a034d6e3716 - - - - -] profiler.connection_string = messaging:// log_opt_values /usr/lib/python3/dist-packages/oslo_config/cfg.py:2609
2025-12-04 00:35:28.035 132299 DEBUG oslo_service.service [req-ee78d430-9f70-45fd-ae71-0a034d6e3716 - - - - -] profiler.enabled = False log_opt_values /usr/lib/python3/dist-packages/oslo_config/cfg.py:2609
2025-12-04 00:35:28.035 132299 DEBUG oslo_service.service [req-ee78d430-9f70-45fd-ae71-0a034d6e3716 - - - - -] profiler.es_doc_type = notification log_opt_values /usr/lib/python3/dist-packages/oslo_config/cfg.py:2609
2025-12-04 00:35:28.036 132299 DEBUG oslo_service.service [req-ee78d430-9f70-45fd-ae71-0a034d6e3716 - - - - -] profiler.es_scroll_size = 10000 log_opt_values /usr/lib/python3/dist-packages/oslo_config/cfg.py:2609
2025-12-04 00:35:28.036 132299 DEBUG oslo_service.service [req-ee78d430-9f70-45fd-ae71-0a034d6e3716 - - - - -] profiler.es_scroll_time = 2m log_opt_values /usr/lib/python3/dist-packages/oslo_config/cfg.py:2609
2025-12-04 00:35:28.036 132299 DEBUG oslo_service.service [req-ee78d430-9f70-45fd-ae71-0a034d6e3716 - - - - -] profiler.filter_error_trace = False log_opt_values /usr/lib/python3/dist-packages/oslo_config/cfg.py:2609
2025-12-04 00:35:28.036 132299 DEBUG oslo_service.service [req-ee78d430-9f70-45fd-ae71-0a034d6e3716 - - - - -] profiler.hmac_keys = SECRET_KEY log_opt_values /usr/lib/python3/dist-packages/oslo_config/cfg.py:2609
2025-12-04 00:35:28.036 132299 DEBUG oslo_service.service [req-ee78d430-9f70-45fd-ae71-0a034d6e3716 - - - - -] profiler.sentinel_service_name = mymaster log_opt_values /usr/lib/python3/dist-packages/oslo_config/cfg.py:2609
2025-12-04 00:35:28.038 132299 DEBUG oslo_service.service [req-ee78d430-9f70-45fd-ae71-0a034d6e3716 - - - - -] profiler.socket_timeout = 0.1 log_opt_values /usr/lib/python3/dist-packages/oslo_config/cfg.py:2609
2025-12-04 00:35:28.038 132299 DEBUG oslo_service.service [req-ee78d430-9f70-45fd-ae71-0a034d6e3716 - - - - -] profiler.trace_sqlalchemy = False log_opt_values /usr/lib/python3/dist-packages/oslo_config/cfg.py:2609
2025-12-04 00:35:28.039 132299 DEBUG oslo_service.service [req-ee78d430-9f70-45fd-ae71-0a034d6e3716 - - - - -] remote_debug.host = None log_opt_values /usr/lib/python3/dist-packages/oslo_config/cfg.py:2609
2025-12-04 00:35:28.039 132299 DEBUG oslo_service.service [req-ee78d430-9f70-45fd-ae71-0a034d6e3716 - - - - -] remote_debug.port = None log_opt_values /usr/lib/python3/dist-packages/oslo_config/cfg.py:2609
2025-12-04 00:35:28.040 132299 DEBUG oslo_service.service [req-ee78d430-9f70-45fd-ae71-0a034d6e3716 - - - - -] oslo_messaging_rabbit.amqp_auto_delete = False log_opt_values /usr/lib/python3/dist-packages/oslo_config/cfg.py:2609
2025-12-04 00:35:28.040 132299 DEBUG oslo_service.service [req-ee78d430-9f70-45fd-ae71-0a034d6e3716 - - - - -] oslo_messaging_rabbit.amqp_durable_queues = False log_opt_values /usr/lib/python3/dist-packages/oslo_config/cfg.py:2609
2025-12-04 00:35:28.041 132299 DEBUG oslo_service.service [req-ee78d430-9f70-45fd-ae71-0a034d6e3716 - - - - -] oslo_messaging_rabbit.conn_pool_min_size = 2 log_opt_values /usr/lib/python3/dist-packages/oslo_config/cfg.py:2609
2025-12-04 00:35:28.041 132299 DEBUG oslo_service.service [req-ee78d430-9f70-45fd-ae71-0a034d6e3716 - - - - -] oslo_messaging_rabbit.conn_pool_ttl = 1200 log_opt_values /usr/lib/python3/dist-packages/oslo_config/cfg.py:2609
2025-12-04 00:35:28.041 132299 DEBUG oslo_service.service [req-ee78d430-9f70-45fd-ae71-0a034d6e3716 - - - - -] oslo_messaging_rabbit.direct_mandatory_flag = True log_opt_values /usr/lib/python3/dist-packages/oslo_config/cfg.py:2609
2025-12-04 00:35:28.041 132299 DEBUG oslo_service.service [req-ee78d430-9f70-45fd-ae71-0a034d6e3716 - - - - -] oslo_messaging_rabbit.enable_cancel_on_failover = False log_opt_values /usr/lib/python3/dist-packages/oslo_config/cfg.py:2609
2025-12-04 00:35:28.041 132299 DEBUG oslo_service.service [req-ee78d430-9f70-45fd-ae71-0a034d6e3716 - - - - -] oslo_messaging_rabbit.heartbeat_in_pthread = False log_opt_values /usr/lib/python3/dist-packages/oslo_config/cfg.py:2609
2025-12-04 00:35:28.042 132299 DEBUG oslo_service.service [req-ee78d430-9f70-45fd-ae71-0a034d6e3716 - - - - -] oslo_messaging_rabbit.heartbeat_rate = 2 log_opt_values /usr/lib/python3/dist-packages/oslo_config/cfg.py:2609
2025-12-04 00:35:28.042 132299 DEBUG oslo_service.service [req-ee78d430-9f70-45fd-ae71-0a034d6e3716 - - - - -] oslo_messaging_rabbit.heartbeat_timeout_threshold = 60 log_opt_values /usr/lib/python3/dist-packages/oslo_config/cfg.py:2609
2025-12-04 00:35:28.042 132299 DEBUG oslo_service.service [req-ee78d430-9f70-45fd-ae71-0a034d6e3716 - - - - -] oslo_messaging_rabbit.kombu_compression = None log_opt_values /usr/lib/python3/dist-packages/oslo_config/cfg.py:2609
2025-12-04 00:35:28.042 132299 DEBUG oslo_service.service [req-ee78d430-9f70-45fd-ae71-0a034d6e3716 - - - - -] oslo_messaging_rabbit.kombu_failover_strategy = round-robin log_opt_values /usr/lib/python3/dist-packages/oslo_config/cfg.py:2609
2025-12-04 00:35:28.042 132299 DEBUG oslo_service.service [req-ee78d430-9f70-45fd-ae71-0a034d6e3716 - - - - -] oslo_messaging_rabbit.kombu_missing_consumer_retry_timeout = 60 log_opt_values /usr/lib/python3/dist-packages/oslo_config/cfg.py:2609
2025-12-04 00:35:28.042 132299 DEBUG oslo_service.service [req-ee78d430-9f70-45fd-ae71-0a034d6e3716 - - - - -] oslo_messaging_rabbit.kombu_reconnect_delay = 1.0 log_opt_values /usr/lib/python3/dist-packages/oslo_config/cfg.py:2609
2025-12-04 00:35:28.043 132299 DEBUG oslo_service.service [req-ee78d430-9f70-45fd-ae71-0a034d6e3716 - - - - -] oslo_messaging_rabbit.rabbit_ha_queues = False log_opt_values /usr/lib/python3/dist-packages/oslo_config/cfg.py:2609
2025-12-04 00:35:28.043 132299 DEBUG oslo_service.service [req-ee78d430-9f70-45fd-ae71-0a034d6e3716 - - - - -] oslo_messaging_rabbit.rabbit_interval_max = 30 log_opt_values /usr/lib/python3/dist-packages/oslo_config/cfg.py:2609
2025-12-04 00:35:28.043 132299 DEBUG oslo_service.service [req-ee78d430-9f70-45fd-ae71-0a034d6e3716 - - - - -] oslo_messaging_rabbit.rabbit_login_method = AMQPLAIN log_opt_values /usr/lib/python3/dist-packages/oslo_config/cfg.py:2609
2025-12-04 00:35:28.043 132299 DEBUG oslo_service.service [req-ee78d430-9f70-45fd-ae71-0a034d6e3716 - - - - -] oslo_messaging_rabbit.rabbit_qos_prefetch_count = 0 log_opt_values /usr/lib/python3/dist-packages/oslo_config/cfg.py:2609
2025-12-04 00:35:28.043 132299 DEBUG oslo_service.service [req-ee78d430-9f70-45fd-ae71-0a034d6e3716 - - - - -] oslo_messaging_rabbit.rabbit_quorum_queue = False log_opt_values /usr/lib/python3/dist-packages/oslo_config/cfg.py:2609
2025-12-04 00:35:28.044 132299 DEBUG oslo_service.service [req-ee78d430-9f70-45fd-ae71-0a034d6e3716 - - - - -] oslo_messaging_rabbit.rabbit_retry_backoff = 2 log_opt_values /usr/lib/python3/dist-packages/oslo_config/cfg.py:2609
2025-12-04 00:35:28.044 132299 DEBUG oslo_service.service [req-ee78d430-9f70-45fd-ae71-0a034d6e3716 - - - - -] oslo_messaging_rabbit.rabbit_retry_interval = 1 log_opt_values /usr/lib/python3/dist-packages/oslo_config/cfg.py:2609
2025-12-04 00:35:28.044 132299 DEBUG oslo_service.service [req-ee78d430-9f70-45fd-ae71-0a034d6e3716 - - - - -] oslo_messaging_rabbit.rabbit_transient_queues_ttl = 1800 log_opt_values /usr/lib/python3/dist-packages/oslo_config/cfg.py:2609
2025-12-04 00:35:28.044 132299 DEBUG oslo_service.service [req-ee78d430-9f70-45fd-ae71-0a034d6e3716 - - - - -] oslo_messaging_rabbit.rpc_conn_pool_size = 30 log_opt_values /usr/lib/python3/dist-packages/oslo_config/cfg.py:2609
2025-12-04 00:35:28.045 132299 DEBUG oslo_service.service [req-ee78d430-9f70-45fd-ae71-0a034d6e3716 - - - - -] oslo_messaging_rabbit.ssl = False log_opt_values /usr/lib/python3/dist-packages/oslo_config/cfg.py:2609
2025-12-04 00:35:28.045 132299 DEBUG oslo_service.service [req-ee78d430-9f70-45fd-ae71-0a034d6e3716 - - - - -] oslo_messaging_rabbit.ssl_ca_file = log_opt_values /usr/lib/python3/dist-packages/oslo_config/cfg.py:2609
2025-12-04 00:35:28.045 132299 DEBUG oslo_service.service [req-ee78d430-9f70-45fd-ae71-0a034d6e3716 - - - - -] oslo_messaging_rabbit.ssl_cert_file = log_opt_values /usr/lib/python3/dist-packages/oslo_config/cfg.py:2609
2025-12-04 00:35:28.046 132299 DEBUG oslo_service.service [req-ee78d430-9f70-45fd-ae71-0a034d6e3716 - - - - -] oslo_messaging_rabbit.ssl_key_file = log_opt_values /usr/lib/python3/dist-packages/oslo_config/cfg.py:2609
2025-12-04 00:35:28.046 132299 DEBUG oslo_service.service [req-ee78d430-9f70-45fd-ae71-0a034d6e3716 - - - - -] oslo_messaging_rabbit.ssl_version = log_opt_values /usr/lib/python3/dist-packages/oslo_config/cfg.py:2609
2025-12-04 00:35:28.046 132299 DEBUG oslo_service.service [req-ee78d430-9f70-45fd-ae71-0a034d6e3716 - - - - -] oslo_messaging_notifications.driver = ['messagingv2'] log_opt_values /usr/lib/python3/dist-packages/oslo_config/cfg.py:2609
2025-12-04 00:35:28.046 132299 DEBUG oslo_service.service [req-ee78d430-9f70-45fd-ae71-0a034d6e3716 - - - - -] oslo_messaging_notifications.retry = -1 log_opt_values /usr/lib/python3/dist-packages/oslo_config/cfg.py:2609
2025-12-04 00:35:28.047 132299 DEBUG oslo_service.service [req-ee78d430-9f70-45fd-ae71-0a034d6e3716 - - - - -] oslo_messaging_notifications.topics = ['notifications'] log_opt_values /usr/lib/python3/dist-packages/oslo_config/cfg.py:2609
2025-12-04 00:35:28.047 132299 DEBUG oslo_service.service [req-ee78d430-9f70-45fd-ae71-0a034d6e3716 - - - - -] oslo_messaging_notifications.transport_url = **** log_opt_values /usr/lib/python3/dist-packages/oslo_config/cfg.py:2609
2025-12-04 00:35:28.047 132299 DEBUG oslo_service.service [req-ee78d430-9f70-45fd-ae71-0a034d6e3716 - - - - -] oslo_limit.auth_section = None log_opt_values /usr/lib/python3/dist-packages/oslo_config/cfg.py:2609
2025-12-04 00:35:28.048 132299 DEBUG oslo_service.service [req-ee78d430-9f70-45fd-ae71-0a034d6e3716 - - - - -] oslo_limit.auth_type = None log_opt_values /usr/lib/python3/dist-packages/oslo_config/cfg.py:2609
2025-12-04 00:35:28.048 132299 DEBUG oslo_service.service [req-ee78d430-9f70-45fd-ae71-0a034d6e3716 - - - - -] oslo_limit.cafile = None log_opt_values /usr/lib/python3/dist-packages/oslo_config/cfg.py:2609
2025-12-04 00:35:28.048 132299 DEBUG oslo_service.service [req-ee78d430-9f70-45fd-ae71-0a034d6e3716 - - - - -] oslo_limit.certfile = None log_opt_values /usr/lib/python3/dist-packages/oslo_config/cfg.py:2609
2025-12-04 00:35:28.048 132299 DEBUG oslo_service.service [req-ee78d430-9f70-45fd-ae71-0a034d6e3716 - - - - -] oslo_limit.collect_timing = False log_opt_values /usr/lib/python3/dist-packages/oslo_config/cfg.py:2609
2025-12-04 00:35:28.048 132299 DEBUG oslo_service.service [req-ee78d430-9f70-45fd-ae71-0a034d6e3716 - - - - -] oslo_limit.connect_retries = None log_opt_values /usr/lib/python3/dist-packages/oslo_config/cfg.py:2609
2025-12-04 00:35:28.049 132299 DEBUG oslo_service.service [req-ee78d430-9f70-45fd-ae71-0a034d6e3716 - - - - -] oslo_limit.connect_retry_delay = None log_opt_values /usr/lib/python3/dist-packages/oslo_config/cfg.py:2609
2025-12-04 00:35:28.049 132299 DEBUG oslo_service.service [req-ee78d430-9f70-45fd-ae71-0a034d6e3716 - - - - -] oslo_limit.endpoint_id = None log_opt_values /usr/lib/python3/dist-packages/oslo_config/cfg.py:2609
2025-12-04 00:35:28.049 132299 DEBUG oslo_service.service [req-ee78d430-9f70-45fd-ae71-0a034d6e3716 - - - - -] oslo_limit.endpoint_override = None log_opt_values /usr/lib/python3/dist-packages/oslo_config/cfg.py:2609
2025-12-04 00:35:28.050 132299 DEBUG oslo_service.service [req-ee78d430-9f70-45fd-ae71-0a034d6e3716 - - - - -] oslo_limit.insecure = False log_opt_values /usr/lib/python3/dist-packages/oslo_config/cfg.py:2609
2025-12-04 00:35:28.050 132299 DEBUG oslo_service.service [req-ee78d430-9f70-45fd-ae71-0a034d6e3716 - - - - -] oslo_limit.keyfile = None log_opt_values /usr/lib/python3/dist-packages/oslo_config/cfg.py:2609
2025-12-04 00:35:28.050 132299 DEBUG oslo_service.service [req-ee78d430-9f70-45fd-ae71-0a034d6e3716 - - - - -] oslo_limit.max_version = None log_opt_values /usr/lib/python3/dist-packages/oslo_config/cfg.py:2609
2025-12-04 00:35:28.050 132299 DEBUG oslo_service.service [req-ee78d430-9f70-45fd-ae71-0a034d6e3716 - - - - -] oslo_limit.min_version = None log_opt_values /usr/lib/python3/dist-packages/oslo_config/cfg.py:2609
2025-12-04 00:35:28.051 132299 DEBUG oslo_service.service [req-ee78d430-9f70-45fd-ae71-0a034d6e3716 - - - - -] oslo_limit.region_name = None log_opt_values /usr/lib/python3/dist-packages/oslo_config/cfg.py:2609
2025-12-04 00:35:28.051 132299 DEBUG oslo_service.service [req-ee78d430-9f70-45fd-ae71-0a034d6e3716 - - - - -] oslo_limit.service_name = None log_opt_values /usr/lib/python3/dist-packages/oslo_config/cfg.py:2609
2025-12-04 00:35:28.051 132299 DEBUG oslo_service.service [req-ee78d430-9f70-45fd-ae71-0a034d6e3716 - - - - -] oslo_limit.service_type = None log_opt_values /usr/lib/python3/dist-packages/oslo_config/cfg.py:2609
2025-12-04 00:35:28.051 132299 DEBUG oslo_service.service [req-ee78d430-9f70-45fd-ae71-0a034d6e3716 - - - - -] oslo_limit.split_loggers = False log_opt_values /usr/lib/python3/dist-packages/oslo_config/cfg.py:2609
2025-12-04 00:35:28.052 132299 DEBUG oslo_service.service [req-ee78d430-9f70-45fd-ae71-0a034d6e3716 - - - - -] oslo_limit.status_code_retries = None log_opt_values /usr/lib/python3/dist-packages/oslo_config/cfg.py:2609
2025-12-04 00:35:28.052 132299 DEBUG oslo_service.service [req-ee78d430-9f70-45fd-ae71-0a034d6e3716 - - - - -] oslo_limit.status_code_retry_delay = None log_opt_values /usr/lib/python3/dist-packages/oslo_config/cfg.py:2609
2025-12-04 00:35:28.052 132299 DEBUG oslo_service.service [req-ee78d430-9f70-45fd-ae71-0a034d6e3716 - - - - -] oslo_limit.timeout = None log_opt_values /usr/lib/python3/dist-packages/oslo_config/cfg.py:2609
2025-12-04 00:35:28.052 132299 DEBUG oslo_service.service [req-ee78d430-9f70-45fd-ae71-0a034d6e3716 - - - - -] oslo_limit.valid_interfaces = None log_opt_values /usr/lib/python3/dist-packages/oslo_config/cfg.py:2609
2025-12-04 00:35:28.053 132299 DEBUG oslo_service.service [req-ee78d430-9f70-45fd-ae71-0a034d6e3716 - - - - -] oslo_limit.version = None log_opt_values /usr/lib/python3/dist-packages/oslo_config/cfg.py:2609
2025-12-04 00:35:28.053 132299 DEBUG oslo_service.service [req-ee78d430-9f70-45fd-ae71-0a034d6e3716 - - - - -] oslo_reports.file_event_handler = None log_opt_values /usr/lib/python3/dist-packages/oslo_config/cfg.py:2609
2025-12-04 00:35:28.053 132299 DEBUG oslo_service.service [req-ee78d430-9f70-45fd-ae71-0a034d6e3716 - - - - -] oslo_reports.file_event_handler_interval = 1 log_opt_values /usr/lib/python3/dist-packages/oslo_config/cfg.py:2609
2025-12-04 00:35:28.053 132299 DEBUG oslo_service.service [req-ee78d430-9f70-45fd-ae71-0a034d6e3716 - - - - -] oslo_reports.log_dir = None log_opt_values /usr/lib/python3/dist-packages/oslo_config/cfg.py:2609
2025-12-04 00:35:28.054 132299 DEBUG oslo_service.service [req-ee78d430-9f70-45fd-ae71-0a034d6e3716 - - - - -] ******************************************************************************** log_opt_values /usr/lib/python3/dist-packages/oslo_config/cfg.py:2613
2025-12-04 00:35:28.919 133340 DEBUG oslo_messaging._drivers.amqpdriver [-] AMQPListener connection timeout poll /usr/lib/python3/dist-packages/oslo_messaging/_drivers/amqpdriver.py:360
2025-12-04 00:35:28.919 133340 DEBUG oslo_messaging._drivers.amqpdriver [-] Listener is running poll /usr/lib/python3/dist-packages/oslo_messaging/_drivers/amqpdriver.py:343
2025-12-04 00:35:28.919 133340 DEBUG oslo_messaging._drivers.amqpdriver [-] AMQPListener connection consume poll /usr/lib/python3/dist-packages/oslo_messaging/_drivers/amqpdriver.py:357
2025-12-04 00:35:28.951 133344 DEBUG oslo_messaging._drivers.amqpdriver [-] AMQPListener connection timeout poll /usr/lib/python3/dist-packages/oslo_messaging/_drivers/amqpdriver.py:360
2025-12-04 00:35:28.951 133344 DEBUG oslo_messaging._drivers.amqpdriver [-] Listener is running poll /usr/lib/python3/dist-packages/oslo_messaging/_drivers/amqpdriver.py:343
2025-12-04 00:35:28.951 133344 DEBUG oslo_messaging._drivers.amqpdriver [-] AMQPListener connection consume poll /usr/lib/python3/dist-packages/oslo_messaging/_drivers/amqpdriver.py:357
2025-12-04 00:35:28.953 133342 DEBUG oslo_messaging._drivers.amqpdriver [-] AMQPListener connection timeout poll /usr/lib/python3/dist-packages/oslo_messaging/_drivers/amqpdriver.py:360
2025-12-04 00:35:28.953 133342 DEBUG oslo_messaging._drivers.amqpdriver [-] Listener is running poll /usr/lib/python3/dist-packages/oslo_messaging/_drivers/amqpdriver.py:343
2025-12-04 00:35:28.953 133342 DEBUG oslo_messaging._drivers.amqpdriver [-] AMQPListener connection consume poll /usr/lib/python3/dist-packages/oslo_messaging/_drivers/amqpdriver.py:357
2025-12-04 00:35:28.978 133341 DEBUG oslo_messaging._drivers.amqpdriver [-] AMQPListener connection timeout poll /usr/lib/python3/dist-packages/oslo_messaging/_drivers/amqpdriver.py:360
2025-12-04 00:35:28.978 133341 DEBUG oslo_messaging._drivers.amqpdriver [-] Listener is running poll /usr/lib/python3/dist-packages/oslo_messaging/_drivers/amqpdriver.py:343
2025-12-04 00:35:28.979 133341 DEBUG oslo_messaging._drivers.amqpdriver [-] AMQPListener connection consume poll /usr/lib/python3/dist-packages/oslo_messaging/_drivers/amqpdriver.py:357
2025-12-04 00:35:30.922 133340 DEBUG oslo_messaging._drivers.amqpdriver [-] AMQPListener connection timeout poll /usr/lib/python3/dist-packages/oslo_messaging/_drivers/amqpdriver.py:360
2025-12-04 00:35:30.922 133340 DEBUG oslo_messaging._drivers.amqpdriver [-] Listener is running poll /usr/lib/python3/dist-packages/oslo_messaging/_drivers/amqpdriver.py:343
2025-12-04 00:35:30.922 133340 DEBUG oslo_messaging._drivers.amqpdriver [-] AMQPListener connection consume poll /usr/lib/python3/dist-packages/oslo_messaging/_drivers/amqpdriver.py:357
2025-12-04 00:35:30.954 133344 DEBUG oslo_messaging._drivers.amqpdriver [-] AMQPListener connection timeout poll /usr/lib/python3/dist-packages/oslo_messaging/_drivers/amqpdriver.py:360
2025-12-04 00:35:30.954 133344 DEBUG oslo_messaging._drivers.amqpdriver [-] Listener is running poll /usr/lib/python3/dist-packages/oslo_messaging/_drivers/amqpdriver.py:343
2025-12-04 00:35:30.954 133344 DEBUG oslo_messaging._drivers.amqpdriver [-] AMQPListener connection consume poll /usr/lib/python3/dist-packages/oslo_messaging/_drivers/amqpdriver.py:357
2025-12-04 00:35:30.955 133342 DEBUG oslo_messaging._drivers.amqpdriver [-] AMQPListener connection timeout poll /usr/lib/python3/dist-packages/oslo_messaging/_drivers/amqpdriver.py:360
2025-12-04 00:35:30.955 133342 DEBUG oslo_messaging._drivers.amqpdriver [-] Listener is running poll /usr/lib/python3/dist-packages/oslo_messaging/_drivers/amqpdriver.py:343
2025-12-04 00:35:30.956 133342 DEBUG oslo_messaging._drivers.amqpdriver [-] AMQPListener connection consume poll /usr/lib/python3/dist-packages/oslo_messaging/_drivers/amqpdriver.py:357
2025-12-04 00:35:30.980 133341 DEBUG oslo_messaging._drivers.amqpdriver [-] AMQPListener connection timeout poll /usr/lib/python3/dist-packages/oslo_messaging/_drivers/amqpdriver.py:360
2025-12-04 00:35:30.981 133341 DEBUG oslo_messaging._drivers.amqpdriver [-] Listener is running poll /usr/lib/python3/dist-packages/oslo_messaging/_drivers/amqpdriver.py:343
2025-12-04 00:35:30.981 133341 DEBUG oslo_messaging._drivers.amqpdriver [-] AMQPListener connection consume poll /usr/lib/python3/dist-packages/oslo_messaging/_drivers/amqpdriver.py:357
2025-12-04 00:35:34.925 133340 DEBUG oslo_messaging._drivers.amqpdriver [-] AMQPListener connection timeout poll /usr/lib/python3/dist-packages/oslo_messaging/_drivers/amqpdriver.py:360
2025-12-04 00:35:34.925 133340 DEBUG oslo_messaging._drivers.amqpdriver [-] Listener is running poll /usr/lib/python3/dist-packages/oslo_messaging/_drivers/amqpdriver.py:343
2025-12-04 00:35:34.925 133340 DEBUG oslo_messaging._drivers.amqpdriver [-] AMQPListener connection consume poll /usr/lib/python3/dist-packages/oslo_messaging/_drivers/amqpdriver.py:357
2025-12-04 00:35:34.957 133344 DEBUG oslo_messaging._drivers.amqpdriver [-] AMQPListener connection timeout poll /usr/lib/python3/dist-packages/oslo_messaging/_drivers/amqpdriver.py:360
2025-12-04 00:35:34.957 133344 DEBUG oslo_messaging._drivers.amqpdriver [-] Listener is running poll /usr/lib/python3/dist-packages/oslo_messaging/_drivers/amqpdriver.py:343
2025-12-04 00:35:34.958 133344 DEBUG oslo_messaging._drivers.amqpdriver [-] AMQPListener connection consume poll /usr/lib/python3/dist-packages/oslo_messaging/_drivers/amqpdriver.py:357
2025-12-04 00:35:34.959 133342 DEBUG oslo_messaging._drivers.amqpdriver [-] AMQPListener connection timeout poll /usr/lib/python3/dist-packages/oslo_messaging/_drivers/amqpdriver.py:360
2025-12-04 00:35:34.959 133342 DEBUG oslo_messaging._drivers.amqpdriver [-] Listener is running poll /usr/lib/python3/dist-packages/oslo_messaging/_drivers/amqpdriver.py:343
2025-12-04 00:35:34.959 133342 DEBUG oslo_messaging._drivers.amqpdriver [-] AMQPListener connection consume poll /usr/lib/python3/dist-packages/oslo_messaging/_drivers/amqpdriver.py:357
2025-12-04 00:35:34.983 133341 DEBUG oslo_messaging._drivers.amqpdriver [-] AMQPListener connection timeout poll /usr/lib/python3/dist-packages/oslo_messaging/_drivers/amqpdriver.py:360
2025-12-04 00:35:34.983 133341 DEBUG oslo_messaging._drivers.amqpdriver [-] Listener is running poll /usr/lib/python3/dist-packages/oslo_messaging/_drivers/amqpdriver.py:343
2025-12-04 00:35:34.983 133341 DEBUG oslo_messaging._drivers.amqpdriver [-] AMQPListener connection consume poll /usr/lib/python3/dist-packages/oslo_messaging/_drivers/amqpdriver.py:357
2025-12-04 00:35:42.926 133340 DEBUG oslo_messaging._drivers.amqpdriver [-] AMQPListener connection timeout poll /usr/lib/python3/dist-packages/oslo_messaging/_drivers/amqpdriver.py:360
2025-12-04 00:35:42.926 133340 DEBUG oslo_messaging._drivers.amqpdriver [-] Listener is running poll /usr/lib/python3/dist-packages/oslo_messaging/_drivers/amqpdriver.py:343
2025-12-04 00:35:42.927 133340 DEBUG oslo_messaging._drivers.amqpdriver [-] AMQPListener connection consume poll /usr/lib/python3/dist-packages/oslo_messaging/_drivers/amqpdriver.py:357
2025-12-04 00:35:42.958 133344 DEBUG oslo_messaging._drivers.amqpdriver [-] AMQPListener connection timeout poll /usr/lib/python3/dist-packages/oslo_messaging/_drivers/amqpdriver.py:360
2025-12-04 00:35:42.959 133344 DEBUG oslo_messaging._drivers.amqpdriver [-] Listener is running poll /usr/lib/python3/dist-packages/oslo_messaging/_drivers/amqpdriver.py:343
2025-12-04 00:35:42.960 133344 DEBUG oslo_messaging._drivers.amqpdriver [-] AMQPListener connection consume poll /usr/lib/python3/dist-packages/oslo_messaging/_drivers/amqpdriver.py:357
2025-12-04 00:35:42.961 133342 DEBUG oslo_messaging._drivers.amqpdriver [-] AMQPListener connection timeout poll /usr/lib/python3/dist-packages/oslo_messaging/_drivers/amqpdriver.py:360
2025-12-04 00:35:42.961 133342 DEBUG oslo_messaging._drivers.amqpdriver [-] Listener is running poll /usr/lib/python3/dist-packages/oslo_messaging/_drivers/amqpdriver.py:343
2025-12-04 00:35:42.961 133342 DEBUG oslo_messaging._drivers.amqpdriver [-] AMQPListener connection consume poll /usr/lib/python3/dist-packages/oslo_messaging/_drivers/amqpdriver.py:357
2025-12-04 00:35:42.984 133341 DEBUG oslo_messaging._drivers.amqpdriver [-] AMQPListener connection timeout poll /usr/lib/python3/dist-packages/oslo_messaging/_drivers/amqpdriver.py:360
2025-12-04 00:35:42.984 133341 DEBUG oslo_messaging._drivers.amqpdriver [-] Listener is running poll /usr/lib/python3/dist-packages/oslo_messaging/_drivers/amqpdriver.py:343
2025-12-04 00:35:42.984 133341 DEBUG oslo_messaging._drivers.amqpdriver [-] AMQPListener connection consume poll /usr/lib/python3/dist-packages/oslo_messaging/_drivers/amqpdriver.py:357
2025-12-04 00:35:49.953 133344 DEBUG oslo_service.periodic_task [req-24bf705b-a55c-465e-ac07-879e15ea7663 - - - - -] Running periodic task SchedulerManager._discover_hosts_in_cells run_periodic_tasks /usr/lib/python3/dist-packages/oslo_service/periodic_task.py:210
2025-12-04 00:35:49.954 133344 DEBUG oslo_db.sqlalchemy.engines [req-24bf705b-a55c-465e-ac07-879e15ea7663 - - - - -] Parent process 132299 forked (133344) with an open database connection, which is being discarded and recreated. checkout /usr/lib/python3/dist-packages/oslo_db/sqlalchemy/engines.py:413
2025-12-04 00:35:49.961 133344 DEBUG oslo_concurrency.lockutils [req-24bf705b-a55c-465e-ac07-879e15ea7663 - - - - -] Lock "e50613b1-e940-4c59-aae8-c59265f377ef" acquired by "nova.context.set_target_cell..get_or_set_cached_cell_and_set_connections" :: waited 0.000s inner /usr/lib/python3/dist-packages/oslo_concurrency/lockutils.py:386
2025-12-04 00:35:49.963 133344 DEBUG oslo_concurrency.lockutils [req-24bf705b-a55c-465e-ac07-879e15ea7663 - - - - -] Lock "e50613b1-e940-4c59-aae8-c59265f377ef" "released" by "nova.context.set_target_cell..get_or_set_cached_cell_and_set_connections" :: held 0.002s inner /usr/lib/python3/dist-packages/oslo_concurrency/lockutils.py:400
2025-12-04 00:35:49.967 133344 DEBUG oslo_db.sqlalchemy.engines [req-24bf705b-a55c-465e-ac07-879e15ea7663 - - - - -] MySQL server mode set to STRICT_TRANS_TABLES,STRICT_ALL_TABLES,NO_ZERO_IN_DATE,NO_ZERO_DATE,ERROR_FOR_DIVISION_BY_ZERO,TRADITIONAL,NO_ENGINE_SUBSTITUTION _check_effective_sql_mode /usr/lib/python3/dist-packages/oslo_db/sqlalchemy/engines.py:314
2025-12-04 00:35:50.024 133344 INFO nova.scheduler.manager [req-24bf705b-a55c-465e-ac07-879e15ea7663 - - - - -] Discovered 1 new hosts: cell1:cn-jenkins-deploy-platform-juju-os-620-1
2025-12-04 00:36:01.954 133342 DEBUG oslo_service.periodic_task [req-25265cfa-cc1f-4a37-8713-0cc0496ff3b4 - - - - -] Running periodic task SchedulerManager._discover_hosts_in_cells run_periodic_tasks /usr/lib/python3/dist-packages/oslo_service/periodic_task.py:210
2025-12-04 00:36:01.956 133342 DEBUG oslo_db.sqlalchemy.engines [req-25265cfa-cc1f-4a37-8713-0cc0496ff3b4 - - - - -] Parent process 132299 forked (133342) with an open database connection, which is being discarded and recreated. checkout /usr/lib/python3/dist-packages/oslo_db/sqlalchemy/engines.py:413
2025-12-04 00:36:01.962 133342 DEBUG oslo_concurrency.lockutils [req-25265cfa-cc1f-4a37-8713-0cc0496ff3b4 - - - - -] Lock "e50613b1-e940-4c59-aae8-c59265f377ef" acquired by "nova.context.set_target_cell..get_or_set_cached_cell_and_set_connections" :: waited 0.000s inner /usr/lib/python3/dist-packages/oslo_concurrency/lockutils.py:386
2025-12-04 00:36:01.964 133342 DEBUG oslo_concurrency.lockutils [req-25265cfa-cc1f-4a37-8713-0cc0496ff3b4 - - - - -] Lock "e50613b1-e940-4c59-aae8-c59265f377ef" "released" by "nova.context.set_target_cell..get_or_set_cached_cell_and_set_connections" :: held 0.002s inner /usr/lib/python3/dist-packages/oslo_concurrency/lockutils.py:400
2025-12-04 00:36:01.969 133342 DEBUG oslo_db.sqlalchemy.engines [req-25265cfa-cc1f-4a37-8713-0cc0496ff3b4 - - - - -] MySQL server mode set to STRICT_TRANS_TABLES,STRICT_ALL_TABLES,NO_ZERO_IN_DATE,NO_ZERO_DATE,ERROR_FOR_DIVISION_BY_ZERO,TRADITIONAL,NO_ENGINE_SUBSTITUTION _check_effective_sql_mode /usr/lib/python3/dist-packages/oslo_db/sqlalchemy/engines.py:314
2025-12-04 00:36:12.902 133340 DEBUG oslo_messaging._drivers.amqpdriver [-] AMQPListener connection timeout poll /usr/lib/python3/dist-packages/oslo_messaging/_drivers/amqpdriver.py:360
2025-12-04 00:36:12.902 133340 DEBUG oslo_messaging._drivers.amqpdriver [-] Listener is running poll /usr/lib/python3/dist-packages/oslo_messaging/_drivers/amqpdriver.py:343
2025-12-04 00:36:12.902 133340 DEBUG oslo_messaging._drivers.amqpdriver [-] AMQPListener connection consume poll /usr/lib/python3/dist-packages/oslo_messaging/_drivers/amqpdriver.py:357
2025-12-04 00:36:12.937 133342 DEBUG oslo_messaging._drivers.amqpdriver [-] AMQPListener connection timeout poll /usr/lib/python3/dist-packages/oslo_messaging/_drivers/amqpdriver.py:360
2025-12-04 00:36:12.937 133342 DEBUG oslo_messaging._drivers.amqpdriver [-] Listener is running poll /usr/lib/python3/dist-packages/oslo_messaging/_drivers/amqpdriver.py:343
2025-12-04 00:36:12.937 133342 DEBUG oslo_messaging._drivers.amqpdriver [-] AMQPListener connection consume poll /usr/lib/python3/dist-packages/oslo_messaging/_drivers/amqpdriver.py:357
2025-12-04 00:36:12.941 133344 DEBUG oslo_messaging._drivers.amqpdriver [-] AMQPListener connection timeout poll /usr/lib/python3/dist-packages/oslo_messaging/_drivers/amqpdriver.py:360
2025-12-04 00:36:12.941 133344 DEBUG oslo_messaging._drivers.amqpdriver [-] Listener is running poll /usr/lib/python3/dist-packages/oslo_messaging/_drivers/amqpdriver.py:343
2025-12-04 00:36:12.942 133344 DEBUG oslo_messaging._drivers.amqpdriver [-] AMQPListener connection consume poll /usr/lib/python3/dist-packages/oslo_messaging/_drivers/amqpdriver.py:357
2025-12-04 00:36:12.967 133341 DEBUG oslo_messaging._drivers.amqpdriver [-] AMQPListener connection timeout poll /usr/lib/python3/dist-packages/oslo_messaging/_drivers/amqpdriver.py:360
2025-12-04 00:36:12.967 133341 DEBUG oslo_messaging._drivers.amqpdriver [-] Listener is running poll /usr/lib/python3/dist-packages/oslo_messaging/_drivers/amqpdriver.py:343
2025-12-04 00:36:12.967 133341 DEBUG oslo_messaging._drivers.amqpdriver [-] AMQPListener connection consume poll /usr/lib/python3/dist-packages/oslo_messaging/_drivers/amqpdriver.py:357
2025-12-04 00:36:14.919 133340 DEBUG oslo_service.periodic_task [req-a44fafc2-2d23-4ddf-a6cc-cbd9e884fca5 - - - - -] Running periodic task SchedulerManager._discover_hosts_in_cells run_periodic_tasks /usr/lib/python3/dist-packages/oslo_service/periodic_task.py:210
2025-12-04 00:36:14.920 133340 DEBUG oslo_db.sqlalchemy.engines [req-a44fafc2-2d23-4ddf-a6cc-cbd9e884fca5 - - - - -] Parent process 132299 forked (133340) with an open database connection, which is being discarded and recreated. checkout /usr/lib/python3/dist-packages/oslo_db/sqlalchemy/engines.py:413
2025-12-04 00:36:14.926 133340 DEBUG oslo_concurrency.lockutils [req-a44fafc2-2d23-4ddf-a6cc-cbd9e884fca5 - - - - -] Lock "e50613b1-e940-4c59-aae8-c59265f377ef" acquired by "nova.context.set_target_cell..get_or_set_cached_cell_and_set_connections" :: waited 0.000s inner /usr/lib/python3/dist-packages/oslo_concurrency/lockutils.py:386
2025-12-04 00:36:14.928 133340 DEBUG oslo_concurrency.lockutils [req-a44fafc2-2d23-4ddf-a6cc-cbd9e884fca5 - - - - -] Lock "e50613b1-e940-4c59-aae8-c59265f377ef" "released" by "nova.context.set_target_cell..get_or_set_cached_cell_and_set_connections" :: held 0.002s inner /usr/lib/python3/dist-packages/oslo_concurrency/lockutils.py:400
2025-12-04 00:36:14.934 133340 DEBUG oslo_db.sqlalchemy.engines [req-a44fafc2-2d23-4ddf-a6cc-cbd9e884fca5 - - - - -] MySQL server mode set to STRICT_TRANS_TABLES,STRICT_ALL_TABLES,NO_ZERO_IN_DATE,NO_ZERO_DATE,ERROR_FOR_DIVISION_BY_ZERO,TRADITIONAL,NO_ENGINE_SUBSTITUTION _check_effective_sql_mode /usr/lib/python3/dist-packages/oslo_db/sqlalchemy/engines.py:314
2025-12-04 00:36:18.983 133341 DEBUG oslo_service.periodic_task [req-530fce6c-8fea-4e52-aff3-c49c20e6aae4 - - - - -] Running periodic task SchedulerManager._discover_hosts_in_cells run_periodic_tasks /usr/lib/python3/dist-packages/oslo_service/periodic_task.py:210
2025-12-04 00:36:18.984 133341 DEBUG oslo_db.sqlalchemy.engines [req-530fce6c-8fea-4e52-aff3-c49c20e6aae4 - - - - -] Parent process 132299 forked (133341) with an open database connection, which is being discarded and recreated. checkout /usr/lib/python3/dist-packages/oslo_db/sqlalchemy/engines.py:413
2025-12-04 00:36:18.991 133341 DEBUG oslo_concurrency.lockutils [req-530fce6c-8fea-4e52-aff3-c49c20e6aae4 - - - - -] Lock "e50613b1-e940-4c59-aae8-c59265f377ef" acquired by "nova.context.set_target_cell..get_or_set_cached_cell_and_set_connections" :: waited 0.000s inner /usr/lib/python3/dist-packages/oslo_concurrency/lockutils.py:386
2025-12-04 00:36:18.993 133341 DEBUG oslo_concurrency.lockutils [req-530fce6c-8fea-4e52-aff3-c49c20e6aae4 - - - - -] Lock "e50613b1-e940-4c59-aae8-c59265f377ef" "released" by "nova.context.set_target_cell..get_or_set_cached_cell_and_set_connections" :: held 0.002s inner /usr/lib/python3/dist-packages/oslo_concurrency/lockutils.py:400
2025-12-04 00:36:18.998 133341 DEBUG oslo_db.sqlalchemy.engines [req-530fce6c-8fea-4e52-aff3-c49c20e6aae4 - - - - -] MySQL server mode set to STRICT_TRANS_TABLES,STRICT_ALL_TABLES,NO_ZERO_IN_DATE,NO_ZERO_DATE,ERROR_FOR_DIVISION_BY_ZERO,TRADITIONAL,NO_ENGINE_SUBSTITUTION _check_effective_sql_mode /usr/lib/python3/dist-packages/oslo_db/sqlalchemy/engines.py:314
2025-12-04 00:36:20.032 133344 DEBUG oslo_service.periodic_task [req-24bf705b-a55c-465e-ac07-879e15ea7663 - - - - -] Running periodic task SchedulerManager._discover_hosts_in_cells run_periodic_tasks /usr/lib/python3/dist-packages/oslo_service/periodic_task.py:210
2025-12-04 00:36:20.044 133344 DEBUG oslo_concurrency.lockutils [req-64716ffd-8ddd-4364-bae0-dfbde78ac4a5 - - - - -] Lock "e50613b1-e940-4c59-aae8-c59265f377ef" acquired by "nova.context.set_target_cell..get_or_set_cached_cell_and_set_connections" :: waited 0.000s inner /usr/lib/python3/dist-packages/oslo_concurrency/lockutils.py:386
2025-12-04 00:36:20.044 133344 DEBUG oslo_concurrency.lockutils [req-64716ffd-8ddd-4364-bae0-dfbde78ac4a5 - - - - -] Lock "e50613b1-e940-4c59-aae8-c59265f377ef" "released" by "nova.context.set_target_cell..get_or_set_cached_cell_and_set_connections" :: held 0.000s inner /usr/lib/python3/dist-packages/oslo_concurrency/lockutils.py:400
2025-12-04 00:36:31.984 133342 DEBUG oslo_service.periodic_task [req-25265cfa-cc1f-4a37-8713-0cc0496ff3b4 - - - - -] Running periodic task SchedulerManager._discover_hosts_in_cells run_periodic_tasks /usr/lib/python3/dist-packages/oslo_service/periodic_task.py:210
2025-12-04 00:36:31.989 133342 DEBUG oslo_concurrency.lockutils [req-59cf348c-092f-4fcd-977d-2fe9e0dfb467 - - - - -] Lock "e50613b1-e940-4c59-aae8-c59265f377ef" acquired by "nova.context.set_target_cell..get_or_set_cached_cell_and_set_connections" :: waited 0.000s inner /usr/lib/python3/dist-packages/oslo_concurrency/lockutils.py:386
2025-12-04 00:36:31.989 133342 DEBUG oslo_concurrency.lockutils [req-59cf348c-092f-4fcd-977d-2fe9e0dfb467 - - - - -] Lock "e50613b1-e940-4c59-aae8-c59265f377ef" "released" by "nova.context.set_target_cell..get_or_set_cached_cell_and_set_connections" :: held 0.000s inner /usr/lib/python3/dist-packages/oslo_concurrency/lockutils.py:400
2025-12-04 00:36:44.905 133340 DEBUG oslo_messaging._drivers.amqpdriver [-] AMQPListener connection timeout poll /usr/lib/python3/dist-packages/oslo_messaging/_drivers/amqpdriver.py:360
2025-12-04 00:36:44.905 133340 DEBUG oslo_messaging._drivers.amqpdriver [-] Listener is running poll /usr/lib/python3/dist-packages/oslo_messaging/_drivers/amqpdriver.py:343
2025-12-04 00:36:44.906 133340 DEBUG oslo_messaging._drivers.amqpdriver [-] AMQPListener connection consume poll /usr/lib/python3/dist-packages/oslo_messaging/_drivers/amqpdriver.py:357
2025-12-04 00:36:44.940 133342 DEBUG oslo_messaging._drivers.amqpdriver [-] AMQPListener connection timeout poll /usr/lib/python3/dist-packages/oslo_messaging/_drivers/amqpdriver.py:360
2025-12-04 00:36:44.940 133342 DEBUG oslo_messaging._drivers.amqpdriver [-] Listener is running poll /usr/lib/python3/dist-packages/oslo_messaging/_drivers/amqpdriver.py:343
2025-12-04 00:36:44.941 133342 DEBUG oslo_messaging._drivers.amqpdriver [-] AMQPListener connection consume poll /usr/lib/python3/dist-packages/oslo_messaging/_drivers/amqpdriver.py:357
2025-12-04 00:36:44.944 133344 DEBUG oslo_messaging._drivers.amqpdriver [-] AMQPListener connection timeout poll /usr/lib/python3/dist-packages/oslo_messaging/_drivers/amqpdriver.py:360
2025-12-04 00:36:44.944 133344 DEBUG oslo_messaging._drivers.amqpdriver [-] Listener is running poll /usr/lib/python3/dist-packages/oslo_messaging/_drivers/amqpdriver.py:343
2025-12-04 00:36:44.944 133344 DEBUG oslo_messaging._drivers.amqpdriver [-] AMQPListener connection consume poll /usr/lib/python3/dist-packages/oslo_messaging/_drivers/amqpdriver.py:357
2025-12-04 00:36:44.945 133340 DEBUG oslo_service.periodic_task [req-a44fafc2-2d23-4ddf-a6cc-cbd9e884fca5 - - - - -] Running periodic task SchedulerManager._discover_hosts_in_cells run_periodic_tasks /usr/lib/python3/dist-packages/oslo_service/periodic_task.py:210
2025-12-04 00:36:44.949 133340 DEBUG oslo_concurrency.lockutils [req-7df4efd8-22c5-45b1-9689-1a4cd963cc92 - - - - -] Lock "e50613b1-e940-4c59-aae8-c59265f377ef" acquired by "nova.context.set_target_cell..get_or_set_cached_cell_and_set_connections" :: waited 0.000s inner /usr/lib/python3/dist-packages/oslo_concurrency/lockutils.py:386
2025-12-04 00:36:44.949 133340 DEBUG oslo_concurrency.lockutils [req-7df4efd8-22c5-45b1-9689-1a4cd963cc92 - - - - -] Lock "e50613b1-e940-4c59-aae8-c59265f377ef" "released" by "nova.context.set_target_cell..get_or_set_cached_cell_and_set_connections" :: held 0.000s inner /usr/lib/python3/dist-packages/oslo_concurrency/lockutils.py:400
2025-12-04 00:36:44.970 133341 DEBUG oslo_messaging._drivers.amqpdriver [-] AMQPListener connection timeout poll /usr/lib/python3/dist-packages/oslo_messaging/_drivers/amqpdriver.py:360
2025-12-04 00:36:44.970 133341 DEBUG oslo_messaging._drivers.amqpdriver [-] Listener is running poll /usr/lib/python3/dist-packages/oslo_messaging/_drivers/amqpdriver.py:343
2025-12-04 00:36:44.971 133341 DEBUG oslo_messaging._drivers.amqpdriver [-] AMQPListener connection consume poll /usr/lib/python3/dist-packages/oslo_messaging/_drivers/amqpdriver.py:357
2025-12-04 00:36:49.030 133341 DEBUG oslo_service.periodic_task [req-530fce6c-8fea-4e52-aff3-c49c20e6aae4 - - - - -] Running periodic task SchedulerManager._discover_hosts_in_cells run_periodic_tasks /usr/lib/python3/dist-packages/oslo_service/periodic_task.py:210
2025-12-04 00:36:49.034 133341 DEBUG oslo_concurrency.lockutils [req-75270bed-de6b-444a-8162-a9fe5846f55e - - - - -] Lock "e50613b1-e940-4c59-aae8-c59265f377ef" acquired by "nova.context.set_target_cell..get_or_set_cached_cell_and_set_connections" :: waited 0.000s inner /usr/lib/python3/dist-packages/oslo_concurrency/lockutils.py:386
2025-12-04 00:36:49.035 133341 DEBUG oslo_concurrency.lockutils [req-75270bed-de6b-444a-8162-a9fe5846f55e - - - - -] Lock "e50613b1-e940-4c59-aae8-c59265f377ef" "released" by "nova.context.set_target_cell..get_or_set_cached_cell_and_set_connections" :: held 0.000s inner /usr/lib/python3/dist-packages/oslo_concurrency/lockutils.py:400
2025-12-04 00:36:50.955 133344 DEBUG oslo_service.periodic_task [req-64716ffd-8ddd-4364-bae0-dfbde78ac4a5 - - - - -] Running periodic task SchedulerManager._discover_hosts_in_cells run_periodic_tasks /usr/lib/python3/dist-packages/oslo_service/periodic_task.py:210
2025-12-04 00:36:50.959 133344 DEBUG oslo_concurrency.lockutils [req-2b208aad-872a-49aa-b9d1-c7ef745e636b - - - - -] Lock "e50613b1-e940-4c59-aae8-c59265f377ef" acquired by "nova.context.set_target_cell..get_or_set_cached_cell_and_set_connections" :: waited 0.000s inner /usr/lib/python3/dist-packages/oslo_concurrency/lockutils.py:386
2025-12-04 00:36:50.960 133344 DEBUG oslo_concurrency.lockutils [req-2b208aad-872a-49aa-b9d1-c7ef745e636b - - - - -] Lock "e50613b1-e940-4c59-aae8-c59265f377ef" "released" by "nova.context.set_target_cell..get_or_set_cached_cell_and_set_connections" :: held 0.000s inner /usr/lib/python3/dist-packages/oslo_concurrency/lockutils.py:400
2025-12-04 00:37:01.996 133342 DEBUG oslo_service.periodic_task [req-59cf348c-092f-4fcd-977d-2fe9e0dfb467 - - - - -] Running periodic task SchedulerManager._discover_hosts_in_cells run_periodic_tasks /usr/lib/python3/dist-packages/oslo_service/periodic_task.py:210
2025-12-04 00:37:02.000 133342 DEBUG oslo_concurrency.lockutils [req-e3edb9ba-8264-4009-a944-ecc8ff720ac8 - - - - -] Lock "e50613b1-e940-4c59-aae8-c59265f377ef" acquired by "nova.context.set_target_cell..get_or_set_cached_cell_and_set_connections" :: waited 0.000s inner /usr/lib/python3/dist-packages/oslo_concurrency/lockutils.py:386
2025-12-04 00:37:02.001 133342 DEBUG oslo_concurrency.lockutils [req-e3edb9ba-8264-4009-a944-ecc8ff720ac8 - - - - -] Lock "e50613b1-e940-4c59-aae8-c59265f377ef" "released" by "nova.context.set_target_cell..get_or_set_cached_cell_and_set_connections" :: held 0.000s inner /usr/lib/python3/dist-packages/oslo_concurrency/lockutils.py:400
2025-12-04 00:37:14.956 133340 DEBUG oslo_service.periodic_task [req-7df4efd8-22c5-45b1-9689-1a4cd963cc92 - - - - -] Running periodic task SchedulerManager._discover_hosts_in_cells run_periodic_tasks /usr/lib/python3/dist-packages/oslo_service/periodic_task.py:210
2025-12-04 00:37:14.960 133340 DEBUG oslo_concurrency.lockutils [req-4eca4fd7-f350-4529-bc5b-4d9bba7fce66 - - - - -] Lock "e50613b1-e940-4c59-aae8-c59265f377ef" acquired by "nova.context.set_target_cell..get_or_set_cached_cell_and_set_connections" :: waited 0.000s inner /usr/lib/python3/dist-packages/oslo_concurrency/lockutils.py:386
2025-12-04 00:37:14.960 133340 DEBUG oslo_concurrency.lockutils [req-4eca4fd7-f350-4529-bc5b-4d9bba7fce66 - - - - -] Lock "e50613b1-e940-4c59-aae8-c59265f377ef" "released" by "nova.context.set_target_cell..get_or_set_cached_cell_and_set_connections" :: held 0.000s inner /usr/lib/python3/dist-packages/oslo_concurrency/lockutils.py:400
2025-12-04 00:37:19.985 133341 DEBUG oslo_service.periodic_task [req-75270bed-de6b-444a-8162-a9fe5846f55e - - - - -] Running periodic task SchedulerManager._discover_hosts_in_cells run_periodic_tasks /usr/lib/python3/dist-packages/oslo_service/periodic_task.py:210
2025-12-04 00:37:19.990 133341 DEBUG oslo_concurrency.lockutils [req-2e5a894a-5fc8-46eb-9ea1-3b71df0d9b8f - - - - -] Lock "e50613b1-e940-4c59-aae8-c59265f377ef" acquired by "nova.context.set_target_cell..get_or_set_cached_cell_and_set_connections" :: waited 0.000s inner /usr/lib/python3/dist-packages/oslo_concurrency/lockutils.py:386
2025-12-04 00:37:19.990 133341 DEBUG oslo_concurrency.lockutils [req-2e5a894a-5fc8-46eb-9ea1-3b71df0d9b8f - - - - -] Lock "e50613b1-e940-4c59-aae8-c59265f377ef" "released" by "nova.context.set_target_cell..get_or_set_cached_cell_and_set_connections" :: held 0.000s inner /usr/lib/python3/dist-packages/oslo_concurrency/lockutils.py:400
2025-12-04 00:37:21.955 133344 DEBUG oslo_service.periodic_task [req-2b208aad-872a-49aa-b9d1-c7ef745e636b - - - - -] Running periodic task SchedulerManager._discover_hosts_in_cells run_periodic_tasks /usr/lib/python3/dist-packages/oslo_service/periodic_task.py:210
2025-12-04 00:37:21.959 133344 DEBUG oslo_concurrency.lockutils [req-e3d38da9-8755-4ca9-b0ad-f90e19198a11 - - - - -] Lock "e50613b1-e940-4c59-aae8-c59265f377ef" acquired by "nova.context.set_target_cell..get_or_set_cached_cell_and_set_connections" :: waited 0.000s inner /usr/lib/python3/dist-packages/oslo_concurrency/lockutils.py:386
2025-12-04 00:37:21.960 133344 DEBUG oslo_concurrency.lockutils [req-e3d38da9-8755-4ca9-b0ad-f90e19198a11 - - - - -] Lock "e50613b1-e940-4c59-aae8-c59265f377ef" "released" by "nova.context.set_target_cell..get_or_set_cached_cell_and_set_connections" :: held 0.000s inner /usr/lib/python3/dist-packages/oslo_concurrency/lockutils.py:400
2025-12-04 00:37:28.998 132299 INFO oslo_service.service [req-ee78d430-9f70-45fd-ae71-0a034d6e3716 - - - - -] Caught SIGTERM, stopping children
2025-12-04 00:37:28.999 132299 DEBUG oslo_concurrency.lockutils [req-ee78d430-9f70-45fd-ae71-0a034d6e3716 - - - - -] Acquired lock "singleton_lock" lock /usr/lib/python3/dist-packages/oslo_concurrency/lockutils.py:294
