2025-12-04 00:37:48.287 163239 DEBUG oslo_service.service [req-b1316bce-981f-45f0-9444-75803ff09102 - - - - -] ================================================================================ log_opt_values /usr/lib/python3/dist-packages/oslo_config/cfg.py:2594
2025-12-04 00:37:48.288 163239 DEBUG oslo_service.service [req-b1316bce-981f-45f0-9444-75803ff09102 - - - - -] allow_resize_to_same_host = False log_opt_values /usr/lib/python3/dist-packages/oslo_config/cfg.py:2602
2025-12-04 00:37:48.288 163239 DEBUG oslo_service.service [req-b1316bce-981f-45f0-9444-75803ff09102 - - - - -] arq_binding_timeout = 300 log_opt_values /usr/lib/python3/dist-packages/oslo_config/cfg.py:2602
2025-12-04 00:37:48.288 163239 DEBUG oslo_service.service [req-b1316bce-981f-45f0-9444-75803ff09102 - - - - -] block_device_allocate_retries = 60 log_opt_values /usr/lib/python3/dist-packages/oslo_config/cfg.py:2602
2025-12-04 00:37:48.288 163239 DEBUG oslo_service.service [req-b1316bce-981f-45f0-9444-75803ff09102 - - - - -] block_device_allocate_retries_interval = 3 log_opt_values /usr/lib/python3/dist-packages/oslo_config/cfg.py:2602
2025-12-04 00:37:48.288 163239 DEBUG oslo_service.service [req-b1316bce-981f-45f0-9444-75803ff09102 - - - - -] cert = self.pem log_opt_values /usr/lib/python3/dist-packages/oslo_config/cfg.py:2602
2025-12-04 00:37:48.289 163239 DEBUG oslo_service.service [req-b1316bce-981f-45f0-9444-75803ff09102 - - - - -] compute_driver = libvirt.LibvirtDriver log_opt_values /usr/lib/python3/dist-packages/oslo_config/cfg.py:2602
2025-12-04 00:37:48.289 163239 DEBUG oslo_service.service [req-b1316bce-981f-45f0-9444-75803ff09102 - - - - -] compute_monitors = [] log_opt_values /usr/lib/python3/dist-packages/oslo_config/cfg.py:2602
2025-12-04 00:37:48.289 163239 DEBUG oslo_service.service [req-b1316bce-981f-45f0-9444-75803ff09102 - - - - -] config_dir = [] log_opt_values /usr/lib/python3/dist-packages/oslo_config/cfg.py:2602
2025-12-04 00:37:48.289 163239 DEBUG oslo_service.service [req-b1316bce-981f-45f0-9444-75803ff09102 - - - - -] config_drive_format = iso9660 log_opt_values /usr/lib/python3/dist-packages/oslo_config/cfg.py:2602
2025-12-04 00:37:48.289 163239 DEBUG oslo_service.service [req-b1316bce-981f-45f0-9444-75803ff09102 - - - - -] config_file = ['/etc/nova/nova.conf'] log_opt_values /usr/lib/python3/dist-packages/oslo_config/cfg.py:2602
2025-12-04 00:37:48.290 163239 DEBUG oslo_service.service [req-b1316bce-981f-45f0-9444-75803ff09102 - - - - -] config_source = [] log_opt_values /usr/lib/python3/dist-packages/oslo_config/cfg.py:2602
2025-12-04 00:37:48.290 163239 DEBUG oslo_service.service [req-b1316bce-981f-45f0-9444-75803ff09102 - - - - -] console_host = juju-569b9c-0-lxd-7 log_opt_values /usr/lib/python3/dist-packages/oslo_config/cfg.py:2602
2025-12-04 00:37:48.290 163239 DEBUG oslo_service.service [req-b1316bce-981f-45f0-9444-75803ff09102 - - - - -] control_exchange = nova log_opt_values /usr/lib/python3/dist-packages/oslo_config/cfg.py:2602
2025-12-04 00:37:48.289 163558 INFO nova.service [-] Starting conductor node (version 25.2.1)
2025-12-04 00:37:48.290 163239 DEBUG oslo_service.service [req-b1316bce-981f-45f0-9444-75803ff09102 - - - - -] cpu_allocation_ratio = 2.0 log_opt_values /usr/lib/python3/dist-packages/oslo_config/cfg.py:2602
2025-12-04 00:37:48.290 163239 DEBUG oslo_service.service [req-b1316bce-981f-45f0-9444-75803ff09102 - - - - -] daemon = False log_opt_values /usr/lib/python3/dist-packages/oslo_config/cfg.py:2602
2025-12-04 00:37:48.290 163239 DEBUG oslo_service.service [req-b1316bce-981f-45f0-9444-75803ff09102 - - - - -] debug = True log_opt_values /usr/lib/python3/dist-packages/oslo_config/cfg.py:2602
2025-12-04 00:37:48.291 163239 DEBUG oslo_service.service [req-b1316bce-981f-45f0-9444-75803ff09102 - - - - -] default_access_ip_network_name = None log_opt_values /usr/lib/python3/dist-packages/oslo_config/cfg.py:2602
2025-12-04 00:37:48.291 163239 DEBUG oslo_service.service [req-b1316bce-981f-45f0-9444-75803ff09102 - - - - -] default_availability_zone = nova log_opt_values /usr/lib/python3/dist-packages/oslo_config/cfg.py:2602
2025-12-04 00:37:48.291 163239 DEBUG oslo_service.service [req-b1316bce-981f-45f0-9444-75803ff09102 - - - - -] default_ephemeral_format = None log_opt_values /usr/lib/python3/dist-packages/oslo_config/cfg.py:2602
2025-12-04 00:37:48.291 163239 DEBUG oslo_service.service [req-b1316bce-981f-45f0-9444-75803ff09102 - - - - -] default_log_levels = ['amqp=WARN', 'amqplib=WARN', 'boto=WARN', 'qpid=WARN', 'sqlalchemy=WARN', 'suds=INFO', 'oslo.messaging=INFO', 'oslo_messaging=DEBUG', 'iso8601=WARN', 'requests.packages.urllib3.connectionpool=WARN', 'urllib3.connectionpool=WARN', 'websocket=WARN', 'requests.packages.urllib3.util.retry=WARN', 'urllib3.util.retry=WARN', 'keystonemiddleware=WARN', 'routes.middleware=WARN', 'stevedore=WARN', 'taskflow=WARN', 'keystoneauth=WARN', 'oslo.cache=INFO', 'dogpile.core.dogpile=INFO', 'glanceclient=WARN', 'oslo.privsep.daemon=INFO'] log_opt_values /usr/lib/python3/dist-packages/oslo_config/cfg.py:2602
2025-12-04 00:37:48.291 163556 DEBUG oslo_db.sqlalchemy.engines [req-9682de12-a910-4f81-b9dc-7958f5a41e49 - - - - -] MySQL server mode set to STRICT_TRANS_TABLES,STRICT_ALL_TABLES,NO_ZERO_IN_DATE,NO_ZERO_DATE,ERROR_FOR_DIVISION_BY_ZERO,TRADITIONAL,NO_ENGINE_SUBSTITUTION _check_effective_sql_mode /usr/lib/python3/dist-packages/oslo_db/sqlalchemy/engines.py:314
2025-12-04 00:37:48.291 163239 DEBUG oslo_service.service [req-b1316bce-981f-45f0-9444-75803ff09102 - - - - -] default_schedule_zone = None log_opt_values /usr/lib/python3/dist-packages/oslo_config/cfg.py:2602
2025-12-04 00:37:48.292 163239 DEBUG oslo_service.service [req-b1316bce-981f-45f0-9444-75803ff09102 - - - - -] disk_allocation_ratio = 1.0 log_opt_values /usr/lib/python3/dist-packages/oslo_config/cfg.py:2602
2025-12-04 00:37:48.292 163239 DEBUG oslo_service.service [req-b1316bce-981f-45f0-9444-75803ff09102 - - - - -] enable_new_services = True log_opt_values /usr/lib/python3/dist-packages/oslo_config/cfg.py:2602
2025-12-04 00:37:48.292 163239 DEBUG oslo_service.service [req-b1316bce-981f-45f0-9444-75803ff09102 - - - - -] enabled_apis = ['osapi_compute', 'metadata'] log_opt_values /usr/lib/python3/dist-packages/oslo_config/cfg.py:2602
2025-12-04 00:37:48.293 163239 DEBUG oslo_service.service [req-b1316bce-981f-45f0-9444-75803ff09102 - - - - -] enabled_ssl_apis = [] log_opt_values /usr/lib/python3/dist-packages/oslo_config/cfg.py:2602
2025-12-04 00:37:48.293 163239 DEBUG oslo_service.service [req-b1316bce-981f-45f0-9444-75803ff09102 - - - - -] fatal_deprecations = False log_opt_values /usr/lib/python3/dist-packages/oslo_config/cfg.py:2602
2025-12-04 00:37:48.293 163239 DEBUG oslo_service.service [req-b1316bce-981f-45f0-9444-75803ff09102 - - - - -] flat_injected = False log_opt_values /usr/lib/python3/dist-packages/oslo_config/cfg.py:2602
2025-12-04 00:37:48.294 163239 DEBUG oslo_service.service [req-b1316bce-981f-45f0-9444-75803ff09102 - - - - -] force_config_drive = False log_opt_values /usr/lib/python3/dist-packages/oslo_config/cfg.py:2602
2025-12-04 00:37:48.294 163239 DEBUG oslo_service.service [req-b1316bce-981f-45f0-9444-75803ff09102 - - - - -] force_raw_images = True log_opt_values /usr/lib/python3/dist-packages/oslo_config/cfg.py:2602
2025-12-04 00:37:48.294 163239 DEBUG oslo_service.service [req-b1316bce-981f-45f0-9444-75803ff09102 - - - - -] graceful_shutdown_timeout = 60 log_opt_values /usr/lib/python3/dist-packages/oslo_config/cfg.py:2602
2025-12-04 00:37:48.294 163239 DEBUG oslo_service.service [req-b1316bce-981f-45f0-9444-75803ff09102 - - - - -] heal_instance_info_cache_interval = 60 log_opt_values /usr/lib/python3/dist-packages/oslo_config/cfg.py:2602
2025-12-04 00:37:48.294 163239 DEBUG oslo_service.service [req-b1316bce-981f-45f0-9444-75803ff09102 - - - - -] host = juju-569b9c-0-lxd-7 log_opt_values /usr/lib/python3/dist-packages/oslo_config/cfg.py:2602
2025-12-04 00:37:48.295 163239 DEBUG oslo_service.service [req-b1316bce-981f-45f0-9444-75803ff09102 - - - - -] initial_cpu_allocation_ratio = 16.0 log_opt_values /usr/lib/python3/dist-packages/oslo_config/cfg.py:2602
2025-12-04 00:37:48.295 163239 DEBUG oslo_service.service [req-b1316bce-981f-45f0-9444-75803ff09102 - - - - -] initial_disk_allocation_ratio = 1.0 log_opt_values /usr/lib/python3/dist-packages/oslo_config/cfg.py:2602
2025-12-04 00:37:48.295 163239 DEBUG oslo_service.service [req-b1316bce-981f-45f0-9444-75803ff09102 - - - - -] initial_ram_allocation_ratio = 1.5 log_opt_values /usr/lib/python3/dist-packages/oslo_config/cfg.py:2602
2025-12-04 00:37:48.295 163557 DEBUG oslo_db.sqlalchemy.engines [req-d1892c7b-c284-433a-9735-f48af2b0c306 - - - - -] MySQL server mode set to STRICT_TRANS_TABLES,STRICT_ALL_TABLES,NO_ZERO_IN_DATE,NO_ZERO_DATE,ERROR_FOR_DIVISION_BY_ZERO,TRADITIONAL,NO_ENGINE_SUBSTITUTION _check_effective_sql_mode /usr/lib/python3/dist-packages/oslo_db/sqlalchemy/engines.py:314
2025-12-04 00:37:48.295 163239 DEBUG oslo_service.service [req-b1316bce-981f-45f0-9444-75803ff09102 - - - - -] injected_network_template = /usr/lib/python3/dist-packages/nova/virt/interfaces.template log_opt_values /usr/lib/python3/dist-packages/oslo_config/cfg.py:2602
2025-12-04 00:37:48.296 163239 DEBUG oslo_service.service [req-b1316bce-981f-45f0-9444-75803ff09102 - - - - -] instance_build_timeout = 0 log_opt_values /usr/lib/python3/dist-packages/oslo_config/cfg.py:2602
2025-12-04 00:37:48.296 163239 DEBUG oslo_service.service [req-b1316bce-981f-45f0-9444-75803ff09102 - - - - -] instance_delete_interval = 300 log_opt_values /usr/lib/python3/dist-packages/oslo_config/cfg.py:2602
2025-12-04 00:37:48.296 163239 DEBUG oslo_service.service [req-b1316bce-981f-45f0-9444-75803ff09102 - - - - -] instance_format = [instance: %(uuid)s] log_opt_values /usr/lib/python3/dist-packages/oslo_config/cfg.py:2602
2025-12-04 00:37:48.296 163239 DEBUG oslo_service.service [req-b1316bce-981f-45f0-9444-75803ff09102 - - - - -] instance_name_template = instance-%08x log_opt_values /usr/lib/python3/dist-packages/oslo_config/cfg.py:2602
2025-12-04 00:37:48.296 163239 DEBUG oslo_service.service [req-b1316bce-981f-45f0-9444-75803ff09102 - - - - -] instance_usage_audit = False log_opt_values /usr/lib/python3/dist-packages/oslo_config/cfg.py:2602
2025-12-04 00:37:48.297 163239 DEBUG oslo_service.service [req-b1316bce-981f-45f0-9444-75803ff09102 - - - - -] instance_usage_audit_period = month log_opt_values /usr/lib/python3/dist-packages/oslo_config/cfg.py:2602
2025-12-04 00:37:48.297 163239 DEBUG oslo_service.service [req-b1316bce-981f-45f0-9444-75803ff09102 - - - - -] instance_uuid_format = [instance: %(uuid)s] log_opt_values /usr/lib/python3/dist-packages/oslo_config/cfg.py:2602
2025-12-04 00:37:48.297 163239 DEBUG oslo_service.service [req-b1316bce-981f-45f0-9444-75803ff09102 - - - - -] instances_path = /var/lib/nova/instances log_opt_values /usr/lib/python3/dist-packages/oslo_config/cfg.py:2602
2025-12-04 00:37:48.299 163239 DEBUG oslo_service.service [req-b1316bce-981f-45f0-9444-75803ff09102 - - - - -] internal_service_availability_zone = internal log_opt_values /usr/lib/python3/dist-packages/oslo_config/cfg.py:2602
2025-12-04 00:37:48.299 163239 DEBUG oslo_service.service [req-b1316bce-981f-45f0-9444-75803ff09102 - - - - -] key = None log_opt_values /usr/lib/python3/dist-packages/oslo_config/cfg.py:2602
2025-12-04 00:37:48.299 163239 DEBUG oslo_service.service [req-b1316bce-981f-45f0-9444-75803ff09102 - - - - -] live_migration_retry_count = 30 log_opt_values /usr/lib/python3/dist-packages/oslo_config/cfg.py:2602
2025-12-04 00:37:48.300 163239 DEBUG oslo_service.service [req-b1316bce-981f-45f0-9444-75803ff09102 - - - - -] log_config_append = None log_opt_values /usr/lib/python3/dist-packages/oslo_config/cfg.py:2602
2025-12-04 00:37:48.300 163239 DEBUG oslo_service.service [req-b1316bce-981f-45f0-9444-75803ff09102 - - - - -] log_date_format = %Y-%m-%d %H:%M:%S log_opt_values /usr/lib/python3/dist-packages/oslo_config/cfg.py:2602
2025-12-04 00:37:48.300 163239 DEBUG oslo_service.service [req-b1316bce-981f-45f0-9444-75803ff09102 - - - - -] log_dir = /var/log/nova log_opt_values /usr/lib/python3/dist-packages/oslo_config/cfg.py:2602
2025-12-04 00:37:48.300 163239 DEBUG oslo_service.service [req-b1316bce-981f-45f0-9444-75803ff09102 - - - - -] log_file = /var/log/nova/nova-conductor.log log_opt_values /usr/lib/python3/dist-packages/oslo_config/cfg.py:2602
2025-12-04 00:37:48.301 163239 DEBUG oslo_service.service [req-b1316bce-981f-45f0-9444-75803ff09102 - - - - -] log_options = True log_opt_values /usr/lib/python3/dist-packages/oslo_config/cfg.py:2602
2025-12-04 00:37:48.301 163239 DEBUG oslo_service.service [req-b1316bce-981f-45f0-9444-75803ff09102 - - - - -] log_rotate_interval = 1 log_opt_values /usr/lib/python3/dist-packages/oslo_config/cfg.py:2602
2025-12-04 00:37:48.302 163555 DEBUG nova.service [req-29153a91-5482-45c2-9d04-b001bc0f6208 - - - - -] Creating RPC server for service conductor start /usr/lib/python3/dist-packages/nova/service.py:182
2025-12-04 00:37:48.302 163239 DEBUG oslo_service.service [req-b1316bce-981f-45f0-9444-75803ff09102 - - - - -] log_rotate_interval_type = days log_opt_values /usr/lib/python3/dist-packages/oslo_config/cfg.py:2602
2025-12-04 00:37:48.302 163239 DEBUG oslo_service.service [req-b1316bce-981f-45f0-9444-75803ff09102 - - - - -] log_rotation_type = none log_opt_values /usr/lib/python3/dist-packages/oslo_config/cfg.py:2602
2025-12-04 00:37:48.302 163239 DEBUG oslo_service.service [req-b1316bce-981f-45f0-9444-75803ff09102 - - - - -] logging_context_format_string = %(asctime)s.%(msecs)03d %(process)d %(levelname)s %(name)s [%(request_id)s %(user_identity)s] %(instance)s%(message)s log_opt_values /usr/lib/python3/dist-packages/oslo_config/cfg.py:2602
2025-12-04 00:37:48.303 163239 DEBUG oslo_service.service [req-b1316bce-981f-45f0-9444-75803ff09102 - - - - -] logging_debug_format_suffix = %(funcName)s %(pathname)s:%(lineno)d log_opt_values /usr/lib/python3/dist-packages/oslo_config/cfg.py:2602
2025-12-04 00:37:48.302 163558 DEBUG oslo_db.sqlalchemy.engines [req-47b1d229-7278-4f85-9b7a-6544513e2038 - - - - -] MySQL server mode set to STRICT_TRANS_TABLES,STRICT_ALL_TABLES,NO_ZERO_IN_DATE,NO_ZERO_DATE,ERROR_FOR_DIVISION_BY_ZERO,TRADITIONAL,NO_ENGINE_SUBSTITUTION _check_effective_sql_mode /usr/lib/python3/dist-packages/oslo_db/sqlalchemy/engines.py:314
2025-12-04 00:37:48.303 163239 DEBUG oslo_service.service [req-b1316bce-981f-45f0-9444-75803ff09102 - - - - -] logging_default_format_string = %(asctime)s.%(msecs)03d %(process)d %(levelname)s %(name)s [-] %(instance)s%(message)s log_opt_values /usr/lib/python3/dist-packages/oslo_config/cfg.py:2602
2025-12-04 00:37:48.303 163239 DEBUG oslo_service.service [req-b1316bce-981f-45f0-9444-75803ff09102 - - - - -] logging_exception_prefix = %(asctime)s.%(msecs)03d %(process)d ERROR %(name)s %(instance)s log_opt_values /usr/lib/python3/dist-packages/oslo_config/cfg.py:2602
2025-12-04 00:37:48.303 163239 DEBUG oslo_service.service [req-b1316bce-981f-45f0-9444-75803ff09102 - - - - -] logging_user_identity_format = %(user)s %(project)s %(domain)s %(user_domain)s %(project_domain)s log_opt_values /usr/lib/python3/dist-packages/oslo_config/cfg.py:2602
2025-12-04 00:37:48.303 163239 DEBUG oslo_service.service [req-b1316bce-981f-45f0-9444-75803ff09102 - - - - -] long_rpc_timeout = 1800 log_opt_values /usr/lib/python3/dist-packages/oslo_config/cfg.py:2602
2025-12-04 00:37:48.304 163239 DEBUG oslo_service.service [req-b1316bce-981f-45f0-9444-75803ff09102 - - - - -] max_concurrent_builds = 10 log_opt_values /usr/lib/python3/dist-packages/oslo_config/cfg.py:2602
2025-12-04 00:37:48.304 163239 DEBUG oslo_service.service [req-b1316bce-981f-45f0-9444-75803ff09102 - - - - -] max_concurrent_live_migrations = 1 log_opt_values /usr/lib/python3/dist-packages/oslo_config/cfg.py:2602
2025-12-04 00:37:48.304 163239 DEBUG oslo_service.service [req-b1316bce-981f-45f0-9444-75803ff09102 - - - - -] max_concurrent_snapshots = 5 log_opt_values /usr/lib/python3/dist-packages/oslo_config/cfg.py:2602
2025-12-04 00:37:48.304 163239 DEBUG oslo_service.service [req-b1316bce-981f-45f0-9444-75803ff09102 - - - - -] max_local_block_devices = 3 log_opt_values /usr/lib/python3/dist-packages/oslo_config/cfg.py:2602
2025-12-04 00:37:48.304 163239 DEBUG oslo_service.service [req-b1316bce-981f-45f0-9444-75803ff09102 - - - - -] max_logfile_count = 30 log_opt_values /usr/lib/python3/dist-packages/oslo_config/cfg.py:2602
2025-12-04 00:37:48.304 163239 DEBUG oslo_service.service [req-b1316bce-981f-45f0-9444-75803ff09102 - - - - -] max_logfile_size_mb = 200 log_opt_values /usr/lib/python3/dist-packages/oslo_config/cfg.py:2602
2025-12-04 00:37:48.305 163239 DEBUG oslo_service.service [req-b1316bce-981f-45f0-9444-75803ff09102 - - - - -] maximum_instance_delete_attempts = 5 log_opt_values /usr/lib/python3/dist-packages/oslo_config/cfg.py:2602
2025-12-04 00:37:48.305 163239 DEBUG oslo_service.service [req-b1316bce-981f-45f0-9444-75803ff09102 - - - - -] metadata_listen = 0.0.0.0 log_opt_values /usr/lib/python3/dist-packages/oslo_config/cfg.py:2602
2025-12-04 00:37:48.305 163239 DEBUG oslo_service.service [req-b1316bce-981f-45f0-9444-75803ff09102 - - - - -] metadata_listen_port = 8765 log_opt_values /usr/lib/python3/dist-packages/oslo_config/cfg.py:2602
2025-12-04 00:37:48.305 163239 DEBUG oslo_service.service [req-b1316bce-981f-45f0-9444-75803ff09102 - - - - -] metadata_workers = None log_opt_values /usr/lib/python3/dist-packages/oslo_config/cfg.py:2602
2025-12-04 00:37:48.305 163239 DEBUG oslo_service.service [req-b1316bce-981f-45f0-9444-75803ff09102 - - - - -] migrate_max_retries = -1 log_opt_values /usr/lib/python3/dist-packages/oslo_config/cfg.py:2602
2025-12-04 00:37:48.306 163239 DEBUG oslo_service.service [req-b1316bce-981f-45f0-9444-75803ff09102 - - - - -] mkisofs_cmd = genisoimage log_opt_values /usr/lib/python3/dist-packages/oslo_config/cfg.py:2602
2025-12-04 00:37:48.306 163239 DEBUG oslo_service.service [req-b1316bce-981f-45f0-9444-75803ff09102 - - - - -] my_block_storage_ip = 252.241.124.174 log_opt_values /usr/lib/python3/dist-packages/oslo_config/cfg.py:2602
2025-12-04 00:37:48.306 163239 DEBUG oslo_service.service [req-b1316bce-981f-45f0-9444-75803ff09102 - - - - -] my_ip = 252.241.124.174 log_opt_values /usr/lib/python3/dist-packages/oslo_config/cfg.py:2602
2025-12-04 00:37:48.307 163239 DEBUG oslo_service.service [req-b1316bce-981f-45f0-9444-75803ff09102 - - - - -] network_allocate_retries = 0 log_opt_values /usr/lib/python3/dist-packages/oslo_config/cfg.py:2602
2025-12-04 00:37:48.307 163239 DEBUG oslo_service.service [req-b1316bce-981f-45f0-9444-75803ff09102 - - - - -] non_inheritable_image_properties = ['cache_in_nova', 'bittorrent'] log_opt_values /usr/lib/python3/dist-packages/oslo_config/cfg.py:2602
2025-12-04 00:37:48.307 163239 DEBUG oslo_service.service [req-b1316bce-981f-45f0-9444-75803ff09102 - - - - -] osapi_compute_listen = 0.0.0.0 log_opt_values /usr/lib/python3/dist-packages/oslo_config/cfg.py:2602
2025-12-04 00:37:48.308 163239 DEBUG oslo_service.service [req-b1316bce-981f-45f0-9444-75803ff09102 - - - - -] osapi_compute_listen_port = 8764 log_opt_values /usr/lib/python3/dist-packages/oslo_config/cfg.py:2602
2025-12-04 00:37:48.308 163239 DEBUG oslo_service.service [req-b1316bce-981f-45f0-9444-75803ff09102 - - - - -] osapi_compute_unique_server_name_scope = log_opt_values /usr/lib/python3/dist-packages/oslo_config/cfg.py:2602
2025-12-04 00:37:48.308 163239 DEBUG oslo_service.service [req-b1316bce-981f-45f0-9444-75803ff09102 - - - - -] osapi_compute_workers = 4 log_opt_values /usr/lib/python3/dist-packages/oslo_config/cfg.py:2602
2025-12-04 00:37:48.308 163239 DEBUG oslo_service.service [req-b1316bce-981f-45f0-9444-75803ff09102 - - - - -] password_length = 12 log_opt_values /usr/lib/python3/dist-packages/oslo_config/cfg.py:2602
2025-12-04 00:37:48.308 163239 DEBUG oslo_service.service [req-b1316bce-981f-45f0-9444-75803ff09102 - - - - -] periodic_enable = True log_opt_values /usr/lib/python3/dist-packages/oslo_config/cfg.py:2602
2025-12-04 00:37:48.309 163239 DEBUG oslo_service.service [req-b1316bce-981f-45f0-9444-75803ff09102 - - - - -] periodic_fuzzy_delay = 60 log_opt_values /usr/lib/python3/dist-packages/oslo_config/cfg.py:2602
2025-12-04 00:37:48.308 163556 DEBUG nova.service [req-9682de12-a910-4f81-b9dc-7958f5a41e49 - - - - -] Creating RPC server for service conductor start /usr/lib/python3/dist-packages/nova/service.py:182
2025-12-04 00:37:48.309 163239 DEBUG oslo_service.service [req-b1316bce-981f-45f0-9444-75803ff09102 - - - - -] pointer_model = usbtablet log_opt_values /usr/lib/python3/dist-packages/oslo_config/cfg.py:2602
2025-12-04 00:37:48.309 163239 DEBUG oslo_service.service [req-b1316bce-981f-45f0-9444-75803ff09102 - - - - -] preallocate_images = none log_opt_values /usr/lib/python3/dist-packages/oslo_config/cfg.py:2602
2025-12-04 00:37:48.309 163239 DEBUG oslo_service.service [req-b1316bce-981f-45f0-9444-75803ff09102 - - - - -] publish_errors = False log_opt_values /usr/lib/python3/dist-packages/oslo_config/cfg.py:2602
2025-12-04 00:37:48.309 163239 DEBUG oslo_service.service [req-b1316bce-981f-45f0-9444-75803ff09102 - - - - -] pybasedir = /usr/lib/python3/dist-packages log_opt_values /usr/lib/python3/dist-packages/oslo_config/cfg.py:2602
2025-12-04 00:37:48.309 163557 DEBUG nova.service [req-d1892c7b-c284-433a-9735-f48af2b0c306 - - - - -] Creating RPC server for service conductor start /usr/lib/python3/dist-packages/nova/service.py:182
2025-12-04 00:37:48.309 163239 DEBUG oslo_service.service [req-b1316bce-981f-45f0-9444-75803ff09102 - - - - -] ram_allocation_ratio = 0.98 log_opt_values /usr/lib/python3/dist-packages/oslo_config/cfg.py:2602
2025-12-04 00:37:48.310 163239 DEBUG oslo_service.service [req-b1316bce-981f-45f0-9444-75803ff09102 - - - - -] rate_limit_burst = 0 log_opt_values /usr/lib/python3/dist-packages/oslo_config/cfg.py:2602
2025-12-04 00:37:48.310 163239 DEBUG oslo_service.service [req-b1316bce-981f-45f0-9444-75803ff09102 - - - - -] rate_limit_except_level = CRITICAL log_opt_values /usr/lib/python3/dist-packages/oslo_config/cfg.py:2602
2025-12-04 00:37:48.310 163239 DEBUG oslo_service.service [req-b1316bce-981f-45f0-9444-75803ff09102 - - - - -] rate_limit_interval = 0 log_opt_values /usr/lib/python3/dist-packages/oslo_config/cfg.py:2602
2025-12-04 00:37:48.310 163239 DEBUG oslo_service.service [req-b1316bce-981f-45f0-9444-75803ff09102 - - - - -] reboot_timeout = 0 log_opt_values /usr/lib/python3/dist-packages/oslo_config/cfg.py:2602
2025-12-04 00:37:48.310 163239 DEBUG oslo_service.service [req-b1316bce-981f-45f0-9444-75803ff09102 - - - - -] reclaim_instance_interval = 0 log_opt_values /usr/lib/python3/dist-packages/oslo_config/cfg.py:2602
2025-12-04 00:37:48.310 163239 DEBUG oslo_service.service [req-b1316bce-981f-45f0-9444-75803ff09102 - - - - -] record = None log_opt_values /usr/lib/python3/dist-packages/oslo_config/cfg.py:2602
2025-12-04 00:37:48.311 163239 DEBUG oslo_service.service [req-b1316bce-981f-45f0-9444-75803ff09102 - - - - -] report_interval = 10 log_opt_values /usr/lib/python3/dist-packages/oslo_config/cfg.py:2602
2025-12-04 00:37:48.311 163239 DEBUG oslo_service.service [req-b1316bce-981f-45f0-9444-75803ff09102 - - - - -] rescue_timeout = 0 log_opt_values /usr/lib/python3/dist-packages/oslo_config/cfg.py:2602
2025-12-04 00:37:48.311 163239 DEBUG oslo_service.service [req-b1316bce-981f-45f0-9444-75803ff09102 - - - - -] reserved_host_cpus = 0 log_opt_values /usr/lib/python3/dist-packages/oslo_config/cfg.py:2602
2025-12-04 00:37:48.311 163239 DEBUG oslo_service.service [req-b1316bce-981f-45f0-9444-75803ff09102 - - - - -] reserved_host_disk_mb = 0 log_opt_values /usr/lib/python3/dist-packages/oslo_config/cfg.py:2602
2025-12-04 00:37:48.311 163239 DEBUG oslo_service.service [req-b1316bce-981f-45f0-9444-75803ff09102 - - - - -] reserved_host_memory_mb = 512 log_opt_values /usr/lib/python3/dist-packages/oslo_config/cfg.py:2602
2025-12-04 00:37:48.311 163239 DEBUG oslo_service.service [req-b1316bce-981f-45f0-9444-75803ff09102 - - - - -] reserved_huge_pages = None log_opt_values /usr/lib/python3/dist-packages/oslo_config/cfg.py:2602
2025-12-04 00:37:48.312 163239 DEBUG oslo_service.service [req-b1316bce-981f-45f0-9444-75803ff09102 - - - - -] resize_confirm_window = 0 log_opt_values /usr/lib/python3/dist-packages/oslo_config/cfg.py:2602
2025-12-04 00:37:48.312 163239 DEBUG oslo_service.service [req-b1316bce-981f-45f0-9444-75803ff09102 - - - - -] resize_fs_using_block_device = False log_opt_values /usr/lib/python3/dist-packages/oslo_config/cfg.py:2602
2025-12-04 00:37:48.312 163239 DEBUG oslo_service.service [req-b1316bce-981f-45f0-9444-75803ff09102 - - - - -] resume_guests_state_on_host_boot = False log_opt_values /usr/lib/python3/dist-packages/oslo_config/cfg.py:2602
2025-12-04 00:37:48.312 163239 DEBUG oslo_service.service [req-b1316bce-981f-45f0-9444-75803ff09102 - - - - -] rootwrap_config = /etc/nova/rootwrap.conf log_opt_values /usr/lib/python3/dist-packages/oslo_config/cfg.py:2602
2025-12-04 00:37:48.312 163239 DEBUG oslo_service.service [req-b1316bce-981f-45f0-9444-75803ff09102 - - - - -] rpc_response_timeout = 60 log_opt_values /usr/lib/python3/dist-packages/oslo_config/cfg.py:2602
2025-12-04 00:37:48.312 163239 DEBUG oslo_service.service [req-b1316bce-981f-45f0-9444-75803ff09102 - - - - -] run_external_periodic_tasks = True log_opt_values /usr/lib/python3/dist-packages/oslo_config/cfg.py:2602
2025-12-04 00:37:48.312 163239 DEBUG oslo_service.service [req-b1316bce-981f-45f0-9444-75803ff09102 - - - - -] running_deleted_instance_action = reap log_opt_values /usr/lib/python3/dist-packages/oslo_config/cfg.py:2602
2025-12-04 00:37:48.313 163239 DEBUG oslo_service.service [req-b1316bce-981f-45f0-9444-75803ff09102 - - - - -] running_deleted_instance_poll_interval = 1800 log_opt_values /usr/lib/python3/dist-packages/oslo_config/cfg.py:2602
2025-12-04 00:37:48.313 163239 DEBUG oslo_service.service [req-b1316bce-981f-45f0-9444-75803ff09102 - - - - -] running_deleted_instance_timeout = 0 log_opt_values /usr/lib/python3/dist-packages/oslo_config/cfg.py:2602
2025-12-04 00:37:48.313 163239 DEBUG oslo_service.service [req-b1316bce-981f-45f0-9444-75803ff09102 - - - - -] scheduler_instance_sync_interval = 120 log_opt_values /usr/lib/python3/dist-packages/oslo_config/cfg.py:2602
2025-12-04 00:37:48.313 163239 DEBUG oslo_service.service [req-b1316bce-981f-45f0-9444-75803ff09102 - - - - -] service_down_time = 60 log_opt_values /usr/lib/python3/dist-packages/oslo_config/cfg.py:2602
2025-12-04 00:37:48.313 163239 DEBUG oslo_service.service [req-b1316bce-981f-45f0-9444-75803ff09102 - - - - -] servicegroup_driver = db log_opt_values /usr/lib/python3/dist-packages/oslo_config/cfg.py:2602
2025-12-04 00:37:48.313 163239 DEBUG oslo_service.service [req-b1316bce-981f-45f0-9444-75803ff09102 - - - - -] shelved_offload_time = 0 log_opt_values /usr/lib/python3/dist-packages/oslo_config/cfg.py:2602
2025-12-04 00:37:48.314 163239 DEBUG oslo_service.service [req-b1316bce-981f-45f0-9444-75803ff09102 - - - - -] shelved_poll_interval = 3600 log_opt_values /usr/lib/python3/dist-packages/oslo_config/cfg.py:2602
2025-12-04 00:37:48.314 163239 DEBUG oslo_service.service [req-b1316bce-981f-45f0-9444-75803ff09102 - - - - -] shutdown_timeout = 60 log_opt_values /usr/lib/python3/dist-packages/oslo_config/cfg.py:2602
2025-12-04 00:37:48.314 163239 DEBUG oslo_service.service [req-b1316bce-981f-45f0-9444-75803ff09102 - - - - -] source_is_ipv6 = False log_opt_values /usr/lib/python3/dist-packages/oslo_config/cfg.py:2602
2025-12-04 00:37:48.314 163239 DEBUG oslo_service.service [req-b1316bce-981f-45f0-9444-75803ff09102 - - - - -] ssl_only = False log_opt_values /usr/lib/python3/dist-packages/oslo_config/cfg.py:2602
2025-12-04 00:37:48.314 163239 DEBUG oslo_service.service [req-b1316bce-981f-45f0-9444-75803ff09102 - - - - -] state_path = /var/lib/nova log_opt_values /usr/lib/python3/dist-packages/oslo_config/cfg.py:2602
2025-12-04 00:37:48.314 163239 DEBUG oslo_service.service [req-b1316bce-981f-45f0-9444-75803ff09102 - - - - -] sync_power_state_interval = 600 log_opt_values /usr/lib/python3/dist-packages/oslo_config/cfg.py:2602
2025-12-04 00:37:48.314 163239 DEBUG oslo_service.service [req-b1316bce-981f-45f0-9444-75803ff09102 - - - - -] sync_power_state_pool_size = 1000 log_opt_values /usr/lib/python3/dist-packages/oslo_config/cfg.py:2602
2025-12-04 00:37:48.317 163239 DEBUG oslo_service.service [req-b1316bce-981f-45f0-9444-75803ff09102 - - - - -] syslog_log_facility = LOG_USER log_opt_values /usr/lib/python3/dist-packages/oslo_config/cfg.py:2602
2025-12-04 00:37:48.317 163239 DEBUG oslo_service.service [req-b1316bce-981f-45f0-9444-75803ff09102 - - - - -] tempdir = None log_opt_values /usr/lib/python3/dist-packages/oslo_config/cfg.py:2602
2025-12-04 00:37:48.317 163239 DEBUG oslo_service.service [req-b1316bce-981f-45f0-9444-75803ff09102 - - - - -] timeout_nbd = 10 log_opt_values /usr/lib/python3/dist-packages/oslo_config/cfg.py:2602
2025-12-04 00:37:48.317 163239 DEBUG oslo_service.service [req-b1316bce-981f-45f0-9444-75803ff09102 - - - - -] transport_url = **** log_opt_values /usr/lib/python3/dist-packages/oslo_config/cfg.py:2602
2025-12-04 00:37:48.317 163239 DEBUG oslo_service.service [req-b1316bce-981f-45f0-9444-75803ff09102 - - - - -] update_resources_interval = 0 log_opt_values /usr/lib/python3/dist-packages/oslo_config/cfg.py:2602
2025-12-04 00:37:48.318 163239 DEBUG oslo_service.service [req-b1316bce-981f-45f0-9444-75803ff09102 - - - - -] use_cow_images = True log_opt_values /usr/lib/python3/dist-packages/oslo_config/cfg.py:2602
2025-12-04 00:37:48.318 163558 DEBUG nova.service [req-47b1d229-7278-4f85-9b7a-6544513e2038 - - - - -] Creating RPC server for service conductor start /usr/lib/python3/dist-packages/nova/service.py:182
2025-12-04 00:37:48.318 163239 DEBUG oslo_service.service [req-b1316bce-981f-45f0-9444-75803ff09102 - - - - -] use_eventlog = False log_opt_values /usr/lib/python3/dist-packages/oslo_config/cfg.py:2602
2025-12-04 00:37:48.319 163239 DEBUG oslo_service.service [req-b1316bce-981f-45f0-9444-75803ff09102 - - - - -] use_journal = False log_opt_values /usr/lib/python3/dist-packages/oslo_config/cfg.py:2602
2025-12-04 00:37:48.319 163239 DEBUG oslo_service.service [req-b1316bce-981f-45f0-9444-75803ff09102 - - - - -] use_json = False log_opt_values /usr/lib/python3/dist-packages/oslo_config/cfg.py:2602
2025-12-04 00:37:48.319 163239 DEBUG oslo_service.service [req-b1316bce-981f-45f0-9444-75803ff09102 - - - - -] use_rootwrap_daemon = False log_opt_values /usr/lib/python3/dist-packages/oslo_config/cfg.py:2602
2025-12-04 00:37:48.319 163239 DEBUG oslo_service.service [req-b1316bce-981f-45f0-9444-75803ff09102 - - - - -] use_stderr = False log_opt_values /usr/lib/python3/dist-packages/oslo_config/cfg.py:2602
2025-12-04 00:37:48.319 163239 DEBUG oslo_service.service [req-b1316bce-981f-45f0-9444-75803ff09102 - - - - -] use_syslog = False log_opt_values /usr/lib/python3/dist-packages/oslo_config/cfg.py:2602
2025-12-04 00:37:48.319 163239 DEBUG oslo_service.service [req-b1316bce-981f-45f0-9444-75803ff09102 - - - - -] vcpu_pin_set = None log_opt_values /usr/lib/python3/dist-packages/oslo_config/cfg.py:2602
2025-12-04 00:37:48.320 163239 DEBUG oslo_service.service [req-b1316bce-981f-45f0-9444-75803ff09102 - - - - -] vif_plugging_is_fatal = True log_opt_values /usr/lib/python3/dist-packages/oslo_config/cfg.py:2602
2025-12-04 00:37:48.320 163239 DEBUG oslo_service.service [req-b1316bce-981f-45f0-9444-75803ff09102 - - - - -] vif_plugging_timeout = 300 log_opt_values /usr/lib/python3/dist-packages/oslo_config/cfg.py:2602
2025-12-04 00:37:48.321 163239 DEBUG oslo_service.service [req-b1316bce-981f-45f0-9444-75803ff09102 - - - - -] virt_mkfs = [] log_opt_values /usr/lib/python3/dist-packages/oslo_config/cfg.py:2602
2025-12-04 00:37:48.321 163239 DEBUG oslo_service.service [req-b1316bce-981f-45f0-9444-75803ff09102 - - - - -] volume_usage_poll_interval = 0 log_opt_values /usr/lib/python3/dist-packages/oslo_config/cfg.py:2602
2025-12-04 00:37:48.321 163239 DEBUG oslo_service.service [req-b1316bce-981f-45f0-9444-75803ff09102 - - - - -] watch_log_file = False log_opt_values /usr/lib/python3/dist-packages/oslo_config/cfg.py:2602
2025-12-04 00:37:48.322 163239 DEBUG oslo_service.service [req-b1316bce-981f-45f0-9444-75803ff09102 - - - - -] web = /usr/share/spice-html5 log_opt_values /usr/lib/python3/dist-packages/oslo_config/cfg.py:2602
2025-12-04 00:37:48.322 163239 DEBUG oslo_service.service [req-b1316bce-981f-45f0-9444-75803ff09102 - - - - -] oslo_concurrency.disable_process_locking = False log_opt_values /usr/lib/python3/dist-packages/oslo_config/cfg.py:2609
2025-12-04 00:37:48.323 163239 DEBUG oslo_service.service [req-b1316bce-981f-45f0-9444-75803ff09102 - - - - -] oslo_concurrency.lock_path = /var/lock/nova log_opt_values /usr/lib/python3/dist-packages/oslo_config/cfg.py:2609
2025-12-04 00:37:48.323 163239 DEBUG oslo_service.service [req-b1316bce-981f-45f0-9444-75803ff09102 - - - - -] oslo_messaging_metrics.metrics_buffer_size = 1000 log_opt_values /usr/lib/python3/dist-packages/oslo_config/cfg.py:2609
2025-12-04 00:37:48.323 163239 DEBUG oslo_service.service [req-b1316bce-981f-45f0-9444-75803ff09102 - - - - -] oslo_messaging_metrics.metrics_enabled = False log_opt_values /usr/lib/python3/dist-packages/oslo_config/cfg.py:2609
2025-12-04 00:37:48.323 163239 DEBUG oslo_service.service [req-b1316bce-981f-45f0-9444-75803ff09102 - - - - -] oslo_messaging_metrics.metrics_process_name = log_opt_values /usr/lib/python3/dist-packages/oslo_config/cfg.py:2609
2025-12-04 00:37:48.324 163239 DEBUG oslo_service.service [req-b1316bce-981f-45f0-9444-75803ff09102 - - - - -] oslo_messaging_metrics.metrics_socket_file = /var/tmp/metrics_collector.sock log_opt_values /usr/lib/python3/dist-packages/oslo_config/cfg.py:2609
2025-12-04 00:37:48.324 163239 DEBUG oslo_service.service [req-b1316bce-981f-45f0-9444-75803ff09102 - - - - -] oslo_messaging_metrics.metrics_thread_stop_timeout = 10 log_opt_values /usr/lib/python3/dist-packages/oslo_config/cfg.py:2609
2025-12-04 00:37:48.324 163239 WARNING oslo_config.cfg [req-b1316bce-981f-45f0-9444-75803ff09102 - - - - -] Deprecated: Option "auth_strategy" from group "api" is deprecated for removal ( The only non-default choice, ``noauth2``, is for internal development and testing purposes only and should not be used in deployments. This option and its middleware, NoAuthMiddleware[V2_18], will be removed in a future release. ). Its value may be silently ignored in the future.
2025-12-04 00:37:48.325 163239 DEBUG oslo_service.service [req-b1316bce-981f-45f0-9444-75803ff09102 - - - - -] api.auth_strategy = keystone log_opt_values /usr/lib/python3/dist-packages/oslo_config/cfg.py:2609
2025-12-04 00:37:48.325 163239 DEBUG oslo_service.service [req-b1316bce-981f-45f0-9444-75803ff09102 - - - - -] api.compute_link_prefix = None log_opt_values /usr/lib/python3/dist-packages/oslo_config/cfg.py:2609
2025-12-04 00:37:48.325 163239 DEBUG oslo_service.service [req-b1316bce-981f-45f0-9444-75803ff09102 - - - - -] api.config_drive_skip_versions = 1.0 2007-01-19 2007-03-01 2007-08-29 2007-10-10 2007-12-15 2008-02-01 2008-09-01 log_opt_values /usr/lib/python3/dist-packages/oslo_config/cfg.py:2609
2025-12-04 00:37:48.326 163239 DEBUG oslo_service.service [req-b1316bce-981f-45f0-9444-75803ff09102 - - - - -] api.dhcp_domain = novalocal log_opt_values /usr/lib/python3/dist-packages/oslo_config/cfg.py:2609
2025-12-04 00:37:48.326 163239 DEBUG oslo_service.service [req-b1316bce-981f-45f0-9444-75803ff09102 - - - - -] api.enable_instance_password = True log_opt_values /usr/lib/python3/dist-packages/oslo_config/cfg.py:2609
2025-12-04 00:37:48.326 163239 DEBUG oslo_service.service [req-b1316bce-981f-45f0-9444-75803ff09102 - - - - -] api.glance_link_prefix = None log_opt_values /usr/lib/python3/dist-packages/oslo_config/cfg.py:2609
2025-12-04 00:37:48.326 163239 DEBUG oslo_service.service [req-b1316bce-981f-45f0-9444-75803ff09102 - - - - -] api.instance_list_cells_batch_fixed_size = 100 log_opt_values /usr/lib/python3/dist-packages/oslo_config/cfg.py:2609
2025-12-04 00:37:48.326 163239 DEBUG oslo_service.service [req-b1316bce-981f-45f0-9444-75803ff09102 - - - - -] api.instance_list_cells_batch_strategy = distributed log_opt_values /usr/lib/python3/dist-packages/oslo_config/cfg.py:2609
2025-12-04 00:37:48.326 163555 DEBUG oslo_messaging._drivers.amqpdriver [-] Listener is running poll /usr/lib/python3/dist-packages/oslo_messaging/_drivers/amqpdriver.py:343
2025-12-04 00:37:48.326 163239 DEBUG oslo_service.service [req-b1316bce-981f-45f0-9444-75803ff09102 - - - - -] api.instance_list_per_project_cells = False log_opt_values /usr/lib/python3/dist-packages/oslo_config/cfg.py:2609
2025-12-04 00:37:48.327 163555 DEBUG oslo_messaging._drivers.amqpdriver [-] AMQPListener connection consume poll /usr/lib/python3/dist-packages/oslo_messaging/_drivers/amqpdriver.py:357
2025-12-04 00:37:48.327 163239 DEBUG oslo_service.service [req-b1316bce-981f-45f0-9444-75803ff09102 - - - - -] api.list_records_by_skipping_down_cells = True log_opt_values /usr/lib/python3/dist-packages/oslo_config/cfg.py:2609
2025-12-04 00:37:48.327 163239 DEBUG oslo_service.service [req-b1316bce-981f-45f0-9444-75803ff09102 - - - - -] api.local_metadata_per_cell = False log_opt_values /usr/lib/python3/dist-packages/oslo_config/cfg.py:2609
2025-12-04 00:37:48.327 163239 DEBUG oslo_service.service [req-b1316bce-981f-45f0-9444-75803ff09102 - - - - -] api.max_limit = 1000 log_opt_values /usr/lib/python3/dist-packages/oslo_config/cfg.py:2609
2025-12-04 00:37:48.327 163239 DEBUG oslo_service.service [req-b1316bce-981f-45f0-9444-75803ff09102 - - - - -] api.metadata_cache_expiration = 15 log_opt_values /usr/lib/python3/dist-packages/oslo_config/cfg.py:2609
2025-12-04 00:37:48.327 163555 DEBUG nova.service [req-29153a91-5482-45c2-9d04-b001bc0f6208 - - - - -] Join ServiceGroup membership for this service conductor start /usr/lib/python3/dist-packages/nova/service.py:199
2025-12-04 00:37:48.327 163239 DEBUG oslo_service.service [req-b1316bce-981f-45f0-9444-75803ff09102 - - - - -] api.neutron_default_tenant_id = default log_opt_values /usr/lib/python3/dist-packages/oslo_config/cfg.py:2609
2025-12-04 00:37:48.327 163239 DEBUG oslo_service.service [req-b1316bce-981f-45f0-9444-75803ff09102 - - - - -] api.use_forwarded_for = False log_opt_values /usr/lib/python3/dist-packages/oslo_config/cfg.py:2609
2025-12-04 00:37:48.328 163555 DEBUG nova.servicegroup.drivers.db [req-29153a91-5482-45c2-9d04-b001bc0f6208 - - - - -] DB_Driver: join new ServiceGroup member juju-569b9c-0-lxd-7 to the conductor group, service = join /usr/lib/python3/dist-packages/nova/servicegroup/drivers/db.py:44
2025-12-04 00:37:48.328 163239 DEBUG oslo_service.service [req-b1316bce-981f-45f0-9444-75803ff09102 - - - - -] api.use_neutron_default_nets = False log_opt_values /usr/lib/python3/dist-packages/oslo_config/cfg.py:2609
2025-12-04 00:37:48.328 163239 DEBUG oslo_service.service [req-b1316bce-981f-45f0-9444-75803ff09102 - - - - -] api.vendordata_dynamic_connect_timeout = 5 log_opt_values /usr/lib/python3/dist-packages/oslo_config/cfg.py:2609
2025-12-04 00:37:48.328 163239 DEBUG oslo_service.service [req-b1316bce-981f-45f0-9444-75803ff09102 - - - - -] api.vendordata_dynamic_failure_fatal = False log_opt_values /usr/lib/python3/dist-packages/oslo_config/cfg.py:2609
2025-12-04 00:37:48.328 163239 DEBUG oslo_service.service [req-b1316bce-981f-45f0-9444-75803ff09102 - - - - -] api.vendordata_dynamic_read_timeout = 5 log_opt_values /usr/lib/python3/dist-packages/oslo_config/cfg.py:2609
2025-12-04 00:37:48.328 163239 DEBUG oslo_service.service [req-b1316bce-981f-45f0-9444-75803ff09102 - - - - -] api.vendordata_dynamic_ssl_certfile = log_opt_values /usr/lib/python3/dist-packages/oslo_config/cfg.py:2609
2025-12-04 00:37:48.329 163239 DEBUG oslo_service.service [req-b1316bce-981f-45f0-9444-75803ff09102 - - - - -] api.vendordata_dynamic_targets = [] log_opt_values /usr/lib/python3/dist-packages/oslo_config/cfg.py:2609
2025-12-04 00:37:48.329 163239 DEBUG oslo_service.service [req-b1316bce-981f-45f0-9444-75803ff09102 - - - - -] api.vendordata_jsonfile_path = None log_opt_values /usr/lib/python3/dist-packages/oslo_config/cfg.py:2609
2025-12-04 00:37:48.329 163239 DEBUG oslo_service.service [req-b1316bce-981f-45f0-9444-75803ff09102 - - - - -] api.vendordata_providers = ['StaticJSON'] log_opt_values /usr/lib/python3/dist-packages/oslo_config/cfg.py:2609
2025-12-04 00:37:48.329 163239 DEBUG oslo_service.service [req-b1316bce-981f-45f0-9444-75803ff09102 - - - - -] cache.backend = dogpile.cache.null log_opt_values /usr/lib/python3/dist-packages/oslo_config/cfg.py:2609
2025-12-04 00:37:48.329 163239 DEBUG oslo_service.service [req-b1316bce-981f-45f0-9444-75803ff09102 - - - - -] cache.backend_argument = **** log_opt_values /usr/lib/python3/dist-packages/oslo_config/cfg.py:2609
2025-12-04 00:37:48.329 163555 DEBUG oslo_messaging._drivers.amqpdriver [-] received message msg_id: ead9e4c6ddd14ba18d6752a71bba61de reply to reply_a2eb42cd4dd344d6b7f1efc57de7f0cb __call__ /usr/lib/python3/dist-packages/oslo_messaging/_drivers/amqpdriver.py:320
2025-12-04 00:37:48.329 163239 DEBUG oslo_service.service [req-b1316bce-981f-45f0-9444-75803ff09102 - - - - -] cache.config_prefix = cache.oslo log_opt_values /usr/lib/python3/dist-packages/oslo_config/cfg.py:2609
2025-12-04 00:37:48.330 163239 DEBUG oslo_service.service [req-b1316bce-981f-45f0-9444-75803ff09102 - - - - -] cache.debug_cache_backend = False log_opt_values /usr/lib/python3/dist-packages/oslo_config/cfg.py:2609
2025-12-04 00:37:48.330 163239 DEBUG oslo_service.service [req-b1316bce-981f-45f0-9444-75803ff09102 - - - - -] cache.enabled = False log_opt_values /usr/lib/python3/dist-packages/oslo_config/cfg.py:2609
2025-12-04 00:37:48.330 163239 DEBUG oslo_service.service [req-b1316bce-981f-45f0-9444-75803ff09102 - - - - -] cache.expiration_time = 600 log_opt_values /usr/lib/python3/dist-packages/oslo_config/cfg.py:2609
2025-12-04 00:37:48.330 163239 DEBUG oslo_service.service [req-b1316bce-981f-45f0-9444-75803ff09102 - - - - -] cache.memcache_dead_retry = 300 log_opt_values /usr/lib/python3/dist-packages/oslo_config/cfg.py:2609
2025-12-04 00:37:48.330 163239 DEBUG oslo_service.service [req-b1316bce-981f-45f0-9444-75803ff09102 - - - - -] cache.memcache_pool_connection_get_timeout = 10 log_opt_values /usr/lib/python3/dist-packages/oslo_config/cfg.py:2609
2025-12-04 00:37:48.330 163239 DEBUG oslo_service.service [req-b1316bce-981f-45f0-9444-75803ff09102 - - - - -] cache.memcache_pool_flush_on_reconnect = False log_opt_values /usr/lib/python3/dist-packages/oslo_config/cfg.py:2609
2025-12-04 00:37:48.330 163239 DEBUG oslo_service.service [req-b1316bce-981f-45f0-9444-75803ff09102 - - - - -] cache.memcache_pool_maxsize = 10 log_opt_values /usr/lib/python3/dist-packages/oslo_config/cfg.py:2609
2025-12-04 00:37:48.331 163239 DEBUG oslo_service.service [req-b1316bce-981f-45f0-9444-75803ff09102 - - - - -] cache.memcache_pool_unused_timeout = 60 log_opt_values /usr/lib/python3/dist-packages/oslo_config/cfg.py:2609
2025-12-04 00:37:48.331 163239 DEBUG oslo_service.service [req-b1316bce-981f-45f0-9444-75803ff09102 - - - - -] cache.memcache_servers = ['localhost:11211'] log_opt_values /usr/lib/python3/dist-packages/oslo_config/cfg.py:2609
2025-12-04 00:37:48.331 163239 DEBUG oslo_service.service [req-b1316bce-981f-45f0-9444-75803ff09102 - - - - -] cache.memcache_socket_timeout = 1.0 log_opt_values /usr/lib/python3/dist-packages/oslo_config/cfg.py:2609
2025-12-04 00:37:48.331 163239 DEBUG oslo_service.service [req-b1316bce-981f-45f0-9444-75803ff09102 - - - - -] cache.proxies = [] log_opt_values /usr/lib/python3/dist-packages/oslo_config/cfg.py:2609
2025-12-04 00:37:48.331 163239 DEBUG oslo_service.service [req-b1316bce-981f-45f0-9444-75803ff09102 - - - - -] cache.tls_allowed_ciphers = None log_opt_values /usr/lib/python3/dist-packages/oslo_config/cfg.py:2609
2025-12-04 00:37:48.331 163239 DEBUG oslo_service.service [req-b1316bce-981f-45f0-9444-75803ff09102 - - - - -] cache.tls_cafile = None log_opt_values /usr/lib/python3/dist-packages/oslo_config/cfg.py:2609
2025-12-04 00:37:48.332 163239 DEBUG oslo_service.service [req-b1316bce-981f-45f0-9444-75803ff09102 - - - - -] cache.tls_certfile = None log_opt_values /usr/lib/python3/dist-packages/oslo_config/cfg.py:2609
2025-12-04 00:37:48.332 163239 DEBUG oslo_service.service [req-b1316bce-981f-45f0-9444-75803ff09102 - - - - -] cache.tls_enabled = False log_opt_values /usr/lib/python3/dist-packages/oslo_config/cfg.py:2609
2025-12-04 00:37:48.332 163557 DEBUG oslo_messaging._drivers.amqpdriver [-] Listener is running poll /usr/lib/python3/dist-packages/oslo_messaging/_drivers/amqpdriver.py:343
2025-12-04 00:37:48.332 163239 DEBUG oslo_service.service [req-b1316bce-981f-45f0-9444-75803ff09102 - - - - -] cache.tls_keyfile = None log_opt_values /usr/lib/python3/dist-packages/oslo_config/cfg.py:2609
2025-12-04 00:37:48.332 163557 DEBUG oslo_messaging._drivers.amqpdriver [-] AMQPListener connection consume poll /usr/lib/python3/dist-packages/oslo_messaging/_drivers/amqpdriver.py:357
2025-12-04 00:37:48.332 163239 DEBUG oslo_service.service [req-b1316bce-981f-45f0-9444-75803ff09102 - - - - -] cinder.auth_section = None log_opt_values /usr/lib/python3/dist-packages/oslo_config/cfg.py:2609
2025-12-04 00:37:48.332 163239 DEBUG oslo_service.service [req-b1316bce-981f-45f0-9444-75803ff09102 - - - - -] cinder.auth_type = None log_opt_values /usr/lib/python3/dist-packages/oslo_config/cfg.py:2609
2025-12-04 00:37:48.332 163239 DEBUG oslo_service.service [req-b1316bce-981f-45f0-9444-75803ff09102 - - - - -] cinder.cafile = None log_opt_values /usr/lib/python3/dist-packages/oslo_config/cfg.py:2609
2025-12-04 00:37:48.333 163239 DEBUG oslo_service.service [req-b1316bce-981f-45f0-9444-75803ff09102 - - - - -] cinder.catalog_info = volumev3::publicURL log_opt_values /usr/lib/python3/dist-packages/oslo_config/cfg.py:2609
2025-12-04 00:37:48.332 163557 DEBUG nova.service [req-d1892c7b-c284-433a-9735-f48af2b0c306 - - - - -] Join ServiceGroup membership for this service conductor start /usr/lib/python3/dist-packages/nova/service.py:199
2025-12-04 00:37:48.333 163239 DEBUG oslo_service.service [req-b1316bce-981f-45f0-9444-75803ff09102 - - - - -] cinder.certfile = None log_opt_values /usr/lib/python3/dist-packages/oslo_config/cfg.py:2609
2025-12-04 00:37:48.333 163239 DEBUG oslo_service.service [req-b1316bce-981f-45f0-9444-75803ff09102 - - - - -] cinder.collect_timing = False log_opt_values /usr/lib/python3/dist-packages/oslo_config/cfg.py:2609
2025-12-04 00:37:48.333 163557 DEBUG nova.servicegroup.drivers.db [req-d1892c7b-c284-433a-9735-f48af2b0c306 - - - - -] DB_Driver: join new ServiceGroup member juju-569b9c-0-lxd-7 to the conductor group, service = join /usr/lib/python3/dist-packages/nova/servicegroup/drivers/db.py:44
2025-12-04 00:37:48.333 163239 DEBUG oslo_service.service [req-b1316bce-981f-45f0-9444-75803ff09102 - - - - -] cinder.cross_az_attach = True log_opt_values /usr/lib/python3/dist-packages/oslo_config/cfg.py:2609
2025-12-04 00:37:48.333 163239 DEBUG oslo_service.service [req-b1316bce-981f-45f0-9444-75803ff09102 - - - - -] cinder.debug = False log_opt_values /usr/lib/python3/dist-packages/oslo_config/cfg.py:2609
2025-12-04 00:37:48.333 163239 DEBUG oslo_service.service [req-b1316bce-981f-45f0-9444-75803ff09102 - - - - -] cinder.endpoint_template = None log_opt_values /usr/lib/python3/dist-packages/oslo_config/cfg.py:2609
2025-12-04 00:37:48.333 163555 DEBUG oslo_messaging._drivers.amqpdriver [-] AMQPListener connection timeout poll /usr/lib/python3/dist-packages/oslo_messaging/_drivers/amqpdriver.py:360
2025-12-04 00:37:48.333 163239 DEBUG oslo_service.service [req-b1316bce-981f-45f0-9444-75803ff09102 - - - - -] cinder.http_retries = 3 log_opt_values /usr/lib/python3/dist-packages/oslo_config/cfg.py:2609
2025-12-04 00:37:48.334 163239 DEBUG oslo_service.service [req-b1316bce-981f-45f0-9444-75803ff09102 - - - - -] cinder.insecure = False log_opt_values /usr/lib/python3/dist-packages/oslo_config/cfg.py:2609
2025-12-04 00:37:48.334 163239 DEBUG oslo_service.service [req-b1316bce-981f-45f0-9444-75803ff09102 - - - - -] cinder.keyfile = None log_opt_values /usr/lib/python3/dist-packages/oslo_config/cfg.py:2609
2025-12-04 00:37:48.334 163555 DEBUG oslo_messaging._drivers.amqpdriver [-] Listener is running poll /usr/lib/python3/dist-packages/oslo_messaging/_drivers/amqpdriver.py:343
2025-12-04 00:37:48.334 163239 DEBUG oslo_service.service [req-b1316bce-981f-45f0-9444-75803ff09102 - - - - -] cinder.os_region_name = None log_opt_values /usr/lib/python3/dist-packages/oslo_config/cfg.py:2609
2025-12-04 00:37:48.334 163555 DEBUG oslo_messaging._drivers.amqpdriver [-] Poll the incoming message with unique_id: ec2c1b2d2cae479396fac7a5c23a5bc9 poll /usr/lib/python3/dist-packages/oslo_messaging/_drivers/amqpdriver.py:346
2025-12-04 00:37:48.334 163239 DEBUG oslo_service.service [req-b1316bce-981f-45f0-9444-75803ff09102 - - - - -] cinder.split_loggers = False log_opt_values /usr/lib/python3/dist-packages/oslo_config/cfg.py:2609
2025-12-04 00:37:48.334 163239 DEBUG oslo_service.service [req-b1316bce-981f-45f0-9444-75803ff09102 - - - - -] cinder.timeout = None log_opt_values /usr/lib/python3/dist-packages/oslo_config/cfg.py:2609
2025-12-04 00:37:48.334 163239 DEBUG oslo_service.service [req-b1316bce-981f-45f0-9444-75803ff09102 - - - - -] compute.consecutive_build_service_disable_threshold = 10 log_opt_values /usr/lib/python3/dist-packages/oslo_config/cfg.py:2609
2025-12-04 00:37:48.335 163239 DEBUG oslo_service.service [req-b1316bce-981f-45f0-9444-75803ff09102 - - - - -] compute.cpu_dedicated_set = None log_opt_values /usr/lib/python3/dist-packages/oslo_config/cfg.py:2609
