2025-12-04 00:37:31.352 157487 DEBUG oslo_service.service [req-8eae8f2a-e68d-4454-9a90-92826cdc6d97 - - - - -] osapi_compute_unique_server_name_scope = log_opt_values /usr/lib/python3/dist-packages/oslo_config/cfg.py:2602
2025-12-04 00:37:31.352 157487 DEBUG oslo_service.service [req-8eae8f2a-e68d-4454-9a90-92826cdc6d97 - - - - -] osapi_compute_workers = 4 log_opt_values /usr/lib/python3/dist-packages/oslo_config/cfg.py:2602
2025-12-04 00:37:31.353 157487 DEBUG oslo_service.service [req-8eae8f2a-e68d-4454-9a90-92826cdc6d97 - - - - -] password_length = 12 log_opt_values /usr/lib/python3/dist-packages/oslo_config/cfg.py:2602
2025-12-04 00:37:31.353 157487 DEBUG oslo_service.service [req-8eae8f2a-e68d-4454-9a90-92826cdc6d97 - - - - -] periodic_enable = True log_opt_values /usr/lib/python3/dist-packages/oslo_config/cfg.py:2602
2025-12-04 00:37:31.353 157487 DEBUG oslo_service.service [req-8eae8f2a-e68d-4454-9a90-92826cdc6d97 - - - - -] periodic_fuzzy_delay = 60 log_opt_values /usr/lib/python3/dist-packages/oslo_config/cfg.py:2602
2025-12-04 00:37:31.353 157487 DEBUG oslo_service.service [req-8eae8f2a-e68d-4454-9a90-92826cdc6d97 - - - - -] pointer_model = usbtablet log_opt_values /usr/lib/python3/dist-packages/oslo_config/cfg.py:2602
2025-12-04 00:37:31.353 157487 DEBUG oslo_service.service [req-8eae8f2a-e68d-4454-9a90-92826cdc6d97 - - - - -] preallocate_images = none log_opt_values /usr/lib/python3/dist-packages/oslo_config/cfg.py:2602
2025-12-04 00:37:31.354 157487 DEBUG oslo_service.service [req-8eae8f2a-e68d-4454-9a90-92826cdc6d97 - - - - -] publish_errors = False log_opt_values /usr/lib/python3/dist-packages/oslo_config/cfg.py:2602
2025-12-04 00:37:31.354 157487 DEBUG oslo_service.service [req-8eae8f2a-e68d-4454-9a90-92826cdc6d97 - - - - -] pybasedir = /usr/lib/python3/dist-packages log_opt_values /usr/lib/python3/dist-packages/oslo_config/cfg.py:2602
2025-12-04 00:37:31.354 157487 DEBUG oslo_service.service [req-8eae8f2a-e68d-4454-9a90-92826cdc6d97 - - - - -] ram_allocation_ratio = 0.98 log_opt_values /usr/lib/python3/dist-packages/oslo_config/cfg.py:2602
2025-12-04 00:37:31.354 157487 DEBUG oslo_service.service [req-8eae8f2a-e68d-4454-9a90-92826cdc6d97 - - - - -] rate_limit_burst = 0 log_opt_values /usr/lib/python3/dist-packages/oslo_config/cfg.py:2602
2025-12-04 00:37:31.354 157487 DEBUG oslo_service.service [req-8eae8f2a-e68d-4454-9a90-92826cdc6d97 - - - - -] rate_limit_except_level = CRITICAL log_opt_values /usr/lib/python3/dist-packages/oslo_config/cfg.py:2602
2025-12-04 00:37:31.355 157487 DEBUG oslo_service.service [req-8eae8f2a-e68d-4454-9a90-92826cdc6d97 - - - - -] rate_limit_interval = 0 log_opt_values /usr/lib/python3/dist-packages/oslo_config/cfg.py:2602
2025-12-04 00:37:31.355 157487 DEBUG oslo_service.service [req-8eae8f2a-e68d-4454-9a90-92826cdc6d97 - - - - -] reboot_timeout = 0 log_opt_values /usr/lib/python3/dist-packages/oslo_config/cfg.py:2602
2025-12-04 00:37:31.354 157929 DEBUG oslo_messaging._drivers.amqpdriver [-] Listener is running poll /usr/lib/python3/dist-packages/oslo_messaging/_drivers/amqpdriver.py:343
2025-12-04 00:37:31.355 157487 DEBUG oslo_service.service [req-8eae8f2a-e68d-4454-9a90-92826cdc6d97 - - - - -] reclaim_instance_interval = 0 log_opt_values /usr/lib/python3/dist-packages/oslo_config/cfg.py:2602
2025-12-04 00:37:31.355 157487 DEBUG oslo_service.service [req-8eae8f2a-e68d-4454-9a90-92826cdc6d97 - - - - -] record = None log_opt_values /usr/lib/python3/dist-packages/oslo_config/cfg.py:2602
2025-12-04 00:37:31.354 157936 DEBUG nova.service [req-50efe655-e9a2-4b45-ad64-19eeea724b5e - - - - -] Creating RPC server for service conductor start /usr/lib/python3/dist-packages/nova/service.py:182
2025-12-04 00:37:31.355 157929 DEBUG oslo_messaging._drivers.amqpdriver [-] AMQPListener connection consume poll /usr/lib/python3/dist-packages/oslo_messaging/_drivers/amqpdriver.py:357
2025-12-04 00:37:31.355 157487 DEBUG oslo_service.service [req-8eae8f2a-e68d-4454-9a90-92826cdc6d97 - - - - -] report_interval = 10 log_opt_values /usr/lib/python3/dist-packages/oslo_config/cfg.py:2602
2025-12-04 00:37:31.355 157487 DEBUG oslo_service.service [req-8eae8f2a-e68d-4454-9a90-92826cdc6d97 - - - - -] rescue_timeout = 0 log_opt_values /usr/lib/python3/dist-packages/oslo_config/cfg.py:2602
2025-12-04 00:37:31.356 157487 DEBUG oslo_service.service [req-8eae8f2a-e68d-4454-9a90-92826cdc6d97 - - - - -] reserved_host_cpus = 0 log_opt_values /usr/lib/python3/dist-packages/oslo_config/cfg.py:2602
2025-12-04 00:37:31.356 157487 DEBUG oslo_service.service [req-8eae8f2a-e68d-4454-9a90-92826cdc6d97 - - - - -] reserved_host_disk_mb = 0 log_opt_values /usr/lib/python3/dist-packages/oslo_config/cfg.py:2602
2025-12-04 00:37:31.356 157487 DEBUG oslo_service.service [req-8eae8f2a-e68d-4454-9a90-92826cdc6d97 - - - - -] reserved_host_memory_mb = 512 log_opt_values /usr/lib/python3/dist-packages/oslo_config/cfg.py:2602
2025-12-04 00:37:31.356 157487 DEBUG oslo_service.service [req-8eae8f2a-e68d-4454-9a90-92826cdc6d97 - - - - -] reserved_huge_pages = None log_opt_values /usr/lib/python3/dist-packages/oslo_config/cfg.py:2602
2025-12-04 00:37:31.356 157487 DEBUG oslo_service.service [req-8eae8f2a-e68d-4454-9a90-92826cdc6d97 - - - - -] resize_confirm_window = 0 log_opt_values /usr/lib/python3/dist-packages/oslo_config/cfg.py:2602
2025-12-04 00:37:31.356 157487 DEBUG oslo_service.service [req-8eae8f2a-e68d-4454-9a90-92826cdc6d97 - - - - -] resize_fs_using_block_device = False log_opt_values /usr/lib/python3/dist-packages/oslo_config/cfg.py:2602
2025-12-04 00:37:31.357 157487 DEBUG oslo_service.service [req-8eae8f2a-e68d-4454-9a90-92826cdc6d97 - - - - -] resume_guests_state_on_host_boot = False log_opt_values /usr/lib/python3/dist-packages/oslo_config/cfg.py:2602
2025-12-04 00:37:31.358 157487 DEBUG oslo_service.service [req-8eae8f2a-e68d-4454-9a90-92826cdc6d97 - - - - -] rootwrap_config = /etc/nova/rootwrap.conf log_opt_values /usr/lib/python3/dist-packages/oslo_config/cfg.py:2602
2025-12-04 00:37:31.358 157487 DEBUG oslo_service.service [req-8eae8f2a-e68d-4454-9a90-92826cdc6d97 - - - - -] rpc_response_timeout = 60 log_opt_values /usr/lib/python3/dist-packages/oslo_config/cfg.py:2602
2025-12-04 00:37:31.358 157487 DEBUG oslo_service.service [req-8eae8f2a-e68d-4454-9a90-92826cdc6d97 - - - - -] run_external_periodic_tasks = True log_opt_values /usr/lib/python3/dist-packages/oslo_config/cfg.py:2602
2025-12-04 00:37:31.358 157487 DEBUG oslo_service.service [req-8eae8f2a-e68d-4454-9a90-92826cdc6d97 - - - - -] running_deleted_instance_action = reap log_opt_values /usr/lib/python3/dist-packages/oslo_config/cfg.py:2602
2025-12-04 00:37:31.359 157487 DEBUG oslo_service.service [req-8eae8f2a-e68d-4454-9a90-92826cdc6d97 - - - - -] running_deleted_instance_poll_interval = 1800 log_opt_values /usr/lib/python3/dist-packages/oslo_config/cfg.py:2602
2025-12-04 00:37:31.359 157487 DEBUG oslo_service.service [req-8eae8f2a-e68d-4454-9a90-92826cdc6d97 - - - - -] running_deleted_instance_timeout = 0 log_opt_values /usr/lib/python3/dist-packages/oslo_config/cfg.py:2602
2025-12-04 00:37:31.359 157487 DEBUG oslo_service.service [req-8eae8f2a-e68d-4454-9a90-92826cdc6d97 - - - - -] scheduler_instance_sync_interval = 120 log_opt_values /usr/lib/python3/dist-packages/oslo_config/cfg.py:2602
2025-12-04 00:37:31.359 157487 DEBUG oslo_service.service [req-8eae8f2a-e68d-4454-9a90-92826cdc6d97 - - - - -] service_down_time = 60 log_opt_values /usr/lib/python3/dist-packages/oslo_config/cfg.py:2602
2025-12-04 00:37:31.359 157487 DEBUG oslo_service.service [req-8eae8f2a-e68d-4454-9a90-92826cdc6d97 - - - - -] servicegroup_driver = db log_opt_values /usr/lib/python3/dist-packages/oslo_config/cfg.py:2602
2025-12-04 00:37:31.359 157487 DEBUG oslo_service.service [req-8eae8f2a-e68d-4454-9a90-92826cdc6d97 - - - - -] shelved_offload_time = 0 log_opt_values /usr/lib/python3/dist-packages/oslo_config/cfg.py:2602
2025-12-04 00:37:31.360 157487 DEBUG oslo_service.service [req-8eae8f2a-e68d-4454-9a90-92826cdc6d97 - - - - -] shelved_poll_interval = 3600 log_opt_values /usr/lib/python3/dist-packages/oslo_config/cfg.py:2602
2025-12-04 00:37:31.360 157487 DEBUG oslo_service.service [req-8eae8f2a-e68d-4454-9a90-92826cdc6d97 - - - - -] shutdown_timeout = 60 log_opt_values /usr/lib/python3/dist-packages/oslo_config/cfg.py:2602
2025-12-04 00:37:31.360 157487 DEBUG oslo_service.service [req-8eae8f2a-e68d-4454-9a90-92826cdc6d97 - - - - -] source_is_ipv6 = False log_opt_values /usr/lib/python3/dist-packages/oslo_config/cfg.py:2602
2025-12-04 00:37:31.360 157487 DEBUG oslo_service.service [req-8eae8f2a-e68d-4454-9a90-92826cdc6d97 - - - - -] ssl_only = False log_opt_values /usr/lib/python3/dist-packages/oslo_config/cfg.py:2602
2025-12-04 00:37:31.360 157487 DEBUG oslo_service.service [req-8eae8f2a-e68d-4454-9a90-92826cdc6d97 - - - - -] state_path = /var/lib/nova log_opt_values /usr/lib/python3/dist-packages/oslo_config/cfg.py:2602
2025-12-04 00:37:31.360 157487 DEBUG oslo_service.service [req-8eae8f2a-e68d-4454-9a90-92826cdc6d97 - - - - -] sync_power_state_interval = 600 log_opt_values /usr/lib/python3/dist-packages/oslo_config/cfg.py:2602
2025-12-04 00:37:31.360 157487 DEBUG oslo_service.service [req-8eae8f2a-e68d-4454-9a90-92826cdc6d97 - - - - -] sync_power_state_pool_size = 1000 log_opt_values /usr/lib/python3/dist-packages/oslo_config/cfg.py:2602
2025-12-04 00:37:31.361 157487 DEBUG oslo_service.service [req-8eae8f2a-e68d-4454-9a90-92826cdc6d97 - - - - -] syslog_log_facility = LOG_USER log_opt_values /usr/lib/python3/dist-packages/oslo_config/cfg.py:2602
2025-12-04 00:37:31.361 157487 DEBUG oslo_service.service [req-8eae8f2a-e68d-4454-9a90-92826cdc6d97 - - - - -] tempdir = None log_opt_values /usr/lib/python3/dist-packages/oslo_config/cfg.py:2602
2025-12-04 00:37:31.361 157487 DEBUG oslo_service.service [req-8eae8f2a-e68d-4454-9a90-92826cdc6d97 - - - - -] timeout_nbd = 10 log_opt_values /usr/lib/python3/dist-packages/oslo_config/cfg.py:2602
2025-12-04 00:37:31.362 157487 DEBUG oslo_service.service [req-8eae8f2a-e68d-4454-9a90-92826cdc6d97 - - - - -] transport_url = **** log_opt_values /usr/lib/python3/dist-packages/oslo_config/cfg.py:2602
2025-12-04 00:37:31.362 157487 DEBUG oslo_service.service [req-8eae8f2a-e68d-4454-9a90-92826cdc6d97 - - - - -] update_resources_interval = 0 log_opt_values /usr/lib/python3/dist-packages/oslo_config/cfg.py:2602
2025-12-04 00:37:31.362 157487 DEBUG oslo_service.service [req-8eae8f2a-e68d-4454-9a90-92826cdc6d97 - - - - -] use_cow_images = True log_opt_values /usr/lib/python3/dist-packages/oslo_config/cfg.py:2602
2025-12-04 00:37:31.362 157487 DEBUG oslo_service.service [req-8eae8f2a-e68d-4454-9a90-92826cdc6d97 - - - - -] use_eventlog = False log_opt_values /usr/lib/python3/dist-packages/oslo_config/cfg.py:2602
2025-12-04 00:37:31.362 157487 DEBUG oslo_service.service [req-8eae8f2a-e68d-4454-9a90-92826cdc6d97 - - - - -] use_journal = False log_opt_values /usr/lib/python3/dist-packages/oslo_config/cfg.py:2602
2025-12-04 00:37:31.363 157487 DEBUG oslo_service.service [req-8eae8f2a-e68d-4454-9a90-92826cdc6d97 - - - - -] use_json = False log_opt_values /usr/lib/python3/dist-packages/oslo_config/cfg.py:2602
2025-12-04 00:37:31.363 157487 DEBUG oslo_service.service [req-8eae8f2a-e68d-4454-9a90-92826cdc6d97 - - - - -] use_rootwrap_daemon = False log_opt_values /usr/lib/python3/dist-packages/oslo_config/cfg.py:2602
2025-12-04 00:37:31.363 157487 DEBUG oslo_service.service [req-8eae8f2a-e68d-4454-9a90-92826cdc6d97 - - - - -] use_stderr = False log_opt_values /usr/lib/python3/dist-packages/oslo_config/cfg.py:2602
2025-12-04 00:37:31.363 157487 DEBUG oslo_service.service [req-8eae8f2a-e68d-4454-9a90-92826cdc6d97 - - - - -] use_syslog = False log_opt_values /usr/lib/python3/dist-packages/oslo_config/cfg.py:2602
2025-12-04 00:37:31.363 157487 DEBUG oslo_service.service [req-8eae8f2a-e68d-4454-9a90-92826cdc6d97 - - - - -] vcpu_pin_set = None log_opt_values /usr/lib/python3/dist-packages/oslo_config/cfg.py:2602
2025-12-04 00:37:31.363 157487 DEBUG oslo_service.service [req-8eae8f2a-e68d-4454-9a90-92826cdc6d97 - - - - -] vif_plugging_is_fatal = True log_opt_values /usr/lib/python3/dist-packages/oslo_config/cfg.py:2602
2025-12-04 00:37:31.364 157487 DEBUG oslo_service.service [req-8eae8f2a-e68d-4454-9a90-92826cdc6d97 - - - - -] vif_plugging_timeout = 300 log_opt_values /usr/lib/python3/dist-packages/oslo_config/cfg.py:2602
2025-12-04 00:37:31.364 157487 DEBUG oslo_service.service [req-8eae8f2a-e68d-4454-9a90-92826cdc6d97 - - - - -] virt_mkfs = [] log_opt_values /usr/lib/python3/dist-packages/oslo_config/cfg.py:2602
2025-12-04 00:37:31.364 157487 DEBUG oslo_service.service [req-8eae8f2a-e68d-4454-9a90-92826cdc6d97 - - - - -] volume_usage_poll_interval = 0 log_opt_values /usr/lib/python3/dist-packages/oslo_config/cfg.py:2602
2025-12-04 00:37:31.364 157487 DEBUG oslo_service.service [req-8eae8f2a-e68d-4454-9a90-92826cdc6d97 - - - - -] watch_log_file = False log_opt_values /usr/lib/python3/dist-packages/oslo_config/cfg.py:2602
2025-12-04 00:37:31.365 157487 DEBUG oslo_service.service [req-8eae8f2a-e68d-4454-9a90-92826cdc6d97 - - - - -] web = /usr/share/spice-html5 log_opt_values /usr/lib/python3/dist-packages/oslo_config/cfg.py:2602
2025-12-04 00:37:31.365 157487 DEBUG oslo_service.service [req-8eae8f2a-e68d-4454-9a90-92826cdc6d97 - - - - -] oslo_concurrency.disable_process_locking = False log_opt_values /usr/lib/python3/dist-packages/oslo_config/cfg.py:2609
2025-12-04 00:37:31.365 157487 DEBUG oslo_service.service [req-8eae8f2a-e68d-4454-9a90-92826cdc6d97 - - - - -] oslo_concurrency.lock_path = /var/lock/nova log_opt_values /usr/lib/python3/dist-packages/oslo_config/cfg.py:2609
2025-12-04 00:37:31.366 157487 DEBUG oslo_service.service [req-8eae8f2a-e68d-4454-9a90-92826cdc6d97 - - - - -] oslo_messaging_metrics.metrics_buffer_size = 1000 log_opt_values /usr/lib/python3/dist-packages/oslo_config/cfg.py:2609
2025-12-04 00:37:31.366 157487 DEBUG oslo_service.service [req-8eae8f2a-e68d-4454-9a90-92826cdc6d97 - - - - -] oslo_messaging_metrics.metrics_enabled = False log_opt_values /usr/lib/python3/dist-packages/oslo_config/cfg.py:2609
2025-12-04 00:37:31.366 157487 DEBUG oslo_service.service [req-8eae8f2a-e68d-4454-9a90-92826cdc6d97 - - - - -] oslo_messaging_metrics.metrics_process_name = log_opt_values /usr/lib/python3/dist-packages/oslo_config/cfg.py:2609
2025-12-04 00:37:31.366 157487 DEBUG oslo_service.service [req-8eae8f2a-e68d-4454-9a90-92826cdc6d97 - - - - -] oslo_messaging_metrics.metrics_socket_file = /var/tmp/metrics_collector.sock log_opt_values /usr/lib/python3/dist-packages/oslo_config/cfg.py:2609
2025-12-04 00:37:31.367 157487 DEBUG oslo_service.service [req-8eae8f2a-e68d-4454-9a90-92826cdc6d97 - - - - -] oslo_messaging_metrics.metrics_thread_stop_timeout = 10 log_opt_values /usr/lib/python3/dist-packages/oslo_config/cfg.py:2609
2025-12-04 00:37:31.357 157929 DEBUG oslo_messaging._drivers.amqpdriver [-] received message msg_id: f56384039fc14d6ba875ffde88425d52 reply to reply_a2eb42cd4dd344d6b7f1efc57de7f0cb __call__ /usr/lib/python3/dist-packages/oslo_messaging/_drivers/amqpdriver.py:320
2025-12-04 00:37:31.367 157487 WARNING oslo_config.cfg [req-8eae8f2a-e68d-4454-9a90-92826cdc6d97 - - - - -] Deprecated: Option "auth_strategy" from group "api" is deprecated for removal ( The only non-default choice, ``noauth2``, is for internal development and testing purposes only and should not be used in deployments. This option and its middleware, NoAuthMiddleware[V2_18], will be removed in a future release. ). Its value may be silently ignored in the future.
2025-12-04 00:37:31.367 157931 DEBUG oslo_messaging._drivers.amqpdriver [-] Listener is running poll /usr/lib/python3/dist-packages/oslo_messaging/_drivers/amqpdriver.py:343
2025-12-04 00:37:31.368 157487 DEBUG oslo_service.service [req-8eae8f2a-e68d-4454-9a90-92826cdc6d97 - - - - -] api.auth_strategy = keystone log_opt_values /usr/lib/python3/dist-packages/oslo_config/cfg.py:2609
2025-12-04 00:37:31.368 157931 DEBUG oslo_messaging._drivers.amqpdriver [-] AMQPListener connection consume poll /usr/lib/python3/dist-packages/oslo_messaging/_drivers/amqpdriver.py:357
2025-12-04 00:37:31.368 157487 DEBUG oslo_service.service [req-8eae8f2a-e68d-4454-9a90-92826cdc6d97 - - - - -] api.compute_link_prefix = None log_opt_values /usr/lib/python3/dist-packages/oslo_config/cfg.py:2609
2025-12-04 00:37:31.368 157929 DEBUG nova.service [req-7d2eac85-7d67-4f71-ab00-3dc9d1454f10 - - - - -] Join ServiceGroup membership for this service conductor start /usr/lib/python3/dist-packages/nova/service.py:199
2025-12-04 00:37:31.368 157929 DEBUG nova.servicegroup.drivers.db [req-7d2eac85-7d67-4f71-ab00-3dc9d1454f10 - - - - -] DB_Driver: join new ServiceGroup member juju-569b9c-0-lxd-7 to the conductor group, service = join /usr/lib/python3/dist-packages/nova/servicegroup/drivers/db.py:44
2025-12-04 00:37:31.368 157487 DEBUG oslo_service.service [req-8eae8f2a-e68d-4454-9a90-92826cdc6d97 - - - - -] api.config_drive_skip_versions = 1.0 2007-01-19 2007-03-01 2007-08-29 2007-10-10 2007-12-15 2008-02-01 2008-09-01 log_opt_values /usr/lib/python3/dist-packages/oslo_config/cfg.py:2609
2025-12-04 00:37:31.368 157931 DEBUG nova.service [req-fff61e45-7c9e-4b26-b8ff-9369e913b8e6 - - - - -] Join ServiceGroup membership for this service conductor start /usr/lib/python3/dist-packages/nova/service.py:199
2025-12-04 00:37:31.368 157487 DEBUG oslo_service.service [req-8eae8f2a-e68d-4454-9a90-92826cdc6d97 - - - - -] api.dhcp_domain = novalocal log_opt_values /usr/lib/python3/dist-packages/oslo_config/cfg.py:2609
2025-12-04 00:37:31.369 157931 DEBUG nova.servicegroup.drivers.db [req-fff61e45-7c9e-4b26-b8ff-9369e913b8e6 - - - - -] DB_Driver: join new ServiceGroup member juju-569b9c-0-lxd-7 to the conductor group, service = join /usr/lib/python3/dist-packages/nova/servicegroup/drivers/db.py:44
2025-12-04 00:37:31.369 157487 DEBUG oslo_service.service [req-8eae8f2a-e68d-4454-9a90-92826cdc6d97 - - - - -] api.enable_instance_password = True log_opt_values /usr/lib/python3/dist-packages/oslo_config/cfg.py:2609
2025-12-04 00:37:31.369 157487 DEBUG oslo_service.service [req-8eae8f2a-e68d-4454-9a90-92826cdc6d97 - - - - -] api.glance_link_prefix = None log_opt_values /usr/lib/python3/dist-packages/oslo_config/cfg.py:2609
2025-12-04 00:37:31.369 157487 DEBUG oslo_service.service [req-8eae8f2a-e68d-4454-9a90-92826cdc6d97 - - - - -] api.instance_list_cells_batch_fixed_size = 100 log_opt_values /usr/lib/python3/dist-packages/oslo_config/cfg.py:2609
2025-12-04 00:37:31.369 157487 DEBUG oslo_service.service [req-8eae8f2a-e68d-4454-9a90-92826cdc6d97 - - - - -] api.instance_list_cells_batch_strategy = distributed log_opt_values /usr/lib/python3/dist-packages/oslo_config/cfg.py:2609
2025-12-04 00:37:31.370 157487 DEBUG oslo_service.service [req-8eae8f2a-e68d-4454-9a90-92826cdc6d97 - - - - -] api.instance_list_per_project_cells = False log_opt_values /usr/lib/python3/dist-packages/oslo_config/cfg.py:2609
2025-12-04 00:37:31.370 157487 DEBUG oslo_service.service [req-8eae8f2a-e68d-4454-9a90-92826cdc6d97 - - - - -] api.list_records_by_skipping_down_cells = True log_opt_values /usr/lib/python3/dist-packages/oslo_config/cfg.py:2609
2025-12-04 00:37:31.370 157929 DEBUG oslo_messaging._drivers.amqpdriver [-] AMQPListener connection timeout poll /usr/lib/python3/dist-packages/oslo_messaging/_drivers/amqpdriver.py:360
2025-12-04 00:37:31.370 157487 DEBUG oslo_service.service [req-8eae8f2a-e68d-4454-9a90-92826cdc6d97 - - - - -] api.local_metadata_per_cell = False log_opt_values /usr/lib/python3/dist-packages/oslo_config/cfg.py:2609
2025-12-04 00:37:31.370 157929 DEBUG oslo_messaging._drivers.amqpdriver [-] Listener is running poll /usr/lib/python3/dist-packages/oslo_messaging/_drivers/amqpdriver.py:343
2025-12-04 00:37:31.370 157929 DEBUG oslo_messaging._drivers.amqpdriver [-] Poll the incoming message with unique_id: 69c895537deb4dd89637b14532edc169 poll /usr/lib/python3/dist-packages/oslo_messaging/_drivers/amqpdriver.py:346
2025-12-04 00:37:31.370 157487 DEBUG oslo_service.service [req-8eae8f2a-e68d-4454-9a90-92826cdc6d97 - - - - -] api.max_limit = 1000 log_opt_values /usr/lib/python3/dist-packages/oslo_config/cfg.py:2609
2025-12-04 00:37:31.371 157487 DEBUG oslo_service.service [req-8eae8f2a-e68d-4454-9a90-92826cdc6d97 - - - - -] api.metadata_cache_expiration = 15 log_opt_values /usr/lib/python3/dist-packages/oslo_config/cfg.py:2609
2025-12-04 00:37:31.371 157929 DEBUG oslo_messaging._drivers.amqpdriver [-] Listener is running poll /usr/lib/python3/dist-packages/oslo_messaging/_drivers/amqpdriver.py:343
2025-12-04 00:37:31.371 157929 DEBUG oslo_messaging._drivers.amqpdriver [-] AMQPListener connection consume poll /usr/lib/python3/dist-packages/oslo_messaging/_drivers/amqpdriver.py:357
2025-12-04 00:37:31.371 157487 DEBUG oslo_service.service [req-8eae8f2a-e68d-4454-9a90-92826cdc6d97 - - - - -] api.neutron_default_tenant_id = default log_opt_values /usr/lib/python3/dist-packages/oslo_config/cfg.py:2609
2025-12-04 00:37:31.371 157487 DEBUG oslo_service.service [req-8eae8f2a-e68d-4454-9a90-92826cdc6d97 - - - - -] api.use_forwarded_for = False log_opt_values /usr/lib/python3/dist-packages/oslo_config/cfg.py:2609
2025-12-04 00:37:31.371 157487 DEBUG oslo_service.service [req-8eae8f2a-e68d-4454-9a90-92826cdc6d97 - - - - -] api.use_neutron_default_nets = False log_opt_values /usr/lib/python3/dist-packages/oslo_config/cfg.py:2609
2025-12-04 00:37:31.372 157487 DEBUG oslo_service.service [req-8eae8f2a-e68d-4454-9a90-92826cdc6d97 - - - - -] api.vendordata_dynamic_connect_timeout = 5 log_opt_values /usr/lib/python3/dist-packages/oslo_config/cfg.py:2609
2025-12-04 00:37:31.372 157487 DEBUG oslo_service.service [req-8eae8f2a-e68d-4454-9a90-92826cdc6d97 - - - - -] api.vendordata_dynamic_failure_fatal = False log_opt_values /usr/lib/python3/dist-packages/oslo_config/cfg.py:2609
2025-12-04 00:37:31.372 157487 DEBUG oslo_service.service [req-8eae8f2a-e68d-4454-9a90-92826cdc6d97 - - - - -] api.vendordata_dynamic_read_timeout = 5 log_opt_values /usr/lib/python3/dist-packages/oslo_config/cfg.py:2609
2025-12-04 00:37:31.372 157487 DEBUG oslo_service.service [req-8eae8f2a-e68d-4454-9a90-92826cdc6d97 - - - - -] api.vendordata_dynamic_ssl_certfile = log_opt_values /usr/lib/python3/dist-packages/oslo_config/cfg.py:2609
2025-12-04 00:37:31.373 157487 DEBUG oslo_service.service [req-8eae8f2a-e68d-4454-9a90-92826cdc6d97 - - - - -] api.vendordata_dynamic_targets = [] log_opt_values /usr/lib/python3/dist-packages/oslo_config/cfg.py:2609
2025-12-04 00:37:31.373 157487 DEBUG oslo_service.service [req-8eae8f2a-e68d-4454-9a90-92826cdc6d97 - - - - -] api.vendordata_jsonfile_path = None log_opt_values /usr/lib/python3/dist-packages/oslo_config/cfg.py:2609
2025-12-04 00:37:31.373 157487 DEBUG oslo_service.service [req-8eae8f2a-e68d-4454-9a90-92826cdc6d97 - - - - -] api.vendordata_providers = ['StaticJSON'] log_opt_values /usr/lib/python3/dist-packages/oslo_config/cfg.py:2609
2025-12-04 00:37:31.373 157487 DEBUG oslo_service.service [req-8eae8f2a-e68d-4454-9a90-92826cdc6d97 - - - - -] cache.backend = dogpile.cache.null log_opt_values /usr/lib/python3/dist-packages/oslo_config/cfg.py:2609
2025-12-04 00:37:31.374 157487 DEBUG oslo_service.service [req-8eae8f2a-e68d-4454-9a90-92826cdc6d97 - - - - -] cache.backend_argument = **** log_opt_values /usr/lib/python3/dist-packages/oslo_config/cfg.py:2609
2025-12-04 00:37:31.374 157487 DEBUG oslo_service.service [req-8eae8f2a-e68d-4454-9a90-92826cdc6d97 - - - - -] cache.config_prefix = cache.oslo log_opt_values /usr/lib/python3/dist-packages/oslo_config/cfg.py:2609
2025-12-04 00:37:31.374 157487 DEBUG oslo_service.service [req-8eae8f2a-e68d-4454-9a90-92826cdc6d97 - - - - -] cache.debug_cache_backend = False log_opt_values /usr/lib/python3/dist-packages/oslo_config/cfg.py:2609
2025-12-04 00:37:31.374 157487 DEBUG oslo_service.service [req-8eae8f2a-e68d-4454-9a90-92826cdc6d97 - - - - -] cache.enabled = False log_opt_values /usr/lib/python3/dist-packages/oslo_config/cfg.py:2609
2025-12-04 00:37:31.375 157487 DEBUG oslo_service.service [req-8eae8f2a-e68d-4454-9a90-92826cdc6d97 - - - - -] cache.expiration_time = 600 log_opt_values /usr/lib/python3/dist-packages/oslo_config/cfg.py:2609
2025-12-04 00:37:31.375 157931 DEBUG oslo_messaging._drivers.amqpdriver [-] AMQPListener connection timeout poll /usr/lib/python3/dist-packages/oslo_messaging/_drivers/amqpdriver.py:360
2025-12-04 00:37:31.375 157931 DEBUG oslo_messaging._drivers.amqpdriver [-] Listener is running poll /usr/lib/python3/dist-packages/oslo_messaging/_drivers/amqpdriver.py:343
2025-12-04 00:37:31.375 157487 DEBUG oslo_service.service [req-8eae8f2a-e68d-4454-9a90-92826cdc6d97 - - - - -] cache.memcache_dead_retry = 300 log_opt_values /usr/lib/python3/dist-packages/oslo_config/cfg.py:2609
2025-12-04 00:37:31.375 157931 DEBUG oslo_messaging._drivers.amqpdriver [-] AMQPListener connection consume poll /usr/lib/python3/dist-packages/oslo_messaging/_drivers/amqpdriver.py:357
2025-12-04 00:37:31.375 157487 DEBUG oslo_service.service [req-8eae8f2a-e68d-4454-9a90-92826cdc6d97 - - - - -] cache.memcache_pool_connection_get_timeout = 10 log_opt_values /usr/lib/python3/dist-packages/oslo_config/cfg.py:2609
2025-12-04 00:37:31.376 157487 DEBUG oslo_service.service [req-8eae8f2a-e68d-4454-9a90-92826cdc6d97 - - - - -] cache.memcache_pool_flush_on_reconnect = False log_opt_values /usr/lib/python3/dist-packages/oslo_config/cfg.py:2609
2025-12-04 00:37:31.376 157487 DEBUG oslo_service.service [req-8eae8f2a-e68d-4454-9a90-92826cdc6d97 - - - - -] cache.memcache_pool_maxsize = 10 log_opt_values /usr/lib/python3/dist-packages/oslo_config/cfg.py:2609
2025-12-04 00:37:31.376 157487 DEBUG oslo_service.service [req-8eae8f2a-e68d-4454-9a90-92826cdc6d97 - - - - -] cache.memcache_pool_unused_timeout = 60 log_opt_values /usr/lib/python3/dist-packages/oslo_config/cfg.py:2609
2025-12-04 00:37:31.376 157487 DEBUG oslo_service.service [req-8eae8f2a-e68d-4454-9a90-92826cdc6d97 - - - - -] cache.memcache_servers = ['localhost:11211'] log_opt_values /usr/lib/python3/dist-packages/oslo_config/cfg.py:2609
2025-12-04 00:37:31.377 157487 DEBUG oslo_service.service [req-8eae8f2a-e68d-4454-9a90-92826cdc6d97 - - - - -] cache.memcache_socket_timeout = 1.0 log_opt_values /usr/lib/python3/dist-packages/oslo_config/cfg.py:2609
2025-12-04 00:37:31.377 157487 DEBUG oslo_service.service [req-8eae8f2a-e68d-4454-9a90-92826cdc6d97 - - - - -] cache.proxies = [] log_opt_values /usr/lib/python3/dist-packages/oslo_config/cfg.py:2609
2025-12-04 00:37:31.377 157487 DEBUG oslo_service.service [req-8eae8f2a-e68d-4454-9a90-92826cdc6d97 - - - - -] cache.tls_allowed_ciphers = None log_opt_values /usr/lib/python3/dist-packages/oslo_config/cfg.py:2609
2025-12-04 00:37:31.377 157487 DEBUG oslo_service.service [req-8eae8f2a-e68d-4454-9a90-92826cdc6d97 - - - - -] cache.tls_cafile = None log_opt_values /usr/lib/python3/dist-packages/oslo_config/cfg.py:2609
2025-12-04 00:37:31.378 157487 DEBUG oslo_service.service [req-8eae8f2a-e68d-4454-9a90-92826cdc6d97 - - - - -] cache.tls_certfile = None log_opt_values /usr/lib/python3/dist-packages/oslo_config/cfg.py:2609
2025-12-04 00:37:31.378 157487 DEBUG oslo_service.service [req-8eae8f2a-e68d-4454-9a90-92826cdc6d97 - - - - -] cache.tls_enabled = False log_opt_values /usr/lib/python3/dist-packages/oslo_config/cfg.py:2609
2025-12-04 00:37:31.378 157487 DEBUG oslo_service.service [req-8eae8f2a-e68d-4454-9a90-92826cdc6d97 - - - - -] cache.tls_keyfile = None log_opt_values /usr/lib/python3/dist-packages/oslo_config/cfg.py:2609
2025-12-04 00:37:31.378 157487 DEBUG oslo_service.service [req-8eae8f2a-e68d-4454-9a90-92826cdc6d97 - - - - -] cinder.auth_section = None log_opt_values /usr/lib/python3/dist-packages/oslo_config/cfg.py:2609
2025-12-04 00:37:31.379 157487 DEBUG oslo_service.service [req-8eae8f2a-e68d-4454-9a90-92826cdc6d97 - - - - -] cinder.auth_type = None log_opt_values /usr/lib/python3/dist-packages/oslo_config/cfg.py:2609
2025-12-04 00:37:31.379 157487 DEBUG oslo_service.service [req-8eae8f2a-e68d-4454-9a90-92826cdc6d97 - - - - -] cinder.cafile = None log_opt_values /usr/lib/python3/dist-packages/oslo_config/cfg.py:2609
2025-12-04 00:37:31.379 157487 DEBUG oslo_service.service [req-8eae8f2a-e68d-4454-9a90-92826cdc6d97 - - - - -] cinder.catalog_info = volumev3::publicURL log_opt_values /usr/lib/python3/dist-packages/oslo_config/cfg.py:2609
2025-12-04 00:37:31.379 157487 DEBUG oslo_service.service [req-8eae8f2a-e68d-4454-9a90-92826cdc6d97 - - - - -] cinder.certfile = None log_opt_values /usr/lib/python3/dist-packages/oslo_config/cfg.py:2609
2025-12-04 00:37:31.379 157487 DEBUG oslo_service.service [req-8eae8f2a-e68d-4454-9a90-92826cdc6d97 - - - - -] cinder.collect_timing = False log_opt_values /usr/lib/python3/dist-packages/oslo_config/cfg.py:2609
2025-12-04 00:37:31.380 157487 DEBUG oslo_service.service [req-8eae8f2a-e68d-4454-9a90-92826cdc6d97 - - - - -] cinder.cross_az_attach = True log_opt_values /usr/lib/python3/dist-packages/oslo_config/cfg.py:2609
2025-12-04 00:37:31.380 157487 DEBUG oslo_service.service [req-8eae8f2a-e68d-4454-9a90-92826cdc6d97 - - - - -] cinder.debug = False log_opt_values /usr/lib/python3/dist-packages/oslo_config/cfg.py:2609
2025-12-04 00:37:31.380 157487 DEBUG oslo_service.service [req-8eae8f2a-e68d-4454-9a90-92826cdc6d97 - - - - -] cinder.endpoint_template = None log_opt_values /usr/lib/python3/dist-packages/oslo_config/cfg.py:2609
2025-12-04 00:37:31.380 157487 DEBUG oslo_service.service [req-8eae8f2a-e68d-4454-9a90-92826cdc6d97 - - - - -] cinder.http_retries = 3 log_opt_values /usr/lib/python3/dist-packages/oslo_config/cfg.py:2609
2025-12-04 00:37:31.381 157487 DEBUG oslo_service.service [req-8eae8f2a-e68d-4454-9a90-92826cdc6d97 - - - - -] cinder.insecure = False log_opt_values /usr/lib/python3/dist-packages/oslo_config/cfg.py:2609
2025-12-04 00:37:31.381 157487 DEBUG oslo_service.service [req-8eae8f2a-e68d-4454-9a90-92826cdc6d97 - - - - -] cinder.keyfile = None log_opt_values /usr/lib/python3/dist-packages/oslo_config/cfg.py:2609
2025-12-04 00:37:31.381 157487 DEBUG oslo_service.service [req-8eae8f2a-e68d-4454-9a90-92826cdc6d97 - - - - -] cinder.os_region_name = None log_opt_values /usr/lib/python3/dist-packages/oslo_config/cfg.py:2609
2025-12-04 00:37:31.381 157487 DEBUG oslo_service.service [req-8eae8f2a-e68d-4454-9a90-92826cdc6d97 - - - - -] cinder.split_loggers = False log_opt_values /usr/lib/python3/dist-packages/oslo_config/cfg.py:2609
2025-12-04 00:37:31.381 157487 DEBUG oslo_service.service [req-8eae8f2a-e68d-4454-9a90-92826cdc6d97 - - - - -] cinder.timeout = None log_opt_values /usr/lib/python3/dist-packages/oslo_config/cfg.py:2609
2025-12-04 00:37:31.382 157487 DEBUG oslo_service.service [req-8eae8f2a-e68d-4454-9a90-92826cdc6d97 - - - - -] compute.consecutive_build_service_disable_threshold = 10 log_opt_values /usr/lib/python3/dist-packages/oslo_config/cfg.py:2609
2025-12-04 00:37:31.382 157487 DEBUG oslo_service.service [req-8eae8f2a-e68d-4454-9a90-92826cdc6d97 - - - - -] compute.cpu_dedicated_set = None log_opt_values /usr/lib/python3/dist-packages/oslo_config/cfg.py:2609
2025-12-04 00:37:31.382 157487 DEBUG oslo_service.service [req-8eae8f2a-e68d-4454-9a90-92826cdc6d97 - - - - -] compute.cpu_shared_set = None log_opt_values /usr/lib/python3/dist-packages/oslo_config/cfg.py:2609
2025-12-04 00:37:31.382 157487 DEBUG oslo_service.service [req-8eae8f2a-e68d-4454-9a90-92826cdc6d97 - - - - -] compute.image_type_exclude_list = [] log_opt_values /usr/lib/python3/dist-packages/oslo_config/cfg.py:2609
2025-12-04 00:37:31.382 157487 DEBUG oslo_service.service [req-8eae8f2a-e68d-4454-9a90-92826cdc6d97 - - - - -] compute.live_migration_wait_for_vif_plug = True log_opt_values /usr/lib/python3/dist-packages/oslo_config/cfg.py:2609
2025-12-04 00:37:31.382 157487 DEBUG oslo_service.service [req-8eae8f2a-e68d-4454-9a90-92826cdc6d97 - - - - -] compute.max_concurrent_disk_ops = 0 log_opt_values /usr/lib/python3/dist-packages/oslo_config/cfg.py:2609
2025-12-04 00:37:31.383 157487 DEBUG oslo_service.service [req-8eae8f2a-e68d-4454-9a90-92826cdc6d97 - - - - -] compute.max_disk_devices_to_attach = -1 log_opt_values /usr/lib/python3/dist-packages/oslo_config/cfg.py:2609
2025-12-04 00:37:31.383 157487 DEBUG oslo_service.service [req-8eae8f2a-e68d-4454-9a90-92826cdc6d97 - - - - -] compute.packing_host_numa_cells_allocation_strategy = True log_opt_values /usr/lib/python3/dist-packages/oslo_config/cfg.py:2609
2025-12-04 00:37:31.383 157487 DEBUG oslo_service.service [req-8eae8f2a-e68d-4454-9a90-92826cdc6d97 - - - - -] compute.provider_config_location = /etc/nova/provider_config/ log_opt_values /usr/lib/python3/dist-packages/oslo_config/cfg.py:2609
2025-12-04 00:37:31.383 157487 DEBUG oslo_service.service [req-8eae8f2a-e68d-4454-9a90-92826cdc6d97 - - - - -] compute.resource_provider_association_refresh = 300 log_opt_values /usr/lib/python3/dist-packages/oslo_config/cfg.py:2609
2025-12-04 00:37:31.383 157487 DEBUG oslo_service.service [req-8eae8f2a-e68d-4454-9a90-92826cdc6d97 - - - - -] compute.shutdown_retry_interval = 10 log_opt_values /usr/lib/python3/dist-packages/oslo_config/cfg.py:2609
2025-12-04 00:37:31.384 157487 DEBUG oslo_service.service [req-8eae8f2a-e68d-4454-9a90-92826cdc6d97 - - - - -] compute.vmdk_allowed_types = ['streamOptimized', 'monolithicSparse'] log_opt_values /usr/lib/python3/dist-packages/oslo_config/cfg.py:2609
2025-12-04 00:37:31.384 157487 DEBUG oslo_service.service [req-8eae8f2a-e68d-4454-9a90-92826cdc6d97 - - - - -] conductor.workers = 4 log_opt_values /usr/lib/python3/dist-packages/oslo_config/cfg.py:2609
2025-12-04 00:37:31.384 157487 DEBUG oslo_service.service [req-8eae8f2a-e68d-4454-9a90-92826cdc6d97 - - - - -] console.allowed_origins = [] log_opt_values /usr/lib/python3/dist-packages/oslo_config/cfg.py:2609
2025-12-04 00:37:31.384 157487 DEBUG oslo_service.service [req-8eae8f2a-e68d-4454-9a90-92826cdc6d97 - - - - -] console.ssl_ciphers = None log_opt_values /usr/lib/python3/dist-packages/oslo_config/cfg.py:2609
2025-12-04 00:37:31.384 157487 DEBUG oslo_service.service [req-8eae8f2a-e68d-4454-9a90-92826cdc6d97 - - - - -] console.ssl_minimum_version = default log_opt_values /usr/lib/python3/dist-packages/oslo_config/cfg.py:2609
2025-12-04 00:37:31.384 157487 DEBUG oslo_service.service [req-8eae8f2a-e68d-4454-9a90-92826cdc6d97 - - - - -] consoleauth.token_ttl = 600 log_opt_values /usr/lib/python3/dist-packages/oslo_config/cfg.py:2609
2025-12-04 00:37:31.385 157487 DEBUG oslo_service.service [req-8eae8f2a-e68d-4454-9a90-92826cdc6d97 - - - - -] cyborg.cafile = None log_opt_values /usr/lib/python3/dist-packages/oslo_config/cfg.py:2609
2025-12-04 00:37:31.385 157487 DEBUG oslo_service.service [req-8eae8f2a-e68d-4454-9a90-92826cdc6d97 - - - - -] cyborg.certfile = None log_opt_values /usr/lib/python3/dist-packages/oslo_config/cfg.py:2609
2025-12-04 00:37:31.385 157487 DEBUG oslo_service.service [req-8eae8f2a-e68d-4454-9a90-92826cdc6d97 - - - - -] cyborg.collect_timing = False log_opt_values /usr/lib/python3/dist-packages/oslo_config/cfg.py:2609
2025-12-04 00:37:31.385 157487 DEBUG oslo_service.service [req-8eae8f2a-e68d-4454-9a90-92826cdc6d97 - - - - -] cyborg.connect_retries = None log_opt_values /usr/lib/python3/dist-packages/oslo_config/cfg.py:2609
2025-12-04 00:37:31.385 157487 DEBUG oslo_service.service [req-8eae8f2a-e68d-4454-9a90-92826cdc6d97 - - - - -] cyborg.connect_retry_delay = None log_opt_values /usr/lib/python3/dist-packages/oslo_config/cfg.py:2609
2025-12-04 00:37:31.385 157487 DEBUG oslo_service.service [req-8eae8f2a-e68d-4454-9a90-92826cdc6d97 - - - - -] cyborg.endpoint_override = None log_opt_values /usr/lib/python3/dist-packages/oslo_config/cfg.py:2609
2025-12-04 00:37:31.386 157487 DEBUG oslo_service.service [req-8eae8f2a-e68d-4454-9a90-92826cdc6d97 - - - - -] cyborg.insecure = False log_opt_values /usr/lib/python3/dist-packages/oslo_config/cfg.py:2609
2025-12-04 00:37:31.388 157937 DEBUG nova.service [req-32053ba0-f3be-478c-95d4-7c8bb16935e2 - - - - -] Creating RPC server for service conductor start /usr/lib/python3/dist-packages/nova/service.py:182
2025-12-04 00:37:31.391 157487 DEBUG oslo_service.service [req-8eae8f2a-e68d-4454-9a90-92826cdc6d97 - - - - -] cyborg.keyfile = None log_opt_values /usr/lib/python3/dist-packages/oslo_config/cfg.py:2609
2025-12-04 00:37:31.391 157936 DEBUG oslo_messaging._drivers.amqpdriver [-] Listener is running poll /usr/lib/python3/dist-packages/oslo_messaging/_drivers/amqpdriver.py:343
2025-12-04 00:37:31.391 157487 DEBUG oslo_service.service [req-8eae8f2a-e68d-4454-9a90-92826cdc6d97 - - - - -] cyborg.max_version = None log_opt_values /usr/lib/python3/dist-packages/oslo_config/cfg.py:2609
2025-12-04 00:37:31.391 157936 DEBUG oslo_messaging._drivers.amqpdriver [-] AMQPListener connection consume poll /usr/lib/python3/dist-packages/oslo_messaging/_drivers/amqpdriver.py:357
2025-12-04 00:37:31.391 157487 DEBUG oslo_service.service [req-8eae8f2a-e68d-4454-9a90-92826cdc6d97 - - - - -] cyborg.min_version = None log_opt_values /usr/lib/python3/dist-packages/oslo_config/cfg.py:2609
2025-12-04 00:37:31.391 157487 DEBUG oslo_service.service [req-8eae8f2a-e68d-4454-9a90-92826cdc6d97 - - - - -] cyborg.region_name = None log_opt_values /usr/lib/python3/dist-packages/oslo_config/cfg.py:2609
2025-12-04 00:37:31.392 157487 DEBUG oslo_service.service [req-8eae8f2a-e68d-4454-9a90-92826cdc6d97 - - - - -] cyborg.service_name = None log_opt_values /usr/lib/python3/dist-packages/oslo_config/cfg.py:2609
2025-12-04 00:37:31.392 157487 DEBUG oslo_service.service [req-8eae8f2a-e68d-4454-9a90-92826cdc6d97 - - - - -] cyborg.service_type = accelerator log_opt_values /usr/lib/python3/dist-packages/oslo_config/cfg.py:2609
2025-12-04 00:37:31.392 157487 DEBUG oslo_service.service [req-8eae8f2a-e68d-4454-9a90-92826cdc6d97 - - - - -] cyborg.split_loggers = False log_opt_values /usr/lib/python3/dist-packages/oslo_config/cfg.py:2609
2025-12-04 00:37:31.393 157487 DEBUG oslo_service.service [req-8eae8f2a-e68d-4454-9a90-92826cdc6d97 - - - - -] cyborg.status_code_retries = None log_opt_values /usr/lib/python3/dist-packages/oslo_config/cfg.py:2609
2025-12-04 00:37:31.393 157929 DEBUG oslo_messaging._drivers.amqpdriver [req-4841f3f8-26ee-4418-a662-e7be938760d8 - - - - -] sending reply msg_id: f56384039fc14d6ba875ffde88425d52 reply queue: reply_a2eb42cd4dd344d6b7f1efc57de7f0cb time elapsed: 0.02533925999978237s _send_reply /usr/lib/python3/dist-packages/oslo_messaging/_drivers/amqpdriver.py:118
2025-12-04 00:37:31.393 157487 DEBUG oslo_service.service [req-8eae8f2a-e68d-4454-9a90-92826cdc6d97 - - - - -] cyborg.status_code_retry_delay = None log_opt_values /usr/lib/python3/dist-packages/oslo_config/cfg.py:2609
2025-12-04 00:37:31.393 157487 DEBUG oslo_service.service [req-8eae8f2a-e68d-4454-9a90-92826cdc6d97 - - - - -] cyborg.timeout = None log_opt_values /usr/lib/python3/dist-packages/oslo_config/cfg.py:2609
2025-12-04 00:37:31.392 157936 DEBUG nova.service [req-50efe655-e9a2-4b45-ad64-19eeea724b5e - - - - -] Join ServiceGroup membership for this service conductor start /usr/lib/python3/dist-packages/nova/service.py:199
2025-12-04 00:37:31.394 157487 DEBUG oslo_service.service [req-8eae8f2a-e68d-4454-9a90-92826cdc6d97 - - - - -] cyborg.valid_interfaces = ['internal', 'public'] log_opt_values /usr/lib/python3/dist-packages/oslo_config/cfg.py:2609
2025-12-04 00:37:31.394 157936 DEBUG nova.servicegroup.drivers.db [req-50efe655-e9a2-4b45-ad64-19eeea724b5e - - - - -] DB_Driver: join new ServiceGroup member juju-569b9c-0-lxd-7 to the conductor group, service = join /usr/lib/python3/dist-packages/nova/servicegroup/drivers/db.py:44
2025-12-04 00:37:31.394 157487 DEBUG oslo_service.service [req-8eae8f2a-e68d-4454-9a90-92826cdc6d97 - - - - -] cyborg.version = None log_opt_values /usr/lib/python3/dist-packages/oslo_config/cfg.py:2609
2025-12-04 00:37:31.395 157487 DEBUG oslo_service.service [req-8eae8f2a-e68d-4454-9a90-92826cdc6d97 - - - - -] database.backend = sqlalchemy log_opt_values /usr/lib/python3/dist-packages/oslo_config/cfg.py:2609
2025-12-04 00:37:31.395 157487 DEBUG oslo_service.service [req-8eae8f2a-e68d-4454-9a90-92826cdc6d97 - - - - -] database.connection = **** log_opt_values /usr/lib/python3/dist-packages/oslo_config/cfg.py:2609
2025-12-04 00:37:31.395 157487 DEBUG oslo_service.service [req-8eae8f2a-e68d-4454-9a90-92826cdc6d97 - - - - -] database.connection_debug = 0 log_opt_values /usr/lib/python3/dist-packages/oslo_config/cfg.py:2609
2025-12-04 00:37:31.396 157487 DEBUG oslo_service.service [req-8eae8f2a-e68d-4454-9a90-92826cdc6d97 - - - - -] database.connection_parameters = log_opt_values /usr/lib/python3/dist-packages/oslo_config/cfg.py:2609
2025-12-04 00:37:31.396 157487 DEBUG oslo_service.service [req-8eae8f2a-e68d-4454-9a90-92826cdc6d97 - - - - -] database.connection_recycle_time = 3600 log_opt_values /usr/lib/python3/dist-packages/oslo_config/cfg.py:2609
2025-12-04 00:37:31.396 157487 DEBUG oslo_service.service [req-8eae8f2a-e68d-4454-9a90-92826cdc6d97 - - - - -] database.connection_trace = False log_opt_values /usr/lib/python3/dist-packages/oslo_config/cfg.py:2609
2025-12-04 00:37:31.396 157487 DEBUG oslo_service.service [req-8eae8f2a-e68d-4454-9a90-92826cdc6d97 - - - - -] database.db_inc_retry_interval = True log_opt_values /usr/lib/python3/dist-packages/oslo_config/cfg.py:2609
2025-12-04 00:37:31.397 157487 DEBUG oslo_service.service [req-8eae8f2a-e68d-4454-9a90-92826cdc6d97 - - - - -] database.db_max_retries = 20 log_opt_values /usr/lib/python3/dist-packages/oslo_config/cfg.py:2609
2025-12-04 00:37:31.397 157487 DEBUG oslo_service.service [req-8eae8f2a-e68d-4454-9a90-92826cdc6d97 - - - - -] database.db_max_retry_interval = 10 log_opt_values /usr/lib/python3/dist-packages/oslo_config/cfg.py:2609
2025-12-04 00:37:31.397 157487 DEBUG oslo_service.service [req-8eae8f2a-e68d-4454-9a90-92826cdc6d97 - - - - -] database.db_retry_interval = 1 log_opt_values /usr/lib/python3/dist-packages/oslo_config/cfg.py:2609
2025-12-04 00:37:31.397 157487 DEBUG oslo_service.service [req-8eae8f2a-e68d-4454-9a90-92826cdc6d97 - - - - -] database.max_overflow = 50 log_opt_values /usr/lib/python3/dist-packages/oslo_config/cfg.py:2609
2025-12-04 00:37:31.398 157487 DEBUG oslo_service.service [req-8eae8f2a-e68d-4454-9a90-92826cdc6d97 - - - - -] database.max_pool_size = 4 log_opt_values /usr/lib/python3/dist-packages/oslo_config/cfg.py:2609
2025-12-04 00:37:31.398 157487 DEBUG oslo_service.service [req-8eae8f2a-e68d-4454-9a90-92826cdc6d97 - - - - -] database.max_retries = 10 log_opt_values /usr/lib/python3/dist-packages/oslo_config/cfg.py:2609
2025-12-04 00:37:31.398 157487 DEBUG oslo_service.service [req-8eae8f2a-e68d-4454-9a90-92826cdc6d97 - - - - -] database.mysql_enable_ndb = False log_opt_values /usr/lib/python3/dist-packages/oslo_config/cfg.py:2609
2025-12-04 00:37:31.398 157936 DEBUG oslo_messaging._drivers.amqpdriver [-] AMQPListener connection timeout poll /usr/lib/python3/dist-packages/oslo_messaging/_drivers/amqpdriver.py:360
2025-12-04 00:37:31.398 157487 DEBUG oslo_service.service [req-8eae8f2a-e68d-4454-9a90-92826cdc6d97 - - - - -] database.mysql_sql_mode = TRADITIONAL log_opt_values /usr/lib/python3/dist-packages/oslo_config/cfg.py:2609
2025-12-04 00:37:31.398 157487 DEBUG oslo_service.service [req-8eae8f2a-e68d-4454-9a90-92826cdc6d97 - - - - -] database.pool_timeout = None log_opt_values /usr/lib/python3/dist-packages/oslo_config/cfg.py:2609
2025-12-04 00:37:31.398 157936 DEBUG oslo_messaging._drivers.amqpdriver [-] Listener is running poll /usr/lib/python3/dist-packages/oslo_messaging/_drivers/amqpdriver.py:343
2025-12-04 00:37:31.399 157487 DEBUG oslo_service.service [req-8eae8f2a-e68d-4454-9a90-92826cdc6d97 - - - - -] database.retry_interval = 10 log_opt_values /usr/lib/python3/dist-packages/oslo_config/cfg.py:2609
2025-12-04 00:37:31.399 157936 DEBUG oslo_messaging._drivers.amqpdriver [-] AMQPListener connection consume poll /usr/lib/python3/dist-packages/oslo_messaging/_drivers/amqpdriver.py:357
2025-12-04 00:37:31.399 157487 DEBUG oslo_service.service [req-8eae8f2a-e68d-4454-9a90-92826cdc6d97 - - - - -] database.slave_connection = **** log_opt_values /usr/lib/python3/dist-packages/oslo_config/cfg.py:2609
2025-12-04 00:37:31.399 157487 DEBUG oslo_service.service [req-8eae8f2a-e68d-4454-9a90-92826cdc6d97 - - - - -] database.sqlite_synchronous = True log_opt_values /usr/lib/python3/dist-packages/oslo_config/cfg.py:2609
2025-12-04 00:37:31.399 157487 DEBUG oslo_service.service [req-8eae8f2a-e68d-4454-9a90-92826cdc6d97 - - - - -] database.use_db_reconnect = False log_opt_values /usr/lib/python3/dist-packages/oslo_config/cfg.py:2609
2025-12-04 00:37:31.400 157487 DEBUG oslo_service.service [req-8eae8f2a-e68d-4454-9a90-92826cdc6d97 - - - - -] api_database.backend = sqlalchemy log_opt_values /usr/lib/python3/dist-packages/oslo_config/cfg.py:2609
2025-12-04 00:37:31.400 157487 DEBUG oslo_service.service [req-8eae8f2a-e68d-4454-9a90-92826cdc6d97 - - - - -] api_database.connection = **** log_opt_values /usr/lib/python3/dist-packages/oslo_config/cfg.py:2609
2025-12-04 00:37:31.400 157487 DEBUG oslo_service.service [req-8eae8f2a-e68d-4454-9a90-92826cdc6d97 - - - - -] api_database.connection_debug = 0 log_opt_values /usr/lib/python3/dist-packages/oslo_config/cfg.py:2609
2025-12-04 00:37:31.400 157487 DEBUG oslo_service.service [req-8eae8f2a-e68d-4454-9a90-92826cdc6d97 - - - - -] api_database.connection_parameters = log_opt_values /usr/lib/python3/dist-packages/oslo_config/cfg.py:2609
2025-12-04 00:37:31.400 157487 DEBUG oslo_service.service [req-8eae8f2a-e68d-4454-9a90-92826cdc6d97 - - - - -] api_database.connection_recycle_time = 3600 log_opt_values /usr/lib/python3/dist-packages/oslo_config/cfg.py:2609
2025-12-04 00:37:31.401 157487 DEBUG oslo_service.service [req-8eae8f2a-e68d-4454-9a90-92826cdc6d97 - - - - -] api_database.connection_trace = False log_opt_values /usr/lib/python3/dist-packages/oslo_config/cfg.py:2609
2025-12-04 00:37:31.401 157487 DEBUG oslo_service.service [req-8eae8f2a-e68d-4454-9a90-92826cdc6d97 - - - - -] api_database.db_inc_retry_interval = True log_opt_values /usr/lib/python3/dist-packages/oslo_config/cfg.py:2609
2025-12-04 00:37:31.401 157487 DEBUG oslo_service.service [req-8eae8f2a-e68d-4454-9a90-92826cdc6d97 - - - - -] api_database.db_max_retries = 20 log_opt_values /usr/lib/python3/dist-packages/oslo_config/cfg.py:2609
2025-12-04 00:37:31.401 157487 DEBUG oslo_service.service [req-8eae8f2a-e68d-4454-9a90-92826cdc6d97 - - - - -] api_database.db_max_retry_interval = 10 log_opt_values /usr/lib/python3/dist-packages/oslo_config/cfg.py:2609
2025-12-04 00:37:31.401 157487 DEBUG oslo_service.service [req-8eae8f2a-e68d-4454-9a90-92826cdc6d97 - - - - -] api_database.db_retry_interval = 1 log_opt_values /usr/lib/python3/dist-packages/oslo_config/cfg.py:2609
2025-12-04 00:37:31.401 157487 DEBUG oslo_service.service [req-8eae8f2a-e68d-4454-9a90-92826cdc6d97 - - - - -] api_database.max_overflow = 50 log_opt_values /usr/lib/python3/dist-packages/oslo_config/cfg.py:2609
2025-12-04 00:37:31.402 157487 DEBUG oslo_service.service [req-8eae8f2a-e68d-4454-9a90-92826cdc6d97 - - - - -] api_database.max_pool_size = 4 log_opt_values /usr/lib/python3/dist-packages/oslo_config/cfg.py:2609
2025-12-04 00:37:31.402 157487 DEBUG oslo_service.service [req-8eae8f2a-e68d-4454-9a90-92826cdc6d97 - - - - -] api_database.max_retries = 10 log_opt_values /usr/lib/python3/dist-packages/oslo_config/cfg.py:2609
2025-12-04 00:37:31.402 157487 DEBUG oslo_service.service [req-8eae8f2a-e68d-4454-9a90-92826cdc6d97 - - - - -] api_database.mysql_enable_ndb = False log_opt_values /usr/lib/python3/dist-packages/oslo_config/cfg.py:2609
2025-12-04 00:37:31.402 157487 DEBUG oslo_service.service [req-8eae8f2a-e68d-4454-9a90-92826cdc6d97 - - - - -] api_database.mysql_sql_mode = TRADITIONAL log_opt_values /usr/lib/python3/dist-packages/oslo_config/cfg.py:2609
2025-12-04 00:37:31.403 157929 DEBUG oslo_messaging._drivers.amqpdriver [-] received message msg_id: 9269e821484048bd941a71f5af6063d0 reply to reply_a2eb42cd4dd344d6b7f1efc57de7f0cb __call__ /usr/lib/python3/dist-packages/oslo_messaging/_drivers/amqpdriver.py:320
2025-12-04 00:37:31.403 157929 DEBUG oslo_messaging._drivers.amqpdriver [-] Listener is running poll /usr/lib/python3/dist-packages/oslo_messaging/_drivers/amqpdriver.py:343
2025-12-04 00:37:31.403 157929 DEBUG oslo_messaging._drivers.amqpdriver [-] Poll the incoming message with unique_id: 6c888d0d05ed4872aa85bdc9d6fc42ff poll /usr/lib/python3/dist-packages/oslo_messaging/_drivers/amqpdriver.py:346
2025-12-04 00:37:31.403 157487 DEBUG oslo_service.service [req-8eae8f2a-e68d-4454-9a90-92826cdc6d97 - - - - -] api_database.pool_timeout = None log_opt_values /usr/lib/python3/dist-packages/oslo_config/cfg.py:2609
2025-12-04 00:37:31.404 157487 DEBUG oslo_service.service [req-8eae8f2a-e68d-4454-9a90-92826cdc6d97 - - - - -] api_database.retry_interval = 10 log_opt_values /usr/lib/python3/dist-packages/oslo_config/cfg.py:2609
2025-12-04 00:37:31.404 157929 DEBUG oslo_messaging._drivers.amqpdriver [-] Listener is running poll /usr/lib/python3/dist-packages/oslo_messaging/_drivers/amqpdriver.py:343
2025-12-04 00:37:31.404 157487 DEBUG oslo_service.service [req-8eae8f2a-e68d-4454-9a90-92826cdc6d97 - - - - -] api_database.slave_connection = **** log_opt_values /usr/lib/python3/dist-packages/oslo_config/cfg.py:2609
2025-12-04 00:37:31.405 157487 DEBUG oslo_service.service [req-8eae8f2a-e68d-4454-9a90-92826cdc6d97 - - - - -] api_database.sqlite_synchronous = True log_opt_values /usr/lib/python3/dist-packages/oslo_config/cfg.py:2609
2025-12-04 00:37:31.405 157487 DEBUG oslo_service.service [req-8eae8f2a-e68d-4454-9a90-92826cdc6d97 - - - - -] devices.enabled_mdev_types = [] log_opt_values /usr/lib/python3/dist-packages/oslo_config/cfg.py:2609
