2025-12-04 00:35:29.646 132835 DEBUG oslo_service.service [req-fd9cc31b-041e-47c4-bcee-674fbd30a350 - - - - -] api.compute_link_prefix = None log_opt_values /usr/lib/python3/dist-packages/oslo_config/cfg.py:2609
2025-12-04 00:35:29.646 132835 DEBUG oslo_service.service [req-fd9cc31b-041e-47c4-bcee-674fbd30a350 - - - - -] api.config_drive_skip_versions = 1.0 2007-01-19 2007-03-01 2007-08-29 2007-10-10 2007-12-15 2008-02-01 2008-09-01 log_opt_values /usr/lib/python3/dist-packages/oslo_config/cfg.py:2609
2025-12-04 00:35:29.647 132835 DEBUG oslo_service.service [req-fd9cc31b-041e-47c4-bcee-674fbd30a350 - - - - -] api.dhcp_domain = novalocal log_opt_values /usr/lib/python3/dist-packages/oslo_config/cfg.py:2609
2025-12-04 00:35:29.647 132835 DEBUG oslo_service.service [req-fd9cc31b-041e-47c4-bcee-674fbd30a350 - - - - -] api.enable_instance_password = True log_opt_values /usr/lib/python3/dist-packages/oslo_config/cfg.py:2609
2025-12-04 00:35:29.647 132835 DEBUG oslo_service.service [req-fd9cc31b-041e-47c4-bcee-674fbd30a350 - - - - -] api.glance_link_prefix = None log_opt_values /usr/lib/python3/dist-packages/oslo_config/cfg.py:2609
2025-12-04 00:35:29.647 132835 DEBUG oslo_service.service [req-fd9cc31b-041e-47c4-bcee-674fbd30a350 - - - - -] api.instance_list_cells_batch_fixed_size = 100 log_opt_values /usr/lib/python3/dist-packages/oslo_config/cfg.py:2609
2025-12-04 00:35:29.647 132835 DEBUG oslo_service.service [req-fd9cc31b-041e-47c4-bcee-674fbd30a350 - - - - -] api.instance_list_cells_batch_strategy = distributed log_opt_values /usr/lib/python3/dist-packages/oslo_config/cfg.py:2609
2025-12-04 00:35:29.648 133989 DEBUG oslo_db.sqlalchemy.engines [req-e414e524-a2cc-42a6-be5e-4f75dbdc981d - - - - -] MySQL server mode set to STRICT_TRANS_TABLES,STRICT_ALL_TABLES,NO_ZERO_IN_DATE,NO_ZERO_DATE,ERROR_FOR_DIVISION_BY_ZERO,TRADITIONAL,NO_ENGINE_SUBSTITUTION _check_effective_sql_mode /usr/lib/python3/dist-packages/oslo_db/sqlalchemy/engines.py:314
2025-12-04 00:35:29.648 132835 DEBUG oslo_service.service [req-fd9cc31b-041e-47c4-bcee-674fbd30a350 - - - - -] api.instance_list_per_project_cells = False log_opt_values /usr/lib/python3/dist-packages/oslo_config/cfg.py:2609
2025-12-04 00:35:29.649 132835 DEBUG oslo_service.service [req-fd9cc31b-041e-47c4-bcee-674fbd30a350 - - - - -] api.list_records_by_skipping_down_cells = True log_opt_values /usr/lib/python3/dist-packages/oslo_config/cfg.py:2609
2025-12-04 00:35:29.649 132835 DEBUG oslo_service.service [req-fd9cc31b-041e-47c4-bcee-674fbd30a350 - - - - -] api.local_metadata_per_cell = False log_opt_values /usr/lib/python3/dist-packages/oslo_config/cfg.py:2609
2025-12-04 00:35:29.650 132835 DEBUG oslo_service.service [req-fd9cc31b-041e-47c4-bcee-674fbd30a350 - - - - -] api.max_limit = 1000 log_opt_values /usr/lib/python3/dist-packages/oslo_config/cfg.py:2609
2025-12-04 00:35:29.651 132835 DEBUG oslo_service.service [req-fd9cc31b-041e-47c4-bcee-674fbd30a350 - - - - -] api.metadata_cache_expiration = 15 log_opt_values /usr/lib/python3/dist-packages/oslo_config/cfg.py:2609
2025-12-04 00:35:29.651 132835 DEBUG oslo_service.service [req-fd9cc31b-041e-47c4-bcee-674fbd30a350 - - - - -] api.neutron_default_tenant_id = default log_opt_values /usr/lib/python3/dist-packages/oslo_config/cfg.py:2609
2025-12-04 00:35:29.651 132835 DEBUG oslo_service.service [req-fd9cc31b-041e-47c4-bcee-674fbd30a350 - - - - -] api.use_forwarded_for = False log_opt_values /usr/lib/python3/dist-packages/oslo_config/cfg.py:2609
2025-12-04 00:35:29.651 132835 DEBUG oslo_service.service [req-fd9cc31b-041e-47c4-bcee-674fbd30a350 - - - - -] api.use_neutron_default_nets = False log_opt_values /usr/lib/python3/dist-packages/oslo_config/cfg.py:2609
2025-12-04 00:35:29.652 132835 DEBUG oslo_service.service [req-fd9cc31b-041e-47c4-bcee-674fbd30a350 - - - - -] api.vendordata_dynamic_connect_timeout = 5 log_opt_values /usr/lib/python3/dist-packages/oslo_config/cfg.py:2609
2025-12-04 00:35:29.652 133982 DEBUG nova.service [req-d1089195-e13d-4b51-bb0d-ff4ebd862514 - - - - -] Creating RPC server for service conductor start /usr/lib/python3/dist-packages/nova/service.py:182
2025-12-04 00:35:29.655 132835 DEBUG oslo_service.service [req-fd9cc31b-041e-47c4-bcee-674fbd30a350 - - - - -] api.vendordata_dynamic_failure_fatal = False log_opt_values /usr/lib/python3/dist-packages/oslo_config/cfg.py:2609
2025-12-04 00:35:29.655 132835 DEBUG oslo_service.service [req-fd9cc31b-041e-47c4-bcee-674fbd30a350 - - - - -] api.vendordata_dynamic_read_timeout = 5 log_opt_values /usr/lib/python3/dist-packages/oslo_config/cfg.py:2609
2025-12-04 00:35:29.655 132835 DEBUG oslo_service.service [req-fd9cc31b-041e-47c4-bcee-674fbd30a350 - - - - -] api.vendordata_dynamic_ssl_certfile = log_opt_values /usr/lib/python3/dist-packages/oslo_config/cfg.py:2609
2025-12-04 00:35:29.656 132835 DEBUG oslo_service.service [req-fd9cc31b-041e-47c4-bcee-674fbd30a350 - - - - -] api.vendordata_dynamic_targets = [] log_opt_values /usr/lib/python3/dist-packages/oslo_config/cfg.py:2609
2025-12-04 00:35:29.656 132835 DEBUG oslo_service.service [req-fd9cc31b-041e-47c4-bcee-674fbd30a350 - - - - -] api.vendordata_jsonfile_path = None log_opt_values /usr/lib/python3/dist-packages/oslo_config/cfg.py:2609
2025-12-04 00:35:29.656 132835 DEBUG oslo_service.service [req-fd9cc31b-041e-47c4-bcee-674fbd30a350 - - - - -] api.vendordata_providers = ['StaticJSON'] log_opt_values /usr/lib/python3/dist-packages/oslo_config/cfg.py:2609
2025-12-04 00:35:29.656 132835 DEBUG oslo_service.service [req-fd9cc31b-041e-47c4-bcee-674fbd30a350 - - - - -] cache.backend = dogpile.cache.null log_opt_values /usr/lib/python3/dist-packages/oslo_config/cfg.py:2609
2025-12-04 00:35:29.657 132835 DEBUG oslo_service.service [req-fd9cc31b-041e-47c4-bcee-674fbd30a350 - - - - -] cache.backend_argument = **** log_opt_values /usr/lib/python3/dist-packages/oslo_config/cfg.py:2609
2025-12-04 00:35:29.657 132835 DEBUG oslo_service.service [req-fd9cc31b-041e-47c4-bcee-674fbd30a350 - - - - -] cache.config_prefix = cache.oslo log_opt_values /usr/lib/python3/dist-packages/oslo_config/cfg.py:2609
2025-12-04 00:35:29.658 132835 DEBUG oslo_service.service [req-fd9cc31b-041e-47c4-bcee-674fbd30a350 - - - - -] cache.debug_cache_backend = False log_opt_values /usr/lib/python3/dist-packages/oslo_config/cfg.py:2609
2025-12-04 00:35:29.658 132835 DEBUG oslo_service.service [req-fd9cc31b-041e-47c4-bcee-674fbd30a350 - - - - -] cache.enabled = False log_opt_values /usr/lib/python3/dist-packages/oslo_config/cfg.py:2609
2025-12-04 00:35:29.658 132835 DEBUG oslo_service.service [req-fd9cc31b-041e-47c4-bcee-674fbd30a350 - - - - -] cache.expiration_time = 600 log_opt_values /usr/lib/python3/dist-packages/oslo_config/cfg.py:2609
2025-12-04 00:35:29.658 132835 DEBUG oslo_service.service [req-fd9cc31b-041e-47c4-bcee-674fbd30a350 - - - - -] cache.memcache_dead_retry = 300 log_opt_values /usr/lib/python3/dist-packages/oslo_config/cfg.py:2609
2025-12-04 00:35:29.659 132835 DEBUG oslo_service.service [req-fd9cc31b-041e-47c4-bcee-674fbd30a350 - - - - -] cache.memcache_pool_connection_get_timeout = 10 log_opt_values /usr/lib/python3/dist-packages/oslo_config/cfg.py:2609
2025-12-04 00:35:29.659 132835 DEBUG oslo_service.service [req-fd9cc31b-041e-47c4-bcee-674fbd30a350 - - - - -] cache.memcache_pool_flush_on_reconnect = False log_opt_values /usr/lib/python3/dist-packages/oslo_config/cfg.py:2609
2025-12-04 00:35:29.659 132835 DEBUG oslo_service.service [req-fd9cc31b-041e-47c4-bcee-674fbd30a350 - - - - -] cache.memcache_pool_maxsize = 10 log_opt_values /usr/lib/python3/dist-packages/oslo_config/cfg.py:2609
2025-12-04 00:35:29.659 132835 DEBUG oslo_service.service [req-fd9cc31b-041e-47c4-bcee-674fbd30a350 - - - - -] cache.memcache_pool_unused_timeout = 60 log_opt_values /usr/lib/python3/dist-packages/oslo_config/cfg.py:2609
2025-12-04 00:35:29.659 133988 DEBUG nova.service [req-e040cea4-5297-4de5-a336-0f9e688827d0 - - - - -] Creating RPC server for service conductor start /usr/lib/python3/dist-packages/nova/service.py:182
2025-12-04 00:35:29.660 132835 DEBUG oslo_service.service [req-fd9cc31b-041e-47c4-bcee-674fbd30a350 - - - - -] cache.memcache_servers = ['localhost:11211'] log_opt_values /usr/lib/python3/dist-packages/oslo_config/cfg.py:2609
2025-12-04 00:35:29.660 132835 DEBUG oslo_service.service [req-fd9cc31b-041e-47c4-bcee-674fbd30a350 - - - - -] cache.memcache_socket_timeout = 1.0 log_opt_values /usr/lib/python3/dist-packages/oslo_config/cfg.py:2609
2025-12-04 00:35:29.660 132835 DEBUG oslo_service.service [req-fd9cc31b-041e-47c4-bcee-674fbd30a350 - - - - -] cache.proxies = [] log_opt_values /usr/lib/python3/dist-packages/oslo_config/cfg.py:2609
2025-12-04 00:35:29.660 132835 DEBUG oslo_service.service [req-fd9cc31b-041e-47c4-bcee-674fbd30a350 - - - - -] cache.tls_allowed_ciphers = None log_opt_values /usr/lib/python3/dist-packages/oslo_config/cfg.py:2609
2025-12-04 00:35:29.660 132835 DEBUG oslo_service.service [req-fd9cc31b-041e-47c4-bcee-674fbd30a350 - - - - -] cache.tls_cafile = None log_opt_values /usr/lib/python3/dist-packages/oslo_config/cfg.py:2609
2025-12-04 00:35:29.660 132835 DEBUG oslo_service.service [req-fd9cc31b-041e-47c4-bcee-674fbd30a350 - - - - -] cache.tls_certfile = None log_opt_values /usr/lib/python3/dist-packages/oslo_config/cfg.py:2609
2025-12-04 00:35:29.660 132835 DEBUG oslo_service.service [req-fd9cc31b-041e-47c4-bcee-674fbd30a350 - - - - -] cache.tls_enabled = False log_opt_values /usr/lib/python3/dist-packages/oslo_config/cfg.py:2609
2025-12-04 00:35:29.661 132835 DEBUG oslo_service.service [req-fd9cc31b-041e-47c4-bcee-674fbd30a350 - - - - -] cache.tls_keyfile = None log_opt_values /usr/lib/python3/dist-packages/oslo_config/cfg.py:2609
2025-12-04 00:35:29.661 132835 DEBUG oslo_service.service [req-fd9cc31b-041e-47c4-bcee-674fbd30a350 - - - - -] cinder.auth_section = None log_opt_values /usr/lib/python3/dist-packages/oslo_config/cfg.py:2609
2025-12-04 00:35:29.661 132835 DEBUG oslo_service.service [req-fd9cc31b-041e-47c4-bcee-674fbd30a350 - - - - -] cinder.auth_type = None log_opt_values /usr/lib/python3/dist-packages/oslo_config/cfg.py:2609
2025-12-04 00:35:29.661 132835 DEBUG oslo_service.service [req-fd9cc31b-041e-47c4-bcee-674fbd30a350 - - - - -] cinder.cafile = None log_opt_values /usr/lib/python3/dist-packages/oslo_config/cfg.py:2609
2025-12-04 00:35:29.661 132835 DEBUG oslo_service.service [req-fd9cc31b-041e-47c4-bcee-674fbd30a350 - - - - -] cinder.catalog_info = volumev3::publicURL log_opt_values /usr/lib/python3/dist-packages/oslo_config/cfg.py:2609
2025-12-04 00:35:29.661 132835 DEBUG oslo_service.service [req-fd9cc31b-041e-47c4-bcee-674fbd30a350 - - - - -] cinder.certfile = None log_opt_values /usr/lib/python3/dist-packages/oslo_config/cfg.py:2609
2025-12-04 00:35:29.662 132835 DEBUG oslo_service.service [req-fd9cc31b-041e-47c4-bcee-674fbd30a350 - - - - -] cinder.collect_timing = False log_opt_values /usr/lib/python3/dist-packages/oslo_config/cfg.py:2609
2025-12-04 00:35:29.662 132835 DEBUG oslo_service.service [req-fd9cc31b-041e-47c4-bcee-674fbd30a350 - - - - -] cinder.cross_az_attach = True log_opt_values /usr/lib/python3/dist-packages/oslo_config/cfg.py:2609
2025-12-04 00:35:29.662 132835 DEBUG oslo_service.service [req-fd9cc31b-041e-47c4-bcee-674fbd30a350 - - - - -] cinder.debug = False log_opt_values /usr/lib/python3/dist-packages/oslo_config/cfg.py:2609
2025-12-04 00:35:29.662 132835 DEBUG oslo_service.service [req-fd9cc31b-041e-47c4-bcee-674fbd30a350 - - - - -] cinder.endpoint_template = None log_opt_values /usr/lib/python3/dist-packages/oslo_config/cfg.py:2609
2025-12-04 00:35:29.662 132835 DEBUG oslo_service.service [req-fd9cc31b-041e-47c4-bcee-674fbd30a350 - - - - -] cinder.http_retries = 3 log_opt_values /usr/lib/python3/dist-packages/oslo_config/cfg.py:2609
2025-12-04 00:35:29.663 132835 DEBUG oslo_service.service [req-fd9cc31b-041e-47c4-bcee-674fbd30a350 - - - - -] cinder.insecure = False log_opt_values /usr/lib/python3/dist-packages/oslo_config/cfg.py:2609
2025-12-04 00:35:29.663 132835 DEBUG oslo_service.service [req-fd9cc31b-041e-47c4-bcee-674fbd30a350 - - - - -] cinder.keyfile = None log_opt_values /usr/lib/python3/dist-packages/oslo_config/cfg.py:2609
2025-12-04 00:35:29.663 132835 DEBUG oslo_service.service [req-fd9cc31b-041e-47c4-bcee-674fbd30a350 - - - - -] cinder.os_region_name = None log_opt_values /usr/lib/python3/dist-packages/oslo_config/cfg.py:2609
2025-12-04 00:35:29.663 132835 DEBUG oslo_service.service [req-fd9cc31b-041e-47c4-bcee-674fbd30a350 - - - - -] cinder.split_loggers = False log_opt_values /usr/lib/python3/dist-packages/oslo_config/cfg.py:2609
2025-12-04 00:35:29.663 132835 DEBUG oslo_service.service [req-fd9cc31b-041e-47c4-bcee-674fbd30a350 - - - - -] cinder.timeout = None log_opt_values /usr/lib/python3/dist-packages/oslo_config/cfg.py:2609
2025-12-04 00:35:29.663 133989 DEBUG nova.service [req-e414e524-a2cc-42a6-be5e-4f75dbdc981d - - - - -] Creating RPC server for service conductor start /usr/lib/python3/dist-packages/nova/service.py:182
2025-12-04 00:35:29.664 132835 DEBUG oslo_service.service [req-fd9cc31b-041e-47c4-bcee-674fbd30a350 - - - - -] compute.consecutive_build_service_disable_threshold = 10 log_opt_values /usr/lib/python3/dist-packages/oslo_config/cfg.py:2609
2025-12-04 00:35:29.664 132835 DEBUG oslo_service.service [req-fd9cc31b-041e-47c4-bcee-674fbd30a350 - - - - -] compute.cpu_dedicated_set = None log_opt_values /usr/lib/python3/dist-packages/oslo_config/cfg.py:2609
2025-12-04 00:35:29.664 132835 DEBUG oslo_service.service [req-fd9cc31b-041e-47c4-bcee-674fbd30a350 - - - - -] compute.cpu_shared_set = None log_opt_values /usr/lib/python3/dist-packages/oslo_config/cfg.py:2609
2025-12-04 00:35:29.664 132835 DEBUG oslo_service.service [req-fd9cc31b-041e-47c4-bcee-674fbd30a350 - - - - -] compute.image_type_exclude_list = [] log_opt_values /usr/lib/python3/dist-packages/oslo_config/cfg.py:2609
2025-12-04 00:35:29.664 132835 DEBUG oslo_service.service [req-fd9cc31b-041e-47c4-bcee-674fbd30a350 - - - - -] compute.live_migration_wait_for_vif_plug = True log_opt_values /usr/lib/python3/dist-packages/oslo_config/cfg.py:2609
2025-12-04 00:35:29.664 132835 DEBUG oslo_service.service [req-fd9cc31b-041e-47c4-bcee-674fbd30a350 - - - - -] compute.max_concurrent_disk_ops = 0 log_opt_values /usr/lib/python3/dist-packages/oslo_config/cfg.py:2609
2025-12-04 00:35:29.665 132835 DEBUG oslo_service.service [req-fd9cc31b-041e-47c4-bcee-674fbd30a350 - - - - -] compute.max_disk_devices_to_attach = -1 log_opt_values /usr/lib/python3/dist-packages/oslo_config/cfg.py:2609
2025-12-04 00:35:29.665 132835 DEBUG oslo_service.service [req-fd9cc31b-041e-47c4-bcee-674fbd30a350 - - - - -] compute.packing_host_numa_cells_allocation_strategy = True log_opt_values /usr/lib/python3/dist-packages/oslo_config/cfg.py:2609
2025-12-04 00:35:29.665 132835 DEBUG oslo_service.service [req-fd9cc31b-041e-47c4-bcee-674fbd30a350 - - - - -] compute.provider_config_location = /etc/nova/provider_config/ log_opt_values /usr/lib/python3/dist-packages/oslo_config/cfg.py:2609
2025-12-04 00:35:29.665 133994 DEBUG nova.service [req-2fc1ea53-ec58-4e4f-ada9-7a000d2e8334 - - - - -] Creating RPC server for service conductor start /usr/lib/python3/dist-packages/nova/service.py:182
2025-12-04 00:35:29.665 132835 DEBUG oslo_service.service [req-fd9cc31b-041e-47c4-bcee-674fbd30a350 - - - - -] compute.resource_provider_association_refresh = 300 log_opt_values /usr/lib/python3/dist-packages/oslo_config/cfg.py:2609
2025-12-04 00:35:29.665 132835 DEBUG oslo_service.service [req-fd9cc31b-041e-47c4-bcee-674fbd30a350 - - - - -] compute.shutdown_retry_interval = 10 log_opt_values /usr/lib/python3/dist-packages/oslo_config/cfg.py:2609
2025-12-04 00:35:29.666 132835 DEBUG oslo_service.service [req-fd9cc31b-041e-47c4-bcee-674fbd30a350 - - - - -] compute.vmdk_allowed_types = ['streamOptimized', 'monolithicSparse'] log_opt_values /usr/lib/python3/dist-packages/oslo_config/cfg.py:2609
2025-12-04 00:35:29.666 132835 DEBUG oslo_service.service [req-fd9cc31b-041e-47c4-bcee-674fbd30a350 - - - - -] conductor.workers = 4 log_opt_values /usr/lib/python3/dist-packages/oslo_config/cfg.py:2609
2025-12-04 00:35:29.667 132835 DEBUG oslo_service.service [req-fd9cc31b-041e-47c4-bcee-674fbd30a350 - - - - -] console.allowed_origins = [] log_opt_values /usr/lib/python3/dist-packages/oslo_config/cfg.py:2609
2025-12-04 00:35:29.667 132835 DEBUG oslo_service.service [req-fd9cc31b-041e-47c4-bcee-674fbd30a350 - - - - -] console.ssl_ciphers = None log_opt_values /usr/lib/python3/dist-packages/oslo_config/cfg.py:2609
2025-12-04 00:35:29.667 132835 DEBUG oslo_service.service [req-fd9cc31b-041e-47c4-bcee-674fbd30a350 - - - - -] console.ssl_minimum_version = default log_opt_values /usr/lib/python3/dist-packages/oslo_config/cfg.py:2609
2025-12-04 00:35:29.667 132835 DEBUG oslo_service.service [req-fd9cc31b-041e-47c4-bcee-674fbd30a350 - - - - -] consoleauth.token_ttl = 600 log_opt_values /usr/lib/python3/dist-packages/oslo_config/cfg.py:2609
2025-12-04 00:35:29.668 132835 DEBUG oslo_service.service [req-fd9cc31b-041e-47c4-bcee-674fbd30a350 - - - - -] cyborg.cafile = None log_opt_values /usr/lib/python3/dist-packages/oslo_config/cfg.py:2609
2025-12-04 00:35:29.668 132835 DEBUG oslo_service.service [req-fd9cc31b-041e-47c4-bcee-674fbd30a350 - - - - -] cyborg.certfile = None log_opt_values /usr/lib/python3/dist-packages/oslo_config/cfg.py:2609
2025-12-04 00:35:29.669 132835 DEBUG oslo_service.service [req-fd9cc31b-041e-47c4-bcee-674fbd30a350 - - - - -] cyborg.collect_timing = False log_opt_values /usr/lib/python3/dist-packages/oslo_config/cfg.py:2609
2025-12-04 00:35:29.669 132835 DEBUG oslo_service.service [req-fd9cc31b-041e-47c4-bcee-674fbd30a350 - - - - -] cyborg.connect_retries = None log_opt_values /usr/lib/python3/dist-packages/oslo_config/cfg.py:2609
2025-12-04 00:35:29.669 132835 DEBUG oslo_service.service [req-fd9cc31b-041e-47c4-bcee-674fbd30a350 - - - - -] cyborg.connect_retry_delay = None log_opt_values /usr/lib/python3/dist-packages/oslo_config/cfg.py:2609
2025-12-04 00:35:29.669 132835 DEBUG oslo_service.service [req-fd9cc31b-041e-47c4-bcee-674fbd30a350 - - - - -] cyborg.endpoint_override = None log_opt_values /usr/lib/python3/dist-packages/oslo_config/cfg.py:2609
2025-12-04 00:35:29.669 132835 DEBUG oslo_service.service [req-fd9cc31b-041e-47c4-bcee-674fbd30a350 - - - - -] cyborg.insecure = False log_opt_values /usr/lib/python3/dist-packages/oslo_config/cfg.py:2609
2025-12-04 00:35:29.669 132835 DEBUG oslo_service.service [req-fd9cc31b-041e-47c4-bcee-674fbd30a350 - - - - -] cyborg.keyfile = None log_opt_values /usr/lib/python3/dist-packages/oslo_config/cfg.py:2609
2025-12-04 00:35:29.670 132835 DEBUG oslo_service.service [req-fd9cc31b-041e-47c4-bcee-674fbd30a350 - - - - -] cyborg.max_version = None log_opt_values /usr/lib/python3/dist-packages/oslo_config/cfg.py:2609
2025-12-04 00:35:29.670 132835 DEBUG oslo_service.service [req-fd9cc31b-041e-47c4-bcee-674fbd30a350 - - - - -] cyborg.min_version = None log_opt_values /usr/lib/python3/dist-packages/oslo_config/cfg.py:2609
2025-12-04 00:35:29.670 132835 DEBUG oslo_service.service [req-fd9cc31b-041e-47c4-bcee-674fbd30a350 - - - - -] cyborg.region_name = None log_opt_values /usr/lib/python3/dist-packages/oslo_config/cfg.py:2609
2025-12-04 00:35:29.670 132835 DEBUG oslo_service.service [req-fd9cc31b-041e-47c4-bcee-674fbd30a350 - - - - -] cyborg.service_name = None log_opt_values /usr/lib/python3/dist-packages/oslo_config/cfg.py:2609
2025-12-04 00:35:29.670 132835 DEBUG oslo_service.service [req-fd9cc31b-041e-47c4-bcee-674fbd30a350 - - - - -] cyborg.service_type = accelerator log_opt_values /usr/lib/python3/dist-packages/oslo_config/cfg.py:2609
2025-12-04 00:35:29.671 132835 DEBUG oslo_service.service [req-fd9cc31b-041e-47c4-bcee-674fbd30a350 - - - - -] cyborg.split_loggers = False log_opt_values /usr/lib/python3/dist-packages/oslo_config/cfg.py:2609
2025-12-04 00:35:29.671 132835 DEBUG oslo_service.service [req-fd9cc31b-041e-47c4-bcee-674fbd30a350 - - - - -] cyborg.status_code_retries = None log_opt_values /usr/lib/python3/dist-packages/oslo_config/cfg.py:2609
2025-12-04 00:35:29.671 132835 DEBUG oslo_service.service [req-fd9cc31b-041e-47c4-bcee-674fbd30a350 - - - - -] cyborg.status_code_retry_delay = None log_opt_values /usr/lib/python3/dist-packages/oslo_config/cfg.py:2609
2025-12-04 00:35:29.671 132835 DEBUG oslo_service.service [req-fd9cc31b-041e-47c4-bcee-674fbd30a350 - - - - -] cyborg.timeout = None log_opt_values /usr/lib/python3/dist-packages/oslo_config/cfg.py:2609
2025-12-04 00:35:29.672 132835 DEBUG oslo_service.service [req-fd9cc31b-041e-47c4-bcee-674fbd30a350 - - - - -] cyborg.valid_interfaces = ['internal', 'public'] log_opt_values /usr/lib/python3/dist-packages/oslo_config/cfg.py:2609
2025-12-04 00:35:29.673 132835 DEBUG oslo_service.service [req-fd9cc31b-041e-47c4-bcee-674fbd30a350 - - - - -] cyborg.version = None log_opt_values /usr/lib/python3/dist-packages/oslo_config/cfg.py:2609
2025-12-04 00:35:29.675 132835 DEBUG oslo_service.service [req-fd9cc31b-041e-47c4-bcee-674fbd30a350 - - - - -] database.backend = sqlalchemy log_opt_values /usr/lib/python3/dist-packages/oslo_config/cfg.py:2609
2025-12-04 00:35:29.677 132835 DEBUG oslo_service.service [req-fd9cc31b-041e-47c4-bcee-674fbd30a350 - - - - -] database.connection = **** log_opt_values /usr/lib/python3/dist-packages/oslo_config/cfg.py:2609
2025-12-04 00:35:29.679 132835 DEBUG oslo_service.service [req-fd9cc31b-041e-47c4-bcee-674fbd30a350 - - - - -] database.connection_debug = 0 log_opt_values /usr/lib/python3/dist-packages/oslo_config/cfg.py:2609
2025-12-04 00:35:29.679 132835 DEBUG oslo_service.service [req-fd9cc31b-041e-47c4-bcee-674fbd30a350 - - - - -] database.connection_parameters = log_opt_values /usr/lib/python3/dist-packages/oslo_config/cfg.py:2609
2025-12-04 00:35:29.679 132835 DEBUG oslo_service.service [req-fd9cc31b-041e-47c4-bcee-674fbd30a350 - - - - -] database.connection_recycle_time = 3600 log_opt_values /usr/lib/python3/dist-packages/oslo_config/cfg.py:2609
2025-12-04 00:35:29.680 132835 DEBUG oslo_service.service [req-fd9cc31b-041e-47c4-bcee-674fbd30a350 - - - - -] database.connection_trace = False log_opt_values /usr/lib/python3/dist-packages/oslo_config/cfg.py:2609
2025-12-04 00:35:29.681 132835 DEBUG oslo_service.service [req-fd9cc31b-041e-47c4-bcee-674fbd30a350 - - - - -] database.db_inc_retry_interval = True log_opt_values /usr/lib/python3/dist-packages/oslo_config/cfg.py:2609
2025-12-04 00:35:29.683 133982 DEBUG oslo_messaging._drivers.amqpdriver [-] Listener is running poll /usr/lib/python3/dist-packages/oslo_messaging/_drivers/amqpdriver.py:343
2025-12-04 00:35:29.683 133982 DEBUG oslo_messaging._drivers.amqpdriver [-] AMQPListener connection consume poll /usr/lib/python3/dist-packages/oslo_messaging/_drivers/amqpdriver.py:357
2025-12-04 00:35:29.682 132835 DEBUG oslo_service.service [req-fd9cc31b-041e-47c4-bcee-674fbd30a350 - - - - -] database.db_max_retries = 20 log_opt_values /usr/lib/python3/dist-packages/oslo_config/cfg.py:2609
2025-12-04 00:35:29.684 133982 DEBUG nova.service [req-d1089195-e13d-4b51-bb0d-ff4ebd862514 - - - - -] Join ServiceGroup membership for this service conductor start /usr/lib/python3/dist-packages/nova/service.py:199
2025-12-04 00:35:29.685 133982 DEBUG nova.servicegroup.drivers.db [req-d1089195-e13d-4b51-bb0d-ff4ebd862514 - - - - -] DB_Driver: join new ServiceGroup member juju-569b9c-0-lxd-7 to the conductor group, service = join /usr/lib/python3/dist-packages/nova/servicegroup/drivers/db.py:44
2025-12-04 00:35:29.685 132835 DEBUG oslo_service.service [req-fd9cc31b-041e-47c4-bcee-674fbd30a350 - - - - -] database.db_max_retry_interval = 10 log_opt_values /usr/lib/python3/dist-packages/oslo_config/cfg.py:2609
2025-12-04 00:35:29.686 132835 DEBUG oslo_service.service [req-fd9cc31b-041e-47c4-bcee-674fbd30a350 - - - - -] database.db_retry_interval = 1 log_opt_values /usr/lib/python3/dist-packages/oslo_config/cfg.py:2609
2025-12-04 00:35:29.686 132835 DEBUG oslo_service.service [req-fd9cc31b-041e-47c4-bcee-674fbd30a350 - - - - -] database.max_overflow = 50 log_opt_values /usr/lib/python3/dist-packages/oslo_config/cfg.py:2609
2025-12-04 00:35:29.686 132835 DEBUG oslo_service.service [req-fd9cc31b-041e-47c4-bcee-674fbd30a350 - - - - -] database.max_pool_size = 4 log_opt_values /usr/lib/python3/dist-packages/oslo_config/cfg.py:2609
2025-12-04 00:35:29.687 132835 DEBUG oslo_service.service [req-fd9cc31b-041e-47c4-bcee-674fbd30a350 - - - - -] database.max_retries = 10 log_opt_values /usr/lib/python3/dist-packages/oslo_config/cfg.py:2609
2025-12-04 00:35:29.687 132835 DEBUG oslo_service.service [req-fd9cc31b-041e-47c4-bcee-674fbd30a350 - - - - -] database.mysql_enable_ndb = False log_opt_values /usr/lib/python3/dist-packages/oslo_config/cfg.py:2609
2025-12-04 00:35:29.686 133988 DEBUG oslo_messaging._drivers.amqpdriver [-] Listener is running poll /usr/lib/python3/dist-packages/oslo_messaging/_drivers/amqpdriver.py:343
2025-12-04 00:35:29.687 132835 DEBUG oslo_service.service [req-fd9cc31b-041e-47c4-bcee-674fbd30a350 - - - - -] database.mysql_sql_mode = TRADITIONAL log_opt_values /usr/lib/python3/dist-packages/oslo_config/cfg.py:2609
2025-12-04 00:35:29.688 132835 DEBUG oslo_service.service [req-fd9cc31b-041e-47c4-bcee-674fbd30a350 - - - - -] database.pool_timeout = None log_opt_values /usr/lib/python3/dist-packages/oslo_config/cfg.py:2609
2025-12-04 00:35:29.688 132835 DEBUG oslo_service.service [req-fd9cc31b-041e-47c4-bcee-674fbd30a350 - - - - -] database.retry_interval = 10 log_opt_values /usr/lib/python3/dist-packages/oslo_config/cfg.py:2609
2025-12-04 00:35:29.688 133988 DEBUG oslo_messaging._drivers.amqpdriver [-] AMQPListener connection consume poll /usr/lib/python3/dist-packages/oslo_messaging/_drivers/amqpdriver.py:357
2025-12-04 00:35:29.688 132835 DEBUG oslo_service.service [req-fd9cc31b-041e-47c4-bcee-674fbd30a350 - - - - -] database.slave_connection = **** log_opt_values /usr/lib/python3/dist-packages/oslo_config/cfg.py:2609
2025-12-04 00:35:29.688 132835 DEBUG oslo_service.service [req-fd9cc31b-041e-47c4-bcee-674fbd30a350 - - - - -] database.sqlite_synchronous = True log_opt_values /usr/lib/python3/dist-packages/oslo_config/cfg.py:2609
2025-12-04 00:35:29.688 132835 DEBUG oslo_service.service [req-fd9cc31b-041e-47c4-bcee-674fbd30a350 - - - - -] database.use_db_reconnect = False log_opt_values /usr/lib/python3/dist-packages/oslo_config/cfg.py:2609
2025-12-04 00:35:29.689 132835 DEBUG oslo_service.service [req-fd9cc31b-041e-47c4-bcee-674fbd30a350 - - - - -] api_database.backend = sqlalchemy log_opt_values /usr/lib/python3/dist-packages/oslo_config/cfg.py:2609
2025-12-04 00:35:29.689 132835 DEBUG oslo_service.service [req-fd9cc31b-041e-47c4-bcee-674fbd30a350 - - - - -] api_database.connection = **** log_opt_values /usr/lib/python3/dist-packages/oslo_config/cfg.py:2609
2025-12-04 00:35:29.689 132835 DEBUG oslo_service.service [req-fd9cc31b-041e-47c4-bcee-674fbd30a350 - - - - -] api_database.connection_debug = 0 log_opt_values /usr/lib/python3/dist-packages/oslo_config/cfg.py:2609
2025-12-04 00:35:29.690 132835 DEBUG oslo_service.service [req-fd9cc31b-041e-47c4-bcee-674fbd30a350 - - - - -] api_database.connection_parameters = log_opt_values /usr/lib/python3/dist-packages/oslo_config/cfg.py:2609
2025-12-04 00:35:29.690 132835 DEBUG oslo_service.service [req-fd9cc31b-041e-47c4-bcee-674fbd30a350 - - - - -] api_database.connection_recycle_time = 3600 log_opt_values /usr/lib/python3/dist-packages/oslo_config/cfg.py:2609
2025-12-04 00:35:29.690 132835 DEBUG oslo_service.service [req-fd9cc31b-041e-47c4-bcee-674fbd30a350 - - - - -] api_database.connection_trace = False log_opt_values /usr/lib/python3/dist-packages/oslo_config/cfg.py:2609
2025-12-04 00:35:29.690 133982 DEBUG oslo_messaging._drivers.amqpdriver [-] AMQPListener connection timeout poll /usr/lib/python3/dist-packages/oslo_messaging/_drivers/amqpdriver.py:360
2025-12-04 00:35:29.690 133982 DEBUG oslo_messaging._drivers.amqpdriver [-] Listener is running poll /usr/lib/python3/dist-packages/oslo_messaging/_drivers/amqpdriver.py:343
2025-12-04 00:35:29.690 132835 DEBUG oslo_service.service [req-fd9cc31b-041e-47c4-bcee-674fbd30a350 - - - - -] api_database.db_inc_retry_interval = True log_opt_values /usr/lib/python3/dist-packages/oslo_config/cfg.py:2609
2025-12-04 00:35:29.690 133989 DEBUG oslo_messaging._drivers.amqpdriver [-] Listener is running poll /usr/lib/python3/dist-packages/oslo_messaging/_drivers/amqpdriver.py:343
2025-12-04 00:35:29.690 132835 DEBUG oslo_service.service [req-fd9cc31b-041e-47c4-bcee-674fbd30a350 - - - - -] api_database.db_max_retries = 20 log_opt_values /usr/lib/python3/dist-packages/oslo_config/cfg.py:2609
2025-12-04 00:35:29.690 133982 DEBUG oslo_messaging._drivers.amqpdriver [-] AMQPListener connection consume poll /usr/lib/python3/dist-packages/oslo_messaging/_drivers/amqpdriver.py:357
2025-12-04 00:35:29.691 133989 DEBUG oslo_messaging._drivers.amqpdriver [-] AMQPListener connection consume poll /usr/lib/python3/dist-packages/oslo_messaging/_drivers/amqpdriver.py:357
2025-12-04 00:35:29.691 132835 DEBUG oslo_service.service [req-fd9cc31b-041e-47c4-bcee-674fbd30a350 - - - - -] api_database.db_max_retry_interval = 10 log_opt_values /usr/lib/python3/dist-packages/oslo_config/cfg.py:2609
2025-12-04 00:35:29.691 132835 DEBUG oslo_service.service [req-fd9cc31b-041e-47c4-bcee-674fbd30a350 - - - - -] api_database.db_retry_interval = 1 log_opt_values /usr/lib/python3/dist-packages/oslo_config/cfg.py:2609
2025-12-04 00:35:29.691 132835 DEBUG oslo_service.service [req-fd9cc31b-041e-47c4-bcee-674fbd30a350 - - - - -] api_database.max_overflow = 50 log_opt_values /usr/lib/python3/dist-packages/oslo_config/cfg.py:2609
2025-12-04 00:35:29.691 132835 DEBUG oslo_service.service [req-fd9cc31b-041e-47c4-bcee-674fbd30a350 - - - - -] api_database.max_pool_size = 4 log_opt_values /usr/lib/python3/dist-packages/oslo_config/cfg.py:2609
2025-12-04 00:35:29.688 133988 DEBUG nova.service [req-e040cea4-5297-4de5-a336-0f9e688827d0 - - - - -] Join ServiceGroup membership for this service conductor start /usr/lib/python3/dist-packages/nova/service.py:199
2025-12-04 00:35:29.691 133989 DEBUG nova.service [req-e414e524-a2cc-42a6-be5e-4f75dbdc981d - - - - -] Join ServiceGroup membership for this service conductor start /usr/lib/python3/dist-packages/nova/service.py:199
2025-12-04 00:35:29.691 132835 DEBUG oslo_service.service [req-fd9cc31b-041e-47c4-bcee-674fbd30a350 - - - - -] api_database.max_retries = 10 log_opt_values /usr/lib/python3/dist-packages/oslo_config/cfg.py:2609
2025-12-04 00:35:29.692 132835 DEBUG oslo_service.service [req-fd9cc31b-041e-47c4-bcee-674fbd30a350 - - - - -] api_database.mysql_enable_ndb = False log_opt_values /usr/lib/python3/dist-packages/oslo_config/cfg.py:2609
2025-12-04 00:35:29.691 133988 DEBUG nova.servicegroup.drivers.db [req-e040cea4-5297-4de5-a336-0f9e688827d0 - - - - -] DB_Driver: join new ServiceGroup member juju-569b9c-0-lxd-7 to the conductor group, service = join /usr/lib/python3/dist-packages/nova/servicegroup/drivers/db.py:44
2025-12-04 00:35:29.692 133989 DEBUG nova.servicegroup.drivers.db [req-e414e524-a2cc-42a6-be5e-4f75dbdc981d - - - - -] DB_Driver: join new ServiceGroup member juju-569b9c-0-lxd-7 to the conductor group, service = join /usr/lib/python3/dist-packages/nova/servicegroup/drivers/db.py:44
2025-12-04 00:35:29.692 132835 DEBUG oslo_service.service [req-fd9cc31b-041e-47c4-bcee-674fbd30a350 - - - - -] api_database.mysql_sql_mode = TRADITIONAL log_opt_values /usr/lib/python3/dist-packages/oslo_config/cfg.py:2609
2025-12-04 00:35:29.692 132835 DEBUG oslo_service.service [req-fd9cc31b-041e-47c4-bcee-674fbd30a350 - - - - -] api_database.pool_timeout = None log_opt_values /usr/lib/python3/dist-packages/oslo_config/cfg.py:2609
2025-12-04 00:35:29.692 133994 DEBUG oslo_messaging._drivers.amqpdriver [-] Listener is running poll /usr/lib/python3/dist-packages/oslo_messaging/_drivers/amqpdriver.py:343
2025-12-04 00:35:29.692 132835 DEBUG oslo_service.service [req-fd9cc31b-041e-47c4-bcee-674fbd30a350 - - - - -] api_database.retry_interval = 10 log_opt_values /usr/lib/python3/dist-packages/oslo_config/cfg.py:2609
2025-12-04 00:35:29.692 133994 DEBUG oslo_messaging._drivers.amqpdriver [-] AMQPListener connection consume poll /usr/lib/python3/dist-packages/oslo_messaging/_drivers/amqpdriver.py:357
2025-12-04 00:35:29.692 132835 DEBUG oslo_service.service [req-fd9cc31b-041e-47c4-bcee-674fbd30a350 - - - - -] api_database.slave_connection = **** log_opt_values /usr/lib/python3/dist-packages/oslo_config/cfg.py:2609
2025-12-04 00:35:29.692 132835 DEBUG oslo_service.service [req-fd9cc31b-041e-47c4-bcee-674fbd30a350 - - - - -] api_database.sqlite_synchronous = True log_opt_values /usr/lib/python3/dist-packages/oslo_config/cfg.py:2609
2025-12-04 00:35:29.693 132835 DEBUG oslo_service.service [req-fd9cc31b-041e-47c4-bcee-674fbd30a350 - - - - -] devices.enabled_mdev_types = [] log_opt_values /usr/lib/python3/dist-packages/oslo_config/cfg.py:2609
2025-12-04 00:35:29.693 132835 DEBUG oslo_service.service [req-fd9cc31b-041e-47c4-bcee-674fbd30a350 - - - - -] ephemeral_storage_encryption.cipher = aes-xts-plain64 log_opt_values /usr/lib/python3/dist-packages/oslo_config/cfg.py:2609
2025-12-04 00:35:29.693 133994 DEBUG nova.service [req-2fc1ea53-ec58-4e4f-ada9-7a000d2e8334 - - - - -] Join ServiceGroup membership for this service conductor start /usr/lib/python3/dist-packages/nova/service.py:199
2025-12-04 00:35:29.693 132835 DEBUG oslo_service.service [req-fd9cc31b-041e-47c4-bcee-674fbd30a350 - - - - -] ephemeral_storage_encryption.enabled = False log_opt_values /usr/lib/python3/dist-packages/oslo_config/cfg.py:2609
2025-12-04 00:35:29.693 133994 DEBUG nova.servicegroup.drivers.db [req-2fc1ea53-ec58-4e4f-ada9-7a000d2e8334 - - - - -] DB_Driver: join new ServiceGroup member juju-569b9c-0-lxd-7 to the conductor group, service = join /usr/lib/python3/dist-packages/nova/servicegroup/drivers/db.py:44
2025-12-04 00:35:29.693 132835 DEBUG oslo_service.service [req-fd9cc31b-041e-47c4-bcee-674fbd30a350 - - - - -] ephemeral_storage_encryption.key_size = 512 log_opt_values /usr/lib/python3/dist-packages/oslo_config/cfg.py:2609
2025-12-04 00:35:29.693 132835 WARNING oslo_config.cfg [req-fd9cc31b-041e-47c4-bcee-674fbd30a350 - - - - -] Deprecated: Option "api_servers" from group "glance" is deprecated for removal ( Support for image service configuration via standard keystoneauth1 Adapter options was added in the 17.0.0 Queens release. The api_servers option was retained temporarily to allow consumers time to cut over to a real load balancing solution. ). Its value may be silently ignored in the future.
2025-12-04 00:35:29.694 132835 DEBUG oslo_service.service [req-fd9cc31b-041e-47c4-bcee-674fbd30a350 - - - - -] glance.api_servers = ['http://252.241.158.129:9292'] log_opt_values /usr/lib/python3/dist-packages/oslo_config/cfg.py:2609
2025-12-04 00:35:29.694 132835 DEBUG oslo_service.service [req-fd9cc31b-041e-47c4-bcee-674fbd30a350 - - - - -] glance.cafile = None log_opt_values /usr/lib/python3/dist-packages/oslo_config/cfg.py:2609
2025-12-04 00:35:29.694 132835 DEBUG oslo_service.service [req-fd9cc31b-041e-47c4-bcee-674fbd30a350 - - - - -] glance.certfile = None log_opt_values /usr/lib/python3/dist-packages/oslo_config/cfg.py:2609
2025-12-04 00:35:29.694 133988 DEBUG oslo_messaging._drivers.amqpdriver [-] AMQPListener connection timeout poll /usr/lib/python3/dist-packages/oslo_messaging/_drivers/amqpdriver.py:360
2025-12-04 00:35:29.694 132835 DEBUG oslo_service.service [req-fd9cc31b-041e-47c4-bcee-674fbd30a350 - - - - -] glance.collect_timing = False log_opt_values /usr/lib/python3/dist-packages/oslo_config/cfg.py:2609
2025-12-04 00:35:29.694 133988 DEBUG oslo_messaging._drivers.amqpdriver [-] Listener is running poll /usr/lib/python3/dist-packages/oslo_messaging/_drivers/amqpdriver.py:343
2025-12-04 00:35:29.694 132835 DEBUG oslo_service.service [req-fd9cc31b-041e-47c4-bcee-674fbd30a350 - - - - -] glance.connect_retries = None log_opt_values /usr/lib/python3/dist-packages/oslo_config/cfg.py:2609
2025-12-04 00:35:29.695 133988 DEBUG oslo_messaging._drivers.amqpdriver [-] AMQPListener connection consume poll /usr/lib/python3/dist-packages/oslo_messaging/_drivers/amqpdriver.py:357
2025-12-04 00:35:29.695 132835 DEBUG oslo_service.service [req-fd9cc31b-041e-47c4-bcee-674fbd30a350 - - - - -] glance.connect_retry_delay = None log_opt_values /usr/lib/python3/dist-packages/oslo_config/cfg.py:2609
2025-12-04 00:35:29.695 133989 DEBUG oslo_messaging._drivers.amqpdriver [-] AMQPListener connection timeout poll /usr/lib/python3/dist-packages/oslo_messaging/_drivers/amqpdriver.py:360
2025-12-04 00:35:29.695 132835 DEBUG oslo_service.service [req-fd9cc31b-041e-47c4-bcee-674fbd30a350 - - - - -] glance.debug = False log_opt_values /usr/lib/python3/dist-packages/oslo_config/cfg.py:2609
2025-12-04 00:35:29.695 133989 DEBUG oslo_messaging._drivers.amqpdriver [-] Listener is running poll /usr/lib/python3/dist-packages/oslo_messaging/_drivers/amqpdriver.py:343
2025-12-04 00:35:29.695 133989 DEBUG oslo_messaging._drivers.amqpdriver [-] AMQPListener connection consume poll /usr/lib/python3/dist-packages/oslo_messaging/_drivers/amqpdriver.py:357
2025-12-04 00:35:29.695 132835 DEBUG oslo_service.service [req-fd9cc31b-041e-47c4-bcee-674fbd30a350 - - - - -] glance.default_trusted_certificate_ids = [] log_opt_values /usr/lib/python3/dist-packages/oslo_config/cfg.py:2609
2025-12-04 00:35:29.695 132835 DEBUG oslo_service.service [req-fd9cc31b-041e-47c4-bcee-674fbd30a350 - - - - -] glance.enable_certificate_validation = False log_opt_values /usr/lib/python3/dist-packages/oslo_config/cfg.py:2609
2025-12-04 00:35:29.695 132835 DEBUG oslo_service.service [req-fd9cc31b-041e-47c4-bcee-674fbd30a350 - - - - -] glance.enable_rbd_download = False log_opt_values /usr/lib/python3/dist-packages/oslo_config/cfg.py:2609
2025-12-04 00:35:29.696 132835 DEBUG oslo_service.service [req-fd9cc31b-041e-47c4-bcee-674fbd30a350 - - - - -] glance.endpoint_override = None log_opt_values /usr/lib/python3/dist-packages/oslo_config/cfg.py:2609
2025-12-04 00:35:29.696 133994 DEBUG oslo_messaging._drivers.amqpdriver [-] AMQPListener connection timeout poll /usr/lib/python3/dist-packages/oslo_messaging/_drivers/amqpdriver.py:360
2025-12-04 00:35:29.696 132835 DEBUG oslo_service.service [req-fd9cc31b-041e-47c4-bcee-674fbd30a350 - - - - -] glance.insecure = False log_opt_values /usr/lib/python3/dist-packages/oslo_config/cfg.py:2609
2025-12-04 00:35:29.696 133994 DEBUG oslo_messaging._drivers.amqpdriver [-] Listener is running poll /usr/lib/python3/dist-packages/oslo_messaging/_drivers/amqpdriver.py:343
2025-12-04 00:35:29.696 132835 DEBUG oslo_service.service [req-fd9cc31b-041e-47c4-bcee-674fbd30a350 - - - - -] glance.keyfile = None log_opt_values /usr/lib/python3/dist-packages/oslo_config/cfg.py:2609
2025-12-04 00:35:29.696 133994 DEBUG oslo_messaging._drivers.amqpdriver [-] AMQPListener connection consume poll /usr/lib/python3/dist-packages/oslo_messaging/_drivers/amqpdriver.py:357
2025-12-04 00:35:29.696 132835 DEBUG oslo_service.service [req-fd9cc31b-041e-47c4-bcee-674fbd30a350 - - - - -] glance.max_version = None log_opt_values /usr/lib/python3/dist-packages/oslo_config/cfg.py:2609
2025-12-04 00:35:29.696 132835 DEBUG oslo_service.service [req-fd9cc31b-041e-47c4-bcee-674fbd30a350 - - - - -] glance.min_version = None log_opt_values /usr/lib/python3/dist-packages/oslo_config/cfg.py:2609
2025-12-04 00:35:29.696 132835 DEBUG oslo_service.service [req-fd9cc31b-041e-47c4-bcee-674fbd30a350 - - - - -] glance.num_retries = 3 log_opt_values /usr/lib/python3/dist-packages/oslo_config/cfg.py:2609
2025-12-04 00:35:29.697 132835 DEBUG oslo_service.service [req-fd9cc31b-041e-47c4-bcee-674fbd30a350 - - - - -] glance.rbd_ceph_conf = log_opt_values /usr/lib/python3/dist-packages/oslo_config/cfg.py:2609
2025-12-04 00:35:29.697 132835 DEBUG oslo_service.service [req-fd9cc31b-041e-47c4-bcee-674fbd30a350 - - - - -] glance.rbd_connect_timeout = 5 log_opt_values /usr/lib/python3/dist-packages/oslo_config/cfg.py:2609
2025-12-04 00:35:29.697 132835 DEBUG oslo_service.service [req-fd9cc31b-041e-47c4-bcee-674fbd30a350 - - - - -] glance.rbd_pool = log_opt_values /usr/lib/python3/dist-packages/oslo_config/cfg.py:2609
2025-12-04 00:35:29.697 132835 DEBUG oslo_service.service [req-fd9cc31b-041e-47c4-bcee-674fbd30a350 - - - - -] glance.rbd_user = log_opt_values /usr/lib/python3/dist-packages/oslo_config/cfg.py:2609
2025-12-04 00:35:29.697 132835 DEBUG oslo_service.service [req-fd9cc31b-041e-47c4-bcee-674fbd30a350 - - - - -] glance.region_name = None log_opt_values /usr/lib/python3/dist-packages/oslo_config/cfg.py:2609
2025-12-04 00:35:29.697 132835 DEBUG oslo_service.service [req-fd9cc31b-041e-47c4-bcee-674fbd30a350 - - - - -] glance.service_name = None log_opt_values /usr/lib/python3/dist-packages/oslo_config/cfg.py:2609
2025-12-04 00:35:29.698 132835 DEBUG oslo_service.service [req-fd9cc31b-041e-47c4-bcee-674fbd30a350 - - - - -] glance.service_type = image log_opt_values /usr/lib/python3/dist-packages/oslo_config/cfg.py:2609
2025-12-04 00:35:29.698 132835 DEBUG oslo_service.service [req-fd9cc31b-041e-47c4-bcee-674fbd30a350 - - - - -] glance.split_loggers = False log_opt_values /usr/lib/python3/dist-packages/oslo_config/cfg.py:2609
2025-12-04 00:35:29.698 132835 DEBUG oslo_service.service [req-fd9cc31b-041e-47c4-bcee-674fbd30a350 - - - - -] glance.status_code_retries = None log_opt_values /usr/lib/python3/dist-packages/oslo_config/cfg.py:2609
2025-12-04 00:35:29.698 132835 DEBUG oslo_service.service [req-fd9cc31b-041e-47c4-bcee-674fbd30a350 - - - - -] glance.status_code_retry_delay = None log_opt_values /usr/lib/python3/dist-packages/oslo_config/cfg.py:2609
2025-12-04 00:35:29.698 132835 DEBUG oslo_service.service [req-fd9cc31b-041e-47c4-bcee-674fbd30a350 - - - - -] glance.timeout = None log_opt_values /usr/lib/python3/dist-packages/oslo_config/cfg.py:2609
2025-12-04 00:35:29.699 132835 DEBUG oslo_service.service [req-fd9cc31b-041e-47c4-bcee-674fbd30a350 - - - - -] glance.valid_interfaces = ['internal', 'public'] log_opt_values /usr/lib/python3/dist-packages/oslo_config/cfg.py:2609
2025-12-04 00:35:29.699 132835 DEBUG oslo_service.service [req-fd9cc31b-041e-47c4-bcee-674fbd30a350 - - - - -] glance.verify_glance_signatures = False log_opt_values /usr/lib/python3/dist-packages/oslo_config/cfg.py:2609
2025-12-04 00:35:29.699 132835 DEBUG oslo_service.service [req-fd9cc31b-041e-47c4-bcee-674fbd30a350 - - - - -] glance.version = None log_opt_values /usr/lib/python3/dist-packages/oslo_config/cfg.py:2609
2025-12-04 00:35:29.699 132835 DEBUG oslo_service.service [req-fd9cc31b-041e-47c4-bcee-674fbd30a350 - - - - -] guestfs.debug = False log_opt_values /usr/lib/python3/dist-packages/oslo_config/cfg.py:2609
2025-12-04 00:35:29.699 132835 DEBUG oslo_service.service [req-fd9cc31b-041e-47c4-bcee-674fbd30a350 - - - - -] hyperv.config_drive_cdrom = False log_opt_values /usr/lib/python3/dist-packages/oslo_config/cfg.py:2609
2025-12-04 00:35:29.700 132835 DEBUG oslo_service.service [req-fd9cc31b-041e-47c4-bcee-674fbd30a350 - - - - -] hyperv.config_drive_inject_password = False log_opt_values /usr/lib/python3/dist-packages/oslo_config/cfg.py:2609
2025-12-04 00:35:29.700 132835 DEBUG oslo_service.service [req-fd9cc31b-041e-47c4-bcee-674fbd30a350 - - - - -] hyperv.dynamic_memory_ratio = 1.0 log_opt_values /usr/lib/python3/dist-packages/oslo_config/cfg.py:2609
2025-12-04 00:35:29.700 132835 DEBUG oslo_service.service [req-fd9cc31b-041e-47c4-bcee-674fbd30a350 - - - - -] hyperv.enable_instance_metrics_collection = False log_opt_values /usr/lib/python3/dist-packages/oslo_config/cfg.py:2609
2025-12-04 00:35:29.700 132835 DEBUG oslo_service.service [req-fd9cc31b-041e-47c4-bcee-674fbd30a350 - - - - -] hyperv.enable_remotefx = False log_opt_values /usr/lib/python3/dist-packages/oslo_config/cfg.py:2609
2025-12-04 00:35:29.700 132835 DEBUG oslo_service.service [req-fd9cc31b-041e-47c4-bcee-674fbd30a350 - - - - -] hyperv.instances_path_share = log_opt_values /usr/lib/python3/dist-packages/oslo_config/cfg.py:2609
2025-12-04 00:35:29.700 132835 DEBUG oslo_service.service [req-fd9cc31b-041e-47c4-bcee-674fbd30a350 - - - - -] hyperv.iscsi_initiator_list = [] log_opt_values /usr/lib/python3/dist-packages/oslo_config/cfg.py:2609
2025-12-04 00:35:29.701 132835 DEBUG oslo_service.service [req-fd9cc31b-041e-47c4-bcee-674fbd30a350 - - - - -] hyperv.limit_cpu_features = False log_opt_values /usr/lib/python3/dist-packages/oslo_config/cfg.py:2609
2025-12-04 00:35:29.701 132835 DEBUG oslo_service.service [req-fd9cc31b-041e-47c4-bcee-674fbd30a350 - - - - -] hyperv.mounted_disk_query_retry_count = 10 log_opt_values /usr/lib/python3/dist-packages/oslo_config/cfg.py:2609
2025-12-04 00:35:29.701 132835 DEBUG oslo_service.service [req-fd9cc31b-041e-47c4-bcee-674fbd30a350 - - - - -] hyperv.mounted_disk_query_retry_interval = 5 log_opt_values /usr/lib/python3/dist-packages/oslo_config/cfg.py:2609
2025-12-04 00:35:29.701 132835 DEBUG oslo_service.service [req-fd9cc31b-041e-47c4-bcee-674fbd30a350 - - - - -] hyperv.power_state_check_timeframe = 60 log_opt_values /usr/lib/python3/dist-packages/oslo_config/cfg.py:2609
2025-12-04 00:35:29.701 132835 DEBUG oslo_service.service [req-fd9cc31b-041e-47c4-bcee-674fbd30a350 - - - - -] hyperv.power_state_event_polling_interval = 2 log_opt_values /usr/lib/python3/dist-packages/oslo_config/cfg.py:2609
2025-12-04 00:35:29.701 132835 DEBUG oslo_service.service [req-fd9cc31b-041e-47c4-bcee-674fbd30a350 - - - - -] hyperv.qemu_img_cmd = qemu-img.exe log_opt_values /usr/lib/python3/dist-packages/oslo_config/cfg.py:2609
2025-12-04 00:35:29.702 132835 DEBUG oslo_service.service [req-fd9cc31b-041e-47c4-bcee-674fbd30a350 - - - - -] hyperv.use_multipath_io = False log_opt_values /usr/lib/python3/dist-packages/oslo_config/cfg.py:2609
2025-12-04 00:35:29.702 132835 DEBUG oslo_service.service [req-fd9cc31b-041e-47c4-bcee-674fbd30a350 - - - - -] hyperv.volume_attach_retry_count = 10 log_opt_values /usr/lib/python3/dist-packages/oslo_config/cfg.py:2609
2025-12-04 00:35:29.702 132835 DEBUG oslo_service.service [req-fd9cc31b-041e-47c4-bcee-674fbd30a350 - - - - -] hyperv.volume_attach_retry_interval = 5 log_opt_values /usr/lib/python3/dist-packages/oslo_config/cfg.py:2609
2025-12-04 00:35:29.702 132835 DEBUG oslo_service.service [req-fd9cc31b-041e-47c4-bcee-674fbd30a350 - - - - -] hyperv.vswitch_name = None log_opt_values /usr/lib/python3/dist-packages/oslo_config/cfg.py:2609
2025-12-04 00:35:29.702 132835 DEBUG oslo_service.service [req-fd9cc31b-041e-47c4-bcee-674fbd30a350 - - - - -] hyperv.wait_soft_reboot_seconds = 60 log_opt_values /usr/lib/python3/dist-packages/oslo_config/cfg.py:2609
2025-12-04 00:35:29.702 132835 DEBUG oslo_service.service [req-fd9cc31b-041e-47c4-bcee-674fbd30a350 - - - - -] mks.enabled = False log_opt_values /usr/lib/python3/dist-packages/oslo_config/cfg.py:2609
2025-12-04 00:35:29.703 132835 DEBUG oslo_service.service [req-fd9cc31b-041e-47c4-bcee-674fbd30a350 - - - - -] mks.mksproxy_base_url = http://127.0.0.1:6090/ log_opt_values /usr/lib/python3/dist-packages/oslo_config/cfg.py:2609
2025-12-04 00:35:29.703 132835 DEBUG oslo_service.service [req-fd9cc31b-041e-47c4-bcee-674fbd30a350 - - - - -] image_cache.manager_interval = 2400 log_opt_values /usr/lib/python3/dist-packages/oslo_config/cfg.py:2609
2025-12-04 00:35:29.703 132835 DEBUG oslo_service.service [req-fd9cc31b-041e-47c4-bcee-674fbd30a350 - - - - -] image_cache.precache_concurrency = 1 log_opt_values /usr/lib/python3/dist-packages/oslo_config/cfg.py:2609
2025-12-04 00:35:29.704 132835 DEBUG oslo_service.service [req-fd9cc31b-041e-47c4-bcee-674fbd30a350 - - - - -] image_cache.remove_unused_base_images = True log_opt_values /usr/lib/python3/dist-packages/oslo_config/cfg.py:2609
2025-12-04 00:35:29.704 132835 DEBUG oslo_service.service [req-fd9cc31b-041e-47c4-bcee-674fbd30a350 - - - - -] image_cache.remove_unused_original_minimum_age_seconds = 86400 log_opt_values /usr/lib/python3/dist-packages/oslo_config/cfg.py:2609
2025-12-04 00:35:29.704 132835 DEBUG oslo_service.service [req-fd9cc31b-041e-47c4-bcee-674fbd30a350 - - - - -] image_cache.remove_unused_resized_minimum_age_seconds = 3600 log_opt_values /usr/lib/python3/dist-packages/oslo_config/cfg.py:2609
2025-12-04 00:35:29.704 132835 DEBUG oslo_service.service [req-fd9cc31b-041e-47c4-bcee-674fbd30a350 - - - - -] image_cache.subdirectory_name = _base log_opt_values /usr/lib/python3/dist-packages/oslo_config/cfg.py:2609
2025-12-04 00:35:29.704 132835 DEBUG oslo_service.service [req-fd9cc31b-041e-47c4-bcee-674fbd30a350 - - - - -] ironic.api_max_retries = 60 log_opt_values /usr/lib/python3/dist-packages/oslo_config/cfg.py:2609
2025-12-04 00:35:29.705 132835 DEBUG oslo_service.service [req-fd9cc31b-041e-47c4-bcee-674fbd30a350 - - - - -] ironic.api_retry_interval = 2 log_opt_values /usr/lib/python3/dist-packages/oslo_config/cfg.py:2609
2025-12-04 00:35:29.705 132835 DEBUG oslo_service.service [req-fd9cc31b-041e-47c4-bcee-674fbd30a350 - - - - -] ironic.auth_section = None log_opt_values /usr/lib/python3/dist-packages/oslo_config/cfg.py:2609
2025-12-04 00:35:29.705 132835 DEBUG oslo_service.service [req-fd9cc31b-041e-47c4-bcee-674fbd30a350 - - - - -] ironic.auth_type = None log_opt_values /usr/lib/python3/dist-packages/oslo_config/cfg.py:2609
2025-12-04 00:35:29.705 132835 DEBUG oslo_service.service [req-fd9cc31b-041e-47c4-bcee-674fbd30a350 - - - - -] ironic.cafile = None log_opt_values /usr/lib/python3/dist-packages/oslo_config/cfg.py:2609
2025-12-04 00:35:29.705 132835 DEBUG oslo_service.service [req-fd9cc31b-041e-47c4-bcee-674fbd30a350 - - - - -] ironic.certfile = None log_opt_values /usr/lib/python3/dist-packages/oslo_config/cfg.py:2609
