2025-11-27 00:44:09.887 161593 DEBUG oslo_db.sqlalchemy.engines [req-07aca4f7-be6f-46eb-95fd-e02c71291332 - - - - -] MySQL server mode set to STRICT_TRANS_TABLES,STRICT_ALL_TABLES,NO_ZERO_IN_DATE,NO_ZERO_DATE,ERROR_FOR_DIVISION_BY_ZERO,TRADITIONAL,NO_ENGINE_SUBSTITUTION _check_effective_sql_mode /usr/lib/python3/dist-packages/oslo_db/sqlalchemy/engines.py:314
2025-11-27 00:44:09.888 161199 DEBUG oslo_service.service [req-88e84760-3026-4bff-8c63-e01367c5b75a - - - - -] resize_confirm_window = 0 log_opt_values /usr/lib/python3/dist-packages/oslo_config/cfg.py:2602
2025-11-27 00:44:09.888 161199 DEBUG oslo_service.service [req-88e84760-3026-4bff-8c63-e01367c5b75a - - - - -] resize_fs_using_block_device = False log_opt_values /usr/lib/python3/dist-packages/oslo_config/cfg.py:2602
2025-11-27 00:44:09.888 161199 DEBUG oslo_service.service [req-88e84760-3026-4bff-8c63-e01367c5b75a - - - - -] resume_guests_state_on_host_boot = False log_opt_values /usr/lib/python3/dist-packages/oslo_config/cfg.py:2602
2025-11-27 00:44:09.888 161199 DEBUG oslo_service.service [req-88e84760-3026-4bff-8c63-e01367c5b75a - - - - -] rootwrap_config = /etc/nova/rootwrap.conf log_opt_values /usr/lib/python3/dist-packages/oslo_config/cfg.py:2602
2025-11-27 00:44:09.888 161199 DEBUG oslo_service.service [req-88e84760-3026-4bff-8c63-e01367c5b75a - - - - -] run_external_periodic_tasks = True log_opt_values /usr/lib/python3/dist-packages/oslo_config/cfg.py:2602
2025-11-27 00:44:09.889 161199 DEBUG oslo_service.service [req-88e84760-3026-4bff-8c63-e01367c5b75a - - - - -] running_deleted_instance_action = reap log_opt_values /usr/lib/python3/dist-packages/oslo_config/cfg.py:2602
2025-11-27 00:44:09.889 161199 DEBUG oslo_service.service [req-88e84760-3026-4bff-8c63-e01367c5b75a - - - - -] running_deleted_instance_poll_interval = 1800 log_opt_values /usr/lib/python3/dist-packages/oslo_config/cfg.py:2602
2025-11-27 00:44:09.889 161199 DEBUG oslo_service.service [req-88e84760-3026-4bff-8c63-e01367c5b75a - - - - -] running_deleted_instance_timeout = 0 log_opt_values /usr/lib/python3/dist-packages/oslo_config/cfg.py:2602
2025-11-27 00:44:09.889 161199 DEBUG oslo_service.service [req-88e84760-3026-4bff-8c63-e01367c5b75a - - - - -] scheduler_instance_sync_interval = 120 log_opt_values /usr/lib/python3/dist-packages/oslo_config/cfg.py:2602
2025-11-27 00:44:09.889 161199 DEBUG oslo_service.service [req-88e84760-3026-4bff-8c63-e01367c5b75a - - - - -] service_down_time = 60 log_opt_values /usr/lib/python3/dist-packages/oslo_config/cfg.py:2602
2025-11-27 00:44:09.889 161199 DEBUG oslo_service.service [req-88e84760-3026-4bff-8c63-e01367c5b75a - - - - -] servicegroup_driver = db log_opt_values /usr/lib/python3/dist-packages/oslo_config/cfg.py:2602
2025-11-27 00:44:09.890 161199 DEBUG oslo_service.service [req-88e84760-3026-4bff-8c63-e01367c5b75a - - - - -] shelved_offload_time = 0 log_opt_values /usr/lib/python3/dist-packages/oslo_config/cfg.py:2602
2025-11-27 00:44:09.890 161199 DEBUG oslo_service.service [req-88e84760-3026-4bff-8c63-e01367c5b75a - - - - -] shelved_poll_interval = 3600 log_opt_values /usr/lib/python3/dist-packages/oslo_config/cfg.py:2602
2025-11-27 00:44:09.890 161199 DEBUG oslo_service.service [req-88e84760-3026-4bff-8c63-e01367c5b75a - - - - -] shutdown_timeout = 60 log_opt_values /usr/lib/python3/dist-packages/oslo_config/cfg.py:2602
2025-11-27 00:44:09.891 161199 DEBUG oslo_service.service [req-88e84760-3026-4bff-8c63-e01367c5b75a - - - - -] source_is_ipv6 = False log_opt_values /usr/lib/python3/dist-packages/oslo_config/cfg.py:2602
2025-11-27 00:44:09.891 161199 DEBUG oslo_service.service [req-88e84760-3026-4bff-8c63-e01367c5b75a - - - - -] ssl_only = False log_opt_values /usr/lib/python3/dist-packages/oslo_config/cfg.py:2602
2025-11-27 00:44:09.891 161199 DEBUG oslo_service.service [req-88e84760-3026-4bff-8c63-e01367c5b75a - - - - -] state_path = /var/lib/nova log_opt_values /usr/lib/python3/dist-packages/oslo_config/cfg.py:2602
2025-11-27 00:44:09.891 161199 DEBUG oslo_service.service [req-88e84760-3026-4bff-8c63-e01367c5b75a - - - - -] sync_power_state_interval = 600 log_opt_values /usr/lib/python3/dist-packages/oslo_config/cfg.py:2602
2025-11-27 00:44:09.891 161199 DEBUG oslo_service.service [req-88e84760-3026-4bff-8c63-e01367c5b75a - - - - -] sync_power_state_pool_size = 1000 log_opt_values /usr/lib/python3/dist-packages/oslo_config/cfg.py:2602
2025-11-27 00:44:09.891 161199 DEBUG oslo_service.service [req-88e84760-3026-4bff-8c63-e01367c5b75a - - - - -] syslog_log_facility = LOG_USER log_opt_values /usr/lib/python3/dist-packages/oslo_config/cfg.py:2602
2025-11-27 00:44:09.892 161199 DEBUG oslo_service.service [req-88e84760-3026-4bff-8c63-e01367c5b75a - - - - -] tempdir = None log_opt_values /usr/lib/python3/dist-packages/oslo_config/cfg.py:2602
2025-11-27 00:44:09.892 161199 DEBUG oslo_service.service [req-88e84760-3026-4bff-8c63-e01367c5b75a - - - - -] timeout_nbd = 10 log_opt_values /usr/lib/python3/dist-packages/oslo_config/cfg.py:2602
2025-11-27 00:44:09.892 161199 DEBUG oslo_service.service [req-88e84760-3026-4bff-8c63-e01367c5b75a - - - - -] transport_url = **** log_opt_values /usr/lib/python3/dist-packages/oslo_config/cfg.py:2602
2025-11-27 00:44:09.892 161199 DEBUG oslo_service.service [req-88e84760-3026-4bff-8c63-e01367c5b75a - - - - -] update_resources_interval = 0 log_opt_values /usr/lib/python3/dist-packages/oslo_config/cfg.py:2602
2025-11-27 00:44:09.893 161199 DEBUG oslo_service.service [req-88e84760-3026-4bff-8c63-e01367c5b75a - - - - -] use_cow_images = True log_opt_values /usr/lib/python3/dist-packages/oslo_config/cfg.py:2602
2025-11-27 00:44:09.893 161199 DEBUG oslo_service.service [req-88e84760-3026-4bff-8c63-e01367c5b75a - - - - -] use_eventlog = False log_opt_values /usr/lib/python3/dist-packages/oslo_config/cfg.py:2602
2025-11-27 00:44:09.893 161199 DEBUG oslo_service.service [req-88e84760-3026-4bff-8c63-e01367c5b75a - - - - -] use_journal = False log_opt_values /usr/lib/python3/dist-packages/oslo_config/cfg.py:2602
2025-11-27 00:44:09.893 161199 DEBUG oslo_service.service [req-88e84760-3026-4bff-8c63-e01367c5b75a - - - - -] use_json = False log_opt_values /usr/lib/python3/dist-packages/oslo_config/cfg.py:2602
2025-11-27 00:44:09.893 161592 DEBUG nova.service [req-17adfb0d-423c-4c0e-a4a8-73049ca67e69 - - - - -] Creating RPC server for service scheduler start /usr/lib/python3/dist-packages/nova/service.py:182
2025-11-27 00:44:09.893 161199 DEBUG oslo_service.service [req-88e84760-3026-4bff-8c63-e01367c5b75a - - - - -] use_rootwrap_daemon = False log_opt_values /usr/lib/python3/dist-packages/oslo_config/cfg.py:2602
2025-11-27 00:44:09.894 161199 DEBUG oslo_service.service [req-88e84760-3026-4bff-8c63-e01367c5b75a - - - - -] use_stderr = False log_opt_values /usr/lib/python3/dist-packages/oslo_config/cfg.py:2602
2025-11-27 00:44:09.894 161199 DEBUG oslo_service.service [req-88e84760-3026-4bff-8c63-e01367c5b75a - - - - -] use_syslog = False log_opt_values /usr/lib/python3/dist-packages/oslo_config/cfg.py:2602
2025-11-27 00:44:09.894 161199 DEBUG oslo_service.service [req-88e84760-3026-4bff-8c63-e01367c5b75a - - - - -] vcpu_pin_set = None log_opt_values /usr/lib/python3/dist-packages/oslo_config/cfg.py:2602
2025-11-27 00:44:09.894 161199 DEBUG oslo_service.service [req-88e84760-3026-4bff-8c63-e01367c5b75a - - - - -] vif_plugging_is_fatal = True log_opt_values /usr/lib/python3/dist-packages/oslo_config/cfg.py:2602
2025-11-27 00:44:09.894 161199 DEBUG oslo_service.service [req-88e84760-3026-4bff-8c63-e01367c5b75a - - - - -] vif_plugging_timeout = 300 log_opt_values /usr/lib/python3/dist-packages/oslo_config/cfg.py:2602
2025-11-27 00:44:09.894 161199 DEBUG oslo_service.service [req-88e84760-3026-4bff-8c63-e01367c5b75a - - - - -] virt_mkfs = [] log_opt_values /usr/lib/python3/dist-packages/oslo_config/cfg.py:2602
2025-11-27 00:44:09.895 161199 DEBUG oslo_service.service [req-88e84760-3026-4bff-8c63-e01367c5b75a - - - - -] volume_usage_poll_interval = 0 log_opt_values /usr/lib/python3/dist-packages/oslo_config/cfg.py:2602
2025-11-27 00:44:09.895 161199 DEBUG oslo_service.service [req-88e84760-3026-4bff-8c63-e01367c5b75a - - - - -] watch_log_file = False log_opt_values /usr/lib/python3/dist-packages/oslo_config/cfg.py:2602
2025-11-27 00:44:09.895 161199 DEBUG oslo_service.service [req-88e84760-3026-4bff-8c63-e01367c5b75a - - - - -] web = /usr/share/spice-html5 log_opt_values /usr/lib/python3/dist-packages/oslo_config/cfg.py:2602
2025-11-27 00:44:09.895 161199 DEBUG oslo_service.service [req-88e84760-3026-4bff-8c63-e01367c5b75a - - - - -] oslo_concurrency.disable_process_locking = False log_opt_values /usr/lib/python3/dist-packages/oslo_config/cfg.py:2609
2025-11-27 00:44:09.895 161199 DEBUG oslo_service.service [req-88e84760-3026-4bff-8c63-e01367c5b75a - - - - -] oslo_concurrency.lock_path = /var/lock/nova log_opt_values /usr/lib/python3/dist-packages/oslo_config/cfg.py:2609
2025-11-27 00:44:09.896 161199 WARNING oslo_config.cfg [req-88e84760-3026-4bff-8c63-e01367c5b75a - - - - -] Deprecated: Option "auth_strategy" from group "api" is deprecated for removal ( The only non-default choice, ``noauth2``, is for internal development and testing purposes only and should not be used in deployments. This option and its middleware, NoAuthMiddleware[V2_18], will be removed in a future release. ). Its value may be silently ignored in the future.
2025-11-27 00:44:09.896 161199 DEBUG oslo_service.service [req-88e84760-3026-4bff-8c63-e01367c5b75a - - - - -] api.auth_strategy = keystone log_opt_values /usr/lib/python3/dist-packages/oslo_config/cfg.py:2609
2025-11-27 00:44:09.897 161199 DEBUG oslo_service.service [req-88e84760-3026-4bff-8c63-e01367c5b75a - - - - -] api.compute_link_prefix = None log_opt_values /usr/lib/python3/dist-packages/oslo_config/cfg.py:2609
2025-11-27 00:44:09.897 161199 DEBUG oslo_service.service [req-88e84760-3026-4bff-8c63-e01367c5b75a - - - - -] api.config_drive_skip_versions = 1.0 2007-01-19 2007-03-01 2007-08-29 2007-10-10 2007-12-15 2008-02-01 2008-09-01 log_opt_values /usr/lib/python3/dist-packages/oslo_config/cfg.py:2609
2025-11-27 00:44:09.897 161199 DEBUG oslo_service.service [req-88e84760-3026-4bff-8c63-e01367c5b75a - - - - -] api.dhcp_domain = novalocal log_opt_values /usr/lib/python3/dist-packages/oslo_config/cfg.py:2609
2025-11-27 00:44:09.897 161199 DEBUG oslo_service.service [req-88e84760-3026-4bff-8c63-e01367c5b75a - - - - -] api.enable_instance_password = True log_opt_values /usr/lib/python3/dist-packages/oslo_config/cfg.py:2609
2025-11-27 00:44:09.897 161199 DEBUG oslo_service.service [req-88e84760-3026-4bff-8c63-e01367c5b75a - - - - -] api.glance_link_prefix = None log_opt_values /usr/lib/python3/dist-packages/oslo_config/cfg.py:2609
2025-11-27 00:44:09.897 161199 DEBUG oslo_service.service [req-88e84760-3026-4bff-8c63-e01367c5b75a - - - - -] api.instance_list_cells_batch_fixed_size = 100 log_opt_values /usr/lib/python3/dist-packages/oslo_config/cfg.py:2609
2025-11-27 00:44:09.898 161199 DEBUG oslo_service.service [req-88e84760-3026-4bff-8c63-e01367c5b75a - - - - -] api.instance_list_cells_batch_strategy = distributed log_opt_values /usr/lib/python3/dist-packages/oslo_config/cfg.py:2609
2025-11-27 00:44:09.898 161199 DEBUG oslo_service.service [req-88e84760-3026-4bff-8c63-e01367c5b75a - - - - -] api.instance_list_per_project_cells = False log_opt_values /usr/lib/python3/dist-packages/oslo_config/cfg.py:2609
2025-11-27 00:44:09.898 161199 DEBUG oslo_service.service [req-88e84760-3026-4bff-8c63-e01367c5b75a - - - - -] api.list_records_by_skipping_down_cells = True log_opt_values /usr/lib/python3/dist-packages/oslo_config/cfg.py:2609
2025-11-27 00:44:09.898 161199 DEBUG oslo_service.service [req-88e84760-3026-4bff-8c63-e01367c5b75a - - - - -] api.local_metadata_per_cell = False log_opt_values /usr/lib/python3/dist-packages/oslo_config/cfg.py:2609
2025-11-27 00:44:09.898 161199 DEBUG oslo_service.service [req-88e84760-3026-4bff-8c63-e01367c5b75a - - - - -] api.max_limit = 1000 log_opt_values /usr/lib/python3/dist-packages/oslo_config/cfg.py:2609
2025-11-27 00:44:09.899 161199 DEBUG oslo_service.service [req-88e84760-3026-4bff-8c63-e01367c5b75a - - - - -] api.metadata_cache_expiration = 15 log_opt_values /usr/lib/python3/dist-packages/oslo_config/cfg.py:2609
2025-11-27 00:44:09.899 161199 DEBUG oslo_service.service [req-88e84760-3026-4bff-8c63-e01367c5b75a - - - - -] api.neutron_default_tenant_id = default log_opt_values /usr/lib/python3/dist-packages/oslo_config/cfg.py:2609
2025-11-27 00:44:09.899 161199 DEBUG oslo_service.service [req-88e84760-3026-4bff-8c63-e01367c5b75a - - - - -] api.use_forwarded_for = False log_opt_values /usr/lib/python3/dist-packages/oslo_config/cfg.py:2609
2025-11-27 00:44:09.899 161199 DEBUG oslo_service.service [req-88e84760-3026-4bff-8c63-e01367c5b75a - - - - -] api.use_neutron_default_nets = False log_opt_values /usr/lib/python3/dist-packages/oslo_config/cfg.py:2609
2025-11-27 00:44:09.899 161199 DEBUG oslo_service.service [req-88e84760-3026-4bff-8c63-e01367c5b75a - - - - -] api.vendordata_dynamic_connect_timeout = 5 log_opt_values /usr/lib/python3/dist-packages/oslo_config/cfg.py:2609
2025-11-27 00:44:09.899 161199 DEBUG oslo_service.service [req-88e84760-3026-4bff-8c63-e01367c5b75a - - - - -] api.vendordata_dynamic_failure_fatal = False log_opt_values /usr/lib/python3/dist-packages/oslo_config/cfg.py:2609
2025-11-27 00:44:09.900 161199 DEBUG oslo_service.service [req-88e84760-3026-4bff-8c63-e01367c5b75a - - - - -] api.vendordata_dynamic_read_timeout = 5 log_opt_values /usr/lib/python3/dist-packages/oslo_config/cfg.py:2609
2025-11-27 00:44:09.900 161199 DEBUG oslo_service.service [req-88e84760-3026-4bff-8c63-e01367c5b75a - - - - -] api.vendordata_dynamic_ssl_certfile = log_opt_values /usr/lib/python3/dist-packages/oslo_config/cfg.py:2609
2025-11-27 00:44:09.900 161199 DEBUG oslo_service.service [req-88e84760-3026-4bff-8c63-e01367c5b75a - - - - -] api.vendordata_dynamic_targets = [] log_opt_values /usr/lib/python3/dist-packages/oslo_config/cfg.py:2609
2025-11-27 00:44:09.900 161199 DEBUG oslo_service.service [req-88e84760-3026-4bff-8c63-e01367c5b75a - - - - -] api.vendordata_jsonfile_path = None log_opt_values /usr/lib/python3/dist-packages/oslo_config/cfg.py:2609
2025-11-27 00:44:09.900 161199 DEBUG oslo_service.service [req-88e84760-3026-4bff-8c63-e01367c5b75a - - - - -] api.vendordata_providers = ['StaticJSON'] log_opt_values /usr/lib/python3/dist-packages/oslo_config/cfg.py:2609
2025-11-27 00:44:09.901 161199 DEBUG oslo_service.service [req-88e84760-3026-4bff-8c63-e01367c5b75a - - - - -] cache.backend = dogpile.cache.null log_opt_values /usr/lib/python3/dist-packages/oslo_config/cfg.py:2609
2025-11-27 00:44:09.901 161199 DEBUG oslo_service.service [req-88e84760-3026-4bff-8c63-e01367c5b75a - - - - -] cache.backend_argument = **** log_opt_values /usr/lib/python3/dist-packages/oslo_config/cfg.py:2609
2025-11-27 00:44:09.901 161199 DEBUG oslo_service.service [req-88e84760-3026-4bff-8c63-e01367c5b75a - - - - -] cache.config_prefix = cache.oslo log_opt_values /usr/lib/python3/dist-packages/oslo_config/cfg.py:2609
2025-11-27 00:44:09.901 161199 DEBUG oslo_service.service [req-88e84760-3026-4bff-8c63-e01367c5b75a - - - - -] cache.debug_cache_backend = False log_opt_values /usr/lib/python3/dist-packages/oslo_config/cfg.py:2609
2025-11-27 00:44:09.901 161199 DEBUG oslo_service.service [req-88e84760-3026-4bff-8c63-e01367c5b75a - - - - -] cache.enabled = False log_opt_values /usr/lib/python3/dist-packages/oslo_config/cfg.py:2609
2025-11-27 00:44:09.901 161199 DEBUG oslo_service.service [req-88e84760-3026-4bff-8c63-e01367c5b75a - - - - -] cache.expiration_time = 600 log_opt_values /usr/lib/python3/dist-packages/oslo_config/cfg.py:2609
2025-11-27 00:44:09.902 161199 DEBUG oslo_service.service [req-88e84760-3026-4bff-8c63-e01367c5b75a - - - - -] cache.memcache_dead_retry = 300 log_opt_values /usr/lib/python3/dist-packages/oslo_config/cfg.py:2609
2025-11-27 00:44:09.902 161199 DEBUG oslo_service.service [req-88e84760-3026-4bff-8c63-e01367c5b75a - - - - -] cache.memcache_pool_connection_get_timeout = 10 log_opt_values /usr/lib/python3/dist-packages/oslo_config/cfg.py:2609
2025-11-27 00:44:09.902 161199 DEBUG oslo_service.service [req-88e84760-3026-4bff-8c63-e01367c5b75a - - - - -] cache.memcache_pool_flush_on_reconnect = False log_opt_values /usr/lib/python3/dist-packages/oslo_config/cfg.py:2609
2025-11-27 00:44:09.902 161199 DEBUG oslo_service.service [req-88e84760-3026-4bff-8c63-e01367c5b75a - - - - -] cache.memcache_pool_maxsize = 10 log_opt_values /usr/lib/python3/dist-packages/oslo_config/cfg.py:2609
2025-11-27 00:44:09.902 161199 DEBUG oslo_service.service [req-88e84760-3026-4bff-8c63-e01367c5b75a - - - - -] cache.memcache_pool_unused_timeout = 60 log_opt_values /usr/lib/python3/dist-packages/oslo_config/cfg.py:2609
2025-11-27 00:44:09.903 161199 DEBUG oslo_service.service [req-88e84760-3026-4bff-8c63-e01367c5b75a - - - - -] cache.memcache_servers = ['localhost:11211'] log_opt_values /usr/lib/python3/dist-packages/oslo_config/cfg.py:2609
2025-11-27 00:44:09.903 161199 DEBUG oslo_service.service [req-88e84760-3026-4bff-8c63-e01367c5b75a - - - - -] cache.memcache_socket_timeout = 1.0 log_opt_values /usr/lib/python3/dist-packages/oslo_config/cfg.py:2609
2025-11-27 00:44:09.903 161199 DEBUG oslo_service.service [req-88e84760-3026-4bff-8c63-e01367c5b75a - - - - -] cache.proxies = [] log_opt_values /usr/lib/python3/dist-packages/oslo_config/cfg.py:2609
2025-11-27 00:44:09.903 161199 DEBUG oslo_service.service [req-88e84760-3026-4bff-8c63-e01367c5b75a - - - - -] cache.tls_allowed_ciphers = None log_opt_values /usr/lib/python3/dist-packages/oslo_config/cfg.py:2609
2025-11-27 00:44:09.903 161199 DEBUG oslo_service.service [req-88e84760-3026-4bff-8c63-e01367c5b75a - - - - -] cache.tls_cafile = None log_opt_values /usr/lib/python3/dist-packages/oslo_config/cfg.py:2609
2025-11-27 00:44:09.904 161199 DEBUG oslo_service.service [req-88e84760-3026-4bff-8c63-e01367c5b75a - - - - -] cache.tls_certfile = None log_opt_values /usr/lib/python3/dist-packages/oslo_config/cfg.py:2609
2025-11-27 00:44:09.904 161199 DEBUG oslo_service.service [req-88e84760-3026-4bff-8c63-e01367c5b75a - - - - -] cache.tls_enabled = False log_opt_values /usr/lib/python3/dist-packages/oslo_config/cfg.py:2609
2025-11-27 00:44:09.904 161199 DEBUG oslo_service.service [req-88e84760-3026-4bff-8c63-e01367c5b75a - - - - -] cache.tls_keyfile = None log_opt_values /usr/lib/python3/dist-packages/oslo_config/cfg.py:2609
2025-11-27 00:44:09.904 161199 DEBUG oslo_service.service [req-88e84760-3026-4bff-8c63-e01367c5b75a - - - - -] cinder.auth_section = None log_opt_values /usr/lib/python3/dist-packages/oslo_config/cfg.py:2609
2025-11-27 00:44:09.904 161199 DEBUG oslo_service.service [req-88e84760-3026-4bff-8c63-e01367c5b75a - - - - -] cinder.auth_type = None log_opt_values /usr/lib/python3/dist-packages/oslo_config/cfg.py:2609
2025-11-27 00:44:09.905 161199 DEBUG oslo_service.service [req-88e84760-3026-4bff-8c63-e01367c5b75a - - - - -] cinder.cafile = None log_opt_values /usr/lib/python3/dist-packages/oslo_config/cfg.py:2609
2025-11-27 00:44:09.905 161199 DEBUG oslo_service.service [req-88e84760-3026-4bff-8c63-e01367c5b75a - - - - -] cinder.catalog_info = volumev3::publicURL log_opt_values /usr/lib/python3/dist-packages/oslo_config/cfg.py:2609
2025-11-27 00:44:09.905 161199 DEBUG oslo_service.service [req-88e84760-3026-4bff-8c63-e01367c5b75a - - - - -] cinder.certfile = None log_opt_values /usr/lib/python3/dist-packages/oslo_config/cfg.py:2609
2025-11-27 00:44:09.905 161199 DEBUG oslo_service.service [req-88e84760-3026-4bff-8c63-e01367c5b75a - - - - -] cinder.collect_timing = False log_opt_values /usr/lib/python3/dist-packages/oslo_config/cfg.py:2609
2025-11-27 00:44:09.905 161199 DEBUG oslo_service.service [req-88e84760-3026-4bff-8c63-e01367c5b75a - - - - -] cinder.cross_az_attach = True log_opt_values /usr/lib/python3/dist-packages/oslo_config/cfg.py:2609
2025-11-27 00:44:09.905 161199 DEBUG oslo_service.service [req-88e84760-3026-4bff-8c63-e01367c5b75a - - - - -] cinder.debug = False log_opt_values /usr/lib/python3/dist-packages/oslo_config/cfg.py:2609
2025-11-27 00:44:09.906 161199 DEBUG oslo_service.service [req-88e84760-3026-4bff-8c63-e01367c5b75a - - - - -] cinder.endpoint_template = None log_opt_values /usr/lib/python3/dist-packages/oslo_config/cfg.py:2609
2025-11-27 00:44:09.906 161199 DEBUG oslo_service.service [req-88e84760-3026-4bff-8c63-e01367c5b75a - - - - -] cinder.http_retries = 3 log_opt_values /usr/lib/python3/dist-packages/oslo_config/cfg.py:2609
2025-11-27 00:44:09.906 161199 DEBUG oslo_service.service [req-88e84760-3026-4bff-8c63-e01367c5b75a - - - - -] cinder.insecure = False log_opt_values /usr/lib/python3/dist-packages/oslo_config/cfg.py:2609
2025-11-27 00:44:09.906 161199 DEBUG oslo_service.service [req-88e84760-3026-4bff-8c63-e01367c5b75a - - - - -] cinder.keyfile = None log_opt_values /usr/lib/python3/dist-packages/oslo_config/cfg.py:2609
2025-11-27 00:44:09.906 161199 DEBUG oslo_service.service [req-88e84760-3026-4bff-8c63-e01367c5b75a - - - - -] cinder.os_region_name = None log_opt_values /usr/lib/python3/dist-packages/oslo_config/cfg.py:2609
2025-11-27 00:44:09.907 161199 DEBUG oslo_service.service [req-88e84760-3026-4bff-8c63-e01367c5b75a - - - - -] cinder.split_loggers = False log_opt_values /usr/lib/python3/dist-packages/oslo_config/cfg.py:2609
2025-11-27 00:44:09.907 161199 DEBUG oslo_service.service [req-88e84760-3026-4bff-8c63-e01367c5b75a - - - - -] cinder.timeout = None log_opt_values /usr/lib/python3/dist-packages/oslo_config/cfg.py:2609
2025-11-27 00:44:09.907 161199 DEBUG oslo_service.service [req-88e84760-3026-4bff-8c63-e01367c5b75a - - - - -] compute.consecutive_build_service_disable_threshold = 10 log_opt_values /usr/lib/python3/dist-packages/oslo_config/cfg.py:2609
2025-11-27 00:44:09.907 161199 DEBUG oslo_service.service [req-88e84760-3026-4bff-8c63-e01367c5b75a - - - - -] compute.cpu_dedicated_set = None log_opt_values /usr/lib/python3/dist-packages/oslo_config/cfg.py:2609
2025-11-27 00:44:09.907 161199 DEBUG oslo_service.service [req-88e84760-3026-4bff-8c63-e01367c5b75a - - - - -] compute.cpu_shared_set = None log_opt_values /usr/lib/python3/dist-packages/oslo_config/cfg.py:2609
2025-11-27 00:44:09.907 161199 DEBUG oslo_service.service [req-88e84760-3026-4bff-8c63-e01367c5b75a - - - - -] compute.image_type_exclude_list = [] log_opt_values /usr/lib/python3/dist-packages/oslo_config/cfg.py:2609
2025-11-27 00:44:09.908 161199 DEBUG oslo_service.service [req-88e84760-3026-4bff-8c63-e01367c5b75a - - - - -] compute.live_migration_wait_for_vif_plug = True log_opt_values /usr/lib/python3/dist-packages/oslo_config/cfg.py:2609
2025-11-27 00:44:09.908 161199 DEBUG oslo_service.service [req-88e84760-3026-4bff-8c63-e01367c5b75a - - - - -] compute.max_concurrent_disk_ops = 0 log_opt_values /usr/lib/python3/dist-packages/oslo_config/cfg.py:2609
2025-11-27 00:44:09.908 161199 DEBUG oslo_service.service [req-88e84760-3026-4bff-8c63-e01367c5b75a - - - - -] compute.max_disk_devices_to_attach = -1 log_opt_values /usr/lib/python3/dist-packages/oslo_config/cfg.py:2609
2025-11-27 00:44:09.908 161199 DEBUG oslo_service.service [req-88e84760-3026-4bff-8c63-e01367c5b75a - - - - -] compute.packing_host_numa_cells_allocation_strategy = True log_opt_values /usr/lib/python3/dist-packages/oslo_config/cfg.py:2609
2025-11-27 00:44:09.908 161199 DEBUG oslo_service.service [req-88e84760-3026-4bff-8c63-e01367c5b75a - - - - -] compute.provider_config_location = /etc/nova/provider_config/ log_opt_values /usr/lib/python3/dist-packages/oslo_config/cfg.py:2609
2025-11-27 00:44:09.909 161199 DEBUG oslo_service.service [req-88e84760-3026-4bff-8c63-e01367c5b75a - - - - -] compute.resource_provider_association_refresh = 300 log_opt_values /usr/lib/python3/dist-packages/oslo_config/cfg.py:2609
2025-11-27 00:44:09.909 161199 DEBUG oslo_service.service [req-88e84760-3026-4bff-8c63-e01367c5b75a - - - - -] compute.shutdown_retry_interval = 10 log_opt_values /usr/lib/python3/dist-packages/oslo_config/cfg.py:2609
2025-11-27 00:44:09.909 161199 DEBUG oslo_service.service [req-88e84760-3026-4bff-8c63-e01367c5b75a - - - - -] compute.vmdk_allowed_types = ['streamOptimized', 'monolithicSparse'] log_opt_values /usr/lib/python3/dist-packages/oslo_config/cfg.py:2609
2025-11-27 00:44:09.909 161199 DEBUG oslo_service.service [req-88e84760-3026-4bff-8c63-e01367c5b75a - - - - -] conductor.workers = 4 log_opt_values /usr/lib/python3/dist-packages/oslo_config/cfg.py:2609
2025-11-27 00:44:09.909 161199 DEBUG oslo_service.service [req-88e84760-3026-4bff-8c63-e01367c5b75a - - - - -] console.allowed_origins = [] log_opt_values /usr/lib/python3/dist-packages/oslo_config/cfg.py:2609
2025-11-27 00:44:09.910 161199 DEBUG oslo_service.service [req-88e84760-3026-4bff-8c63-e01367c5b75a - - - - -] console.ssl_ciphers = None log_opt_values /usr/lib/python3/dist-packages/oslo_config/cfg.py:2609
2025-11-27 00:44:09.910 161199 DEBUG oslo_service.service [req-88e84760-3026-4bff-8c63-e01367c5b75a - - - - -] console.ssl_minimum_version = default log_opt_values /usr/lib/python3/dist-packages/oslo_config/cfg.py:2609
2025-11-27 00:44:09.910 161590 DEBUG oslo_messaging._drivers.amqpdriver [-] Listener is running poll /usr/lib/python3/dist-packages/oslo_messaging/_drivers/amqpdriver.py:343
2025-11-27 00:44:09.910 161199 DEBUG oslo_service.service [req-88e84760-3026-4bff-8c63-e01367c5b75a - - - - -] consoleauth.token_ttl = 600 log_opt_values /usr/lib/python3/dist-packages/oslo_config/cfg.py:2609
2025-11-27 00:44:09.910 161590 DEBUG oslo_messaging._drivers.amqpdriver [-] AMQPListener connection consume poll /usr/lib/python3/dist-packages/oslo_messaging/_drivers/amqpdriver.py:357
2025-11-27 00:44:09.910 161199 DEBUG oslo_service.service [req-88e84760-3026-4bff-8c63-e01367c5b75a - - - - -] cyborg.cafile = None log_opt_values /usr/lib/python3/dist-packages/oslo_config/cfg.py:2609
2025-11-27 00:44:09.910 161199 DEBUG oslo_service.service [req-88e84760-3026-4bff-8c63-e01367c5b75a - - - - -] cyborg.certfile = None log_opt_values /usr/lib/python3/dist-packages/oslo_config/cfg.py:2609
2025-11-27 00:44:09.910 161199 DEBUG oslo_service.service [req-88e84760-3026-4bff-8c63-e01367c5b75a - - - - -] cyborg.collect_timing = False log_opt_values /usr/lib/python3/dist-packages/oslo_config/cfg.py:2609
2025-11-27 00:44:09.911 161199 DEBUG oslo_service.service [req-88e84760-3026-4bff-8c63-e01367c5b75a - - - - -] cyborg.connect_retries = None log_opt_values /usr/lib/python3/dist-packages/oslo_config/cfg.py:2609
2025-11-27 00:44:09.911 161199 DEBUG oslo_service.service [req-88e84760-3026-4bff-8c63-e01367c5b75a - - - - -] cyborg.connect_retry_delay = None log_opt_values /usr/lib/python3/dist-packages/oslo_config/cfg.py:2609
2025-11-27 00:44:09.911 161199 DEBUG oslo_service.service [req-88e84760-3026-4bff-8c63-e01367c5b75a - - - - -] cyborg.endpoint_override = None log_opt_values /usr/lib/python3/dist-packages/oslo_config/cfg.py:2609
2025-11-27 00:44:09.911 161199 DEBUG oslo_service.service [req-88e84760-3026-4bff-8c63-e01367c5b75a - - - - -] cyborg.insecure = False log_opt_values /usr/lib/python3/dist-packages/oslo_config/cfg.py:2609
2025-11-27 00:44:09.911 161199 DEBUG oslo_service.service [req-88e84760-3026-4bff-8c63-e01367c5b75a - - - - -] cyborg.keyfile = None log_opt_values /usr/lib/python3/dist-packages/oslo_config/cfg.py:2609
2025-11-27 00:44:09.911 161199 DEBUG oslo_service.service [req-88e84760-3026-4bff-8c63-e01367c5b75a - - - - -] cyborg.max_version = None log_opt_values /usr/lib/python3/dist-packages/oslo_config/cfg.py:2609
2025-11-27 00:44:09.911 161199 DEBUG oslo_service.service [req-88e84760-3026-4bff-8c63-e01367c5b75a - - - - -] cyborg.min_version = None log_opt_values /usr/lib/python3/dist-packages/oslo_config/cfg.py:2609
2025-11-27 00:44:09.912 161199 DEBUG oslo_service.service [req-88e84760-3026-4bff-8c63-e01367c5b75a - - - - -] cyborg.region_name = None log_opt_values /usr/lib/python3/dist-packages/oslo_config/cfg.py:2609
2025-11-27 00:44:09.912 161199 DEBUG oslo_service.service [req-88e84760-3026-4bff-8c63-e01367c5b75a - - - - -] cyborg.service_name = None log_opt_values /usr/lib/python3/dist-packages/oslo_config/cfg.py:2609
2025-11-27 00:44:09.912 161199 DEBUG oslo_service.service [req-88e84760-3026-4bff-8c63-e01367c5b75a - - - - -] cyborg.service_type = accelerator log_opt_values /usr/lib/python3/dist-packages/oslo_config/cfg.py:2609
2025-11-27 00:44:09.912 161199 DEBUG oslo_service.service [req-88e84760-3026-4bff-8c63-e01367c5b75a - - - - -] cyborg.split_loggers = False log_opt_values /usr/lib/python3/dist-packages/oslo_config/cfg.py:2609
2025-11-27 00:44:09.912 161199 DEBUG oslo_service.service [req-88e84760-3026-4bff-8c63-e01367c5b75a - - - - -] cyborg.status_code_retries = None log_opt_values /usr/lib/python3/dist-packages/oslo_config/cfg.py:2609
2025-11-27 00:44:09.912 161199 DEBUG oslo_service.service [req-88e84760-3026-4bff-8c63-e01367c5b75a - - - - -] cyborg.status_code_retry_delay = None log_opt_values /usr/lib/python3/dist-packages/oslo_config/cfg.py:2609
2025-11-27 00:44:09.912 161590 DEBUG nova.service [req-5f68abb0-f266-4482-ab0e-87b6778a941d - - - - -] Join ServiceGroup membership for this service scheduler start /usr/lib/python3/dist-packages/nova/service.py:199
2025-11-27 00:44:09.913 161199 DEBUG oslo_service.service [req-88e84760-3026-4bff-8c63-e01367c5b75a - - - - -] cyborg.timeout = None log_opt_values /usr/lib/python3/dist-packages/oslo_config/cfg.py:2609
2025-11-27 00:44:09.913 161199 DEBUG oslo_service.service [req-88e84760-3026-4bff-8c63-e01367c5b75a - - - - -] cyborg.valid_interfaces = ['internal', 'public'] log_opt_values /usr/lib/python3/dist-packages/oslo_config/cfg.py:2609
2025-11-27 00:44:09.913 161199 DEBUG oslo_service.service [req-88e84760-3026-4bff-8c63-e01367c5b75a - - - - -] cyborg.version = None log_opt_values /usr/lib/python3/dist-packages/oslo_config/cfg.py:2609
2025-11-27 00:44:09.913 161199 DEBUG oslo_service.service [req-88e84760-3026-4bff-8c63-e01367c5b75a - - - - -] database.backend = sqlalchemy log_opt_values /usr/lib/python3/dist-packages/oslo_config/cfg.py:2609
2025-11-27 00:44:09.913 161199 DEBUG oslo_service.service [req-88e84760-3026-4bff-8c63-e01367c5b75a - - - - -] database.connection = **** log_opt_values /usr/lib/python3/dist-packages/oslo_config/cfg.py:2609
2025-11-27 00:44:09.913 161593 DEBUG nova.service [req-07aca4f7-be6f-46eb-95fd-e02c71291332 - - - - -] Creating RPC server for service scheduler start /usr/lib/python3/dist-packages/nova/service.py:182
2025-11-27 00:44:09.914 161199 DEBUG oslo_service.service [req-88e84760-3026-4bff-8c63-e01367c5b75a - - - - -] database.connection_debug = 0 log_opt_values /usr/lib/python3/dist-packages/oslo_config/cfg.py:2609
2025-11-27 00:44:09.914 161199 DEBUG oslo_service.service [req-88e84760-3026-4bff-8c63-e01367c5b75a - - - - -] database.connection_parameters = log_opt_values /usr/lib/python3/dist-packages/oslo_config/cfg.py:2609
2025-11-27 00:44:09.914 161590 DEBUG nova.servicegroup.drivers.db [req-5f68abb0-f266-4482-ab0e-87b6778a941d - - - - -] DB_Driver: join new ServiceGroup member juju-8e3bce-0-lxd-7 to the scheduler group, service = join /usr/lib/python3/dist-packages/nova/servicegroup/drivers/db.py:44
2025-11-27 00:44:09.914 161199 DEBUG oslo_service.service [req-88e84760-3026-4bff-8c63-e01367c5b75a - - - - -] database.connection_recycle_time = 3600 log_opt_values /usr/lib/python3/dist-packages/oslo_config/cfg.py:2609
2025-11-27 00:44:09.914 161199 DEBUG oslo_service.service [req-88e84760-3026-4bff-8c63-e01367c5b75a - - - - -] database.connection_trace = False log_opt_values /usr/lib/python3/dist-packages/oslo_config/cfg.py:2609
2025-11-27 00:44:09.914 161199 DEBUG oslo_service.service [req-88e84760-3026-4bff-8c63-e01367c5b75a - - - - -] database.db_inc_retry_interval = True log_opt_values /usr/lib/python3/dist-packages/oslo_config/cfg.py:2609
2025-11-27 00:44:09.914 161199 DEBUG oslo_service.service [req-88e84760-3026-4bff-8c63-e01367c5b75a - - - - -] database.db_max_retries = 20 log_opt_values /usr/lib/python3/dist-packages/oslo_config/cfg.py:2609
2025-11-27 00:44:09.915 161199 DEBUG oslo_service.service [req-88e84760-3026-4bff-8c63-e01367c5b75a - - - - -] database.db_max_retry_interval = 10 log_opt_values /usr/lib/python3/dist-packages/oslo_config/cfg.py:2609
2025-11-27 00:44:09.915 161199 DEBUG oslo_service.service [req-88e84760-3026-4bff-8c63-e01367c5b75a - - - - -] database.db_retry_interval = 1 log_opt_values /usr/lib/python3/dist-packages/oslo_config/cfg.py:2609
2025-11-27 00:44:09.914 161591 DEBUG oslo_messaging._drivers.amqpdriver [-] Listener is running poll /usr/lib/python3/dist-packages/oslo_messaging/_drivers/amqpdriver.py:343
2025-11-27 00:44:09.915 161199 DEBUG oslo_service.service [req-88e84760-3026-4bff-8c63-e01367c5b75a - - - - -] database.max_overflow = 50 log_opt_values /usr/lib/python3/dist-packages/oslo_config/cfg.py:2609
2025-11-27 00:44:09.915 161199 DEBUG oslo_service.service [req-88e84760-3026-4bff-8c63-e01367c5b75a - - - - -] database.max_pool_size = 4 log_opt_values /usr/lib/python3/dist-packages/oslo_config/cfg.py:2609
2025-11-27 00:44:09.915 161199 DEBUG oslo_service.service [req-88e84760-3026-4bff-8c63-e01367c5b75a - - - - -] database.max_retries = 10 log_opt_values /usr/lib/python3/dist-packages/oslo_config/cfg.py:2609
2025-11-27 00:44:09.915 161199 DEBUG oslo_service.service [req-88e84760-3026-4bff-8c63-e01367c5b75a - - - - -] database.mysql_enable_ndb = False log_opt_values /usr/lib/python3/dist-packages/oslo_config/cfg.py:2609
2025-11-27 00:44:09.915 161591 DEBUG oslo_messaging._drivers.amqpdriver [-] AMQPListener connection consume poll /usr/lib/python3/dist-packages/oslo_messaging/_drivers/amqpdriver.py:357
2025-11-27 00:44:09.916 161199 DEBUG oslo_service.service [req-88e84760-3026-4bff-8c63-e01367c5b75a - - - - -] database.mysql_sql_mode = TRADITIONAL log_opt_values /usr/lib/python3/dist-packages/oslo_config/cfg.py:2609
2025-11-27 00:44:09.916 161199 DEBUG oslo_service.service [req-88e84760-3026-4bff-8c63-e01367c5b75a - - - - -] database.pool_timeout = None log_opt_values /usr/lib/python3/dist-packages/oslo_config/cfg.py:2609
2025-11-27 00:44:09.916 161590 DEBUG oslo_messaging._drivers.amqpdriver [-] AMQPListener connection timeout poll /usr/lib/python3/dist-packages/oslo_messaging/_drivers/amqpdriver.py:360
2025-11-27 00:44:09.916 161592 DEBUG oslo_messaging._drivers.amqpdriver [-] Listener is running poll /usr/lib/python3/dist-packages/oslo_messaging/_drivers/amqpdriver.py:343
2025-11-27 00:44:09.916 161590 DEBUG oslo_messaging._drivers.amqpdriver [-] Listener is running poll /usr/lib/python3/dist-packages/oslo_messaging/_drivers/amqpdriver.py:343
2025-11-27 00:44:09.916 161199 DEBUG oslo_service.service [req-88e84760-3026-4bff-8c63-e01367c5b75a - - - - -] database.retry_interval = 10 log_opt_values /usr/lib/python3/dist-packages/oslo_config/cfg.py:2609
2025-11-27 00:44:09.916 161590 DEBUG oslo_messaging._drivers.amqpdriver [-] AMQPListener connection consume poll /usr/lib/python3/dist-packages/oslo_messaging/_drivers/amqpdriver.py:357
2025-11-27 00:44:09.916 161592 DEBUG oslo_messaging._drivers.amqpdriver [-] AMQPListener connection consume poll /usr/lib/python3/dist-packages/oslo_messaging/_drivers/amqpdriver.py:357
2025-11-27 00:44:09.916 161199 DEBUG oslo_service.service [req-88e84760-3026-4bff-8c63-e01367c5b75a - - - - -] database.slave_connection = **** log_opt_values /usr/lib/python3/dist-packages/oslo_config/cfg.py:2609
2025-11-27 00:44:09.916 161199 DEBUG oslo_service.service [req-88e84760-3026-4bff-8c63-e01367c5b75a - - - - -] database.sqlite_synchronous = True log_opt_values /usr/lib/python3/dist-packages/oslo_config/cfg.py:2609
2025-11-27 00:44:09.916 161591 DEBUG nova.service [req-922a4ecb-a198-4a7b-985d-2d352a5c7261 - - - - -] Join ServiceGroup membership for this service scheduler start /usr/lib/python3/dist-packages/nova/service.py:199
2025-11-27 00:44:09.916 161199 DEBUG oslo_service.service [req-88e84760-3026-4bff-8c63-e01367c5b75a - - - - -] database.use_db_reconnect = False log_opt_values /usr/lib/python3/dist-packages/oslo_config/cfg.py:2609
2025-11-27 00:44:09.917 161199 DEBUG oslo_service.service [req-88e84760-3026-4bff-8c63-e01367c5b75a - - - - -] api_database.backend = sqlalchemy log_opt_values /usr/lib/python3/dist-packages/oslo_config/cfg.py:2609
2025-11-27 00:44:09.917 161591 DEBUG nova.servicegroup.drivers.db [req-922a4ecb-a198-4a7b-985d-2d352a5c7261 - - - - -] DB_Driver: join new ServiceGroup member juju-8e3bce-0-lxd-7 to the scheduler group, service = join /usr/lib/python3/dist-packages/nova/servicegroup/drivers/db.py:44
2025-11-27 00:44:09.917 161592 DEBUG nova.service [req-17adfb0d-423c-4c0e-a4a8-73049ca67e69 - - - - -] Join ServiceGroup membership for this service scheduler start /usr/lib/python3/dist-packages/nova/service.py:199
2025-11-27 00:44:09.917 161199 DEBUG oslo_service.service [req-88e84760-3026-4bff-8c63-e01367c5b75a - - - - -] api_database.connection = **** log_opt_values /usr/lib/python3/dist-packages/oslo_config/cfg.py:2609
2025-11-27 00:44:09.917 161199 DEBUG oslo_service.service [req-88e84760-3026-4bff-8c63-e01367c5b75a - - - - -] api_database.connection_debug = 0 log_opt_values /usr/lib/python3/dist-packages/oslo_config/cfg.py:2609
2025-11-27 00:44:09.917 161592 DEBUG nova.servicegroup.drivers.db [req-17adfb0d-423c-4c0e-a4a8-73049ca67e69 - - - - -] DB_Driver: join new ServiceGroup member juju-8e3bce-0-lxd-7 to the scheduler group, service = join /usr/lib/python3/dist-packages/nova/servicegroup/drivers/db.py:44
2025-11-27 00:44:09.917 161199 DEBUG oslo_service.service [req-88e84760-3026-4bff-8c63-e01367c5b75a - - - - -] api_database.connection_parameters = log_opt_values /usr/lib/python3/dist-packages/oslo_config/cfg.py:2609
2025-11-27 00:44:09.917 161199 DEBUG oslo_service.service [req-88e84760-3026-4bff-8c63-e01367c5b75a - - - - -] api_database.connection_recycle_time = 3600 log_opt_values /usr/lib/python3/dist-packages/oslo_config/cfg.py:2609
2025-11-27 00:44:09.917 161199 DEBUG oslo_service.service [req-88e84760-3026-4bff-8c63-e01367c5b75a - - - - -] api_database.connection_trace = False log_opt_values /usr/lib/python3/dist-packages/oslo_config/cfg.py:2609
2025-11-27 00:44:09.918 161199 DEBUG oslo_service.service [req-88e84760-3026-4bff-8c63-e01367c5b75a - - - - -] api_database.db_inc_retry_interval = True log_opt_values /usr/lib/python3/dist-packages/oslo_config/cfg.py:2609
2025-11-27 00:44:09.918 161199 DEBUG oslo_service.service [req-88e84760-3026-4bff-8c63-e01367c5b75a - - - - -] api_database.db_max_retries = 20 log_opt_values /usr/lib/python3/dist-packages/oslo_config/cfg.py:2609
2025-11-27 00:44:09.918 161199 DEBUG oslo_service.service [req-88e84760-3026-4bff-8c63-e01367c5b75a - - - - -] api_database.db_max_retry_interval = 10 log_opt_values /usr/lib/python3/dist-packages/oslo_config/cfg.py:2609
2025-11-27 00:44:09.918 161199 DEBUG oslo_service.service [req-88e84760-3026-4bff-8c63-e01367c5b75a - - - - -] api_database.db_retry_interval = 1 log_opt_values /usr/lib/python3/dist-packages/oslo_config/cfg.py:2609
2025-11-27 00:44:09.918 161199 DEBUG oslo_service.service [req-88e84760-3026-4bff-8c63-e01367c5b75a - - - - -] api_database.max_overflow = 50 log_opt_values /usr/lib/python3/dist-packages/oslo_config/cfg.py:2609
2025-11-27 00:44:09.918 161199 DEBUG oslo_service.service [req-88e84760-3026-4bff-8c63-e01367c5b75a - - - - -] api_database.max_pool_size = 4 log_opt_values /usr/lib/python3/dist-packages/oslo_config/cfg.py:2609
2025-11-27 00:44:09.919 161199 DEBUG oslo_service.service [req-88e84760-3026-4bff-8c63-e01367c5b75a - - - - -] api_database.max_retries = 10 log_opt_values /usr/lib/python3/dist-packages/oslo_config/cfg.py:2609
2025-11-27 00:44:09.919 161199 DEBUG oslo_service.service [req-88e84760-3026-4bff-8c63-e01367c5b75a - - - - -] api_database.mysql_enable_ndb = False log_opt_values /usr/lib/python3/dist-packages/oslo_config/cfg.py:2609
2025-11-27 00:44:09.919 161199 DEBUG oslo_service.service [req-88e84760-3026-4bff-8c63-e01367c5b75a - - - - -] api_database.mysql_sql_mode = TRADITIONAL log_opt_values /usr/lib/python3/dist-packages/oslo_config/cfg.py:2609
2025-11-27 00:44:09.919 161199 DEBUG oslo_service.service [req-88e84760-3026-4bff-8c63-e01367c5b75a - - - - -] api_database.pool_timeout = None log_opt_values /usr/lib/python3/dist-packages/oslo_config/cfg.py:2609
2025-11-27 00:44:09.919 161199 DEBUG oslo_service.service [req-88e84760-3026-4bff-8c63-e01367c5b75a - - - - -] api_database.retry_interval = 10 log_opt_values /usr/lib/python3/dist-packages/oslo_config/cfg.py:2609
2025-11-27 00:44:09.919 161592 DEBUG oslo_messaging._drivers.amqpdriver [-] AMQPListener connection timeout poll /usr/lib/python3/dist-packages/oslo_messaging/_drivers/amqpdriver.py:360
2025-11-27 00:44:09.919 161591 DEBUG oslo_messaging._drivers.amqpdriver [-] AMQPListener connection timeout poll /usr/lib/python3/dist-packages/oslo_messaging/_drivers/amqpdriver.py:360
2025-11-27 00:44:09.919 161199 DEBUG oslo_service.service [req-88e84760-3026-4bff-8c63-e01367c5b75a - - - - -] api_database.slave_connection = **** log_opt_values /usr/lib/python3/dist-packages/oslo_config/cfg.py:2609
2025-11-27 00:44:09.919 161592 DEBUG oslo_messaging._drivers.amqpdriver [-] Listener is running poll /usr/lib/python3/dist-packages/oslo_messaging/_drivers/amqpdriver.py:343
2025-11-27 00:44:09.919 161592 DEBUG oslo_messaging._drivers.amqpdriver [-] AMQPListener connection consume poll /usr/lib/python3/dist-packages/oslo_messaging/_drivers/amqpdriver.py:357
2025-11-27 00:44:09.919 161591 DEBUG oslo_messaging._drivers.amqpdriver [-] Listener is running poll /usr/lib/python3/dist-packages/oslo_messaging/_drivers/amqpdriver.py:343
2025-11-27 00:44:09.919 161199 DEBUG oslo_service.service [req-88e84760-3026-4bff-8c63-e01367c5b75a - - - - -] api_database.sqlite_synchronous = True log_opt_values /usr/lib/python3/dist-packages/oslo_config/cfg.py:2609
2025-11-27 00:44:09.920 161591 DEBUG oslo_messaging._drivers.amqpdriver [-] AMQPListener connection consume poll /usr/lib/python3/dist-packages/oslo_messaging/_drivers/amqpdriver.py:357
2025-11-27 00:44:09.920 161199 DEBUG oslo_service.service [req-88e84760-3026-4bff-8c63-e01367c5b75a - - - - -] devices.enabled_mdev_types = [] log_opt_values /usr/lib/python3/dist-packages/oslo_config/cfg.py:2609
2025-11-27 00:44:09.920 161199 DEBUG oslo_service.service [req-88e84760-3026-4bff-8c63-e01367c5b75a - - - - -] ephemeral_storage_encryption.cipher = aes-xts-plain64 log_opt_values /usr/lib/python3/dist-packages/oslo_config/cfg.py:2609
2025-11-27 00:44:09.920 161199 DEBUG oslo_service.service [req-88e84760-3026-4bff-8c63-e01367c5b75a - - - - -] ephemeral_storage_encryption.enabled = False log_opt_values /usr/lib/python3/dist-packages/oslo_config/cfg.py:2609
2025-11-27 00:44:09.920 161199 DEBUG oslo_service.service [req-88e84760-3026-4bff-8c63-e01367c5b75a - - - - -] ephemeral_storage_encryption.key_size = 512 log_opt_values /usr/lib/python3/dist-packages/oslo_config/cfg.py:2609
2025-11-27 00:44:09.920 161199 WARNING oslo_config.cfg [req-88e84760-3026-4bff-8c63-e01367c5b75a - - - - -] Deprecated: Option "api_servers" from group "glance" is deprecated for removal ( Support for image service configuration via standard keystoneauth1 Adapter options was added in the 17.0.0 Queens release. The api_servers option was retained temporarily to allow consumers time to cut over to a real load balancing solution. ). Its value may be silently ignored in the future.
2025-11-27 00:44:09.921 161199 DEBUG oslo_service.service [req-88e84760-3026-4bff-8c63-e01367c5b75a - - - - -] glance.api_servers = ['http://252.241.121.142:9292'] log_opt_values /usr/lib/python3/dist-packages/oslo_config/cfg.py:2609
2025-11-27 00:44:09.921 161199 DEBUG oslo_service.service [req-88e84760-3026-4bff-8c63-e01367c5b75a - - - - -] glance.cafile = None log_opt_values /usr/lib/python3/dist-packages/oslo_config/cfg.py:2609
2025-11-27 00:44:09.921 161199 DEBUG oslo_service.service [req-88e84760-3026-4bff-8c63-e01367c5b75a - - - - -] glance.certfile = None log_opt_values /usr/lib/python3/dist-packages/oslo_config/cfg.py:2609
2025-11-27 00:44:09.921 161199 DEBUG oslo_service.service [req-88e84760-3026-4bff-8c63-e01367c5b75a - - - - -] glance.collect_timing = False log_opt_values /usr/lib/python3/dist-packages/oslo_config/cfg.py:2609
2025-11-27 00:44:09.921 161199 DEBUG oslo_service.service [req-88e84760-3026-4bff-8c63-e01367c5b75a - - - - -] glance.connect_retries = None log_opt_values /usr/lib/python3/dist-packages/oslo_config/cfg.py:2609
2025-11-27 00:44:09.922 161199 DEBUG oslo_service.service [req-88e84760-3026-4bff-8c63-e01367c5b75a - - - - -] glance.connect_retry_delay = None log_opt_values /usr/lib/python3/dist-packages/oslo_config/cfg.py:2609
2025-11-27 00:44:09.922 161199 DEBUG oslo_service.service [req-88e84760-3026-4bff-8c63-e01367c5b75a - - - - -] glance.debug = False log_opt_values /usr/lib/python3/dist-packages/oslo_config/cfg.py:2609
2025-11-27 00:44:09.922 161199 DEBUG oslo_service.service [req-88e84760-3026-4bff-8c63-e01367c5b75a - - - - -] glance.default_trusted_certificate_ids = [] log_opt_values /usr/lib/python3/dist-packages/oslo_config/cfg.py:2609
2025-11-27 00:44:09.922 161199 DEBUG oslo_service.service [req-88e84760-3026-4bff-8c63-e01367c5b75a - - - - -] glance.enable_certificate_validation = False log_opt_values /usr/lib/python3/dist-packages/oslo_config/cfg.py:2609
2025-11-27 00:44:09.922 161199 DEBUG oslo_service.service [req-88e84760-3026-4bff-8c63-e01367c5b75a - - - - -] glance.enable_rbd_download = False log_opt_values /usr/lib/python3/dist-packages/oslo_config/cfg.py:2609
2025-11-27 00:44:09.922 161199 DEBUG oslo_service.service [req-88e84760-3026-4bff-8c63-e01367c5b75a - - - - -] glance.endpoint_override = None log_opt_values /usr/lib/python3/dist-packages/oslo_config/cfg.py:2609
2025-11-27 00:44:09.922 161199 DEBUG oslo_service.service [req-88e84760-3026-4bff-8c63-e01367c5b75a - - - - -] glance.insecure = False log_opt_values /usr/lib/python3/dist-packages/oslo_config/cfg.py:2609
2025-11-27 00:44:09.923 161199 DEBUG oslo_service.service [req-88e84760-3026-4bff-8c63-e01367c5b75a - - - - -] glance.keyfile = None log_opt_values /usr/lib/python3/dist-packages/oslo_config/cfg.py:2609
2025-11-27 00:44:09.923 161199 DEBUG oslo_service.service [req-88e84760-3026-4bff-8c63-e01367c5b75a - - - - -] glance.max_version = None log_opt_values /usr/lib/python3/dist-packages/oslo_config/cfg.py:2609
2025-11-27 00:44:09.923 161199 DEBUG oslo_service.service [req-88e84760-3026-4bff-8c63-e01367c5b75a - - - - -] glance.min_version = None log_opt_values /usr/lib/python3/dist-packages/oslo_config/cfg.py:2609
2025-11-27 00:44:09.923 161199 DEBUG oslo_service.service [req-88e84760-3026-4bff-8c63-e01367c5b75a - - - - -] glance.num_retries = 3 log_opt_values /usr/lib/python3/dist-packages/oslo_config/cfg.py:2609
2025-11-27 00:44:09.923 161199 DEBUG oslo_service.service [req-88e84760-3026-4bff-8c63-e01367c5b75a - - - - -] glance.rbd_ceph_conf = log_opt_values /usr/lib/python3/dist-packages/oslo_config/cfg.py:2609
2025-11-27 00:44:09.924 161199 DEBUG oslo_service.service [req-88e84760-3026-4bff-8c63-e01367c5b75a - - - - -] glance.rbd_connect_timeout = 5 log_opt_values /usr/lib/python3/dist-packages/oslo_config/cfg.py:2609
2025-11-27 00:44:09.924 161199 DEBUG oslo_service.service [req-88e84760-3026-4bff-8c63-e01367c5b75a - - - - -] glance.rbd_pool = log_opt_values /usr/lib/python3/dist-packages/oslo_config/cfg.py:2609
2025-11-27 00:44:09.924 161199 DEBUG oslo_service.service [req-88e84760-3026-4bff-8c63-e01367c5b75a - - - - -] glance.rbd_user = log_opt_values /usr/lib/python3/dist-packages/oslo_config/cfg.py:2609
2025-11-27 00:44:09.924 161199 DEBUG oslo_service.service [req-88e84760-3026-4bff-8c63-e01367c5b75a - - - - -] glance.region_name = None log_opt_values /usr/lib/python3/dist-packages/oslo_config/cfg.py:2609
2025-11-27 00:44:09.924 161199 DEBUG oslo_service.service [req-88e84760-3026-4bff-8c63-e01367c5b75a - - - - -] glance.service_name = None log_opt_values /usr/lib/python3/dist-packages/oslo_config/cfg.py:2609
2025-11-27 00:44:09.924 161199 DEBUG oslo_service.service [req-88e84760-3026-4bff-8c63-e01367c5b75a - - - - -] glance.service_type = image log_opt_values /usr/lib/python3/dist-packages/oslo_config/cfg.py:2609
2025-11-27 00:44:09.925 161199 DEBUG oslo_service.service [req-88e84760-3026-4bff-8c63-e01367c5b75a - - - - -] glance.split_loggers = False log_opt_values /usr/lib/python3/dist-packages/oslo_config/cfg.py:2609
2025-11-27 00:44:09.925 161199 DEBUG oslo_service.service [req-88e84760-3026-4bff-8c63-e01367c5b75a - - - - -] glance.status_code_retries = None log_opt_values /usr/lib/python3/dist-packages/oslo_config/cfg.py:2609
2025-11-27 00:44:09.925 161199 DEBUG oslo_service.service [req-88e84760-3026-4bff-8c63-e01367c5b75a - - - - -] glance.status_code_retry_delay = None log_opt_values /usr/lib/python3/dist-packages/oslo_config/cfg.py:2609
2025-11-27 00:44:09.925 161199 DEBUG oslo_service.service [req-88e84760-3026-4bff-8c63-e01367c5b75a - - - - -] glance.timeout = None log_opt_values /usr/lib/python3/dist-packages/oslo_config/cfg.py:2609
2025-11-27 00:44:09.925 161199 DEBUG oslo_service.service [req-88e84760-3026-4bff-8c63-e01367c5b75a - - - - -] glance.valid_interfaces = ['internal', 'public'] log_opt_values /usr/lib/python3/dist-packages/oslo_config/cfg.py:2609
2025-11-27 00:44:09.925 161199 DEBUG oslo_service.service [req-88e84760-3026-4bff-8c63-e01367c5b75a - - - - -] glance.verify_glance_signatures = False log_opt_values /usr/lib/python3/dist-packages/oslo_config/cfg.py:2609
2025-11-27 00:44:09.926 161199 DEBUG oslo_service.service [req-88e84760-3026-4bff-8c63-e01367c5b75a - - - - -] glance.version = None log_opt_values /usr/lib/python3/dist-packages/oslo_config/cfg.py:2609
