2025-11-27 00:42:02.806 138081 DEBUG oslo_service.service [req-07f85804-9364-40c9-b6eb-ee2f04c2eb1e - - - - -] migrate_max_retries = -1 log_opt_values /usr/lib/python3/dist-packages/oslo_config/cfg.py:2602
2025-11-27 00:42:02.807 138081 DEBUG oslo_service.service [req-07f85804-9364-40c9-b6eb-ee2f04c2eb1e - - - - -] mkisofs_cmd = genisoimage log_opt_values /usr/lib/python3/dist-packages/oslo_config/cfg.py:2602
2025-11-27 00:42:02.807 138081 DEBUG oslo_service.service [req-07f85804-9364-40c9-b6eb-ee2f04c2eb1e - - - - -] my_block_storage_ip = 252.241.62.90 log_opt_values /usr/lib/python3/dist-packages/oslo_config/cfg.py:2602
2025-11-27 00:42:02.807 138081 DEBUG oslo_service.service [req-07f85804-9364-40c9-b6eb-ee2f04c2eb1e - - - - -] my_ip = 252.241.62.90 log_opt_values /usr/lib/python3/dist-packages/oslo_config/cfg.py:2602
2025-11-27 00:42:02.807 138081 DEBUG oslo_service.service [req-07f85804-9364-40c9-b6eb-ee2f04c2eb1e - - - - -] network_allocate_retries = 0 log_opt_values /usr/lib/python3/dist-packages/oslo_config/cfg.py:2602
2025-11-27 00:42:02.808 138081 DEBUG oslo_service.service [req-07f85804-9364-40c9-b6eb-ee2f04c2eb1e - - - - -] non_inheritable_image_properties = ['cache_in_nova', 'bittorrent'] log_opt_values /usr/lib/python3/dist-packages/oslo_config/cfg.py:2602
2025-11-27 00:42:02.808 138081 DEBUG oslo_service.service [req-07f85804-9364-40c9-b6eb-ee2f04c2eb1e - - - - -] osapi_compute_listen = 0.0.0.0 log_opt_values /usr/lib/python3/dist-packages/oslo_config/cfg.py:2602
2025-11-27 00:42:02.809 138081 DEBUG oslo_service.service [req-07f85804-9364-40c9-b6eb-ee2f04c2eb1e - - - - -] osapi_compute_listen_port = 8764 log_opt_values /usr/lib/python3/dist-packages/oslo_config/cfg.py:2602
2025-11-27 00:42:02.809 138081 DEBUG oslo_service.service [req-07f85804-9364-40c9-b6eb-ee2f04c2eb1e - - - - -] osapi_compute_unique_server_name_scope = log_opt_values /usr/lib/python3/dist-packages/oslo_config/cfg.py:2602
2025-11-27 00:42:02.810 139233 DEBUG nova.service [req-a7341584-39f3-4ab9-9c6a-0755d9ee119d - - - - -] Creating RPC server for service scheduler start /usr/lib/python3/dist-packages/nova/service.py:182
2025-11-27 00:42:02.809 138081 DEBUG oslo_service.service [req-07f85804-9364-40c9-b6eb-ee2f04c2eb1e - - - - -] osapi_compute_workers = 4 log_opt_values /usr/lib/python3/dist-packages/oslo_config/cfg.py:2602
2025-11-27 00:42:02.812 138081 DEBUG oslo_service.service [req-07f85804-9364-40c9-b6eb-ee2f04c2eb1e - - - - -] password_length = 12 log_opt_values /usr/lib/python3/dist-packages/oslo_config/cfg.py:2602
2025-11-27 00:42:02.812 138081 DEBUG oslo_service.service [req-07f85804-9364-40c9-b6eb-ee2f04c2eb1e - - - - -] periodic_enable = True log_opt_values /usr/lib/python3/dist-packages/oslo_config/cfg.py:2602
2025-11-27 00:42:02.812 138081 DEBUG oslo_service.service [req-07f85804-9364-40c9-b6eb-ee2f04c2eb1e - - - - -] periodic_fuzzy_delay = 60 log_opt_values /usr/lib/python3/dist-packages/oslo_config/cfg.py:2602
2025-11-27 00:42:02.813 138081 DEBUG oslo_service.service [req-07f85804-9364-40c9-b6eb-ee2f04c2eb1e - - - - -] pointer_model = usbtablet log_opt_values /usr/lib/python3/dist-packages/oslo_config/cfg.py:2602
2025-11-27 00:42:02.813 138081 DEBUG oslo_service.service [req-07f85804-9364-40c9-b6eb-ee2f04c2eb1e - - - - -] preallocate_images = none log_opt_values /usr/lib/python3/dist-packages/oslo_config/cfg.py:2602
2025-11-27 00:42:02.814 138081 DEBUG oslo_service.service [req-07f85804-9364-40c9-b6eb-ee2f04c2eb1e - - - - -] publish_errors = False log_opt_values /usr/lib/python3/dist-packages/oslo_config/cfg.py:2602
2025-11-27 00:42:02.814 138081 DEBUG oslo_service.service [req-07f85804-9364-40c9-b6eb-ee2f04c2eb1e - - - - -] pybasedir = /usr/lib/python3/dist-packages log_opt_values /usr/lib/python3/dist-packages/oslo_config/cfg.py:2602
2025-11-27 00:42:02.815 138081 DEBUG oslo_service.service [req-07f85804-9364-40c9-b6eb-ee2f04c2eb1e - - - - -] ram_allocation_ratio = 0.98 log_opt_values /usr/lib/python3/dist-packages/oslo_config/cfg.py:2602
2025-11-27 00:42:02.815 138081 DEBUG oslo_service.service [req-07f85804-9364-40c9-b6eb-ee2f04c2eb1e - - - - -] rate_limit_burst = 0 log_opt_values /usr/lib/python3/dist-packages/oslo_config/cfg.py:2602
2025-11-27 00:42:02.816 138081 DEBUG oslo_service.service [req-07f85804-9364-40c9-b6eb-ee2f04c2eb1e - - - - -] rate_limit_except_level = CRITICAL log_opt_values /usr/lib/python3/dist-packages/oslo_config/cfg.py:2602
2025-11-27 00:42:02.816 138081 DEBUG oslo_service.service [req-07f85804-9364-40c9-b6eb-ee2f04c2eb1e - - - - -] rate_limit_interval = 0 log_opt_values /usr/lib/python3/dist-packages/oslo_config/cfg.py:2602
2025-11-27 00:42:02.816 138081 DEBUG oslo_service.service [req-07f85804-9364-40c9-b6eb-ee2f04c2eb1e - - - - -] reboot_timeout = 0 log_opt_values /usr/lib/python3/dist-packages/oslo_config/cfg.py:2602
2025-11-27 00:42:02.816 139246 DEBUG nova.service [req-09dda49c-8444-4ca8-ab57-3d7b2c891f0a - - - - -] Creating RPC server for service scheduler start /usr/lib/python3/dist-packages/nova/service.py:182
2025-11-27 00:42:02.816 138081 DEBUG oslo_service.service [req-07f85804-9364-40c9-b6eb-ee2f04c2eb1e - - - - -] reclaim_instance_interval = 0 log_opt_values /usr/lib/python3/dist-packages/oslo_config/cfg.py:2602
2025-11-27 00:42:02.816 138081 DEBUG oslo_service.service [req-07f85804-9364-40c9-b6eb-ee2f04c2eb1e - - - - -] record = None log_opt_values /usr/lib/python3/dist-packages/oslo_config/cfg.py:2602
2025-11-27 00:42:02.816 138081 DEBUG oslo_service.service [req-07f85804-9364-40c9-b6eb-ee2f04c2eb1e - - - - -] report_interval = 10 log_opt_values /usr/lib/python3/dist-packages/oslo_config/cfg.py:2602
2025-11-27 00:42:02.817 138081 DEBUG oslo_service.service [req-07f85804-9364-40c9-b6eb-ee2f04c2eb1e - - - - -] rescue_timeout = 0 log_opt_values /usr/lib/python3/dist-packages/oslo_config/cfg.py:2602
2025-11-27 00:42:02.818 138081 DEBUG oslo_service.service [req-07f85804-9364-40c9-b6eb-ee2f04c2eb1e - - - - -] reserved_host_cpus = 0 log_opt_values /usr/lib/python3/dist-packages/oslo_config/cfg.py:2602
2025-11-27 00:42:02.819 138081 DEBUG oslo_service.service [req-07f85804-9364-40c9-b6eb-ee2f04c2eb1e - - - - -] reserved_host_disk_mb = 0 log_opt_values /usr/lib/python3/dist-packages/oslo_config/cfg.py:2602
2025-11-27 00:42:02.819 138081 DEBUG oslo_service.service [req-07f85804-9364-40c9-b6eb-ee2f04c2eb1e - - - - -] reserved_host_memory_mb = 512 log_opt_values /usr/lib/python3/dist-packages/oslo_config/cfg.py:2602
2025-11-27 00:42:02.819 138081 DEBUG oslo_service.service [req-07f85804-9364-40c9-b6eb-ee2f04c2eb1e - - - - -] reserved_huge_pages = None log_opt_values /usr/lib/python3/dist-packages/oslo_config/cfg.py:2602
2025-11-27 00:42:02.819 138081 DEBUG oslo_service.service [req-07f85804-9364-40c9-b6eb-ee2f04c2eb1e - - - - -] resize_confirm_window = 0 log_opt_values /usr/lib/python3/dist-packages/oslo_config/cfg.py:2602
2025-11-27 00:42:02.820 138081 DEBUG oslo_service.service [req-07f85804-9364-40c9-b6eb-ee2f04c2eb1e - - - - -] resize_fs_using_block_device = False log_opt_values /usr/lib/python3/dist-packages/oslo_config/cfg.py:2602
2025-11-27 00:42:02.820 138081 DEBUG oslo_service.service [req-07f85804-9364-40c9-b6eb-ee2f04c2eb1e - - - - -] resume_guests_state_on_host_boot = False log_opt_values /usr/lib/python3/dist-packages/oslo_config/cfg.py:2602
2025-11-27 00:42:02.820 138081 DEBUG oslo_service.service [req-07f85804-9364-40c9-b6eb-ee2f04c2eb1e - - - - -] rootwrap_config = /etc/nova/rootwrap.conf log_opt_values /usr/lib/python3/dist-packages/oslo_config/cfg.py:2602
2025-11-27 00:42:02.820 138081 DEBUG oslo_service.service [req-07f85804-9364-40c9-b6eb-ee2f04c2eb1e - - - - -] run_external_periodic_tasks = True log_opt_values /usr/lib/python3/dist-packages/oslo_config/cfg.py:2602
2025-11-27 00:42:02.820 138081 DEBUG oslo_service.service [req-07f85804-9364-40c9-b6eb-ee2f04c2eb1e - - - - -] running_deleted_instance_action = reap log_opt_values /usr/lib/python3/dist-packages/oslo_config/cfg.py:2602
2025-11-27 00:42:02.821 138081 DEBUG oslo_service.service [req-07f85804-9364-40c9-b6eb-ee2f04c2eb1e - - - - -] running_deleted_instance_poll_interval = 1800 log_opt_values /usr/lib/python3/dist-packages/oslo_config/cfg.py:2602
2025-11-27 00:42:02.821 138081 DEBUG oslo_service.service [req-07f85804-9364-40c9-b6eb-ee2f04c2eb1e - - - - -] running_deleted_instance_timeout = 0 log_opt_values /usr/lib/python3/dist-packages/oslo_config/cfg.py:2602
2025-11-27 00:42:02.821 138081 DEBUG oslo_service.service [req-07f85804-9364-40c9-b6eb-ee2f04c2eb1e - - - - -] scheduler_instance_sync_interval = 120 log_opt_values /usr/lib/python3/dist-packages/oslo_config/cfg.py:2602
2025-11-27 00:42:02.821 138081 DEBUG oslo_service.service [req-07f85804-9364-40c9-b6eb-ee2f04c2eb1e - - - - -] service_down_time = 60 log_opt_values /usr/lib/python3/dist-packages/oslo_config/cfg.py:2602
2025-11-27 00:42:02.821 138081 DEBUG oslo_service.service [req-07f85804-9364-40c9-b6eb-ee2f04c2eb1e - - - - -] servicegroup_driver = db log_opt_values /usr/lib/python3/dist-packages/oslo_config/cfg.py:2602
2025-11-27 00:42:02.821 138081 DEBUG oslo_service.service [req-07f85804-9364-40c9-b6eb-ee2f04c2eb1e - - - - -] shelved_offload_time = 0 log_opt_values /usr/lib/python3/dist-packages/oslo_config/cfg.py:2602
2025-11-27 00:42:02.822 138081 DEBUG oslo_service.service [req-07f85804-9364-40c9-b6eb-ee2f04c2eb1e - - - - -] shelved_poll_interval = 3600 log_opt_values /usr/lib/python3/dist-packages/oslo_config/cfg.py:2602
2025-11-27 00:42:02.822 138081 DEBUG oslo_service.service [req-07f85804-9364-40c9-b6eb-ee2f04c2eb1e - - - - -] shutdown_timeout = 60 log_opt_values /usr/lib/python3/dist-packages/oslo_config/cfg.py:2602
2025-11-27 00:42:02.822 138081 DEBUG oslo_service.service [req-07f85804-9364-40c9-b6eb-ee2f04c2eb1e - - - - -] source_is_ipv6 = False log_opt_values /usr/lib/python3/dist-packages/oslo_config/cfg.py:2602
2025-11-27 00:42:02.823 138081 DEBUG oslo_service.service [req-07f85804-9364-40c9-b6eb-ee2f04c2eb1e - - - - -] ssl_only = False log_opt_values /usr/lib/python3/dist-packages/oslo_config/cfg.py:2602
2025-11-27 00:42:02.823 138081 DEBUG oslo_service.service [req-07f85804-9364-40c9-b6eb-ee2f04c2eb1e - - - - -] state_path = /var/lib/nova log_opt_values /usr/lib/python3/dist-packages/oslo_config/cfg.py:2602
2025-11-27 00:42:02.823 138081 DEBUG oslo_service.service [req-07f85804-9364-40c9-b6eb-ee2f04c2eb1e - - - - -] sync_power_state_interval = 600 log_opt_values /usr/lib/python3/dist-packages/oslo_config/cfg.py:2602
2025-11-27 00:42:02.825 138081 DEBUG oslo_service.service [req-07f85804-9364-40c9-b6eb-ee2f04c2eb1e - - - - -] sync_power_state_pool_size = 1000 log_opt_values /usr/lib/python3/dist-packages/oslo_config/cfg.py:2602
2025-11-27 00:42:02.826 138081 DEBUG oslo_service.service [req-07f85804-9364-40c9-b6eb-ee2f04c2eb1e - - - - -] syslog_log_facility = LOG_USER log_opt_values /usr/lib/python3/dist-packages/oslo_config/cfg.py:2602
2025-11-27 00:42:02.827 138081 DEBUG oslo_service.service [req-07f85804-9364-40c9-b6eb-ee2f04c2eb1e - - - - -] tempdir = None log_opt_values /usr/lib/python3/dist-packages/oslo_config/cfg.py:2602
2025-11-27 00:42:02.827 138081 DEBUG oslo_service.service [req-07f85804-9364-40c9-b6eb-ee2f04c2eb1e - - - - -] timeout_nbd = 10 log_opt_values /usr/lib/python3/dist-packages/oslo_config/cfg.py:2602
2025-11-27 00:42:02.828 138081 DEBUG oslo_service.service [req-07f85804-9364-40c9-b6eb-ee2f04c2eb1e - - - - -] transport_url = **** log_opt_values /usr/lib/python3/dist-packages/oslo_config/cfg.py:2602
2025-11-27 00:42:02.828 138081 DEBUG oslo_service.service [req-07f85804-9364-40c9-b6eb-ee2f04c2eb1e - - - - -] update_resources_interval = 0 log_opt_values /usr/lib/python3/dist-packages/oslo_config/cfg.py:2602
2025-11-27 00:42:02.828 138081 DEBUG oslo_service.service [req-07f85804-9364-40c9-b6eb-ee2f04c2eb1e - - - - -] use_cow_images = True log_opt_values /usr/lib/python3/dist-packages/oslo_config/cfg.py:2602
2025-11-27 00:42:02.829 138081 DEBUG oslo_service.service [req-07f85804-9364-40c9-b6eb-ee2f04c2eb1e - - - - -] use_eventlog = False log_opt_values /usr/lib/python3/dist-packages/oslo_config/cfg.py:2602
2025-11-27 00:42:02.829 138081 DEBUG oslo_service.service [req-07f85804-9364-40c9-b6eb-ee2f04c2eb1e - - - - -] use_journal = False log_opt_values /usr/lib/python3/dist-packages/oslo_config/cfg.py:2602
2025-11-27 00:42:02.829 138081 DEBUG oslo_service.service [req-07f85804-9364-40c9-b6eb-ee2f04c2eb1e - - - - -] use_json = False log_opt_values /usr/lib/python3/dist-packages/oslo_config/cfg.py:2602
2025-11-27 00:42:02.830 138081 DEBUG oslo_service.service [req-07f85804-9364-40c9-b6eb-ee2f04c2eb1e - - - - -] use_rootwrap_daemon = False log_opt_values /usr/lib/python3/dist-packages/oslo_config/cfg.py:2602
2025-11-27 00:42:02.830 138081 DEBUG oslo_service.service [req-07f85804-9364-40c9-b6eb-ee2f04c2eb1e - - - - -] use_stderr = False log_opt_values /usr/lib/python3/dist-packages/oslo_config/cfg.py:2602
2025-11-27 00:42:02.830 138081 DEBUG oslo_service.service [req-07f85804-9364-40c9-b6eb-ee2f04c2eb1e - - - - -] use_syslog = False log_opt_values /usr/lib/python3/dist-packages/oslo_config/cfg.py:2602
2025-11-27 00:42:02.831 138081 DEBUG oslo_service.service [req-07f85804-9364-40c9-b6eb-ee2f04c2eb1e - - - - -] vcpu_pin_set = None log_opt_values /usr/lib/python3/dist-packages/oslo_config/cfg.py:2602
2025-11-27 00:42:02.831 138081 DEBUG oslo_service.service [req-07f85804-9364-40c9-b6eb-ee2f04c2eb1e - - - - -] vif_plugging_is_fatal = True log_opt_values /usr/lib/python3/dist-packages/oslo_config/cfg.py:2602
2025-11-27 00:42:02.831 138081 DEBUG oslo_service.service [req-07f85804-9364-40c9-b6eb-ee2f04c2eb1e - - - - -] vif_plugging_timeout = 300 log_opt_values /usr/lib/python3/dist-packages/oslo_config/cfg.py:2602
2025-11-27 00:42:02.831 138081 DEBUG oslo_service.service [req-07f85804-9364-40c9-b6eb-ee2f04c2eb1e - - - - -] virt_mkfs = [] log_opt_values /usr/lib/python3/dist-packages/oslo_config/cfg.py:2602
2025-11-27 00:42:02.832 138081 DEBUG oslo_service.service [req-07f85804-9364-40c9-b6eb-ee2f04c2eb1e - - - - -] volume_usage_poll_interval = 0 log_opt_values /usr/lib/python3/dist-packages/oslo_config/cfg.py:2602
2025-11-27 00:42:02.832 138081 DEBUG oslo_service.service [req-07f85804-9364-40c9-b6eb-ee2f04c2eb1e - - - - -] watch_log_file = False log_opt_values /usr/lib/python3/dist-packages/oslo_config/cfg.py:2602
2025-11-27 00:42:02.832 138081 DEBUG oslo_service.service [req-07f85804-9364-40c9-b6eb-ee2f04c2eb1e - - - - -] web = /usr/share/spice-html5 log_opt_values /usr/lib/python3/dist-packages/oslo_config/cfg.py:2602
2025-11-27 00:42:02.833 138081 DEBUG oslo_service.service [req-07f85804-9364-40c9-b6eb-ee2f04c2eb1e - - - - -] oslo_concurrency.disable_process_locking = False log_opt_values /usr/lib/python3/dist-packages/oslo_config/cfg.py:2609
2025-11-27 00:42:02.833 138081 DEBUG oslo_service.service [req-07f85804-9364-40c9-b6eb-ee2f04c2eb1e - - - - -] oslo_concurrency.lock_path = /var/lock/nova log_opt_values /usr/lib/python3/dist-packages/oslo_config/cfg.py:2609
2025-11-27 00:42:02.834 138081 WARNING oslo_config.cfg [req-07f85804-9364-40c9-b6eb-ee2f04c2eb1e - - - - -] Deprecated: Option "auth_strategy" from group "api" is deprecated for removal ( The only non-default choice, ``noauth2``, is for internal development and testing purposes only and should not be used in deployments. This option and its middleware, NoAuthMiddleware[V2_18], will be removed in a future release. ). Its value may be silently ignored in the future.
2025-11-27 00:42:02.835 138081 DEBUG oslo_service.service [req-07f85804-9364-40c9-b6eb-ee2f04c2eb1e - - - - -] api.auth_strategy = keystone log_opt_values /usr/lib/python3/dist-packages/oslo_config/cfg.py:2609
2025-11-27 00:42:02.835 138081 DEBUG oslo_service.service [req-07f85804-9364-40c9-b6eb-ee2f04c2eb1e - - - - -] api.compute_link_prefix = None log_opt_values /usr/lib/python3/dist-packages/oslo_config/cfg.py:2609
2025-11-27 00:42:02.835 138081 DEBUG oslo_service.service [req-07f85804-9364-40c9-b6eb-ee2f04c2eb1e - - - - -] api.config_drive_skip_versions = 1.0 2007-01-19 2007-03-01 2007-08-29 2007-10-10 2007-12-15 2008-02-01 2008-09-01 log_opt_values /usr/lib/python3/dist-packages/oslo_config/cfg.py:2609
2025-11-27 00:42:02.837 138081 DEBUG oslo_service.service [req-07f85804-9364-40c9-b6eb-ee2f04c2eb1e - - - - -] api.dhcp_domain = novalocal log_opt_values /usr/lib/python3/dist-packages/oslo_config/cfg.py:2609
2025-11-27 00:42:02.838 138081 DEBUG oslo_service.service [req-07f85804-9364-40c9-b6eb-ee2f04c2eb1e - - - - -] api.enable_instance_password = True log_opt_values /usr/lib/python3/dist-packages/oslo_config/cfg.py:2609
2025-11-27 00:42:02.843 139239 DEBUG oslo_messaging._drivers.amqpdriver [-] Listener is running poll /usr/lib/python3/dist-packages/oslo_messaging/_drivers/amqpdriver.py:343
2025-11-27 00:42:02.844 139239 DEBUG oslo_messaging._drivers.amqpdriver [-] AMQPListener connection consume poll /usr/lib/python3/dist-packages/oslo_messaging/_drivers/amqpdriver.py:357
2025-11-27 00:42:02.844 139240 DEBUG oslo_messaging._drivers.amqpdriver [-] Listener is running poll /usr/lib/python3/dist-packages/oslo_messaging/_drivers/amqpdriver.py:343
2025-11-27 00:42:02.844 139240 DEBUG oslo_messaging._drivers.amqpdriver [-] AMQPListener connection consume poll /usr/lib/python3/dist-packages/oslo_messaging/_drivers/amqpdriver.py:357
2025-11-27 00:42:02.843 138081 DEBUG oslo_service.service [req-07f85804-9364-40c9-b6eb-ee2f04c2eb1e - - - - -] api.glance_link_prefix = None log_opt_values /usr/lib/python3/dist-packages/oslo_config/cfg.py:2609
2025-11-27 00:42:02.845 139239 DEBUG nova.service [req-545a0c3e-6831-46c8-9539-aef1cbaf23ad - - - - -] Join ServiceGroup membership for this service scheduler start /usr/lib/python3/dist-packages/nova/service.py:199
2025-11-27 00:42:02.845 139240 DEBUG nova.service [req-914333ec-89b6-484e-ac3d-71ab4b098620 - - - - -] Join ServiceGroup membership for this service scheduler start /usr/lib/python3/dist-packages/nova/service.py:199
2025-11-27 00:42:02.845 139239 DEBUG nova.servicegroup.drivers.db [req-545a0c3e-6831-46c8-9539-aef1cbaf23ad - - - - -] DB_Driver: join new ServiceGroup member juju-8e3bce-0-lxd-7 to the scheduler group, service = join /usr/lib/python3/dist-packages/nova/servicegroup/drivers/db.py:44
2025-11-27 00:42:02.845 139240 DEBUG nova.servicegroup.drivers.db [req-914333ec-89b6-484e-ac3d-71ab4b098620 - - - - -] DB_Driver: join new ServiceGroup member juju-8e3bce-0-lxd-7 to the scheduler group, service = join /usr/lib/python3/dist-packages/nova/servicegroup/drivers/db.py:44
2025-11-27 00:42:02.846 139240 DEBUG oslo_service.periodic_task [req-05c61da5-d2f2-44a0-8fb3-51e2ba2594c5 - - - - -] Running periodic task SchedulerManager._discover_hosts_in_cells run_periodic_tasks /usr/lib/python3/dist-packages/oslo_service/periodic_task.py:210
2025-11-27 00:42:02.845 138081 DEBUG oslo_service.service [req-07f85804-9364-40c9-b6eb-ee2f04c2eb1e - - - - -] api.instance_list_cells_batch_fixed_size = 100 log_opt_values /usr/lib/python3/dist-packages/oslo_config/cfg.py:2609
2025-11-27 00:42:02.847 138081 DEBUG oslo_service.service [req-07f85804-9364-40c9-b6eb-ee2f04c2eb1e - - - - -] api.instance_list_cells_batch_strategy = distributed log_opt_values /usr/lib/python3/dist-packages/oslo_config/cfg.py:2609
2025-11-27 00:42:02.847 138081 DEBUG oslo_service.service [req-07f85804-9364-40c9-b6eb-ee2f04c2eb1e - - - - -] api.instance_list_per_project_cells = False log_opt_values /usr/lib/python3/dist-packages/oslo_config/cfg.py:2609
2025-11-27 00:42:02.847 139240 DEBUG oslo_db.sqlalchemy.engines [req-05c61da5-d2f2-44a0-8fb3-51e2ba2594c5 - - - - -] Parent process 138081 forked (139240) with an open database connection, which is being discarded and recreated. checkout /usr/lib/python3/dist-packages/oslo_db/sqlalchemy/engines.py:413
2025-11-27 00:42:02.847 138081 DEBUG oslo_service.service [req-07f85804-9364-40c9-b6eb-ee2f04c2eb1e - - - - -] api.list_records_by_skipping_down_cells = True log_opt_values /usr/lib/python3/dist-packages/oslo_config/cfg.py:2609
2025-11-27 00:42:02.848 138081 DEBUG oslo_service.service [req-07f85804-9364-40c9-b6eb-ee2f04c2eb1e - - - - -] api.local_metadata_per_cell = False log_opt_values /usr/lib/python3/dist-packages/oslo_config/cfg.py:2609
2025-11-27 00:42:02.848 138081 DEBUG oslo_service.service [req-07f85804-9364-40c9-b6eb-ee2f04c2eb1e - - - - -] api.max_limit = 1000 log_opt_values /usr/lib/python3/dist-packages/oslo_config/cfg.py:2609
2025-11-27 00:42:02.848 138081 DEBUG oslo_service.service [req-07f85804-9364-40c9-b6eb-ee2f04c2eb1e - - - - -] api.metadata_cache_expiration = 15 log_opt_values /usr/lib/python3/dist-packages/oslo_config/cfg.py:2609
2025-11-27 00:42:02.848 139239 DEBUG oslo_messaging._drivers.amqpdriver [-] AMQPListener connection timeout poll /usr/lib/python3/dist-packages/oslo_messaging/_drivers/amqpdriver.py:360
2025-11-27 00:42:02.848 139239 DEBUG oslo_messaging._drivers.amqpdriver [-] Listener is running poll /usr/lib/python3/dist-packages/oslo_messaging/_drivers/amqpdriver.py:343
2025-11-27 00:42:02.848 139239 DEBUG oslo_messaging._drivers.amqpdriver [-] AMQPListener connection consume poll /usr/lib/python3/dist-packages/oslo_messaging/_drivers/amqpdriver.py:357
2025-11-27 00:42:02.848 139233 DEBUG oslo_messaging._drivers.amqpdriver [-] Listener is running poll /usr/lib/python3/dist-packages/oslo_messaging/_drivers/amqpdriver.py:343
2025-11-27 00:42:02.848 138081 DEBUG oslo_service.service [req-07f85804-9364-40c9-b6eb-ee2f04c2eb1e - - - - -] api.neutron_default_tenant_id = default log_opt_values /usr/lib/python3/dist-packages/oslo_config/cfg.py:2609
2025-11-27 00:42:02.849 138081 DEBUG oslo_service.service [req-07f85804-9364-40c9-b6eb-ee2f04c2eb1e - - - - -] api.use_forwarded_for = False log_opt_values /usr/lib/python3/dist-packages/oslo_config/cfg.py:2609
2025-11-27 00:42:02.849 139233 DEBUG oslo_messaging._drivers.amqpdriver [-] AMQPListener connection consume poll /usr/lib/python3/dist-packages/oslo_messaging/_drivers/amqpdriver.py:357
2025-11-27 00:42:02.849 138081 DEBUG oslo_service.service [req-07f85804-9364-40c9-b6eb-ee2f04c2eb1e - - - - -] api.use_neutron_default_nets = False log_opt_values /usr/lib/python3/dist-packages/oslo_config/cfg.py:2609
2025-11-27 00:42:02.849 138081 DEBUG oslo_service.service [req-07f85804-9364-40c9-b6eb-ee2f04c2eb1e - - - - -] api.vendordata_dynamic_connect_timeout = 5 log_opt_values /usr/lib/python3/dist-packages/oslo_config/cfg.py:2609
2025-11-27 00:42:02.850 138081 DEBUG oslo_service.service [req-07f85804-9364-40c9-b6eb-ee2f04c2eb1e - - - - -] api.vendordata_dynamic_failure_fatal = False log_opt_values /usr/lib/python3/dist-packages/oslo_config/cfg.py:2609
2025-11-27 00:42:02.850 138081 DEBUG oslo_service.service [req-07f85804-9364-40c9-b6eb-ee2f04c2eb1e - - - - -] api.vendordata_dynamic_read_timeout = 5 log_opt_values /usr/lib/python3/dist-packages/oslo_config/cfg.py:2609
2025-11-27 00:42:02.850 139246 DEBUG oslo_messaging._drivers.amqpdriver [-] Listener is running poll /usr/lib/python3/dist-packages/oslo_messaging/_drivers/amqpdriver.py:343
2025-11-27 00:42:02.850 138081 DEBUG oslo_service.service [req-07f85804-9364-40c9-b6eb-ee2f04c2eb1e - - - - -] api.vendordata_dynamic_ssl_certfile = log_opt_values /usr/lib/python3/dist-packages/oslo_config/cfg.py:2609
2025-11-27 00:42:02.851 138081 DEBUG oslo_service.service [req-07f85804-9364-40c9-b6eb-ee2f04c2eb1e - - - - -] api.vendordata_dynamic_targets = [] log_opt_values /usr/lib/python3/dist-packages/oslo_config/cfg.py:2609
2025-11-27 00:42:02.851 139240 DEBUG oslo_messaging._drivers.amqpdriver [-] AMQPListener connection timeout poll /usr/lib/python3/dist-packages/oslo_messaging/_drivers/amqpdriver.py:360
2025-11-27 00:42:02.851 138081 DEBUG oslo_service.service [req-07f85804-9364-40c9-b6eb-ee2f04c2eb1e - - - - -] api.vendordata_jsonfile_path = None log_opt_values /usr/lib/python3/dist-packages/oslo_config/cfg.py:2609
2025-11-27 00:42:02.851 139240 DEBUG oslo_messaging._drivers.amqpdriver [-] Listener is running poll /usr/lib/python3/dist-packages/oslo_messaging/_drivers/amqpdriver.py:343
2025-11-27 00:42:02.851 139240 DEBUG oslo_messaging._drivers.amqpdriver [-] AMQPListener connection consume poll /usr/lib/python3/dist-packages/oslo_messaging/_drivers/amqpdriver.py:357
2025-11-27 00:42:02.851 138081 DEBUG oslo_service.service [req-07f85804-9364-40c9-b6eb-ee2f04c2eb1e - - - - -] api.vendordata_providers = ['StaticJSON'] log_opt_values /usr/lib/python3/dist-packages/oslo_config/cfg.py:2609
2025-11-27 00:42:02.851 139233 DEBUG nova.service [req-a7341584-39f3-4ab9-9c6a-0755d9ee119d - - - - -] Join ServiceGroup membership for this service scheduler start /usr/lib/python3/dist-packages/nova/service.py:199
2025-11-27 00:42:02.851 138081 DEBUG oslo_service.service [req-07f85804-9364-40c9-b6eb-ee2f04c2eb1e - - - - -] cache.backend = dogpile.cache.null log_opt_values /usr/lib/python3/dist-packages/oslo_config/cfg.py:2609
2025-11-27 00:42:02.851 139233 DEBUG nova.servicegroup.drivers.db [req-a7341584-39f3-4ab9-9c6a-0755d9ee119d - - - - -] DB_Driver: join new ServiceGroup member juju-8e3bce-0-lxd-7 to the scheduler group, service = join /usr/lib/python3/dist-packages/nova/servicegroup/drivers/db.py:44
2025-11-27 00:42:02.852 138081 DEBUG oslo_service.service [req-07f85804-9364-40c9-b6eb-ee2f04c2eb1e - - - - -] cache.backend_argument = **** log_opt_values /usr/lib/python3/dist-packages/oslo_config/cfg.py:2609
2025-11-27 00:42:02.852 138081 DEBUG oslo_service.service [req-07f85804-9364-40c9-b6eb-ee2f04c2eb1e - - - - -] cache.config_prefix = cache.oslo log_opt_values /usr/lib/python3/dist-packages/oslo_config/cfg.py:2609
2025-11-27 00:42:02.850 139246 DEBUG oslo_messaging._drivers.amqpdriver [-] AMQPListener connection consume poll /usr/lib/python3/dist-packages/oslo_messaging/_drivers/amqpdriver.py:357
2025-11-27 00:42:02.852 138081 DEBUG oslo_service.service [req-07f85804-9364-40c9-b6eb-ee2f04c2eb1e - - - - -] cache.debug_cache_backend = False log_opt_values /usr/lib/python3/dist-packages/oslo_config/cfg.py:2609
2025-11-27 00:42:02.852 138081 DEBUG oslo_service.service [req-07f85804-9364-40c9-b6eb-ee2f04c2eb1e - - - - -] cache.enabled = False log_opt_values /usr/lib/python3/dist-packages/oslo_config/cfg.py:2609
2025-11-27 00:42:02.853 138081 DEBUG oslo_service.service [req-07f85804-9364-40c9-b6eb-ee2f04c2eb1e - - - - -] cache.expiration_time = 600 log_opt_values /usr/lib/python3/dist-packages/oslo_config/cfg.py:2609
2025-11-27 00:42:02.853 138081 DEBUG oslo_service.service [req-07f85804-9364-40c9-b6eb-ee2f04c2eb1e - - - - -] cache.memcache_dead_retry = 300 log_opt_values /usr/lib/python3/dist-packages/oslo_config/cfg.py:2609
2025-11-27 00:42:02.853 138081 DEBUG oslo_service.service [req-07f85804-9364-40c9-b6eb-ee2f04c2eb1e - - - - -] cache.memcache_pool_connection_get_timeout = 10 log_opt_values /usr/lib/python3/dist-packages/oslo_config/cfg.py:2609
2025-11-27 00:42:02.853 138081 DEBUG oslo_service.service [req-07f85804-9364-40c9-b6eb-ee2f04c2eb1e - - - - -] cache.memcache_pool_flush_on_reconnect = False log_opt_values /usr/lib/python3/dist-packages/oslo_config/cfg.py:2609
2025-11-27 00:42:02.853 139246 DEBUG nova.service [req-09dda49c-8444-4ca8-ab57-3d7b2c891f0a - - - - -] Join ServiceGroup membership for this service scheduler start /usr/lib/python3/dist-packages/nova/service.py:199
2025-11-27 00:42:02.854 139233 DEBUG oslo_messaging._drivers.amqpdriver [-] AMQPListener connection timeout poll /usr/lib/python3/dist-packages/oslo_messaging/_drivers/amqpdriver.py:360
2025-11-27 00:42:02.854 138081 DEBUG oslo_service.service [req-07f85804-9364-40c9-b6eb-ee2f04c2eb1e - - - - -] cache.memcache_pool_maxsize = 10 log_opt_values /usr/lib/python3/dist-packages/oslo_config/cfg.py:2609
2025-11-27 00:42:02.854 139246 DEBUG nova.servicegroup.drivers.db [req-09dda49c-8444-4ca8-ab57-3d7b2c891f0a - - - - -] DB_Driver: join new ServiceGroup member juju-8e3bce-0-lxd-7 to the scheduler group, service = join /usr/lib/python3/dist-packages/nova/servicegroup/drivers/db.py:44
2025-11-27 00:42:02.854 138081 DEBUG oslo_service.service [req-07f85804-9364-40c9-b6eb-ee2f04c2eb1e - - - - -] cache.memcache_pool_unused_timeout = 60 log_opt_values /usr/lib/python3/dist-packages/oslo_config/cfg.py:2609
2025-11-27 00:42:02.854 139233 DEBUG oslo_messaging._drivers.amqpdriver [-] Listener is running poll /usr/lib/python3/dist-packages/oslo_messaging/_drivers/amqpdriver.py:343
2025-11-27 00:42:02.854 138081 DEBUG oslo_service.service [req-07f85804-9364-40c9-b6eb-ee2f04c2eb1e - - - - -] cache.memcache_servers = ['localhost:11211'] log_opt_values /usr/lib/python3/dist-packages/oslo_config/cfg.py:2609
2025-11-27 00:42:02.854 139233 DEBUG oslo_messaging._drivers.amqpdriver [-] AMQPListener connection consume poll /usr/lib/python3/dist-packages/oslo_messaging/_drivers/amqpdriver.py:357
2025-11-27 00:42:02.854 138081 DEBUG oslo_service.service [req-07f85804-9364-40c9-b6eb-ee2f04c2eb1e - - - - -] cache.memcache_socket_timeout = 1.0 log_opt_values /usr/lib/python3/dist-packages/oslo_config/cfg.py:2609
2025-11-27 00:42:02.855 138081 DEBUG oslo_service.service [req-07f85804-9364-40c9-b6eb-ee2f04c2eb1e - - - - -] cache.proxies = [] log_opt_values /usr/lib/python3/dist-packages/oslo_config/cfg.py:2609
2025-11-27 00:42:02.855 138081 DEBUG oslo_service.service [req-07f85804-9364-40c9-b6eb-ee2f04c2eb1e - - - - -] cache.tls_allowed_ciphers = None log_opt_values /usr/lib/python3/dist-packages/oslo_config/cfg.py:2609
2025-11-27 00:42:02.855 138081 DEBUG oslo_service.service [req-07f85804-9364-40c9-b6eb-ee2f04c2eb1e - - - - -] cache.tls_cafile = None log_opt_values /usr/lib/python3/dist-packages/oslo_config/cfg.py:2609
2025-11-27 00:42:02.855 138081 DEBUG oslo_service.service [req-07f85804-9364-40c9-b6eb-ee2f04c2eb1e - - - - -] cache.tls_certfile = None log_opt_values /usr/lib/python3/dist-packages/oslo_config/cfg.py:2609
2025-11-27 00:42:02.855 138081 DEBUG oslo_service.service [req-07f85804-9364-40c9-b6eb-ee2f04c2eb1e - - - - -] cache.tls_enabled = False log_opt_values /usr/lib/python3/dist-packages/oslo_config/cfg.py:2609
2025-11-27 00:42:02.855 138081 DEBUG oslo_service.service [req-07f85804-9364-40c9-b6eb-ee2f04c2eb1e - - - - -] cache.tls_keyfile = None log_opt_values /usr/lib/python3/dist-packages/oslo_config/cfg.py:2609
2025-11-27 00:42:02.856 138081 DEBUG oslo_service.service [req-07f85804-9364-40c9-b6eb-ee2f04c2eb1e - - - - -] cinder.auth_section = None log_opt_values /usr/lib/python3/dist-packages/oslo_config/cfg.py:2609
2025-11-27 00:42:02.856 138081 DEBUG oslo_service.service [req-07f85804-9364-40c9-b6eb-ee2f04c2eb1e - - - - -] cinder.auth_type = None log_opt_values /usr/lib/python3/dist-packages/oslo_config/cfg.py:2609
2025-11-27 00:42:02.856 138081 DEBUG oslo_service.service [req-07f85804-9364-40c9-b6eb-ee2f04c2eb1e - - - - -] cinder.cafile = None log_opt_values /usr/lib/python3/dist-packages/oslo_config/cfg.py:2609
2025-11-27 00:42:02.857 138081 DEBUG oslo_service.service [req-07f85804-9364-40c9-b6eb-ee2f04c2eb1e - - - - -] cinder.catalog_info = volumev3::publicURL log_opt_values /usr/lib/python3/dist-packages/oslo_config/cfg.py:2609
2025-11-27 00:42:02.857 138081 DEBUG oslo_service.service [req-07f85804-9364-40c9-b6eb-ee2f04c2eb1e - - - - -] cinder.certfile = None log_opt_values /usr/lib/python3/dist-packages/oslo_config/cfg.py:2609
2025-11-27 00:42:02.857 139246 DEBUG oslo_messaging._drivers.amqpdriver [-] AMQPListener connection timeout poll /usr/lib/python3/dist-packages/oslo_messaging/_drivers/amqpdriver.py:360
2025-11-27 00:42:02.857 139246 DEBUG oslo_messaging._drivers.amqpdriver [-] Listener is running poll /usr/lib/python3/dist-packages/oslo_messaging/_drivers/amqpdriver.py:343
2025-11-27 00:42:02.857 138081 DEBUG oslo_service.service [req-07f85804-9364-40c9-b6eb-ee2f04c2eb1e - - - - -] cinder.collect_timing = False log_opt_values /usr/lib/python3/dist-packages/oslo_config/cfg.py:2609
2025-11-27 00:42:02.857 139246 DEBUG oslo_messaging._drivers.amqpdriver [-] AMQPListener connection consume poll /usr/lib/python3/dist-packages/oslo_messaging/_drivers/amqpdriver.py:357
2025-11-27 00:42:02.857 138081 DEBUG oslo_service.service [req-07f85804-9364-40c9-b6eb-ee2f04c2eb1e - - - - -] cinder.cross_az_attach = True log_opt_values /usr/lib/python3/dist-packages/oslo_config/cfg.py:2609
2025-11-27 00:42:02.857 138081 DEBUG oslo_service.service [req-07f85804-9364-40c9-b6eb-ee2f04c2eb1e - - - - -] cinder.debug = False log_opt_values /usr/lib/python3/dist-packages/oslo_config/cfg.py:2609
2025-11-27 00:42:02.858 138081 DEBUG oslo_service.service [req-07f85804-9364-40c9-b6eb-ee2f04c2eb1e - - - - -] cinder.endpoint_template = None log_opt_values /usr/lib/python3/dist-packages/oslo_config/cfg.py:2609
2025-11-27 00:42:02.858 139240 DEBUG oslo_concurrency.lockutils [req-05c61da5-d2f2-44a0-8fb3-51e2ba2594c5 - - - - -] Lock "58aee3da-dd4d-4dd2-9e4c-56f084910ce1" acquired by "nova.context.set_target_cell..get_or_set_cached_cell_and_set_connections" :: waited 0.000s inner /usr/lib/python3/dist-packages/oslo_concurrency/lockutils.py:386
2025-11-27 00:42:02.858 138081 DEBUG oslo_service.service [req-07f85804-9364-40c9-b6eb-ee2f04c2eb1e - - - - -] cinder.http_retries = 3 log_opt_values /usr/lib/python3/dist-packages/oslo_config/cfg.py:2609
2025-11-27 00:42:02.858 138081 DEBUG oslo_service.service [req-07f85804-9364-40c9-b6eb-ee2f04c2eb1e - - - - -] cinder.insecure = False log_opt_values /usr/lib/python3/dist-packages/oslo_config/cfg.py:2609
2025-11-27 00:42:02.858 138081 DEBUG oslo_service.service [req-07f85804-9364-40c9-b6eb-ee2f04c2eb1e - - - - -] cinder.keyfile = None log_opt_values /usr/lib/python3/dist-packages/oslo_config/cfg.py:2609
2025-11-27 00:42:02.859 138081 DEBUG oslo_service.service [req-07f85804-9364-40c9-b6eb-ee2f04c2eb1e - - - - -] cinder.os_region_name = None log_opt_values /usr/lib/python3/dist-packages/oslo_config/cfg.py:2609
2025-11-27 00:42:02.859 138081 DEBUG oslo_service.service [req-07f85804-9364-40c9-b6eb-ee2f04c2eb1e - - - - -] cinder.split_loggers = False log_opt_values /usr/lib/python3/dist-packages/oslo_config/cfg.py:2609
2025-11-27 00:42:02.859 138081 DEBUG oslo_service.service [req-07f85804-9364-40c9-b6eb-ee2f04c2eb1e - - - - -] cinder.timeout = None log_opt_values /usr/lib/python3/dist-packages/oslo_config/cfg.py:2609
2025-11-27 00:42:02.859 138081 DEBUG oslo_service.service [req-07f85804-9364-40c9-b6eb-ee2f04c2eb1e - - - - -] compute.consecutive_build_service_disable_threshold = 10 log_opt_values /usr/lib/python3/dist-packages/oslo_config/cfg.py:2609
2025-11-27 00:42:02.859 138081 DEBUG oslo_service.service [req-07f85804-9364-40c9-b6eb-ee2f04c2eb1e - - - - -] compute.cpu_dedicated_set = None log_opt_values /usr/lib/python3/dist-packages/oslo_config/cfg.py:2609
2025-11-27 00:42:02.859 138081 DEBUG oslo_service.service [req-07f85804-9364-40c9-b6eb-ee2f04c2eb1e - - - - -] compute.cpu_shared_set = None log_opt_values /usr/lib/python3/dist-packages/oslo_config/cfg.py:2609
2025-11-27 00:42:02.860 138081 DEBUG oslo_service.service [req-07f85804-9364-40c9-b6eb-ee2f04c2eb1e - - - - -] compute.image_type_exclude_list = [] log_opt_values /usr/lib/python3/dist-packages/oslo_config/cfg.py:2609
2025-11-27 00:42:02.860 139240 DEBUG oslo_concurrency.lockutils [req-05c61da5-d2f2-44a0-8fb3-51e2ba2594c5 - - - - -] Lock "58aee3da-dd4d-4dd2-9e4c-56f084910ce1" "released" by "nova.context.set_target_cell..get_or_set_cached_cell_and_set_connections" :: held 0.002s inner /usr/lib/python3/dist-packages/oslo_concurrency/lockutils.py:400
2025-11-27 00:42:02.860 138081 DEBUG oslo_service.service [req-07f85804-9364-40c9-b6eb-ee2f04c2eb1e - - - - -] compute.live_migration_wait_for_vif_plug = True log_opt_values /usr/lib/python3/dist-packages/oslo_config/cfg.py:2609
2025-11-27 00:42:02.860 138081 DEBUG oslo_service.service [req-07f85804-9364-40c9-b6eb-ee2f04c2eb1e - - - - -] compute.max_concurrent_disk_ops = 0 log_opt_values /usr/lib/python3/dist-packages/oslo_config/cfg.py:2609
2025-11-27 00:42:02.860 138081 DEBUG oslo_service.service [req-07f85804-9364-40c9-b6eb-ee2f04c2eb1e - - - - -] compute.max_disk_devices_to_attach = -1 log_opt_values /usr/lib/python3/dist-packages/oslo_config/cfg.py:2609
2025-11-27 00:42:02.861 138081 DEBUG oslo_service.service [req-07f85804-9364-40c9-b6eb-ee2f04c2eb1e - - - - -] compute.packing_host_numa_cells_allocation_strategy = True log_opt_values /usr/lib/python3/dist-packages/oslo_config/cfg.py:2609
2025-11-27 00:42:02.861 138081 DEBUG oslo_service.service [req-07f85804-9364-40c9-b6eb-ee2f04c2eb1e - - - - -] compute.provider_config_location = /etc/nova/provider_config/ log_opt_values /usr/lib/python3/dist-packages/oslo_config/cfg.py:2609
2025-11-27 00:42:02.861 138081 DEBUG oslo_service.service [req-07f85804-9364-40c9-b6eb-ee2f04c2eb1e - - - - -] compute.resource_provider_association_refresh = 300 log_opt_values /usr/lib/python3/dist-packages/oslo_config/cfg.py:2609
2025-11-27 00:42:02.861 138081 DEBUG oslo_service.service [req-07f85804-9364-40c9-b6eb-ee2f04c2eb1e - - - - -] compute.shutdown_retry_interval = 10 log_opt_values /usr/lib/python3/dist-packages/oslo_config/cfg.py:2609
2025-11-27 00:42:02.861 138081 DEBUG oslo_service.service [req-07f85804-9364-40c9-b6eb-ee2f04c2eb1e - - - - -] compute.vmdk_allowed_types = ['streamOptimized', 'monolithicSparse'] log_opt_values /usr/lib/python3/dist-packages/oslo_config/cfg.py:2609
2025-11-27 00:42:02.862 138081 DEBUG oslo_service.service [req-07f85804-9364-40c9-b6eb-ee2f04c2eb1e - - - - -] conductor.workers = 4 log_opt_values /usr/lib/python3/dist-packages/oslo_config/cfg.py:2609
2025-11-27 00:42:02.862 138081 DEBUG oslo_service.service [req-07f85804-9364-40c9-b6eb-ee2f04c2eb1e - - - - -] console.allowed_origins = [] log_opt_values /usr/lib/python3/dist-packages/oslo_config/cfg.py:2609
2025-11-27 00:42:02.862 138081 DEBUG oslo_service.service [req-07f85804-9364-40c9-b6eb-ee2f04c2eb1e - - - - -] console.ssl_ciphers = None log_opt_values /usr/lib/python3/dist-packages/oslo_config/cfg.py:2609
2025-11-27 00:42:02.862 138081 DEBUG oslo_service.service [req-07f85804-9364-40c9-b6eb-ee2f04c2eb1e - - - - -] console.ssl_minimum_version = default log_opt_values /usr/lib/python3/dist-packages/oslo_config/cfg.py:2609
2025-11-27 00:42:02.862 138081 DEBUG oslo_service.service [req-07f85804-9364-40c9-b6eb-ee2f04c2eb1e - - - - -] consoleauth.token_ttl = 600 log_opt_values /usr/lib/python3/dist-packages/oslo_config/cfg.py:2609
2025-11-27 00:42:02.863 138081 DEBUG oslo_service.service [req-07f85804-9364-40c9-b6eb-ee2f04c2eb1e - - - - -] cyborg.cafile = None log_opt_values /usr/lib/python3/dist-packages/oslo_config/cfg.py:2609
2025-11-27 00:42:02.863 138081 DEBUG oslo_service.service [req-07f85804-9364-40c9-b6eb-ee2f04c2eb1e - - - - -] cyborg.certfile = None log_opt_values /usr/lib/python3/dist-packages/oslo_config/cfg.py:2609
2025-11-27 00:42:02.863 138081 DEBUG oslo_service.service [req-07f85804-9364-40c9-b6eb-ee2f04c2eb1e - - - - -] cyborg.collect_timing = False log_opt_values /usr/lib/python3/dist-packages/oslo_config/cfg.py:2609
2025-11-27 00:42:02.863 138081 DEBUG oslo_service.service [req-07f85804-9364-40c9-b6eb-ee2f04c2eb1e - - - - -] cyborg.connect_retries = None log_opt_values /usr/lib/python3/dist-packages/oslo_config/cfg.py:2609
2025-11-27 00:42:02.863 138081 DEBUG oslo_service.service [req-07f85804-9364-40c9-b6eb-ee2f04c2eb1e - - - - -] cyborg.connect_retry_delay = None log_opt_values /usr/lib/python3/dist-packages/oslo_config/cfg.py:2609
2025-11-27 00:42:02.863 138081 DEBUG oslo_service.service [req-07f85804-9364-40c9-b6eb-ee2f04c2eb1e - - - - -] cyborg.endpoint_override = None log_opt_values /usr/lib/python3/dist-packages/oslo_config/cfg.py:2609
2025-11-27 00:42:02.864 138081 DEBUG oslo_service.service [req-07f85804-9364-40c9-b6eb-ee2f04c2eb1e - - - - -] cyborg.insecure = False log_opt_values /usr/lib/python3/dist-packages/oslo_config/cfg.py:2609
2025-11-27 00:42:02.864 138081 DEBUG oslo_service.service [req-07f85804-9364-40c9-b6eb-ee2f04c2eb1e - - - - -] cyborg.keyfile = None log_opt_values /usr/lib/python3/dist-packages/oslo_config/cfg.py:2609
2025-11-27 00:42:02.864 138081 DEBUG oslo_service.service [req-07f85804-9364-40c9-b6eb-ee2f04c2eb1e - - - - -] cyborg.max_version = None log_opt_values /usr/lib/python3/dist-packages/oslo_config/cfg.py:2609
2025-11-27 00:42:02.864 138081 DEBUG oslo_service.service [req-07f85804-9364-40c9-b6eb-ee2f04c2eb1e - - - - -] cyborg.min_version = None log_opt_values /usr/lib/python3/dist-packages/oslo_config/cfg.py:2609
2025-11-27 00:42:02.864 138081 DEBUG oslo_service.service [req-07f85804-9364-40c9-b6eb-ee2f04c2eb1e - - - - -] cyborg.region_name = None log_opt_values /usr/lib/python3/dist-packages/oslo_config/cfg.py:2609
2025-11-27 00:42:02.865 138081 DEBUG oslo_service.service [req-07f85804-9364-40c9-b6eb-ee2f04c2eb1e - - - - -] cyborg.service_name = None log_opt_values /usr/lib/python3/dist-packages/oslo_config/cfg.py:2609
2025-11-27 00:42:02.865 138081 DEBUG oslo_service.service [req-07f85804-9364-40c9-b6eb-ee2f04c2eb1e - - - - -] cyborg.service_type = accelerator log_opt_values /usr/lib/python3/dist-packages/oslo_config/cfg.py:2609
2025-11-27 00:42:02.865 138081 DEBUG oslo_service.service [req-07f85804-9364-40c9-b6eb-ee2f04c2eb1e - - - - -] cyborg.split_loggers = False log_opt_values /usr/lib/python3/dist-packages/oslo_config/cfg.py:2609
2025-11-27 00:42:02.865 139240 DEBUG oslo_db.sqlalchemy.engines [req-05c61da5-d2f2-44a0-8fb3-51e2ba2594c5 - - - - -] MySQL server mode set to STRICT_TRANS_TABLES,STRICT_ALL_TABLES,NO_ZERO_IN_DATE,NO_ZERO_DATE,ERROR_FOR_DIVISION_BY_ZERO,TRADITIONAL,NO_ENGINE_SUBSTITUTION _check_effective_sql_mode /usr/lib/python3/dist-packages/oslo_db/sqlalchemy/engines.py:314
2025-11-27 00:42:02.865 138081 DEBUG oslo_service.service [req-07f85804-9364-40c9-b6eb-ee2f04c2eb1e - - - - -] cyborg.status_code_retries = None log_opt_values /usr/lib/python3/dist-packages/oslo_config/cfg.py:2609
2025-11-27 00:42:02.865 138081 DEBUG oslo_service.service [req-07f85804-9364-40c9-b6eb-ee2f04c2eb1e - - - - -] cyborg.status_code_retry_delay = None log_opt_values /usr/lib/python3/dist-packages/oslo_config/cfg.py:2609
2025-11-27 00:42:02.865 138081 DEBUG oslo_service.service [req-07f85804-9364-40c9-b6eb-ee2f04c2eb1e - - - - -] cyborg.timeout = None log_opt_values /usr/lib/python3/dist-packages/oslo_config/cfg.py:2609
2025-11-27 00:42:02.866 138081 DEBUG oslo_service.service [req-07f85804-9364-40c9-b6eb-ee2f04c2eb1e - - - - -] cyborg.valid_interfaces = ['internal', 'public'] log_opt_values /usr/lib/python3/dist-packages/oslo_config/cfg.py:2609
2025-11-27 00:42:02.866 138081 DEBUG oslo_service.service [req-07f85804-9364-40c9-b6eb-ee2f04c2eb1e - - - - -] cyborg.version = None log_opt_values /usr/lib/python3/dist-packages/oslo_config/cfg.py:2609
2025-11-27 00:42:02.866 138081 DEBUG oslo_service.service [req-07f85804-9364-40c9-b6eb-ee2f04c2eb1e - - - - -] database.backend = sqlalchemy log_opt_values /usr/lib/python3/dist-packages/oslo_config/cfg.py:2609
2025-11-27 00:42:02.868 138081 DEBUG oslo_service.service [req-07f85804-9364-40c9-b6eb-ee2f04c2eb1e - - - - -] database.connection = **** log_opt_values /usr/lib/python3/dist-packages/oslo_config/cfg.py:2609
2025-11-27 00:42:02.868 138081 DEBUG oslo_service.service [req-07f85804-9364-40c9-b6eb-ee2f04c2eb1e - - - - -] database.connection_debug = 0 log_opt_values /usr/lib/python3/dist-packages/oslo_config/cfg.py:2609
2025-11-27 00:42:02.868 138081 DEBUG oslo_service.service [req-07f85804-9364-40c9-b6eb-ee2f04c2eb1e - - - - -] database.connection_parameters = log_opt_values /usr/lib/python3/dist-packages/oslo_config/cfg.py:2609
2025-11-27 00:42:02.868 138081 DEBUG oslo_service.service [req-07f85804-9364-40c9-b6eb-ee2f04c2eb1e - - - - -] database.connection_recycle_time = 3600 log_opt_values /usr/lib/python3/dist-packages/oslo_config/cfg.py:2609
2025-11-27 00:42:02.868 138081 DEBUG oslo_service.service [req-07f85804-9364-40c9-b6eb-ee2f04c2eb1e - - - - -] database.connection_trace = False log_opt_values /usr/lib/python3/dist-packages/oslo_config/cfg.py:2609
2025-11-27 00:42:02.869 138081 DEBUG oslo_service.service [req-07f85804-9364-40c9-b6eb-ee2f04c2eb1e - - - - -] database.db_inc_retry_interval = True log_opt_values /usr/lib/python3/dist-packages/oslo_config/cfg.py:2609
2025-11-27 00:42:02.869 138081 DEBUG oslo_service.service [req-07f85804-9364-40c9-b6eb-ee2f04c2eb1e - - - - -] database.db_max_retries = 20 log_opt_values /usr/lib/python3/dist-packages/oslo_config/cfg.py:2609
2025-11-27 00:42:02.869 138081 DEBUG oslo_service.service [req-07f85804-9364-40c9-b6eb-ee2f04c2eb1e - - - - -] database.db_max_retry_interval = 10 log_opt_values /usr/lib/python3/dist-packages/oslo_config/cfg.py:2609
2025-11-27 00:42:02.869 138081 DEBUG oslo_service.service [req-07f85804-9364-40c9-b6eb-ee2f04c2eb1e - - - - -] database.db_retry_interval = 1 log_opt_values /usr/lib/python3/dist-packages/oslo_config/cfg.py:2609
2025-11-27 00:42:02.869 138081 DEBUG oslo_service.service [req-07f85804-9364-40c9-b6eb-ee2f04c2eb1e - - - - -] database.max_overflow = 50 log_opt_values /usr/lib/python3/dist-packages/oslo_config/cfg.py:2609
2025-11-27 00:42:02.870 138081 DEBUG oslo_service.service [req-07f85804-9364-40c9-b6eb-ee2f04c2eb1e - - - - -] database.max_pool_size = 4 log_opt_values /usr/lib/python3/dist-packages/oslo_config/cfg.py:2609
2025-11-27 00:42:02.870 138081 DEBUG oslo_service.service [req-07f85804-9364-40c9-b6eb-ee2f04c2eb1e - - - - -] database.max_retries = 10 log_opt_values /usr/lib/python3/dist-packages/oslo_config/cfg.py:2609
2025-11-27 00:42:02.870 138081 DEBUG oslo_service.service [req-07f85804-9364-40c9-b6eb-ee2f04c2eb1e - - - - -] database.mysql_enable_ndb = False log_opt_values /usr/lib/python3/dist-packages/oslo_config/cfg.py:2609
2025-11-27 00:42:02.870 138081 DEBUG oslo_service.service [req-07f85804-9364-40c9-b6eb-ee2f04c2eb1e - - - - -] database.mysql_sql_mode = TRADITIONAL log_opt_values /usr/lib/python3/dist-packages/oslo_config/cfg.py:2609
2025-11-27 00:42:02.870 138081 DEBUG oslo_service.service [req-07f85804-9364-40c9-b6eb-ee2f04c2eb1e - - - - -] database.pool_timeout = None log_opt_values /usr/lib/python3/dist-packages/oslo_config/cfg.py:2609
2025-11-27 00:42:02.871 138081 DEBUG oslo_service.service [req-07f85804-9364-40c9-b6eb-ee2f04c2eb1e - - - - -] database.retry_interval = 10 log_opt_values /usr/lib/python3/dist-packages/oslo_config/cfg.py:2609
2025-11-27 00:42:02.871 138081 DEBUG oslo_service.service [req-07f85804-9364-40c9-b6eb-ee2f04c2eb1e - - - - -] database.slave_connection = **** log_opt_values /usr/lib/python3/dist-packages/oslo_config/cfg.py:2609
2025-11-27 00:42:02.871 138081 DEBUG oslo_service.service [req-07f85804-9364-40c9-b6eb-ee2f04c2eb1e - - - - -] database.sqlite_synchronous = True log_opt_values /usr/lib/python3/dist-packages/oslo_config/cfg.py:2609
2025-11-27 00:42:02.871 138081 DEBUG oslo_service.service [req-07f85804-9364-40c9-b6eb-ee2f04c2eb1e - - - - -] database.use_db_reconnect = False log_opt_values /usr/lib/python3/dist-packages/oslo_config/cfg.py:2609
2025-11-27 00:42:02.871 138081 DEBUG oslo_service.service [req-07f85804-9364-40c9-b6eb-ee2f04c2eb1e - - - - -] api_database.backend = sqlalchemy log_opt_values /usr/lib/python3/dist-packages/oslo_config/cfg.py:2609
2025-11-27 00:42:02.872 138081 DEBUG oslo_service.service [req-07f85804-9364-40c9-b6eb-ee2f04c2eb1e - - - - -] api_database.connection = **** log_opt_values /usr/lib/python3/dist-packages/oslo_config/cfg.py:2609
2025-11-27 00:42:02.873 138081 DEBUG oslo_service.service [req-07f85804-9364-40c9-b6eb-ee2f04c2eb1e - - - - -] api_database.connection_debug = 0 log_opt_values /usr/lib/python3/dist-packages/oslo_config/cfg.py:2609
2025-11-27 00:42:02.873 138081 DEBUG oslo_service.service [req-07f85804-9364-40c9-b6eb-ee2f04c2eb1e - - - - -] api_database.connection_parameters = log_opt_values /usr/lib/python3/dist-packages/oslo_config/cfg.py:2609
2025-11-27 00:42:02.874 138081 DEBUG oslo_service.service [req-07f85804-9364-40c9-b6eb-ee2f04c2eb1e - - - - -] api_database.connection_recycle_time = 3600 log_opt_values /usr/lib/python3/dist-packages/oslo_config/cfg.py:2609
2025-11-27 00:42:02.874 138081 DEBUG oslo_service.service [req-07f85804-9364-40c9-b6eb-ee2f04c2eb1e - - - - -] api_database.connection_trace = False log_opt_values /usr/lib/python3/dist-packages/oslo_config/cfg.py:2609
2025-11-27 00:42:02.874 138081 DEBUG oslo_service.service [req-07f85804-9364-40c9-b6eb-ee2f04c2eb1e - - - - -] api_database.db_inc_retry_interval = True log_opt_values /usr/lib/python3/dist-packages/oslo_config/cfg.py:2609
2025-11-27 00:42:02.874 138081 DEBUG oslo_service.service [req-07f85804-9364-40c9-b6eb-ee2f04c2eb1e - - - - -] api_database.db_max_retries = 20 log_opt_values /usr/lib/python3/dist-packages/oslo_config/cfg.py:2609
2025-11-27 00:42:02.875 138081 DEBUG oslo_service.service [req-07f85804-9364-40c9-b6eb-ee2f04c2eb1e - - - - -] api_database.db_max_retry_interval = 10 log_opt_values /usr/lib/python3/dist-packages/oslo_config/cfg.py:2609
2025-11-27 00:42:02.875 138081 DEBUG oslo_service.service [req-07f85804-9364-40c9-b6eb-ee2f04c2eb1e - - - - -] api_database.db_retry_interval = 1 log_opt_values /usr/lib/python3/dist-packages/oslo_config/cfg.py:2609
2025-11-27 00:42:02.875 138081 DEBUG oslo_service.service [req-07f85804-9364-40c9-b6eb-ee2f04c2eb1e - - - - -] api_database.max_overflow = 50 log_opt_values /usr/lib/python3/dist-packages/oslo_config/cfg.py:2609
2025-11-27 00:42:02.875 138081 DEBUG oslo_service.service [req-07f85804-9364-40c9-b6eb-ee2f04c2eb1e - - - - -] api_database.max_pool_size = 4 log_opt_values /usr/lib/python3/dist-packages/oslo_config/cfg.py:2609
2025-11-27 00:42:02.875 138081 DEBUG oslo_service.service [req-07f85804-9364-40c9-b6eb-ee2f04c2eb1e - - - - -] api_database.max_retries = 10 log_opt_values /usr/lib/python3/dist-packages/oslo_config/cfg.py:2609
