2025-11-27 00:42:35.898 149806 DEBUG oslo_service.service [req-f4883403-13b2-4b60-aa05-c4690452eb53 - - - - -] cert = self.pem log_opt_values /usr/lib/python3/dist-packages/oslo_config/cfg.py:2602
2025-11-27 00:42:35.901 150249 DEBUG oslo_db.sqlalchemy.engines [req-d5fd92a4-e471-4e8a-bd66-eb4f57dd940f - - - - -] MySQL server mode set to STRICT_TRANS_TABLES,STRICT_ALL_TABLES,NO_ZERO_IN_DATE,NO_ZERO_DATE,ERROR_FOR_DIVISION_BY_ZERO,TRADITIONAL,NO_ENGINE_SUBSTITUTION _check_effective_sql_mode /usr/lib/python3/dist-packages/oslo_db/sqlalchemy/engines.py:314
2025-11-27 00:42:35.899 149806 DEBUG oslo_service.service [req-f4883403-13b2-4b60-aa05-c4690452eb53 - - - - -] compute_driver = libvirt.LibvirtDriver log_opt_values /usr/lib/python3/dist-packages/oslo_config/cfg.py:2602
2025-11-27 00:42:35.903 149806 DEBUG oslo_service.service [req-f4883403-13b2-4b60-aa05-c4690452eb53 - - - - -] compute_monitors = [] log_opt_values /usr/lib/python3/dist-packages/oslo_config/cfg.py:2602
2025-11-27 00:42:35.903 149806 DEBUG oslo_service.service [req-f4883403-13b2-4b60-aa05-c4690452eb53 - - - - -] config_dir = [] log_opt_values /usr/lib/python3/dist-packages/oslo_config/cfg.py:2602
2025-11-27 00:42:35.904 149806 DEBUG oslo_service.service [req-f4883403-13b2-4b60-aa05-c4690452eb53 - - - - -] config_drive_format = iso9660 log_opt_values /usr/lib/python3/dist-packages/oslo_config/cfg.py:2602
2025-11-27 00:42:35.906 149806 DEBUG oslo_service.service [req-f4883403-13b2-4b60-aa05-c4690452eb53 - - - - -] config_file = ['/etc/nova/nova.conf'] log_opt_values /usr/lib/python3/dist-packages/oslo_config/cfg.py:2602
2025-11-27 00:42:35.907 149806 DEBUG oslo_service.service [req-f4883403-13b2-4b60-aa05-c4690452eb53 - - - - -] config_source = [] log_opt_values /usr/lib/python3/dist-packages/oslo_config/cfg.py:2602
2025-11-27 00:42:35.908 149806 DEBUG oslo_service.service [req-f4883403-13b2-4b60-aa05-c4690452eb53 - - - - -] console_host = juju-8e3bce-0-lxd-7 log_opt_values /usr/lib/python3/dist-packages/oslo_config/cfg.py:2602
2025-11-27 00:42:35.908 149806 DEBUG oslo_service.service [req-f4883403-13b2-4b60-aa05-c4690452eb53 - - - - -] control_exchange = nova log_opt_values /usr/lib/python3/dist-packages/oslo_config/cfg.py:2602
2025-11-27 00:42:35.909 149806 DEBUG oslo_service.service [req-f4883403-13b2-4b60-aa05-c4690452eb53 - - - - -] cpu_allocation_ratio = 2.0 log_opt_values /usr/lib/python3/dist-packages/oslo_config/cfg.py:2602
2025-11-27 00:42:35.909 149806 DEBUG oslo_service.service [req-f4883403-13b2-4b60-aa05-c4690452eb53 - - - - -] daemon = False log_opt_values /usr/lib/python3/dist-packages/oslo_config/cfg.py:2602
2025-11-27 00:42:35.909 149806 DEBUG oslo_service.service [req-f4883403-13b2-4b60-aa05-c4690452eb53 - - - - -] debug = True log_opt_values /usr/lib/python3/dist-packages/oslo_config/cfg.py:2602
2025-11-27 00:42:35.910 149806 DEBUG oslo_service.service [req-f4883403-13b2-4b60-aa05-c4690452eb53 - - - - -] default_access_ip_network_name = None log_opt_values /usr/lib/python3/dist-packages/oslo_config/cfg.py:2602
2025-11-27 00:42:35.910 149806 DEBUG oslo_service.service [req-f4883403-13b2-4b60-aa05-c4690452eb53 - - - - -] default_availability_zone = nova log_opt_values /usr/lib/python3/dist-packages/oslo_config/cfg.py:2602
2025-11-27 00:42:35.910 149806 DEBUG oslo_service.service [req-f4883403-13b2-4b60-aa05-c4690452eb53 - - - - -] default_ephemeral_format = None log_opt_values /usr/lib/python3/dist-packages/oslo_config/cfg.py:2602
2025-11-27 00:42:35.910 149806 DEBUG oslo_service.service [req-f4883403-13b2-4b60-aa05-c4690452eb53 - - - - -] default_log_levels = ['amqp=WARN', 'amqplib=WARN', 'boto=WARN', 'qpid=WARN', 'sqlalchemy=WARN', 'suds=INFO', 'oslo.messaging=INFO', 'oslo_messaging=DEBUG', 'iso8601=WARN', 'requests.packages.urllib3.connectionpool=WARN', 'urllib3.connectionpool=WARN', 'websocket=WARN', 'requests.packages.urllib3.util.retry=WARN', 'urllib3.util.retry=WARN', 'keystonemiddleware=WARN', 'routes.middleware=WARN', 'stevedore=WARN', 'taskflow=WARN', 'keystoneauth=WARN', 'oslo.cache=INFO', 'dogpile.core.dogpile=INFO', 'glanceclient=WARN', 'oslo.privsep.daemon=INFO'] log_opt_values /usr/lib/python3/dist-packages/oslo_config/cfg.py:2602
2025-11-27 00:42:35.911 149806 DEBUG oslo_service.service [req-f4883403-13b2-4b60-aa05-c4690452eb53 - - - - -] default_schedule_zone = None log_opt_values /usr/lib/python3/dist-packages/oslo_config/cfg.py:2602
2025-11-27 00:42:35.911 149806 DEBUG oslo_service.service [req-f4883403-13b2-4b60-aa05-c4690452eb53 - - - - -] disk_allocation_ratio = 1.0 log_opt_values /usr/lib/python3/dist-packages/oslo_config/cfg.py:2602
2025-11-27 00:42:35.912 149806 DEBUG oslo_service.service [req-f4883403-13b2-4b60-aa05-c4690452eb53 - - - - -] enable_new_services = True log_opt_values /usr/lib/python3/dist-packages/oslo_config/cfg.py:2602
2025-11-27 00:42:35.912 149806 DEBUG oslo_service.service [req-f4883403-13b2-4b60-aa05-c4690452eb53 - - - - -] enabled_apis = ['osapi_compute', 'metadata'] log_opt_values /usr/lib/python3/dist-packages/oslo_config/cfg.py:2602
2025-11-27 00:42:35.912 149806 DEBUG oslo_service.service [req-f4883403-13b2-4b60-aa05-c4690452eb53 - - - - -] enabled_ssl_apis = [] log_opt_values /usr/lib/python3/dist-packages/oslo_config/cfg.py:2602
2025-11-27 00:42:35.912 149806 DEBUG oslo_service.service [req-f4883403-13b2-4b60-aa05-c4690452eb53 - - - - -] fatal_deprecations = False log_opt_values /usr/lib/python3/dist-packages/oslo_config/cfg.py:2602
2025-11-27 00:42:35.913 149806 DEBUG oslo_service.service [req-f4883403-13b2-4b60-aa05-c4690452eb53 - - - - -] flat_injected = False log_opt_values /usr/lib/python3/dist-packages/oslo_config/cfg.py:2602
2025-11-27 00:42:35.913 149806 DEBUG oslo_service.service [req-f4883403-13b2-4b60-aa05-c4690452eb53 - - - - -] force_config_drive = False log_opt_values /usr/lib/python3/dist-packages/oslo_config/cfg.py:2602
2025-11-27 00:42:35.913 150248 DEBUG nova.service [req-f700940c-d194-485a-81b9-6a478275ae25 - - - - -] Creating RPC server for service scheduler start /usr/lib/python3/dist-packages/nova/service.py:182
2025-11-27 00:42:35.913 149806 DEBUG oslo_service.service [req-f4883403-13b2-4b60-aa05-c4690452eb53 - - - - -] force_raw_images = True log_opt_values /usr/lib/python3/dist-packages/oslo_config/cfg.py:2602
2025-11-27 00:42:35.913 149806 DEBUG oslo_service.service [req-f4883403-13b2-4b60-aa05-c4690452eb53 - - - - -] graceful_shutdown_timeout = 60 log_opt_values /usr/lib/python3/dist-packages/oslo_config/cfg.py:2602
2025-11-27 00:42:35.913 149806 DEBUG oslo_service.service [req-f4883403-13b2-4b60-aa05-c4690452eb53 - - - - -] heal_instance_info_cache_interval = 60 log_opt_values /usr/lib/python3/dist-packages/oslo_config/cfg.py:2602
2025-11-27 00:42:35.914 150246 DEBUG oslo_db.sqlalchemy.engines [req-a8da9493-08b5-4ac6-81f9-490bb488abfb - - - - -] MySQL server mode set to STRICT_TRANS_TABLES,STRICT_ALL_TABLES,NO_ZERO_IN_DATE,NO_ZERO_DATE,ERROR_FOR_DIVISION_BY_ZERO,TRADITIONAL,NO_ENGINE_SUBSTITUTION _check_effective_sql_mode /usr/lib/python3/dist-packages/oslo_db/sqlalchemy/engines.py:314
2025-11-27 00:42:35.916 149806 DEBUG oslo_service.service [req-f4883403-13b2-4b60-aa05-c4690452eb53 - - - - -] host = juju-8e3bce-0-lxd-7 log_opt_values /usr/lib/python3/dist-packages/oslo_config/cfg.py:2602
2025-11-27 00:42:35.916 149806 DEBUG oslo_service.service [req-f4883403-13b2-4b60-aa05-c4690452eb53 - - - - -] initial_cpu_allocation_ratio = 16.0 log_opt_values /usr/lib/python3/dist-packages/oslo_config/cfg.py:2602
2025-11-27 00:42:35.916 149806 DEBUG oslo_service.service [req-f4883403-13b2-4b60-aa05-c4690452eb53 - - - - -] initial_disk_allocation_ratio = 1.0 log_opt_values /usr/lib/python3/dist-packages/oslo_config/cfg.py:2602
2025-11-27 00:42:35.916 149806 DEBUG oslo_service.service [req-f4883403-13b2-4b60-aa05-c4690452eb53 - - - - -] initial_ram_allocation_ratio = 1.5 log_opt_values /usr/lib/python3/dist-packages/oslo_config/cfg.py:2602
2025-11-27 00:42:35.918 150249 DEBUG nova.service [req-d5fd92a4-e471-4e8a-bd66-eb4f57dd940f - - - - -] Creating RPC server for service scheduler start /usr/lib/python3/dist-packages/nova/service.py:182
2025-11-27 00:42:35.918 149806 DEBUG oslo_service.service [req-f4883403-13b2-4b60-aa05-c4690452eb53 - - - - -] injected_network_template = /usr/lib/python3/dist-packages/nova/virt/interfaces.template log_opt_values /usr/lib/python3/dist-packages/oslo_config/cfg.py:2602
2025-11-27 00:42:35.918 149806 DEBUG oslo_service.service [req-f4883403-13b2-4b60-aa05-c4690452eb53 - - - - -] instance_build_timeout = 0 log_opt_values /usr/lib/python3/dist-packages/oslo_config/cfg.py:2602
2025-11-27 00:42:35.918 149806 DEBUG oslo_service.service [req-f4883403-13b2-4b60-aa05-c4690452eb53 - - - - -] instance_delete_interval = 300 log_opt_values /usr/lib/python3/dist-packages/oslo_config/cfg.py:2602
2025-11-27 00:42:35.918 149806 DEBUG oslo_service.service [req-f4883403-13b2-4b60-aa05-c4690452eb53 - - - - -] instance_format = [instance: %(uuid)s] log_opt_values /usr/lib/python3/dist-packages/oslo_config/cfg.py:2602
2025-11-27 00:42:35.919 149806 DEBUG oslo_service.service [req-f4883403-13b2-4b60-aa05-c4690452eb53 - - - - -] instance_name_template = instance-%08x log_opt_values /usr/lib/python3/dist-packages/oslo_config/cfg.py:2602
2025-11-27 00:42:35.919 149806 DEBUG oslo_service.service [req-f4883403-13b2-4b60-aa05-c4690452eb53 - - - - -] instance_usage_audit = False log_opt_values /usr/lib/python3/dist-packages/oslo_config/cfg.py:2602
2025-11-27 00:42:35.919 149806 DEBUG oslo_service.service [req-f4883403-13b2-4b60-aa05-c4690452eb53 - - - - -] instance_usage_audit_period = month log_opt_values /usr/lib/python3/dist-packages/oslo_config/cfg.py:2602
2025-11-27 00:42:35.920 149806 DEBUG oslo_service.service [req-f4883403-13b2-4b60-aa05-c4690452eb53 - - - - -] instance_uuid_format = [instance: %(uuid)s] log_opt_values /usr/lib/python3/dist-packages/oslo_config/cfg.py:2602
2025-11-27 00:42:35.920 149806 DEBUG oslo_service.service [req-f4883403-13b2-4b60-aa05-c4690452eb53 - - - - -] instances_path = /var/lib/nova/instances log_opt_values /usr/lib/python3/dist-packages/oslo_config/cfg.py:2602
2025-11-27 00:42:35.920 149806 DEBUG oslo_service.service [req-f4883403-13b2-4b60-aa05-c4690452eb53 - - - - -] internal_service_availability_zone = internal log_opt_values /usr/lib/python3/dist-packages/oslo_config/cfg.py:2602
2025-11-27 00:42:35.920 149806 DEBUG oslo_service.service [req-f4883403-13b2-4b60-aa05-c4690452eb53 - - - - -] key = None log_opt_values /usr/lib/python3/dist-packages/oslo_config/cfg.py:2602
2025-11-27 00:42:35.921 149806 DEBUG oslo_service.service [req-f4883403-13b2-4b60-aa05-c4690452eb53 - - - - -] live_migration_retry_count = 30 log_opt_values /usr/lib/python3/dist-packages/oslo_config/cfg.py:2602
2025-11-27 00:42:35.921 149806 DEBUG oslo_service.service [req-f4883403-13b2-4b60-aa05-c4690452eb53 - - - - -] log_config_append = None log_opt_values /usr/lib/python3/dist-packages/oslo_config/cfg.py:2602
2025-11-27 00:42:35.923 149806 DEBUG oslo_service.service [req-f4883403-13b2-4b60-aa05-c4690452eb53 - - - - -] log_date_format = %Y-%m-%d %H:%M:%S log_opt_values /usr/lib/python3/dist-packages/oslo_config/cfg.py:2602
2025-11-27 00:42:35.925 149806 DEBUG oslo_service.service [req-f4883403-13b2-4b60-aa05-c4690452eb53 - - - - -] log_dir = /var/log/nova log_opt_values /usr/lib/python3/dist-packages/oslo_config/cfg.py:2602
2025-11-27 00:42:35.926 149806 DEBUG oslo_service.service [req-f4883403-13b2-4b60-aa05-c4690452eb53 - - - - -] log_file = /var/log/nova/nova-scheduler.log log_opt_values /usr/lib/python3/dist-packages/oslo_config/cfg.py:2602
2025-11-27 00:42:35.926 149806 DEBUG oslo_service.service [req-f4883403-13b2-4b60-aa05-c4690452eb53 - - - - -] log_options = True log_opt_values /usr/lib/python3/dist-packages/oslo_config/cfg.py:2602
2025-11-27 00:42:35.926 149806 DEBUG oslo_service.service [req-f4883403-13b2-4b60-aa05-c4690452eb53 - - - - -] log_rotate_interval = 1 log_opt_values /usr/lib/python3/dist-packages/oslo_config/cfg.py:2602
2025-11-27 00:42:35.926 149806 DEBUG oslo_service.service [req-f4883403-13b2-4b60-aa05-c4690452eb53 - - - - -] log_rotate_interval_type = days log_opt_values /usr/lib/python3/dist-packages/oslo_config/cfg.py:2602
2025-11-27 00:42:35.927 149806 DEBUG oslo_service.service [req-f4883403-13b2-4b60-aa05-c4690452eb53 - - - - -] log_rotation_type = none log_opt_values /usr/lib/python3/dist-packages/oslo_config/cfg.py:2602
2025-11-27 00:42:35.927 149806 DEBUG oslo_service.service [req-f4883403-13b2-4b60-aa05-c4690452eb53 - - - - -] logging_context_format_string = %(asctime)s.%(msecs)03d %(process)d %(levelname)s %(name)s [%(request_id)s %(user_identity)s] %(instance)s%(message)s log_opt_values /usr/lib/python3/dist-packages/oslo_config/cfg.py:2602
2025-11-27 00:42:35.927 149806 DEBUG oslo_service.service [req-f4883403-13b2-4b60-aa05-c4690452eb53 - - - - -] logging_debug_format_suffix = %(funcName)s %(pathname)s:%(lineno)d log_opt_values /usr/lib/python3/dist-packages/oslo_config/cfg.py:2602
2025-11-27 00:42:35.932 150247 DEBUG oslo_db.sqlalchemy.engines [req-3b8f31d7-63ae-4b6a-8758-afcb6f3e465a - - - - -] MySQL server mode set to STRICT_TRANS_TABLES,STRICT_ALL_TABLES,NO_ZERO_IN_DATE,NO_ZERO_DATE,ERROR_FOR_DIVISION_BY_ZERO,TRADITIONAL,NO_ENGINE_SUBSTITUTION _check_effective_sql_mode /usr/lib/python3/dist-packages/oslo_db/sqlalchemy/engines.py:314
2025-11-27 00:42:35.935 149806 DEBUG oslo_service.service [req-f4883403-13b2-4b60-aa05-c4690452eb53 - - - - -] logging_default_format_string = %(asctime)s.%(msecs)03d %(process)d %(levelname)s %(name)s [-] %(instance)s%(message)s log_opt_values /usr/lib/python3/dist-packages/oslo_config/cfg.py:2602
2025-11-27 00:42:35.935 149806 DEBUG oslo_service.service [req-f4883403-13b2-4b60-aa05-c4690452eb53 - - - - -] logging_exception_prefix = %(asctime)s.%(msecs)03d %(process)d ERROR %(name)s %(instance)s log_opt_values /usr/lib/python3/dist-packages/oslo_config/cfg.py:2602
2025-11-27 00:42:35.936 149806 DEBUG oslo_service.service [req-f4883403-13b2-4b60-aa05-c4690452eb53 - - - - -] logging_user_identity_format = %(user)s %(project)s %(domain)s %(user_domain)s %(project_domain)s log_opt_values /usr/lib/python3/dist-packages/oslo_config/cfg.py:2602
2025-11-27 00:42:35.936 149806 DEBUG oslo_service.service [req-f4883403-13b2-4b60-aa05-c4690452eb53 - - - - -] long_rpc_timeout = 1800 log_opt_values /usr/lib/python3/dist-packages/oslo_config/cfg.py:2602
2025-11-27 00:42:35.936 149806 DEBUG oslo_service.service [req-f4883403-13b2-4b60-aa05-c4690452eb53 - - - - -] max_concurrent_builds = 10 log_opt_values /usr/lib/python3/dist-packages/oslo_config/cfg.py:2602
2025-11-27 00:42:35.938 149806 DEBUG oslo_service.service [req-f4883403-13b2-4b60-aa05-c4690452eb53 - - - - -] max_concurrent_live_migrations = 1 log_opt_values /usr/lib/python3/dist-packages/oslo_config/cfg.py:2602
2025-11-27 00:42:35.939 150248 DEBUG oslo_messaging._drivers.amqpdriver [-] Listener is running poll /usr/lib/python3/dist-packages/oslo_messaging/_drivers/amqpdriver.py:343
2025-11-27 00:42:35.939 149806 DEBUG oslo_service.service [req-f4883403-13b2-4b60-aa05-c4690452eb53 - - - - -] max_concurrent_snapshots = 5 log_opt_values /usr/lib/python3/dist-packages/oslo_config/cfg.py:2602
2025-11-27 00:42:35.939 150248 DEBUG oslo_messaging._drivers.amqpdriver [-] AMQPListener connection consume poll /usr/lib/python3/dist-packages/oslo_messaging/_drivers/amqpdriver.py:357
2025-11-27 00:42:35.939 149806 DEBUG oslo_service.service [req-f4883403-13b2-4b60-aa05-c4690452eb53 - - - - -] max_local_block_devices = 3 log_opt_values /usr/lib/python3/dist-packages/oslo_config/cfg.py:2602
2025-11-27 00:42:35.940 149806 DEBUG oslo_service.service [req-f4883403-13b2-4b60-aa05-c4690452eb53 - - - - -] max_logfile_count = 30 log_opt_values /usr/lib/python3/dist-packages/oslo_config/cfg.py:2602
2025-11-27 00:42:35.940 149806 DEBUG oslo_service.service [req-f4883403-13b2-4b60-aa05-c4690452eb53 - - - - -] max_logfile_size_mb = 200 log_opt_values /usr/lib/python3/dist-packages/oslo_config/cfg.py:2602
2025-11-27 00:42:35.940 149806 DEBUG oslo_service.service [req-f4883403-13b2-4b60-aa05-c4690452eb53 - - - - -] maximum_instance_delete_attempts = 5 log_opt_values /usr/lib/python3/dist-packages/oslo_config/cfg.py:2602
2025-11-27 00:42:35.940 150248 DEBUG nova.service [req-f700940c-d194-485a-81b9-6a478275ae25 - - - - -] Join ServiceGroup membership for this service scheduler start /usr/lib/python3/dist-packages/nova/service.py:199
2025-11-27 00:42:35.941 150248 DEBUG nova.servicegroup.drivers.db [req-f700940c-d194-485a-81b9-6a478275ae25 - - - - -] DB_Driver: join new ServiceGroup member juju-8e3bce-0-lxd-7 to the scheduler group, service = join /usr/lib/python3/dist-packages/nova/servicegroup/drivers/db.py:44
2025-11-27 00:42:35.941 150249 DEBUG oslo_messaging._drivers.amqpdriver [-] Listener is running poll /usr/lib/python3/dist-packages/oslo_messaging/_drivers/amqpdriver.py:343
2025-11-27 00:42:35.941 150249 DEBUG oslo_messaging._drivers.amqpdriver [-] AMQPListener connection consume poll /usr/lib/python3/dist-packages/oslo_messaging/_drivers/amqpdriver.py:357
2025-11-27 00:42:35.940 149806 DEBUG oslo_service.service [req-f4883403-13b2-4b60-aa05-c4690452eb53 - - - - -] metadata_listen = 0.0.0.0 log_opt_values /usr/lib/python3/dist-packages/oslo_config/cfg.py:2602
2025-11-27 00:42:35.942 150249 DEBUG nova.service [req-d5fd92a4-e471-4e8a-bd66-eb4f57dd940f - - - - -] Join ServiceGroup membership for this service scheduler start /usr/lib/python3/dist-packages/nova/service.py:199
2025-11-27 00:42:35.943 149806 DEBUG oslo_service.service [req-f4883403-13b2-4b60-aa05-c4690452eb53 - - - - -] metadata_listen_port = 8765 log_opt_values /usr/lib/python3/dist-packages/oslo_config/cfg.py:2602
2025-11-27 00:42:35.943 150249 DEBUG nova.servicegroup.drivers.db [req-d5fd92a4-e471-4e8a-bd66-eb4f57dd940f - - - - -] DB_Driver: join new ServiceGroup member juju-8e3bce-0-lxd-7 to the scheduler group, service = join /usr/lib/python3/dist-packages/nova/servicegroup/drivers/db.py:44
2025-11-27 00:42:35.943 149806 DEBUG oslo_service.service [req-f4883403-13b2-4b60-aa05-c4690452eb53 - - - - -] metadata_workers = None log_opt_values /usr/lib/python3/dist-packages/oslo_config/cfg.py:2602
2025-11-27 00:42:35.943 149806 DEBUG oslo_service.service [req-f4883403-13b2-4b60-aa05-c4690452eb53 - - - - -] migrate_max_retries = -1 log_opt_values /usr/lib/python3/dist-packages/oslo_config/cfg.py:2602
2025-11-27 00:42:35.943 150248 DEBUG oslo_messaging._drivers.amqpdriver [-] AMQPListener connection timeout poll /usr/lib/python3/dist-packages/oslo_messaging/_drivers/amqpdriver.py:360
2025-11-27 00:42:35.944 150248 DEBUG oslo_messaging._drivers.amqpdriver [-] Listener is running poll /usr/lib/python3/dist-packages/oslo_messaging/_drivers/amqpdriver.py:343
2025-11-27 00:42:35.944 150248 DEBUG oslo_messaging._drivers.amqpdriver [-] AMQPListener connection consume poll /usr/lib/python3/dist-packages/oslo_messaging/_drivers/amqpdriver.py:357
2025-11-27 00:42:35.943 149806 DEBUG oslo_service.service [req-f4883403-13b2-4b60-aa05-c4690452eb53 - - - - -] mkisofs_cmd = genisoimage log_opt_values /usr/lib/python3/dist-packages/oslo_config/cfg.py:2602
2025-11-27 00:42:35.945 150249 DEBUG oslo_messaging._drivers.amqpdriver [-] AMQPListener connection timeout poll /usr/lib/python3/dist-packages/oslo_messaging/_drivers/amqpdriver.py:360
2025-11-27 00:42:35.946 150249 DEBUG oslo_messaging._drivers.amqpdriver [-] Listener is running poll /usr/lib/python3/dist-packages/oslo_messaging/_drivers/amqpdriver.py:343
2025-11-27 00:42:35.945 149806 DEBUG oslo_service.service [req-f4883403-13b2-4b60-aa05-c4690452eb53 - - - - -] my_block_storage_ip = 252.241.62.90 log_opt_values /usr/lib/python3/dist-packages/oslo_config/cfg.py:2602
2025-11-27 00:42:35.946 149806 DEBUG oslo_service.service [req-f4883403-13b2-4b60-aa05-c4690452eb53 - - - - -] my_ip = 252.241.62.90 log_opt_values /usr/lib/python3/dist-packages/oslo_config/cfg.py:2602
2025-11-27 00:42:35.946 150249 DEBUG oslo_messaging._drivers.amqpdriver [-] AMQPListener connection consume poll /usr/lib/python3/dist-packages/oslo_messaging/_drivers/amqpdriver.py:357
2025-11-27 00:42:35.946 149806 DEBUG oslo_service.service [req-f4883403-13b2-4b60-aa05-c4690452eb53 - - - - -] network_allocate_retries = 0 log_opt_values /usr/lib/python3/dist-packages/oslo_config/cfg.py:2602
2025-11-27 00:42:35.946 149806 DEBUG oslo_service.service [req-f4883403-13b2-4b60-aa05-c4690452eb53 - - - - -] non_inheritable_image_properties = ['cache_in_nova', 'bittorrent'] log_opt_values /usr/lib/python3/dist-packages/oslo_config/cfg.py:2602
2025-11-27 00:42:35.946 149806 DEBUG oslo_service.service [req-f4883403-13b2-4b60-aa05-c4690452eb53 - - - - -] osapi_compute_listen = 0.0.0.0 log_opt_values /usr/lib/python3/dist-packages/oslo_config/cfg.py:2602
2025-11-27 00:42:35.947 149806 DEBUG oslo_service.service [req-f4883403-13b2-4b60-aa05-c4690452eb53 - - - - -] osapi_compute_listen_port = 8764 log_opt_values /usr/lib/python3/dist-packages/oslo_config/cfg.py:2602
2025-11-27 00:42:35.947 149806 DEBUG oslo_service.service [req-f4883403-13b2-4b60-aa05-c4690452eb53 - - - - -] osapi_compute_unique_server_name_scope = log_opt_values /usr/lib/python3/dist-packages/oslo_config/cfg.py:2602
2025-11-27 00:42:35.947 149806 DEBUG oslo_service.service [req-f4883403-13b2-4b60-aa05-c4690452eb53 - - - - -] osapi_compute_workers = 4 log_opt_values /usr/lib/python3/dist-packages/oslo_config/cfg.py:2602
2025-11-27 00:42:35.947 149806 DEBUG oslo_service.service [req-f4883403-13b2-4b60-aa05-c4690452eb53 - - - - -] password_length = 12 log_opt_values /usr/lib/python3/dist-packages/oslo_config/cfg.py:2602
2025-11-27 00:42:35.948 149806 DEBUG oslo_service.service [req-f4883403-13b2-4b60-aa05-c4690452eb53 - - - - -] periodic_enable = True log_opt_values /usr/lib/python3/dist-packages/oslo_config/cfg.py:2602
2025-11-27 00:42:35.948 149806 DEBUG oslo_service.service [req-f4883403-13b2-4b60-aa05-c4690452eb53 - - - - -] periodic_fuzzy_delay = 60 log_opt_values /usr/lib/python3/dist-packages/oslo_config/cfg.py:2602
2025-11-27 00:42:35.948 149806 DEBUG oslo_service.service [req-f4883403-13b2-4b60-aa05-c4690452eb53 - - - - -] pointer_model = usbtablet log_opt_values /usr/lib/python3/dist-packages/oslo_config/cfg.py:2602
2025-11-27 00:42:35.948 149806 DEBUG oslo_service.service [req-f4883403-13b2-4b60-aa05-c4690452eb53 - - - - -] preallocate_images = none log_opt_values /usr/lib/python3/dist-packages/oslo_config/cfg.py:2602
2025-11-27 00:42:35.948 149806 DEBUG oslo_service.service [req-f4883403-13b2-4b60-aa05-c4690452eb53 - - - - -] publish_errors = False log_opt_values /usr/lib/python3/dist-packages/oslo_config/cfg.py:2602
2025-11-27 00:42:35.949 149806 DEBUG oslo_service.service [req-f4883403-13b2-4b60-aa05-c4690452eb53 - - - - -] pybasedir = /usr/lib/python3/dist-packages log_opt_values /usr/lib/python3/dist-packages/oslo_config/cfg.py:2602
2025-11-27 00:42:35.949 149806 DEBUG oslo_service.service [req-f4883403-13b2-4b60-aa05-c4690452eb53 - - - - -] ram_allocation_ratio = 0.98 log_opt_values /usr/lib/python3/dist-packages/oslo_config/cfg.py:2602
2025-11-27 00:42:35.949 149806 DEBUG oslo_service.service [req-f4883403-13b2-4b60-aa05-c4690452eb53 - - - - -] rate_limit_burst = 0 log_opt_values /usr/lib/python3/dist-packages/oslo_config/cfg.py:2602
2025-11-27 00:42:35.949 149806 DEBUG oslo_service.service [req-f4883403-13b2-4b60-aa05-c4690452eb53 - - - - -] rate_limit_except_level = CRITICAL log_opt_values /usr/lib/python3/dist-packages/oslo_config/cfg.py:2602
2025-11-27 00:42:35.949 149806 DEBUG oslo_service.service [req-f4883403-13b2-4b60-aa05-c4690452eb53 - - - - -] rate_limit_interval = 0 log_opt_values /usr/lib/python3/dist-packages/oslo_config/cfg.py:2602
2025-11-27 00:42:35.949 149806 DEBUG oslo_service.service [req-f4883403-13b2-4b60-aa05-c4690452eb53 - - - - -] reboot_timeout = 0 log_opt_values /usr/lib/python3/dist-packages/oslo_config/cfg.py:2602
2025-11-27 00:42:35.950 149806 DEBUG oslo_service.service [req-f4883403-13b2-4b60-aa05-c4690452eb53 - - - - -] reclaim_instance_interval = 0 log_opt_values /usr/lib/python3/dist-packages/oslo_config/cfg.py:2602
2025-11-27 00:42:35.950 149806 DEBUG oslo_service.service [req-f4883403-13b2-4b60-aa05-c4690452eb53 - - - - -] record = None log_opt_values /usr/lib/python3/dist-packages/oslo_config/cfg.py:2602
2025-11-27 00:42:35.950 149806 DEBUG oslo_service.service [req-f4883403-13b2-4b60-aa05-c4690452eb53 - - - - -] report_interval = 10 log_opt_values /usr/lib/python3/dist-packages/oslo_config/cfg.py:2602
2025-11-27 00:42:35.950 149806 DEBUG oslo_service.service [req-f4883403-13b2-4b60-aa05-c4690452eb53 - - - - -] rescue_timeout = 0 log_opt_values /usr/lib/python3/dist-packages/oslo_config/cfg.py:2602
2025-11-27 00:42:35.950 149806 DEBUG oslo_service.service [req-f4883403-13b2-4b60-aa05-c4690452eb53 - - - - -] reserved_host_cpus = 0 log_opt_values /usr/lib/python3/dist-packages/oslo_config/cfg.py:2602
2025-11-27 00:42:35.951 150246 DEBUG nova.service [req-a8da9493-08b5-4ac6-81f9-490bb488abfb - - - - -] Creating RPC server for service scheduler start /usr/lib/python3/dist-packages/nova/service.py:182
2025-11-27 00:42:35.950 149806 DEBUG oslo_service.service [req-f4883403-13b2-4b60-aa05-c4690452eb53 - - - - -] reserved_host_disk_mb = 0 log_opt_values /usr/lib/python3/dist-packages/oslo_config/cfg.py:2602
2025-11-27 00:42:35.954 149806 DEBUG oslo_service.service [req-f4883403-13b2-4b60-aa05-c4690452eb53 - - - - -] reserved_host_memory_mb = 512 log_opt_values /usr/lib/python3/dist-packages/oslo_config/cfg.py:2602
2025-11-27 00:42:35.954 149806 DEBUG oslo_service.service [req-f4883403-13b2-4b60-aa05-c4690452eb53 - - - - -] reserved_huge_pages = None log_opt_values /usr/lib/python3/dist-packages/oslo_config/cfg.py:2602
2025-11-27 00:42:35.954 149806 DEBUG oslo_service.service [req-f4883403-13b2-4b60-aa05-c4690452eb53 - - - - -] resize_confirm_window = 0 log_opt_values /usr/lib/python3/dist-packages/oslo_config/cfg.py:2602
2025-11-27 00:42:35.954 149806 DEBUG oslo_service.service [req-f4883403-13b2-4b60-aa05-c4690452eb53 - - - - -] resize_fs_using_block_device = False log_opt_values /usr/lib/python3/dist-packages/oslo_config/cfg.py:2602
2025-11-27 00:42:35.955 149806 DEBUG oslo_service.service [req-f4883403-13b2-4b60-aa05-c4690452eb53 - - - - -] resume_guests_state_on_host_boot = False log_opt_values /usr/lib/python3/dist-packages/oslo_config/cfg.py:2602
2025-11-27 00:42:35.955 149806 DEBUG oslo_service.service [req-f4883403-13b2-4b60-aa05-c4690452eb53 - - - - -] rootwrap_config = /etc/nova/rootwrap.conf log_opt_values /usr/lib/python3/dist-packages/oslo_config/cfg.py:2602
2025-11-27 00:42:35.955 149806 DEBUG oslo_service.service [req-f4883403-13b2-4b60-aa05-c4690452eb53 - - - - -] run_external_periodic_tasks = True log_opt_values /usr/lib/python3/dist-packages/oslo_config/cfg.py:2602
2025-11-27 00:42:35.955 149806 DEBUG oslo_service.service [req-f4883403-13b2-4b60-aa05-c4690452eb53 - - - - -] running_deleted_instance_action = reap log_opt_values /usr/lib/python3/dist-packages/oslo_config/cfg.py:2602
2025-11-27 00:42:35.955 149806 DEBUG oslo_service.service [req-f4883403-13b2-4b60-aa05-c4690452eb53 - - - - -] running_deleted_instance_poll_interval = 1800 log_opt_values /usr/lib/python3/dist-packages/oslo_config/cfg.py:2602
2025-11-27 00:42:35.956 149806 DEBUG oslo_service.service [req-f4883403-13b2-4b60-aa05-c4690452eb53 - - - - -] running_deleted_instance_timeout = 0 log_opt_values /usr/lib/python3/dist-packages/oslo_config/cfg.py:2602
2025-11-27 00:42:35.956 149806 DEBUG oslo_service.service [req-f4883403-13b2-4b60-aa05-c4690452eb53 - - - - -] scheduler_instance_sync_interval = 120 log_opt_values /usr/lib/python3/dist-packages/oslo_config/cfg.py:2602
2025-11-27 00:42:35.956 149806 DEBUG oslo_service.service [req-f4883403-13b2-4b60-aa05-c4690452eb53 - - - - -] service_down_time = 60 log_opt_values /usr/lib/python3/dist-packages/oslo_config/cfg.py:2602
2025-11-27 00:42:35.956 149806 DEBUG oslo_service.service [req-f4883403-13b2-4b60-aa05-c4690452eb53 - - - - -] servicegroup_driver = db log_opt_values /usr/lib/python3/dist-packages/oslo_config/cfg.py:2602
2025-11-27 00:42:35.956 149806 DEBUG oslo_service.service [req-f4883403-13b2-4b60-aa05-c4690452eb53 - - - - -] shelved_offload_time = 0 log_opt_values /usr/lib/python3/dist-packages/oslo_config/cfg.py:2602
2025-11-27 00:42:35.958 149806 DEBUG oslo_service.service [req-f4883403-13b2-4b60-aa05-c4690452eb53 - - - - -] shelved_poll_interval = 3600 log_opt_values /usr/lib/python3/dist-packages/oslo_config/cfg.py:2602
2025-11-27 00:42:35.958 149806 DEBUG oslo_service.service [req-f4883403-13b2-4b60-aa05-c4690452eb53 - - - - -] shutdown_timeout = 60 log_opt_values /usr/lib/python3/dist-packages/oslo_config/cfg.py:2602
2025-11-27 00:42:35.959 149806 DEBUG oslo_service.service [req-f4883403-13b2-4b60-aa05-c4690452eb53 - - - - -] source_is_ipv6 = False log_opt_values /usr/lib/python3/dist-packages/oslo_config/cfg.py:2602
2025-11-27 00:42:35.959 149806 DEBUG oslo_service.service [req-f4883403-13b2-4b60-aa05-c4690452eb53 - - - - -] ssl_only = False log_opt_values /usr/lib/python3/dist-packages/oslo_config/cfg.py:2602
2025-11-27 00:42:35.959 149806 DEBUG oslo_service.service [req-f4883403-13b2-4b60-aa05-c4690452eb53 - - - - -] state_path = /var/lib/nova log_opt_values /usr/lib/python3/dist-packages/oslo_config/cfg.py:2602
2025-11-27 00:42:35.959 149806 DEBUG oslo_service.service [req-f4883403-13b2-4b60-aa05-c4690452eb53 - - - - -] sync_power_state_interval = 600 log_opt_values /usr/lib/python3/dist-packages/oslo_config/cfg.py:2602
2025-11-27 00:42:35.959 149806 DEBUG oslo_service.service [req-f4883403-13b2-4b60-aa05-c4690452eb53 - - - - -] sync_power_state_pool_size = 1000 log_opt_values /usr/lib/python3/dist-packages/oslo_config/cfg.py:2602
2025-11-27 00:42:35.959 149806 DEBUG oslo_service.service [req-f4883403-13b2-4b60-aa05-c4690452eb53 - - - - -] syslog_log_facility = LOG_USER log_opt_values /usr/lib/python3/dist-packages/oslo_config/cfg.py:2602
2025-11-27 00:42:35.959 149806 DEBUG oslo_service.service [req-f4883403-13b2-4b60-aa05-c4690452eb53 - - - - -] tempdir = None log_opt_values /usr/lib/python3/dist-packages/oslo_config/cfg.py:2602
2025-11-27 00:42:35.960 149806 DEBUG oslo_service.service [req-f4883403-13b2-4b60-aa05-c4690452eb53 - - - - -] timeout_nbd = 10 log_opt_values /usr/lib/python3/dist-packages/oslo_config/cfg.py:2602
2025-11-27 00:42:35.960 149806 DEBUG oslo_service.service [req-f4883403-13b2-4b60-aa05-c4690452eb53 - - - - -] transport_url = **** log_opt_values /usr/lib/python3/dist-packages/oslo_config/cfg.py:2602
2025-11-27 00:42:35.960 149806 DEBUG oslo_service.service [req-f4883403-13b2-4b60-aa05-c4690452eb53 - - - - -] update_resources_interval = 0 log_opt_values /usr/lib/python3/dist-packages/oslo_config/cfg.py:2602
2025-11-27 00:42:35.961 149806 DEBUG oslo_service.service [req-f4883403-13b2-4b60-aa05-c4690452eb53 - - - - -] use_cow_images = True log_opt_values /usr/lib/python3/dist-packages/oslo_config/cfg.py:2602
2025-11-27 00:42:35.961 149806 DEBUG oslo_service.service [req-f4883403-13b2-4b60-aa05-c4690452eb53 - - - - -] use_eventlog = False log_opt_values /usr/lib/python3/dist-packages/oslo_config/cfg.py:2602
2025-11-27 00:42:35.961 149806 DEBUG oslo_service.service [req-f4883403-13b2-4b60-aa05-c4690452eb53 - - - - -] use_journal = False log_opt_values /usr/lib/python3/dist-packages/oslo_config/cfg.py:2602
2025-11-27 00:42:35.962 149806 DEBUG oslo_service.service [req-f4883403-13b2-4b60-aa05-c4690452eb53 - - - - -] use_json = False log_opt_values /usr/lib/python3/dist-packages/oslo_config/cfg.py:2602
2025-11-27 00:42:35.962 149806 DEBUG oslo_service.service [req-f4883403-13b2-4b60-aa05-c4690452eb53 - - - - -] use_rootwrap_daemon = False log_opt_values /usr/lib/python3/dist-packages/oslo_config/cfg.py:2602
2025-11-27 00:42:35.962 149806 DEBUG oslo_service.service [req-f4883403-13b2-4b60-aa05-c4690452eb53 - - - - -] use_stderr = False log_opt_values /usr/lib/python3/dist-packages/oslo_config/cfg.py:2602
2025-11-27 00:42:35.962 149806 DEBUG oslo_service.service [req-f4883403-13b2-4b60-aa05-c4690452eb53 - - - - -] use_syslog = False log_opt_values /usr/lib/python3/dist-packages/oslo_config/cfg.py:2602
2025-11-27 00:42:35.962 149806 DEBUG oslo_service.service [req-f4883403-13b2-4b60-aa05-c4690452eb53 - - - - -] vcpu_pin_set = None log_opt_values /usr/lib/python3/dist-packages/oslo_config/cfg.py:2602
2025-11-27 00:42:35.963 149806 DEBUG oslo_service.service [req-f4883403-13b2-4b60-aa05-c4690452eb53 - - - - -] vif_plugging_is_fatal = True log_opt_values /usr/lib/python3/dist-packages/oslo_config/cfg.py:2602
2025-11-27 00:42:35.963 149806 DEBUG oslo_service.service [req-f4883403-13b2-4b60-aa05-c4690452eb53 - - - - -] vif_plugging_timeout = 300 log_opt_values /usr/lib/python3/dist-packages/oslo_config/cfg.py:2602
2025-11-27 00:42:35.963 149806 DEBUG oslo_service.service [req-f4883403-13b2-4b60-aa05-c4690452eb53 - - - - -] virt_mkfs = [] log_opt_values /usr/lib/python3/dist-packages/oslo_config/cfg.py:2602
2025-11-27 00:42:35.963 149806 DEBUG oslo_service.service [req-f4883403-13b2-4b60-aa05-c4690452eb53 - - - - -] volume_usage_poll_interval = 0 log_opt_values /usr/lib/python3/dist-packages/oslo_config/cfg.py:2602
2025-11-27 00:42:35.963 149806 DEBUG oslo_service.service [req-f4883403-13b2-4b60-aa05-c4690452eb53 - - - - -] watch_log_file = False log_opt_values /usr/lib/python3/dist-packages/oslo_config/cfg.py:2602
2025-11-27 00:42:35.964 149806 DEBUG oslo_service.service [req-f4883403-13b2-4b60-aa05-c4690452eb53 - - - - -] web = /usr/share/spice-html5 log_opt_values /usr/lib/python3/dist-packages/oslo_config/cfg.py:2602
2025-11-27 00:42:35.965 149806 DEBUG oslo_service.service [req-f4883403-13b2-4b60-aa05-c4690452eb53 - - - - -] oslo_concurrency.disable_process_locking = False log_opt_values /usr/lib/python3/dist-packages/oslo_config/cfg.py:2609
2025-11-27 00:42:35.965 149806 DEBUG oslo_service.service [req-f4883403-13b2-4b60-aa05-c4690452eb53 - - - - -] oslo_concurrency.lock_path = /var/lock/nova log_opt_values /usr/lib/python3/dist-packages/oslo_config/cfg.py:2609
2025-11-27 00:42:35.966 149806 WARNING oslo_config.cfg [req-f4883403-13b2-4b60-aa05-c4690452eb53 - - - - -] Deprecated: Option "auth_strategy" from group "api" is deprecated for removal ( The only non-default choice, ``noauth2``, is for internal development and testing purposes only and should not be used in deployments. This option and its middleware, NoAuthMiddleware[V2_18], will be removed in a future release. ). Its value may be silently ignored in the future.
2025-11-27 00:42:35.966 149806 DEBUG oslo_service.service [req-f4883403-13b2-4b60-aa05-c4690452eb53 - - - - -] api.auth_strategy = keystone log_opt_values /usr/lib/python3/dist-packages/oslo_config/cfg.py:2609
2025-11-27 00:42:35.967 149806 DEBUG oslo_service.service [req-f4883403-13b2-4b60-aa05-c4690452eb53 - - - - -] api.compute_link_prefix = None log_opt_values /usr/lib/python3/dist-packages/oslo_config/cfg.py:2609
2025-11-27 00:42:35.967 149806 DEBUG oslo_service.service [req-f4883403-13b2-4b60-aa05-c4690452eb53 - - - - -] api.config_drive_skip_versions = 1.0 2007-01-19 2007-03-01 2007-08-29 2007-10-10 2007-12-15 2008-02-01 2008-09-01 log_opt_values /usr/lib/python3/dist-packages/oslo_config/cfg.py:2609
2025-11-27 00:42:35.967 149806 DEBUG oslo_service.service [req-f4883403-13b2-4b60-aa05-c4690452eb53 - - - - -] api.dhcp_domain = novalocal log_opt_values /usr/lib/python3/dist-packages/oslo_config/cfg.py:2609
2025-11-27 00:42:35.968 149806 DEBUG oslo_service.service [req-f4883403-13b2-4b60-aa05-c4690452eb53 - - - - -] api.enable_instance_password = True log_opt_values /usr/lib/python3/dist-packages/oslo_config/cfg.py:2609
2025-11-27 00:42:35.968 149806 DEBUG oslo_service.service [req-f4883403-13b2-4b60-aa05-c4690452eb53 - - - - -] api.glance_link_prefix = None log_opt_values /usr/lib/python3/dist-packages/oslo_config/cfg.py:2609
2025-11-27 00:42:35.968 149806 DEBUG oslo_service.service [req-f4883403-13b2-4b60-aa05-c4690452eb53 - - - - -] api.instance_list_cells_batch_fixed_size = 100 log_opt_values /usr/lib/python3/dist-packages/oslo_config/cfg.py:2609
2025-11-27 00:42:35.969 149806 DEBUG oslo_service.service [req-f4883403-13b2-4b60-aa05-c4690452eb53 - - - - -] api.instance_list_cells_batch_strategy = distributed log_opt_values /usr/lib/python3/dist-packages/oslo_config/cfg.py:2609
2025-11-27 00:42:35.969 149806 DEBUG oslo_service.service [req-f4883403-13b2-4b60-aa05-c4690452eb53 - - - - -] api.instance_list_per_project_cells = False log_opt_values /usr/lib/python3/dist-packages/oslo_config/cfg.py:2609
2025-11-27 00:42:35.969 149806 DEBUG oslo_service.service [req-f4883403-13b2-4b60-aa05-c4690452eb53 - - - - -] api.list_records_by_skipping_down_cells = True log_opt_values /usr/lib/python3/dist-packages/oslo_config/cfg.py:2609
2025-11-27 00:42:35.969 149806 DEBUG oslo_service.service [req-f4883403-13b2-4b60-aa05-c4690452eb53 - - - - -] api.local_metadata_per_cell = False log_opt_values /usr/lib/python3/dist-packages/oslo_config/cfg.py:2609
2025-11-27 00:42:35.970 149806 DEBUG oslo_service.service [req-f4883403-13b2-4b60-aa05-c4690452eb53 - - - - -] api.max_limit = 1000 log_opt_values /usr/lib/python3/dist-packages/oslo_config/cfg.py:2609
2025-11-27 00:42:35.970 149806 DEBUG oslo_service.service [req-f4883403-13b2-4b60-aa05-c4690452eb53 - - - - -] api.metadata_cache_expiration = 15 log_opt_values /usr/lib/python3/dist-packages/oslo_config/cfg.py:2609
2025-11-27 00:42:35.970 149806 DEBUG oslo_service.service [req-f4883403-13b2-4b60-aa05-c4690452eb53 - - - - -] api.neutron_default_tenant_id = default log_opt_values /usr/lib/python3/dist-packages/oslo_config/cfg.py:2609
2025-11-27 00:42:35.971 149806 DEBUG oslo_service.service [req-f4883403-13b2-4b60-aa05-c4690452eb53 - - - - -] api.use_forwarded_for = False log_opt_values /usr/lib/python3/dist-packages/oslo_config/cfg.py:2609
2025-11-27 00:42:35.971 149806 DEBUG oslo_service.service [req-f4883403-13b2-4b60-aa05-c4690452eb53 - - - - -] api.use_neutron_default_nets = False log_opt_values /usr/lib/python3/dist-packages/oslo_config/cfg.py:2609
2025-11-27 00:42:35.971 149806 DEBUG oslo_service.service [req-f4883403-13b2-4b60-aa05-c4690452eb53 - - - - -] api.vendordata_dynamic_connect_timeout = 5 log_opt_values /usr/lib/python3/dist-packages/oslo_config/cfg.py:2609
2025-11-27 00:42:35.972 149806 DEBUG oslo_service.service [req-f4883403-13b2-4b60-aa05-c4690452eb53 - - - - -] api.vendordata_dynamic_failure_fatal = False log_opt_values /usr/lib/python3/dist-packages/oslo_config/cfg.py:2609
2025-11-27 00:42:35.972 149806 DEBUG oslo_service.service [req-f4883403-13b2-4b60-aa05-c4690452eb53 - - - - -] api.vendordata_dynamic_read_timeout = 5 log_opt_values /usr/lib/python3/dist-packages/oslo_config/cfg.py:2609
2025-11-27 00:42:35.972 149806 DEBUG oslo_service.service [req-f4883403-13b2-4b60-aa05-c4690452eb53 - - - - -] api.vendordata_dynamic_ssl_certfile = log_opt_values /usr/lib/python3/dist-packages/oslo_config/cfg.py:2609
2025-11-27 00:42:35.972 149806 DEBUG oslo_service.service [req-f4883403-13b2-4b60-aa05-c4690452eb53 - - - - -] api.vendordata_dynamic_targets = [] log_opt_values /usr/lib/python3/dist-packages/oslo_config/cfg.py:2609
2025-11-27 00:42:35.973 149806 DEBUG oslo_service.service [req-f4883403-13b2-4b60-aa05-c4690452eb53 - - - - -] api.vendordata_jsonfile_path = None log_opt_values /usr/lib/python3/dist-packages/oslo_config/cfg.py:2609
2025-11-27 00:42:35.973 149806 DEBUG oslo_service.service [req-f4883403-13b2-4b60-aa05-c4690452eb53 - - - - -] api.vendordata_providers = ['StaticJSON'] log_opt_values /usr/lib/python3/dist-packages/oslo_config/cfg.py:2609
2025-11-27 00:42:35.973 149806 DEBUG oslo_service.service [req-f4883403-13b2-4b60-aa05-c4690452eb53 - - - - -] cache.backend = dogpile.cache.null log_opt_values /usr/lib/python3/dist-packages/oslo_config/cfg.py:2609
2025-11-27 00:42:35.974 149806 DEBUG oslo_service.service [req-f4883403-13b2-4b60-aa05-c4690452eb53 - - - - -] cache.backend_argument = **** log_opt_values /usr/lib/python3/dist-packages/oslo_config/cfg.py:2609
2025-11-27 00:42:35.974 149806 DEBUG oslo_service.service [req-f4883403-13b2-4b60-aa05-c4690452eb53 - - - - -] cache.config_prefix = cache.oslo log_opt_values /usr/lib/python3/dist-packages/oslo_config/cfg.py:2609
2025-11-27 00:42:35.974 149806 DEBUG oslo_service.service [req-f4883403-13b2-4b60-aa05-c4690452eb53 - - - - -] cache.debug_cache_backend = False log_opt_values /usr/lib/python3/dist-packages/oslo_config/cfg.py:2609
2025-11-27 00:42:35.974 149806 DEBUG oslo_service.service [req-f4883403-13b2-4b60-aa05-c4690452eb53 - - - - -] cache.enabled = False log_opt_values /usr/lib/python3/dist-packages/oslo_config/cfg.py:2609
2025-11-27 00:42:35.975 149806 DEBUG oslo_service.service [req-f4883403-13b2-4b60-aa05-c4690452eb53 - - - - -] cache.expiration_time = 600 log_opt_values /usr/lib/python3/dist-packages/oslo_config/cfg.py:2609
2025-11-27 00:42:35.975 149806 DEBUG oslo_service.service [req-f4883403-13b2-4b60-aa05-c4690452eb53 - - - - -] cache.memcache_dead_retry = 300 log_opt_values /usr/lib/python3/dist-packages/oslo_config/cfg.py:2609
2025-11-27 00:42:35.975 149806 DEBUG oslo_service.service [req-f4883403-13b2-4b60-aa05-c4690452eb53 - - - - -] cache.memcache_pool_connection_get_timeout = 10 log_opt_values /usr/lib/python3/dist-packages/oslo_config/cfg.py:2609
2025-11-27 00:42:35.975 149806 DEBUG oslo_service.service [req-f4883403-13b2-4b60-aa05-c4690452eb53 - - - - -] cache.memcache_pool_flush_on_reconnect = False log_opt_values /usr/lib/python3/dist-packages/oslo_config/cfg.py:2609
2025-11-27 00:42:35.976 149806 DEBUG oslo_service.service [req-f4883403-13b2-4b60-aa05-c4690452eb53 - - - - -] cache.memcache_pool_maxsize = 10 log_opt_values /usr/lib/python3/dist-packages/oslo_config/cfg.py:2609
2025-11-27 00:42:35.976 149806 DEBUG oslo_service.service [req-f4883403-13b2-4b60-aa05-c4690452eb53 - - - - -] cache.memcache_pool_unused_timeout = 60 log_opt_values /usr/lib/python3/dist-packages/oslo_config/cfg.py:2609
2025-11-27 00:42:35.976 149806 DEBUG oslo_service.service [req-f4883403-13b2-4b60-aa05-c4690452eb53 - - - - -] cache.memcache_servers = ['localhost:11211'] log_opt_values /usr/lib/python3/dist-packages/oslo_config/cfg.py:2609
2025-11-27 00:42:35.977 149806 DEBUG oslo_service.service [req-f4883403-13b2-4b60-aa05-c4690452eb53 - - - - -] cache.memcache_socket_timeout = 1.0 log_opt_values /usr/lib/python3/dist-packages/oslo_config/cfg.py:2609
2025-11-27 00:42:35.977 149806 DEBUG oslo_service.service [req-f4883403-13b2-4b60-aa05-c4690452eb53 - - - - -] cache.proxies = [] log_opt_values /usr/lib/python3/dist-packages/oslo_config/cfg.py:2609
2025-11-27 00:42:35.977 149806 DEBUG oslo_service.service [req-f4883403-13b2-4b60-aa05-c4690452eb53 - - - - -] cache.tls_allowed_ciphers = None log_opt_values /usr/lib/python3/dist-packages/oslo_config/cfg.py:2609
2025-11-27 00:42:35.977 149806 DEBUG oslo_service.service [req-f4883403-13b2-4b60-aa05-c4690452eb53 - - - - -] cache.tls_cafile = None log_opt_values /usr/lib/python3/dist-packages/oslo_config/cfg.py:2609
2025-11-27 00:42:35.978 149806 DEBUG oslo_service.service [req-f4883403-13b2-4b60-aa05-c4690452eb53 - - - - -] cache.tls_certfile = None log_opt_values /usr/lib/python3/dist-packages/oslo_config/cfg.py:2609
2025-11-27 00:42:35.978 149806 DEBUG oslo_service.service [req-f4883403-13b2-4b60-aa05-c4690452eb53 - - - - -] cache.tls_enabled = False log_opt_values /usr/lib/python3/dist-packages/oslo_config/cfg.py:2609
2025-11-27 00:42:35.978 149806 DEBUG oslo_service.service [req-f4883403-13b2-4b60-aa05-c4690452eb53 - - - - -] cache.tls_keyfile = None log_opt_values /usr/lib/python3/dist-packages/oslo_config/cfg.py:2609
2025-11-27 00:42:35.978 150246 DEBUG oslo_messaging._drivers.amqpdriver [-] Listener is running poll /usr/lib/python3/dist-packages/oslo_messaging/_drivers/amqpdriver.py:343
2025-11-27 00:42:35.979 150246 DEBUG oslo_messaging._drivers.amqpdriver [-] AMQPListener connection consume poll /usr/lib/python3/dist-packages/oslo_messaging/_drivers/amqpdriver.py:357
2025-11-27 00:42:35.979 149806 DEBUG oslo_service.service [req-f4883403-13b2-4b60-aa05-c4690452eb53 - - - - -] cinder.auth_section = None log_opt_values /usr/lib/python3/dist-packages/oslo_config/cfg.py:2609
2025-11-27 00:42:35.979 149806 DEBUG oslo_service.service [req-f4883403-13b2-4b60-aa05-c4690452eb53 - - - - -] cinder.auth_type = None log_opt_values /usr/lib/python3/dist-packages/oslo_config/cfg.py:2609
2025-11-27 00:42:35.979 149806 DEBUG oslo_service.service [req-f4883403-13b2-4b60-aa05-c4690452eb53 - - - - -] cinder.cafile = None log_opt_values /usr/lib/python3/dist-packages/oslo_config/cfg.py:2609
2025-11-27 00:42:35.979 149806 DEBUG oslo_service.service [req-f4883403-13b2-4b60-aa05-c4690452eb53 - - - - -] cinder.catalog_info = volumev3::publicURL log_opt_values /usr/lib/python3/dist-packages/oslo_config/cfg.py:2609
2025-11-27 00:42:35.980 149806 DEBUG oslo_service.service [req-f4883403-13b2-4b60-aa05-c4690452eb53 - - - - -] cinder.certfile = None log_opt_values /usr/lib/python3/dist-packages/oslo_config/cfg.py:2609
2025-11-27 00:42:35.980 150246 DEBUG nova.service [req-a8da9493-08b5-4ac6-81f9-490bb488abfb - - - - -] Join ServiceGroup membership for this service scheduler start /usr/lib/python3/dist-packages/nova/service.py:199
2025-11-27 00:42:35.980 149806 DEBUG oslo_service.service [req-f4883403-13b2-4b60-aa05-c4690452eb53 - - - - -] cinder.collect_timing = False log_opt_values /usr/lib/python3/dist-packages/oslo_config/cfg.py:2609
2025-11-27 00:42:35.980 150246 DEBUG nova.servicegroup.drivers.db [req-a8da9493-08b5-4ac6-81f9-490bb488abfb - - - - -] DB_Driver: join new ServiceGroup member juju-8e3bce-0-lxd-7 to the scheduler group, service = join /usr/lib/python3/dist-packages/nova/servicegroup/drivers/db.py:44
2025-11-27 00:42:35.980 149806 DEBUG oslo_service.service [req-f4883403-13b2-4b60-aa05-c4690452eb53 - - - - -] cinder.cross_az_attach = True log_opt_values /usr/lib/python3/dist-packages/oslo_config/cfg.py:2609
2025-11-27 00:42:35.980 149806 DEBUG oslo_service.service [req-f4883403-13b2-4b60-aa05-c4690452eb53 - - - - -] cinder.debug = False log_opt_values /usr/lib/python3/dist-packages/oslo_config/cfg.py:2609
2025-11-27 00:42:35.981 149806 DEBUG oslo_service.service [req-f4883403-13b2-4b60-aa05-c4690452eb53 - - - - -] cinder.endpoint_template = None log_opt_values /usr/lib/python3/dist-packages/oslo_config/cfg.py:2609
2025-11-27 00:42:35.981 149806 DEBUG oslo_service.service [req-f4883403-13b2-4b60-aa05-c4690452eb53 - - - - -] cinder.http_retries = 3 log_opt_values /usr/lib/python3/dist-packages/oslo_config/cfg.py:2609
2025-11-27 00:42:35.981 149806 DEBUG oslo_service.service [req-f4883403-13b2-4b60-aa05-c4690452eb53 - - - - -] cinder.insecure = False log_opt_values /usr/lib/python3/dist-packages/oslo_config/cfg.py:2609
2025-11-27 00:42:35.982 149806 DEBUG oslo_service.service [req-f4883403-13b2-4b60-aa05-c4690452eb53 - - - - -] cinder.keyfile = None log_opt_values /usr/lib/python3/dist-packages/oslo_config/cfg.py:2609
2025-11-27 00:42:35.982 150246 DEBUG oslo_messaging._drivers.amqpdriver [-] AMQPListener connection timeout poll /usr/lib/python3/dist-packages/oslo_messaging/_drivers/amqpdriver.py:360
2025-11-27 00:42:35.982 149806 DEBUG oslo_service.service [req-f4883403-13b2-4b60-aa05-c4690452eb53 - - - - -] cinder.os_region_name = None log_opt_values /usr/lib/python3/dist-packages/oslo_config/cfg.py:2609
2025-11-27 00:42:35.982 150246 DEBUG oslo_messaging._drivers.amqpdriver [-] Listener is running poll /usr/lib/python3/dist-packages/oslo_messaging/_drivers/amqpdriver.py:343
2025-11-27 00:42:35.982 149806 DEBUG oslo_service.service [req-f4883403-13b2-4b60-aa05-c4690452eb53 - - - - -] cinder.split_loggers = False log_opt_values /usr/lib/python3/dist-packages/oslo_config/cfg.py:2609
2025-11-27 00:42:35.982 150246 DEBUG oslo_messaging._drivers.amqpdriver [-] AMQPListener connection consume poll /usr/lib/python3/dist-packages/oslo_messaging/_drivers/amqpdriver.py:357
2025-11-27 00:42:35.983 149806 DEBUG oslo_service.service [req-f4883403-13b2-4b60-aa05-c4690452eb53 - - - - -] cinder.timeout = None log_opt_values /usr/lib/python3/dist-packages/oslo_config/cfg.py:2609
2025-11-27 00:42:35.983 149806 DEBUG oslo_service.service [req-f4883403-13b2-4b60-aa05-c4690452eb53 - - - - -] compute.consecutive_build_service_disable_threshold = 10 log_opt_values /usr/lib/python3/dist-packages/oslo_config/cfg.py:2609
2025-11-27 00:42:35.983 149806 DEBUG oslo_service.service [req-f4883403-13b2-4b60-aa05-c4690452eb53 - - - - -] compute.cpu_dedicated_set = None log_opt_values /usr/lib/python3/dist-packages/oslo_config/cfg.py:2609
2025-11-27 00:42:35.983 149806 DEBUG oslo_service.service [req-f4883403-13b2-4b60-aa05-c4690452eb53 - - - - -] compute.cpu_shared_set = None log_opt_values /usr/lib/python3/dist-packages/oslo_config/cfg.py:2609
2025-11-27 00:42:35.984 149806 DEBUG oslo_service.service [req-f4883403-13b2-4b60-aa05-c4690452eb53 - - - - -] compute.image_type_exclude_list = [] log_opt_values /usr/lib/python3/dist-packages/oslo_config/cfg.py:2609
2025-11-27 00:42:35.984 149806 DEBUG oslo_service.service [req-f4883403-13b2-4b60-aa05-c4690452eb53 - - - - -] compute.live_migration_wait_for_vif_plug = True log_opt_values /usr/lib/python3/dist-packages/oslo_config/cfg.py:2609
2025-11-27 00:42:35.984 149806 DEBUG oslo_service.service [req-f4883403-13b2-4b60-aa05-c4690452eb53 - - - - -] compute.max_concurrent_disk_ops = 0 log_opt_values /usr/lib/python3/dist-packages/oslo_config/cfg.py:2609
2025-11-27 00:42:35.984 149806 DEBUG oslo_service.service [req-f4883403-13b2-4b60-aa05-c4690452eb53 - - - - -] compute.max_disk_devices_to_attach = -1 log_opt_values /usr/lib/python3/dist-packages/oslo_config/cfg.py:2609
