2025-11-27 00:42:05.245 140110 DEBUG nova.service [req-47100caf-0235-4943-9869-1a4a32fb12f0 - - - - -] Join ServiceGroup membership for this service conductor start /usr/lib/python3/dist-packages/nova/service.py:199
2025-11-27 00:42:05.246 138804 DEBUG oslo_service.service [req-691758a6-4c9e-44cc-a10e-71eba5b970f1 - - - - -] pci.alias = [] log_opt_values /usr/lib/python3/dist-packages/oslo_config/cfg.py:2609
2025-11-27 00:42:05.246 140110 DEBUG nova.servicegroup.drivers.db [req-47100caf-0235-4943-9869-1a4a32fb12f0 - - - - -] DB_Driver: join new ServiceGroup member juju-8e3bce-0-lxd-7 to the conductor group, service = join /usr/lib/python3/dist-packages/nova/servicegroup/drivers/db.py:44
2025-11-27 00:42:05.246 140110 DEBUG oslo_messaging._drivers.amqpdriver [-] AMQPListener connection timeout poll /usr/lib/python3/dist-packages/oslo_messaging/_drivers/amqpdriver.py:360
2025-11-27 00:42:05.246 138804 DEBUG oslo_service.service [req-691758a6-4c9e-44cc-a10e-71eba5b970f1 - - - - -] pci.passthrough_whitelist = [] log_opt_values /usr/lib/python3/dist-packages/oslo_config/cfg.py:2609
2025-11-27 00:42:05.246 140110 DEBUG oslo_messaging._drivers.amqpdriver [-] Listener is running poll /usr/lib/python3/dist-packages/oslo_messaging/_drivers/amqpdriver.py:343
2025-11-27 00:42:05.247 138804 DEBUG oslo_service.service [req-691758a6-4c9e-44cc-a10e-71eba5b970f1 - - - - -] placement.auth_section = None log_opt_values /usr/lib/python3/dist-packages/oslo_config/cfg.py:2609
2025-11-27 00:42:05.247 140103 DEBUG oslo_messaging._drivers.amqpdriver [-] AMQPListener connection timeout poll /usr/lib/python3/dist-packages/oslo_messaging/_drivers/amqpdriver.py:360
2025-11-27 00:42:05.247 138804 DEBUG oslo_service.service [req-691758a6-4c9e-44cc-a10e-71eba5b970f1 - - - - -] placement.auth_type = password log_opt_values /usr/lib/python3/dist-packages/oslo_config/cfg.py:2609
2025-11-27 00:42:05.247 138804 DEBUG oslo_service.service [req-691758a6-4c9e-44cc-a10e-71eba5b970f1 - - - - -] placement.auth_url = http://252.241.205.38:35357 log_opt_values /usr/lib/python3/dist-packages/oslo_config/cfg.py:2609
2025-11-27 00:42:05.247 138804 DEBUG oslo_service.service [req-691758a6-4c9e-44cc-a10e-71eba5b970f1 - - - - -] placement.cafile = None log_opt_values /usr/lib/python3/dist-packages/oslo_config/cfg.py:2609
2025-11-27 00:42:05.247 138804 DEBUG oslo_service.service [req-691758a6-4c9e-44cc-a10e-71eba5b970f1 - - - - -] placement.certfile = None log_opt_values /usr/lib/python3/dist-packages/oslo_config/cfg.py:2609
2025-11-27 00:42:05.247 140110 DEBUG oslo_messaging._drivers.amqpdriver [-] AMQPListener connection consume poll /usr/lib/python3/dist-packages/oslo_messaging/_drivers/amqpdriver.py:357
2025-11-27 00:42:05.248 138804 DEBUG oslo_service.service [req-691758a6-4c9e-44cc-a10e-71eba5b970f1 - - - - -] placement.collect_timing = False log_opt_values /usr/lib/python3/dist-packages/oslo_config/cfg.py:2609
2025-11-27 00:42:05.247 140103 DEBUG oslo_messaging._drivers.amqpdriver [-] Listener is running poll /usr/lib/python3/dist-packages/oslo_messaging/_drivers/amqpdriver.py:343
2025-11-27 00:42:05.248 138804 DEBUG oslo_service.service [req-691758a6-4c9e-44cc-a10e-71eba5b970f1 - - - - -] placement.connect_retries = None log_opt_values /usr/lib/python3/dist-packages/oslo_config/cfg.py:2609
2025-11-27 00:42:05.248 140103 DEBUG oslo_messaging._drivers.amqpdriver [-] AMQPListener connection consume poll /usr/lib/python3/dist-packages/oslo_messaging/_drivers/amqpdriver.py:357
2025-11-27 00:42:05.248 138804 DEBUG oslo_service.service [req-691758a6-4c9e-44cc-a10e-71eba5b970f1 - - - - -] placement.connect_retry_delay = None log_opt_values /usr/lib/python3/dist-packages/oslo_config/cfg.py:2609
2025-11-27 00:42:05.248 138804 DEBUG oslo_service.service [req-691758a6-4c9e-44cc-a10e-71eba5b970f1 - - - - -] placement.default_domain_id = None log_opt_values /usr/lib/python3/dist-packages/oslo_config/cfg.py:2609
2025-11-27 00:42:05.248 138804 DEBUG oslo_service.service [req-691758a6-4c9e-44cc-a10e-71eba5b970f1 - - - - -] placement.default_domain_name = None log_opt_values /usr/lib/python3/dist-packages/oslo_config/cfg.py:2609
2025-11-27 00:42:05.249 138804 DEBUG oslo_service.service [req-691758a6-4c9e-44cc-a10e-71eba5b970f1 - - - - -] placement.domain_id = None log_opt_values /usr/lib/python3/dist-packages/oslo_config/cfg.py:2609
2025-11-27 00:42:05.249 138804 DEBUG oslo_service.service [req-691758a6-4c9e-44cc-a10e-71eba5b970f1 - - - - -] placement.domain_name = None log_opt_values /usr/lib/python3/dist-packages/oslo_config/cfg.py:2609
2025-11-27 00:42:05.249 138804 DEBUG oslo_service.service [req-691758a6-4c9e-44cc-a10e-71eba5b970f1 - - - - -] placement.endpoint_override = None log_opt_values /usr/lib/python3/dist-packages/oslo_config/cfg.py:2609
2025-11-27 00:42:05.249 138804 DEBUG oslo_service.service [req-691758a6-4c9e-44cc-a10e-71eba5b970f1 - - - - -] placement.insecure = False log_opt_values /usr/lib/python3/dist-packages/oslo_config/cfg.py:2609
2025-11-27 00:42:05.249 138804 DEBUG oslo_service.service [req-691758a6-4c9e-44cc-a10e-71eba5b970f1 - - - - -] placement.keyfile = None log_opt_values /usr/lib/python3/dist-packages/oslo_config/cfg.py:2609
2025-11-27 00:42:05.250 138804 DEBUG oslo_service.service [req-691758a6-4c9e-44cc-a10e-71eba5b970f1 - - - - -] placement.max_version = None log_opt_values /usr/lib/python3/dist-packages/oslo_config/cfg.py:2609
2025-11-27 00:42:05.250 138804 DEBUG oslo_service.service [req-691758a6-4c9e-44cc-a10e-71eba5b970f1 - - - - -] placement.min_version = None log_opt_values /usr/lib/python3/dist-packages/oslo_config/cfg.py:2609
2025-11-27 00:42:05.251 138804 DEBUG oslo_service.service [req-691758a6-4c9e-44cc-a10e-71eba5b970f1 - - - - -] placement.password = **** log_opt_values /usr/lib/python3/dist-packages/oslo_config/cfg.py:2609
2025-11-27 00:42:05.251 138804 DEBUG oslo_service.service [req-691758a6-4c9e-44cc-a10e-71eba5b970f1 - - - - -] placement.project_domain_id = None log_opt_values /usr/lib/python3/dist-packages/oslo_config/cfg.py:2609
2025-11-27 00:42:05.251 138804 DEBUG oslo_service.service [req-691758a6-4c9e-44cc-a10e-71eba5b970f1 - - - - -] placement.project_domain_name = service_domain log_opt_values /usr/lib/python3/dist-packages/oslo_config/cfg.py:2609
2025-11-27 00:42:05.251 138804 DEBUG oslo_service.service [req-691758a6-4c9e-44cc-a10e-71eba5b970f1 - - - - -] placement.project_id = None log_opt_values /usr/lib/python3/dist-packages/oslo_config/cfg.py:2609
2025-11-27 00:42:05.252 138804 DEBUG oslo_service.service [req-691758a6-4c9e-44cc-a10e-71eba5b970f1 - - - - -] placement.project_name = services log_opt_values /usr/lib/python3/dist-packages/oslo_config/cfg.py:2609
2025-11-27 00:42:05.252 138804 DEBUG oslo_service.service [req-691758a6-4c9e-44cc-a10e-71eba5b970f1 - - - - -] placement.region_name = RegionOne log_opt_values /usr/lib/python3/dist-packages/oslo_config/cfg.py:2609
2025-11-27 00:42:05.252 138804 DEBUG oslo_service.service [req-691758a6-4c9e-44cc-a10e-71eba5b970f1 - - - - -] placement.service_name = None log_opt_values /usr/lib/python3/dist-packages/oslo_config/cfg.py:2609
2025-11-27 00:42:05.252 138804 DEBUG oslo_service.service [req-691758a6-4c9e-44cc-a10e-71eba5b970f1 - - - - -] placement.service_type = placement log_opt_values /usr/lib/python3/dist-packages/oslo_config/cfg.py:2609
2025-11-27 00:42:05.252 138804 DEBUG oslo_service.service [req-691758a6-4c9e-44cc-a10e-71eba5b970f1 - - - - -] placement.split_loggers = False log_opt_values /usr/lib/python3/dist-packages/oslo_config/cfg.py:2609
2025-11-27 00:42:05.252 138804 DEBUG oslo_service.service [req-691758a6-4c9e-44cc-a10e-71eba5b970f1 - - - - -] placement.status_code_retries = None log_opt_values /usr/lib/python3/dist-packages/oslo_config/cfg.py:2609
2025-11-27 00:42:05.253 138804 DEBUG oslo_service.service [req-691758a6-4c9e-44cc-a10e-71eba5b970f1 - - - - -] placement.status_code_retry_delay = None log_opt_values /usr/lib/python3/dist-packages/oslo_config/cfg.py:2609
2025-11-27 00:42:05.253 138804 DEBUG oslo_service.service [req-691758a6-4c9e-44cc-a10e-71eba5b970f1 - - - - -] placement.system_scope = None log_opt_values /usr/lib/python3/dist-packages/oslo_config/cfg.py:2609
2025-11-27 00:42:05.253 138804 DEBUG oslo_service.service [req-691758a6-4c9e-44cc-a10e-71eba5b970f1 - - - - -] placement.timeout = None log_opt_values /usr/lib/python3/dist-packages/oslo_config/cfg.py:2609
2025-11-27 00:42:05.253 138804 DEBUG oslo_service.service [req-691758a6-4c9e-44cc-a10e-71eba5b970f1 - - - - -] placement.trust_id = None log_opt_values /usr/lib/python3/dist-packages/oslo_config/cfg.py:2609
2025-11-27 00:42:05.253 138804 DEBUG oslo_service.service [req-691758a6-4c9e-44cc-a10e-71eba5b970f1 - - - - -] placement.user_domain_id = None log_opt_values /usr/lib/python3/dist-packages/oslo_config/cfg.py:2609
2025-11-27 00:42:05.254 138804 DEBUG oslo_service.service [req-691758a6-4c9e-44cc-a10e-71eba5b970f1 - - - - -] placement.user_domain_name = service_domain log_opt_values /usr/lib/python3/dist-packages/oslo_config/cfg.py:2609
2025-11-27 00:42:05.254 138804 DEBUG oslo_service.service [req-691758a6-4c9e-44cc-a10e-71eba5b970f1 - - - - -] placement.user_id = None log_opt_values /usr/lib/python3/dist-packages/oslo_config/cfg.py:2609
2025-11-27 00:42:05.254 138804 DEBUG oslo_service.service [req-691758a6-4c9e-44cc-a10e-71eba5b970f1 - - - - -] placement.username = nova log_opt_values /usr/lib/python3/dist-packages/oslo_config/cfg.py:2609
2025-11-27 00:42:05.254 138804 DEBUG oslo_service.service [req-691758a6-4c9e-44cc-a10e-71eba5b970f1 - - - - -] placement.valid_interfaces = ['internal', 'public'] log_opt_values /usr/lib/python3/dist-packages/oslo_config/cfg.py:2609
2025-11-27 00:42:05.254 138804 DEBUG oslo_service.service [req-691758a6-4c9e-44cc-a10e-71eba5b970f1 - - - - -] placement.version = None log_opt_values /usr/lib/python3/dist-packages/oslo_config/cfg.py:2609
2025-11-27 00:42:05.254 138804 DEBUG oslo_service.service [req-691758a6-4c9e-44cc-a10e-71eba5b970f1 - - - - -] powervm.disk_driver = localdisk log_opt_values /usr/lib/python3/dist-packages/oslo_config/cfg.py:2609
2025-11-27 00:42:05.255 138804 DEBUG oslo_service.service [req-691758a6-4c9e-44cc-a10e-71eba5b970f1 - - - - -] powervm.proc_units_factor = 0.1 log_opt_values /usr/lib/python3/dist-packages/oslo_config/cfg.py:2609
2025-11-27 00:42:05.255 138804 DEBUG oslo_service.service [req-691758a6-4c9e-44cc-a10e-71eba5b970f1 - - - - -] powervm.volume_group_name = log_opt_values /usr/lib/python3/dist-packages/oslo_config/cfg.py:2609
2025-11-27 00:42:05.255 138804 DEBUG oslo_service.service [req-691758a6-4c9e-44cc-a10e-71eba5b970f1 - - - - -] quota.cores = 20 log_opt_values /usr/lib/python3/dist-packages/oslo_config/cfg.py:2609
2025-11-27 00:42:05.255 138804 DEBUG oslo_service.service [req-691758a6-4c9e-44cc-a10e-71eba5b970f1 - - - - -] quota.count_usage_from_placement = False log_opt_values /usr/lib/python3/dist-packages/oslo_config/cfg.py:2609
2025-11-27 00:42:05.255 138804 DEBUG oslo_service.service [req-691758a6-4c9e-44cc-a10e-71eba5b970f1 - - - - -] quota.driver = nova.quota.DbQuotaDriver log_opt_values /usr/lib/python3/dist-packages/oslo_config/cfg.py:2609
2025-11-27 00:42:05.256 138804 DEBUG oslo_service.service [req-691758a6-4c9e-44cc-a10e-71eba5b970f1 - - - - -] quota.injected_file_content_bytes = 10240 log_opt_values /usr/lib/python3/dist-packages/oslo_config/cfg.py:2609
2025-11-27 00:42:05.256 138804 DEBUG oslo_service.service [req-691758a6-4c9e-44cc-a10e-71eba5b970f1 - - - - -] quota.injected_file_path_length = 255 log_opt_values /usr/lib/python3/dist-packages/oslo_config/cfg.py:2609
2025-11-27 00:42:05.256 138804 DEBUG oslo_service.service [req-691758a6-4c9e-44cc-a10e-71eba5b970f1 - - - - -] quota.injected_files = 5 log_opt_values /usr/lib/python3/dist-packages/oslo_config/cfg.py:2609
2025-11-27 00:42:05.256 138804 DEBUG oslo_service.service [req-691758a6-4c9e-44cc-a10e-71eba5b970f1 - - - - -] quota.instances = 10 log_opt_values /usr/lib/python3/dist-packages/oslo_config/cfg.py:2609
2025-11-27 00:42:05.256 138804 DEBUG oslo_service.service [req-691758a6-4c9e-44cc-a10e-71eba5b970f1 - - - - -] quota.key_pairs = 100 log_opt_values /usr/lib/python3/dist-packages/oslo_config/cfg.py:2609
2025-11-27 00:42:05.256 138804 DEBUG oslo_service.service [req-691758a6-4c9e-44cc-a10e-71eba5b970f1 - - - - -] quota.metadata_items = 128 log_opt_values /usr/lib/python3/dist-packages/oslo_config/cfg.py:2609
2025-11-27 00:42:05.257 138804 DEBUG oslo_service.service [req-691758a6-4c9e-44cc-a10e-71eba5b970f1 - - - - -] quota.ram = 51200 log_opt_values /usr/lib/python3/dist-packages/oslo_config/cfg.py:2609
2025-11-27 00:42:05.257 138804 DEBUG oslo_service.service [req-691758a6-4c9e-44cc-a10e-71eba5b970f1 - - - - -] quota.recheck_quota = True log_opt_values /usr/lib/python3/dist-packages/oslo_config/cfg.py:2609
2025-11-27 00:42:05.257 138804 DEBUG oslo_service.service [req-691758a6-4c9e-44cc-a10e-71eba5b970f1 - - - - -] quota.server_group_members = 10 log_opt_values /usr/lib/python3/dist-packages/oslo_config/cfg.py:2609
2025-11-27 00:42:05.257 138804 DEBUG oslo_service.service [req-691758a6-4c9e-44cc-a10e-71eba5b970f1 - - - - -] quota.server_groups = 10 log_opt_values /usr/lib/python3/dist-packages/oslo_config/cfg.py:2609
2025-11-27 00:42:05.257 138804 DEBUG oslo_service.service [req-691758a6-4c9e-44cc-a10e-71eba5b970f1 - - - - -] rdp.enabled = False log_opt_values /usr/lib/python3/dist-packages/oslo_config/cfg.py:2609
2025-11-27 00:42:05.258 138804 DEBUG oslo_service.service [req-691758a6-4c9e-44cc-a10e-71eba5b970f1 - - - - -] rdp.html5_proxy_base_url = http://127.0.0.1:6083/ log_opt_values /usr/lib/python3/dist-packages/oslo_config/cfg.py:2609
2025-11-27 00:42:05.258 138804 DEBUG oslo_service.service [req-691758a6-4c9e-44cc-a10e-71eba5b970f1 - - - - -] scheduler.discover_hosts_in_cells_interval = 30 log_opt_values /usr/lib/python3/dist-packages/oslo_config/cfg.py:2609
2025-11-27 00:42:05.258 138804 DEBUG oslo_service.service [req-691758a6-4c9e-44cc-a10e-71eba5b970f1 - - - - -] scheduler.enable_isolated_aggregate_filtering = False log_opt_values /usr/lib/python3/dist-packages/oslo_config/cfg.py:2609
2025-11-27 00:42:05.258 138804 DEBUG oslo_service.service [req-691758a6-4c9e-44cc-a10e-71eba5b970f1 - - - - -] scheduler.image_metadata_prefilter = False log_opt_values /usr/lib/python3/dist-packages/oslo_config/cfg.py:2609
2025-11-27 00:42:05.258 138804 DEBUG oslo_service.service [req-691758a6-4c9e-44cc-a10e-71eba5b970f1 - - - - -] scheduler.limit_tenants_to_placement_aggregate = False log_opt_values /usr/lib/python3/dist-packages/oslo_config/cfg.py:2609
2025-11-27 00:42:05.259 138804 DEBUG oslo_service.service [req-691758a6-4c9e-44cc-a10e-71eba5b970f1 - - - - -] scheduler.max_attempts = 3 log_opt_values /usr/lib/python3/dist-packages/oslo_config/cfg.py:2609
2025-11-27 00:42:05.259 138804 DEBUG oslo_service.service [req-691758a6-4c9e-44cc-a10e-71eba5b970f1 - - - - -] scheduler.max_placement_results = 1000 log_opt_values /usr/lib/python3/dist-packages/oslo_config/cfg.py:2609
2025-11-27 00:42:05.259 140097 DEBUG oslo_messaging._drivers.amqpdriver [-] Listener is running poll /usr/lib/python3/dist-packages/oslo_messaging/_drivers/amqpdriver.py:343
2025-11-27 00:42:05.259 138804 DEBUG oslo_service.service [req-691758a6-4c9e-44cc-a10e-71eba5b970f1 - - - - -] scheduler.placement_aggregate_required_for_tenants = False log_opt_values /usr/lib/python3/dist-packages/oslo_config/cfg.py:2609
2025-11-27 00:42:05.259 140097 DEBUG oslo_messaging._drivers.amqpdriver [-] AMQPListener connection consume poll /usr/lib/python3/dist-packages/oslo_messaging/_drivers/amqpdriver.py:357
2025-11-27 00:42:05.259 138804 DEBUG oslo_service.service [req-691758a6-4c9e-44cc-a10e-71eba5b970f1 - - - - -] scheduler.query_placement_for_availability_zone = True log_opt_values /usr/lib/python3/dist-packages/oslo_config/cfg.py:2609
2025-11-27 00:42:05.259 138804 DEBUG oslo_service.service [req-691758a6-4c9e-44cc-a10e-71eba5b970f1 - - - - -] scheduler.query_placement_for_image_type_support = False log_opt_values /usr/lib/python3/dist-packages/oslo_config/cfg.py:2609
2025-11-27 00:42:05.260 138804 DEBUG oslo_service.service [req-691758a6-4c9e-44cc-a10e-71eba5b970f1 - - - - -] scheduler.query_placement_for_routed_network_aggregates = False log_opt_values /usr/lib/python3/dist-packages/oslo_config/cfg.py:2609
2025-11-27 00:42:05.260 140097 DEBUG nova.service [req-3b3b32ce-6ae3-4ed9-ab2a-5f5082f86051 - - - - -] Join ServiceGroup membership for this service conductor start /usr/lib/python3/dist-packages/nova/service.py:199
2025-11-27 00:42:05.260 138804 DEBUG oslo_service.service [req-691758a6-4c9e-44cc-a10e-71eba5b970f1 - - - - -] scheduler.workers = 4 log_opt_values /usr/lib/python3/dist-packages/oslo_config/cfg.py:2609
2025-11-27 00:42:05.260 138804 DEBUG oslo_service.service [req-691758a6-4c9e-44cc-a10e-71eba5b970f1 - - - - -] filter_scheduler.aggregate_image_properties_isolation_namespace = None log_opt_values /usr/lib/python3/dist-packages/oslo_config/cfg.py:2609
2025-11-27 00:42:05.260 140097 DEBUG nova.servicegroup.drivers.db [req-3b3b32ce-6ae3-4ed9-ab2a-5f5082f86051 - - - - -] DB_Driver: join new ServiceGroup member juju-8e3bce-0-lxd-7 to the conductor group, service = join /usr/lib/python3/dist-packages/nova/servicegroup/drivers/db.py:44
2025-11-27 00:42:05.260 138804 DEBUG oslo_service.service [req-691758a6-4c9e-44cc-a10e-71eba5b970f1 - - - - -] filter_scheduler.aggregate_image_properties_isolation_separator = . log_opt_values /usr/lib/python3/dist-packages/oslo_config/cfg.py:2609
2025-11-27 00:42:05.260 138804 DEBUG oslo_service.service [req-691758a6-4c9e-44cc-a10e-71eba5b970f1 - - - - -] filter_scheduler.available_filters = ['nova.scheduler.filters.all_filters'] log_opt_values /usr/lib/python3/dist-packages/oslo_config/cfg.py:2609
2025-11-27 00:42:05.261 138804 DEBUG oslo_service.service [req-691758a6-4c9e-44cc-a10e-71eba5b970f1 - - - - -] filter_scheduler.build_failure_weight_multiplier = 0.0 log_opt_values /usr/lib/python3/dist-packages/oslo_config/cfg.py:2609
2025-11-27 00:42:05.261 138804 DEBUG oslo_service.service [req-691758a6-4c9e-44cc-a10e-71eba5b970f1 - - - - -] filter_scheduler.cpu_weight_multiplier = 1.0 log_opt_values /usr/lib/python3/dist-packages/oslo_config/cfg.py:2609
2025-11-27 00:42:05.262 138804 DEBUG oslo_service.service [req-691758a6-4c9e-44cc-a10e-71eba5b970f1 - - - - -] filter_scheduler.cross_cell_move_weight_multiplier = 1000000.0 log_opt_values /usr/lib/python3/dist-packages/oslo_config/cfg.py:2609
2025-11-27 00:42:05.263 138804 DEBUG oslo_service.service [req-691758a6-4c9e-44cc-a10e-71eba5b970f1 - - - - -] filter_scheduler.disk_weight_multiplier = 1.0 log_opt_values /usr/lib/python3/dist-packages/oslo_config/cfg.py:2609
2025-11-27 00:42:05.263 138804 DEBUG oslo_service.service [req-691758a6-4c9e-44cc-a10e-71eba5b970f1 - - - - -] filter_scheduler.enabled_filters = ['AvailabilityZoneFilter', 'ComputeFilter', 'ComputeCapabilitiesFilter', 'ImagePropertiesFilter', 'ServerGroupAntiAffinityFilter', 'ServerGroupAffinityFilter', 'DifferentHostFilter', 'SameHostFilter'] log_opt_values /usr/lib/python3/dist-packages/oslo_config/cfg.py:2609
2025-11-27 00:42:05.263 138804 DEBUG oslo_service.service [req-691758a6-4c9e-44cc-a10e-71eba5b970f1 - - - - -] filter_scheduler.host_subset_size = 1 log_opt_values /usr/lib/python3/dist-packages/oslo_config/cfg.py:2609
2025-11-27 00:42:05.264 138804 DEBUG oslo_service.service [req-691758a6-4c9e-44cc-a10e-71eba5b970f1 - - - - -] filter_scheduler.image_properties_default_architecture = None log_opt_values /usr/lib/python3/dist-packages/oslo_config/cfg.py:2609
2025-11-27 00:42:05.264 140097 DEBUG oslo_messaging._drivers.amqpdriver [-] AMQPListener connection timeout poll /usr/lib/python3/dist-packages/oslo_messaging/_drivers/amqpdriver.py:360
2025-11-27 00:42:05.264 138804 DEBUG oslo_service.service [req-691758a6-4c9e-44cc-a10e-71eba5b970f1 - - - - -] filter_scheduler.io_ops_weight_multiplier = -1.0 log_opt_values /usr/lib/python3/dist-packages/oslo_config/cfg.py:2609
2025-11-27 00:42:05.264 140097 DEBUG oslo_messaging._drivers.amqpdriver [-] Listener is running poll /usr/lib/python3/dist-packages/oslo_messaging/_drivers/amqpdriver.py:343
2025-11-27 00:42:05.264 140097 DEBUG oslo_messaging._drivers.amqpdriver [-] AMQPListener connection consume poll /usr/lib/python3/dist-packages/oslo_messaging/_drivers/amqpdriver.py:357
2025-11-27 00:42:05.264 138804 DEBUG oslo_service.service [req-691758a6-4c9e-44cc-a10e-71eba5b970f1 - - - - -] filter_scheduler.isolated_hosts = [] log_opt_values /usr/lib/python3/dist-packages/oslo_config/cfg.py:2609
2025-11-27 00:42:05.264 138804 DEBUG oslo_service.service [req-691758a6-4c9e-44cc-a10e-71eba5b970f1 - - - - -] filter_scheduler.isolated_images = [] log_opt_values /usr/lib/python3/dist-packages/oslo_config/cfg.py:2609
2025-11-27 00:42:05.265 138804 DEBUG oslo_service.service [req-691758a6-4c9e-44cc-a10e-71eba5b970f1 - - - - -] filter_scheduler.max_instances_per_host = 50 log_opt_values /usr/lib/python3/dist-packages/oslo_config/cfg.py:2609
2025-11-27 00:42:05.265 138804 DEBUG oslo_service.service [req-691758a6-4c9e-44cc-a10e-71eba5b970f1 - - - - -] filter_scheduler.max_io_ops_per_host = 8 log_opt_values /usr/lib/python3/dist-packages/oslo_config/cfg.py:2609
2025-11-27 00:42:05.265 138804 DEBUG oslo_service.service [req-691758a6-4c9e-44cc-a10e-71eba5b970f1 - - - - -] filter_scheduler.pci_weight_multiplier = 1.0 log_opt_values /usr/lib/python3/dist-packages/oslo_config/cfg.py:2609
2025-11-27 00:42:05.265 138804 DEBUG oslo_service.service [req-691758a6-4c9e-44cc-a10e-71eba5b970f1 - - - - -] filter_scheduler.ram_weight_multiplier = 1.0 log_opt_values /usr/lib/python3/dist-packages/oslo_config/cfg.py:2609
2025-11-27 00:42:05.265 138804 DEBUG oslo_service.service [req-691758a6-4c9e-44cc-a10e-71eba5b970f1 - - - - -] filter_scheduler.restrict_isolated_hosts_to_isolated_images = True log_opt_values /usr/lib/python3/dist-packages/oslo_config/cfg.py:2609
2025-11-27 00:42:05.266 138804 DEBUG oslo_service.service [req-691758a6-4c9e-44cc-a10e-71eba5b970f1 - - - - -] filter_scheduler.shuffle_best_same_weighed_hosts = False log_opt_values /usr/lib/python3/dist-packages/oslo_config/cfg.py:2609
2025-11-27 00:42:05.266 138804 DEBUG oslo_service.service [req-691758a6-4c9e-44cc-a10e-71eba5b970f1 - - - - -] filter_scheduler.soft_affinity_weight_multiplier = 1.0 log_opt_values /usr/lib/python3/dist-packages/oslo_config/cfg.py:2609
2025-11-27 00:42:05.266 138804 DEBUG oslo_service.service [req-691758a6-4c9e-44cc-a10e-71eba5b970f1 - - - - -] filter_scheduler.soft_anti_affinity_weight_multiplier = 1.0 log_opt_values /usr/lib/python3/dist-packages/oslo_config/cfg.py:2609
2025-11-27 00:42:05.266 138804 DEBUG oslo_service.service [req-691758a6-4c9e-44cc-a10e-71eba5b970f1 - - - - -] filter_scheduler.track_instance_changes = True log_opt_values /usr/lib/python3/dist-packages/oslo_config/cfg.py:2609
2025-11-27 00:42:05.266 138804 DEBUG oslo_service.service [req-691758a6-4c9e-44cc-a10e-71eba5b970f1 - - - - -] filter_scheduler.weight_classes = ['nova.scheduler.weights.all_weighers'] log_opt_values /usr/lib/python3/dist-packages/oslo_config/cfg.py:2609
2025-11-27 00:42:05.267 138804 DEBUG oslo_service.service [req-691758a6-4c9e-44cc-a10e-71eba5b970f1 - - - - -] metrics.required = True log_opt_values /usr/lib/python3/dist-packages/oslo_config/cfg.py:2609
2025-11-27 00:42:05.267 138804 DEBUG oslo_service.service [req-691758a6-4c9e-44cc-a10e-71eba5b970f1 - - - - -] metrics.weight_multiplier = 1.0 log_opt_values /usr/lib/python3/dist-packages/oslo_config/cfg.py:2609
2025-11-27 00:42:05.267 138804 DEBUG oslo_service.service [req-691758a6-4c9e-44cc-a10e-71eba5b970f1 - - - - -] metrics.weight_of_unavailable = -10000.0 log_opt_values /usr/lib/python3/dist-packages/oslo_config/cfg.py:2609
2025-11-27 00:42:05.267 138804 DEBUG oslo_service.service [req-691758a6-4c9e-44cc-a10e-71eba5b970f1 - - - - -] metrics.weight_setting = [] log_opt_values /usr/lib/python3/dist-packages/oslo_config/cfg.py:2609
2025-11-27 00:42:05.268 138804 DEBUG oslo_service.service [req-691758a6-4c9e-44cc-a10e-71eba5b970f1 - - - - -] serial_console.base_url = wss://252.241.62.90:6083/ log_opt_values /usr/lib/python3/dist-packages/oslo_config/cfg.py:2609
2025-11-27 00:42:05.268 138804 DEBUG oslo_service.service [req-691758a6-4c9e-44cc-a10e-71eba5b970f1 - - - - -] serial_console.enabled = False log_opt_values /usr/lib/python3/dist-packages/oslo_config/cfg.py:2609
2025-11-27 00:42:05.268 138804 DEBUG oslo_service.service [req-691758a6-4c9e-44cc-a10e-71eba5b970f1 - - - - -] serial_console.port_range = 10000:20000 log_opt_values /usr/lib/python3/dist-packages/oslo_config/cfg.py:2609
2025-11-27 00:42:05.268 138804 DEBUG oslo_service.service [req-691758a6-4c9e-44cc-a10e-71eba5b970f1 - - - - -] serial_console.proxyclient_address = 127.0.0.1 log_opt_values /usr/lib/python3/dist-packages/oslo_config/cfg.py:2609
2025-11-27 00:42:05.268 138804 DEBUG oslo_service.service [req-691758a6-4c9e-44cc-a10e-71eba5b970f1 - - - - -] serial_console.serialproxy_host = 0.0.0.0 log_opt_values /usr/lib/python3/dist-packages/oslo_config/cfg.py:2609
2025-11-27 00:42:05.269 138804 DEBUG oslo_service.service [req-691758a6-4c9e-44cc-a10e-71eba5b970f1 - - - - -] serial_console.serialproxy_port = 6083 log_opt_values /usr/lib/python3/dist-packages/oslo_config/cfg.py:2609
2025-11-27 00:42:05.269 140104 DEBUG oslo_messaging._drivers.amqpdriver [-] Listener is running poll /usr/lib/python3/dist-packages/oslo_messaging/_drivers/amqpdriver.py:343
2025-11-27 00:42:05.269 138804 DEBUG oslo_service.service [req-691758a6-4c9e-44cc-a10e-71eba5b970f1 - - - - -] service_user.auth_section = None log_opt_values /usr/lib/python3/dist-packages/oslo_config/cfg.py:2609
2025-11-27 00:42:05.269 140104 DEBUG oslo_messaging._drivers.amqpdriver [-] AMQPListener connection consume poll /usr/lib/python3/dist-packages/oslo_messaging/_drivers/amqpdriver.py:357
2025-11-27 00:42:05.269 138804 DEBUG oslo_service.service [req-691758a6-4c9e-44cc-a10e-71eba5b970f1 - - - - -] service_user.auth_type = password log_opt_values /usr/lib/python3/dist-packages/oslo_config/cfg.py:2609
2025-11-27 00:42:05.269 138804 DEBUG oslo_service.service [req-691758a6-4c9e-44cc-a10e-71eba5b970f1 - - - - -] service_user.cafile = None log_opt_values /usr/lib/python3/dist-packages/oslo_config/cfg.py:2609
2025-11-27 00:42:05.269 138804 DEBUG oslo_service.service [req-691758a6-4c9e-44cc-a10e-71eba5b970f1 - - - - -] service_user.certfile = None log_opt_values /usr/lib/python3/dist-packages/oslo_config/cfg.py:2609
2025-11-27 00:42:05.270 138804 DEBUG oslo_service.service [req-691758a6-4c9e-44cc-a10e-71eba5b970f1 - - - - -] service_user.collect_timing = False log_opt_values /usr/lib/python3/dist-packages/oslo_config/cfg.py:2609
2025-11-27 00:42:05.270 138804 DEBUG oslo_service.service [req-691758a6-4c9e-44cc-a10e-71eba5b970f1 - - - - -] service_user.insecure = False log_opt_values /usr/lib/python3/dist-packages/oslo_config/cfg.py:2609
2025-11-27 00:42:05.270 138804 DEBUG oslo_service.service [req-691758a6-4c9e-44cc-a10e-71eba5b970f1 - - - - -] service_user.keyfile = None log_opt_values /usr/lib/python3/dist-packages/oslo_config/cfg.py:2609
2025-11-27 00:42:05.270 138804 DEBUG oslo_service.service [req-691758a6-4c9e-44cc-a10e-71eba5b970f1 - - - - -] service_user.send_service_user_token = True log_opt_values /usr/lib/python3/dist-packages/oslo_config/cfg.py:2609
2025-11-27 00:42:05.270 138804 DEBUG oslo_service.service [req-691758a6-4c9e-44cc-a10e-71eba5b970f1 - - - - -] service_user.split_loggers = False log_opt_values /usr/lib/python3/dist-packages/oslo_config/cfg.py:2609
2025-11-27 00:42:05.271 138804 DEBUG oslo_service.service [req-691758a6-4c9e-44cc-a10e-71eba5b970f1 - - - - -] service_user.timeout = None log_opt_values /usr/lib/python3/dist-packages/oslo_config/cfg.py:2609
2025-11-27 00:42:05.271 138804 DEBUG oslo_service.service [req-691758a6-4c9e-44cc-a10e-71eba5b970f1 - - - - -] spice.agent_enabled = True log_opt_values /usr/lib/python3/dist-packages/oslo_config/cfg.py:2609
2025-11-27 00:42:05.271 138804 DEBUG oslo_service.service [req-691758a6-4c9e-44cc-a10e-71eba5b970f1 - - - - -] spice.enabled = False log_opt_values /usr/lib/python3/dist-packages/oslo_config/cfg.py:2609
2025-11-27 00:42:05.272 138804 DEBUG oslo_service.service [req-691758a6-4c9e-44cc-a10e-71eba5b970f1 - - - - -] spice.html5proxy_base_url = http://127.0.0.1:6082/spice_auto.html log_opt_values /usr/lib/python3/dist-packages/oslo_config/cfg.py:2609
2025-11-27 00:42:05.272 138804 DEBUG oslo_service.service [req-691758a6-4c9e-44cc-a10e-71eba5b970f1 - - - - -] spice.html5proxy_host = 0.0.0.0 log_opt_values /usr/lib/python3/dist-packages/oslo_config/cfg.py:2609
2025-11-27 00:42:05.272 138804 DEBUG oslo_service.service [req-691758a6-4c9e-44cc-a10e-71eba5b970f1 - - - - -] spice.html5proxy_port = 6082 log_opt_values /usr/lib/python3/dist-packages/oslo_config/cfg.py:2609
2025-11-27 00:42:05.272 138804 DEBUG oslo_service.service [req-691758a6-4c9e-44cc-a10e-71eba5b970f1 - - - - -] spice.server_listen = 127.0.0.1 log_opt_values /usr/lib/python3/dist-packages/oslo_config/cfg.py:2609
2025-11-27 00:42:05.272 138804 DEBUG oslo_service.service [req-691758a6-4c9e-44cc-a10e-71eba5b970f1 - - - - -] spice.server_proxyclient_address = 127.0.0.1 log_opt_values /usr/lib/python3/dist-packages/oslo_config/cfg.py:2609
2025-11-27 00:42:05.273 138804 DEBUG oslo_service.service [req-691758a6-4c9e-44cc-a10e-71eba5b970f1 - - - - -] upgrade_levels.baseapi = None log_opt_values /usr/lib/python3/dist-packages/oslo_config/cfg.py:2609
2025-11-27 00:42:05.273 138804 DEBUG oslo_service.service [req-691758a6-4c9e-44cc-a10e-71eba5b970f1 - - - - -] upgrade_levels.cert = None log_opt_values /usr/lib/python3/dist-packages/oslo_config/cfg.py:2609
2025-11-27 00:42:05.273 138804 DEBUG oslo_service.service [req-691758a6-4c9e-44cc-a10e-71eba5b970f1 - - - - -] upgrade_levels.compute = auto log_opt_values /usr/lib/python3/dist-packages/oslo_config/cfg.py:2609
2025-11-27 00:42:05.273 138804 DEBUG oslo_service.service [req-691758a6-4c9e-44cc-a10e-71eba5b970f1 - - - - -] upgrade_levels.conductor = None log_opt_values /usr/lib/python3/dist-packages/oslo_config/cfg.py:2609
2025-11-27 00:42:05.273 138804 DEBUG oslo_service.service [req-691758a6-4c9e-44cc-a10e-71eba5b970f1 - - - - -] upgrade_levels.scheduler = None log_opt_values /usr/lib/python3/dist-packages/oslo_config/cfg.py:2609
2025-11-27 00:42:05.274 138804 DEBUG oslo_service.service [req-691758a6-4c9e-44cc-a10e-71eba5b970f1 - - - - -] vendordata_dynamic_auth.auth_section = None log_opt_values /usr/lib/python3/dist-packages/oslo_config/cfg.py:2609
2025-11-27 00:42:05.274 138804 DEBUG oslo_service.service [req-691758a6-4c9e-44cc-a10e-71eba5b970f1 - - - - -] vendordata_dynamic_auth.auth_type = None log_opt_values /usr/lib/python3/dist-packages/oslo_config/cfg.py:2609
2025-11-27 00:42:05.275 140104 DEBUG nova.service [req-592b8e87-bb4e-41b2-903f-af534877e47b - - - - -] Join ServiceGroup membership for this service conductor start /usr/lib/python3/dist-packages/nova/service.py:199
2025-11-27 00:42:05.275 138804 DEBUG oslo_service.service [req-691758a6-4c9e-44cc-a10e-71eba5b970f1 - - - - -] vendordata_dynamic_auth.cafile = None log_opt_values /usr/lib/python3/dist-packages/oslo_config/cfg.py:2609
2025-11-27 00:42:05.275 138804 DEBUG oslo_service.service [req-691758a6-4c9e-44cc-a10e-71eba5b970f1 - - - - -] vendordata_dynamic_auth.certfile = None log_opt_values /usr/lib/python3/dist-packages/oslo_config/cfg.py:2609
2025-11-27 00:42:05.275 140104 DEBUG nova.servicegroup.drivers.db [req-592b8e87-bb4e-41b2-903f-af534877e47b - - - - -] DB_Driver: join new ServiceGroup member juju-8e3bce-0-lxd-7 to the conductor group, service = join /usr/lib/python3/dist-packages/nova/servicegroup/drivers/db.py:44
2025-11-27 00:42:05.276 138804 DEBUG oslo_service.service [req-691758a6-4c9e-44cc-a10e-71eba5b970f1 - - - - -] vendordata_dynamic_auth.collect_timing = False log_opt_values /usr/lib/python3/dist-packages/oslo_config/cfg.py:2609
2025-11-27 00:42:05.276 138804 DEBUG oslo_service.service [req-691758a6-4c9e-44cc-a10e-71eba5b970f1 - - - - -] vendordata_dynamic_auth.insecure = False log_opt_values /usr/lib/python3/dist-packages/oslo_config/cfg.py:2609
2025-11-27 00:42:05.276 138804 DEBUG oslo_service.service [req-691758a6-4c9e-44cc-a10e-71eba5b970f1 - - - - -] vendordata_dynamic_auth.keyfile = None log_opt_values /usr/lib/python3/dist-packages/oslo_config/cfg.py:2609
2025-11-27 00:42:05.276 138804 DEBUG oslo_service.service [req-691758a6-4c9e-44cc-a10e-71eba5b970f1 - - - - -] vendordata_dynamic_auth.split_loggers = False log_opt_values /usr/lib/python3/dist-packages/oslo_config/cfg.py:2609
2025-11-27 00:42:05.276 138804 DEBUG oslo_service.service [req-691758a6-4c9e-44cc-a10e-71eba5b970f1 - - - - -] vendordata_dynamic_auth.timeout = None log_opt_values /usr/lib/python3/dist-packages/oslo_config/cfg.py:2609
2025-11-27 00:42:05.277 138804 DEBUG oslo_service.service [req-691758a6-4c9e-44cc-a10e-71eba5b970f1 - - - - -] vmware.api_retry_count = 10 log_opt_values /usr/lib/python3/dist-packages/oslo_config/cfg.py:2609
2025-11-27 00:42:05.277 138804 DEBUG oslo_service.service [req-691758a6-4c9e-44cc-a10e-71eba5b970f1 - - - - -] vmware.ca_file = None log_opt_values /usr/lib/python3/dist-packages/oslo_config/cfg.py:2609
2025-11-27 00:42:05.278 138804 DEBUG oslo_service.service [req-691758a6-4c9e-44cc-a10e-71eba5b970f1 - - - - -] vmware.cache_prefix = None log_opt_values /usr/lib/python3/dist-packages/oslo_config/cfg.py:2609
2025-11-27 00:42:05.278 138804 DEBUG oslo_service.service [req-691758a6-4c9e-44cc-a10e-71eba5b970f1 - - - - -] vmware.cluster_name = None log_opt_values /usr/lib/python3/dist-packages/oslo_config/cfg.py:2609
2025-11-27 00:42:05.278 138804 DEBUG oslo_service.service [req-691758a6-4c9e-44cc-a10e-71eba5b970f1 - - - - -] vmware.connection_pool_size = 10 log_opt_values /usr/lib/python3/dist-packages/oslo_config/cfg.py:2609
2025-11-27 00:42:05.278 138804 DEBUG oslo_service.service [req-691758a6-4c9e-44cc-a10e-71eba5b970f1 - - - - -] vmware.console_delay_seconds = None log_opt_values /usr/lib/python3/dist-packages/oslo_config/cfg.py:2609
2025-11-27 00:42:05.279 140104 DEBUG oslo_messaging._drivers.amqpdriver [-] AMQPListener connection timeout poll /usr/lib/python3/dist-packages/oslo_messaging/_drivers/amqpdriver.py:360
2025-11-27 00:42:05.279 138804 DEBUG oslo_service.service [req-691758a6-4c9e-44cc-a10e-71eba5b970f1 - - - - -] vmware.datastore_regex = None log_opt_values /usr/lib/python3/dist-packages/oslo_config/cfg.py:2609
2025-11-27 00:42:05.279 140104 DEBUG oslo_messaging._drivers.amqpdriver [-] Listener is running poll /usr/lib/python3/dist-packages/oslo_messaging/_drivers/amqpdriver.py:343
2025-11-27 00:42:05.279 138804 DEBUG oslo_service.service [req-691758a6-4c9e-44cc-a10e-71eba5b970f1 - - - - -] vmware.host_ip = None log_opt_values /usr/lib/python3/dist-packages/oslo_config/cfg.py:2609
2025-11-27 00:42:05.280 140104 DEBUG oslo_messaging._drivers.amqpdriver [-] AMQPListener connection consume poll /usr/lib/python3/dist-packages/oslo_messaging/_drivers/amqpdriver.py:357
2025-11-27 00:42:05.280 138804 DEBUG oslo_service.service [req-691758a6-4c9e-44cc-a10e-71eba5b970f1 - - - - -] vmware.host_password = **** log_opt_values /usr/lib/python3/dist-packages/oslo_config/cfg.py:2609
2025-11-27 00:42:05.280 138804 DEBUG oslo_service.service [req-691758a6-4c9e-44cc-a10e-71eba5b970f1 - - - - -] vmware.host_port = 443 log_opt_values /usr/lib/python3/dist-packages/oslo_config/cfg.py:2609
2025-11-27 00:42:05.280 138804 DEBUG oslo_service.service [req-691758a6-4c9e-44cc-a10e-71eba5b970f1 - - - - -] vmware.host_username = None log_opt_values /usr/lib/python3/dist-packages/oslo_config/cfg.py:2609
2025-11-27 00:42:05.280 138804 DEBUG oslo_service.service [req-691758a6-4c9e-44cc-a10e-71eba5b970f1 - - - - -] vmware.insecure = False log_opt_values /usr/lib/python3/dist-packages/oslo_config/cfg.py:2609
2025-11-27 00:42:05.281 138804 DEBUG oslo_service.service [req-691758a6-4c9e-44cc-a10e-71eba5b970f1 - - - - -] vmware.integration_bridge = None log_opt_values /usr/lib/python3/dist-packages/oslo_config/cfg.py:2609
2025-11-27 00:42:05.282 138804 DEBUG oslo_service.service [req-691758a6-4c9e-44cc-a10e-71eba5b970f1 - - - - -] vmware.maximum_objects = 100 log_opt_values /usr/lib/python3/dist-packages/oslo_config/cfg.py:2609
2025-11-27 00:42:05.282 138804 DEBUG oslo_service.service [req-691758a6-4c9e-44cc-a10e-71eba5b970f1 - - - - -] vmware.pbm_default_policy = None log_opt_values /usr/lib/python3/dist-packages/oslo_config/cfg.py:2609
2025-11-27 00:42:05.283 138804 DEBUG oslo_service.service [req-691758a6-4c9e-44cc-a10e-71eba5b970f1 - - - - -] vmware.pbm_enabled = False log_opt_values /usr/lib/python3/dist-packages/oslo_config/cfg.py:2609
2025-11-27 00:42:05.284 138804 DEBUG oslo_service.service [req-691758a6-4c9e-44cc-a10e-71eba5b970f1 - - - - -] vmware.pbm_wsdl_location = None log_opt_values /usr/lib/python3/dist-packages/oslo_config/cfg.py:2609
2025-11-27 00:42:05.284 138804 DEBUG oslo_service.service [req-691758a6-4c9e-44cc-a10e-71eba5b970f1 - - - - -] vmware.serial_log_dir = /opt/vmware/vspc log_opt_values /usr/lib/python3/dist-packages/oslo_config/cfg.py:2609
2025-11-27 00:42:05.284 138804 DEBUG oslo_service.service [req-691758a6-4c9e-44cc-a10e-71eba5b970f1 - - - - -] vmware.serial_port_proxy_uri = None log_opt_values /usr/lib/python3/dist-packages/oslo_config/cfg.py:2609
2025-11-27 00:42:05.285 138804 DEBUG oslo_service.service [req-691758a6-4c9e-44cc-a10e-71eba5b970f1 - - - - -] vmware.serial_port_service_uri = None log_opt_values /usr/lib/python3/dist-packages/oslo_config/cfg.py:2609
2025-11-27 00:42:05.286 138804 DEBUG oslo_service.service [req-691758a6-4c9e-44cc-a10e-71eba5b970f1 - - - - -] vmware.task_poll_interval = 0.5 log_opt_values /usr/lib/python3/dist-packages/oslo_config/cfg.py:2609
2025-11-27 00:42:05.286 138804 DEBUG oslo_service.service [req-691758a6-4c9e-44cc-a10e-71eba5b970f1 - - - - -] vmware.use_linked_clone = True log_opt_values /usr/lib/python3/dist-packages/oslo_config/cfg.py:2609
2025-11-27 00:42:05.286 138804 DEBUG oslo_service.service [req-691758a6-4c9e-44cc-a10e-71eba5b970f1 - - - - -] vmware.vnc_keymap = en-us log_opt_values /usr/lib/python3/dist-packages/oslo_config/cfg.py:2609
2025-11-27 00:42:05.287 138804 DEBUG oslo_service.service [req-691758a6-4c9e-44cc-a10e-71eba5b970f1 - - - - -] vmware.vnc_port = 5900 log_opt_values /usr/lib/python3/dist-packages/oslo_config/cfg.py:2609
2025-11-27 00:42:05.287 138804 DEBUG oslo_service.service [req-691758a6-4c9e-44cc-a10e-71eba5b970f1 - - - - -] vmware.vnc_port_total = 10000 log_opt_values /usr/lib/python3/dist-packages/oslo_config/cfg.py:2609
2025-11-27 00:42:05.287 138804 DEBUG oslo_service.service [req-691758a6-4c9e-44cc-a10e-71eba5b970f1 - - - - -] vnc.auth_schemes = ['none'] log_opt_values /usr/lib/python3/dist-packages/oslo_config/cfg.py:2609
2025-11-27 00:42:05.287 138804 DEBUG oslo_service.service [req-691758a6-4c9e-44cc-a10e-71eba5b970f1 - - - - -] vnc.enabled = True log_opt_values /usr/lib/python3/dist-packages/oslo_config/cfg.py:2609
2025-11-27 00:42:05.289 138804 DEBUG oslo_service.service [req-691758a6-4c9e-44cc-a10e-71eba5b970f1 - - - - -] vnc.novncproxy_base_url = http://127.0.0.1:6080/vnc_auto.html log_opt_values /usr/lib/python3/dist-packages/oslo_config/cfg.py:2609
2025-11-27 00:42:05.289 138804 DEBUG oslo_service.service [req-691758a6-4c9e-44cc-a10e-71eba5b970f1 - - - - -] vnc.novncproxy_host = 0.0.0.0 log_opt_values /usr/lib/python3/dist-packages/oslo_config/cfg.py:2609
2025-11-27 00:42:05.289 138804 DEBUG oslo_service.service [req-691758a6-4c9e-44cc-a10e-71eba5b970f1 - - - - -] vnc.novncproxy_port = 6080 log_opt_values /usr/lib/python3/dist-packages/oslo_config/cfg.py:2609
2025-11-27 00:42:05.289 138804 DEBUG oslo_service.service [req-691758a6-4c9e-44cc-a10e-71eba5b970f1 - - - - -] vnc.server_listen = 127.0.0.1 log_opt_values /usr/lib/python3/dist-packages/oslo_config/cfg.py:2609
2025-11-27 00:42:05.290 138804 DEBUG oslo_service.service [req-691758a6-4c9e-44cc-a10e-71eba5b970f1 - - - - -] vnc.server_proxyclient_address = 127.0.0.1 log_opt_values /usr/lib/python3/dist-packages/oslo_config/cfg.py:2609
2025-11-27 00:42:05.290 138804 DEBUG oslo_service.service [req-691758a6-4c9e-44cc-a10e-71eba5b970f1 - - - - -] vnc.vencrypt_ca_certs = None log_opt_values /usr/lib/python3/dist-packages/oslo_config/cfg.py:2609
2025-11-27 00:42:05.290 138804 DEBUG oslo_service.service [req-691758a6-4c9e-44cc-a10e-71eba5b970f1 - - - - -] vnc.vencrypt_client_cert = None log_opt_values /usr/lib/python3/dist-packages/oslo_config/cfg.py:2609
2025-11-27 00:42:05.290 138804 DEBUG oslo_service.service [req-691758a6-4c9e-44cc-a10e-71eba5b970f1 - - - - -] vnc.vencrypt_client_key = None log_opt_values /usr/lib/python3/dist-packages/oslo_config/cfg.py:2609
2025-11-27 00:42:05.291 138804 DEBUG oslo_service.service [req-691758a6-4c9e-44cc-a10e-71eba5b970f1 - - - - -] workarounds.disable_compute_service_check_for_ffu = False log_opt_values /usr/lib/python3/dist-packages/oslo_config/cfg.py:2609
2025-11-27 00:42:05.291 138804 DEBUG oslo_service.service [req-691758a6-4c9e-44cc-a10e-71eba5b970f1 - - - - -] workarounds.disable_deep_image_inspection = False log_opt_values /usr/lib/python3/dist-packages/oslo_config/cfg.py:2609
2025-11-27 00:42:05.291 138804 DEBUG oslo_service.service [req-691758a6-4c9e-44cc-a10e-71eba5b970f1 - - - - -] workarounds.disable_fallback_pcpu_query = False log_opt_values /usr/lib/python3/dist-packages/oslo_config/cfg.py:2609
2025-11-27 00:42:05.291 138804 DEBUG oslo_service.service [req-691758a6-4c9e-44cc-a10e-71eba5b970f1 - - - - -] workarounds.disable_group_policy_check_upcall = False log_opt_values /usr/lib/python3/dist-packages/oslo_config/cfg.py:2609
2025-11-27 00:42:05.292 138804 DEBUG oslo_service.service [req-691758a6-4c9e-44cc-a10e-71eba5b970f1 - - - - -] workarounds.disable_libvirt_livesnapshot = False log_opt_values /usr/lib/python3/dist-packages/oslo_config/cfg.py:2609
2025-11-27 00:42:05.292 138804 DEBUG oslo_service.service [req-691758a6-4c9e-44cc-a10e-71eba5b970f1 - - - - -] workarounds.disable_rootwrap = False log_opt_values /usr/lib/python3/dist-packages/oslo_config/cfg.py:2609
2025-11-27 00:42:05.292 138804 DEBUG oslo_service.service [req-691758a6-4c9e-44cc-a10e-71eba5b970f1 - - - - -] workarounds.enable_numa_live_migration = False log_opt_values /usr/lib/python3/dist-packages/oslo_config/cfg.py:2609
2025-11-27 00:42:05.292 138804 DEBUG oslo_service.service [req-691758a6-4c9e-44cc-a10e-71eba5b970f1 - - - - -] workarounds.enable_qemu_monitor_announce_self = False log_opt_values /usr/lib/python3/dist-packages/oslo_config/cfg.py:2609
2025-11-27 00:42:05.293 138804 DEBUG oslo_service.service [req-691758a6-4c9e-44cc-a10e-71eba5b970f1 - - - - -] workarounds.ensure_libvirt_rbd_instance_dir_cleanup = False log_opt_values /usr/lib/python3/dist-packages/oslo_config/cfg.py:2609
2025-11-27 00:42:05.294 138804 DEBUG oslo_service.service [req-691758a6-4c9e-44cc-a10e-71eba5b970f1 - - - - -] workarounds.handle_virt_lifecycle_events = True log_opt_values /usr/lib/python3/dist-packages/oslo_config/cfg.py:2609
2025-11-27 00:42:05.296 138804 DEBUG oslo_service.service [req-691758a6-4c9e-44cc-a10e-71eba5b970f1 - - - - -] workarounds.libvirt_disable_apic = False log_opt_values /usr/lib/python3/dist-packages/oslo_config/cfg.py:2609
2025-11-27 00:42:05.297 138804 DEBUG oslo_service.service [req-691758a6-4c9e-44cc-a10e-71eba5b970f1 - - - - -] workarounds.never_download_image_if_on_rbd = False log_opt_values /usr/lib/python3/dist-packages/oslo_config/cfg.py:2609
2025-11-27 00:42:05.297 138804 DEBUG oslo_service.service [req-691758a6-4c9e-44cc-a10e-71eba5b970f1 - - - - -] workarounds.reserve_disk_resource_for_image_cache = False log_opt_values /usr/lib/python3/dist-packages/oslo_config/cfg.py:2609
2025-11-27 00:42:05.297 138804 DEBUG oslo_service.service [req-691758a6-4c9e-44cc-a10e-71eba5b970f1 - - - - -] workarounds.skip_cpu_compare_at_startup = False log_opt_values /usr/lib/python3/dist-packages/oslo_config/cfg.py:2609
2025-11-27 00:42:05.297 138804 DEBUG oslo_service.service [req-691758a6-4c9e-44cc-a10e-71eba5b970f1 - - - - -] workarounds.skip_cpu_compare_on_dest = False log_opt_values /usr/lib/python3/dist-packages/oslo_config/cfg.py:2609
2025-11-27 00:42:05.298 138804 DEBUG oslo_service.service [req-691758a6-4c9e-44cc-a10e-71eba5b970f1 - - - - -] workarounds.skip_hypervisor_version_check_on_lm = False log_opt_values /usr/lib/python3/dist-packages/oslo_config/cfg.py:2609
2025-11-27 00:42:05.298 138804 DEBUG oslo_service.service [req-691758a6-4c9e-44cc-a10e-71eba5b970f1 - - - - -] workarounds.unified_limits_count_pcpu_as_vcpu = False log_opt_values /usr/lib/python3/dist-packages/oslo_config/cfg.py:2609
2025-11-27 00:42:05.298 138804 DEBUG oslo_service.service [req-691758a6-4c9e-44cc-a10e-71eba5b970f1 - - - - -] workarounds.wait_for_vif_plugged_event_during_hard_reboot = [] log_opt_values /usr/lib/python3/dist-packages/oslo_config/cfg.py:2609
2025-11-27 00:42:05.298 138804 DEBUG oslo_service.service [req-691758a6-4c9e-44cc-a10e-71eba5b970f1 - - - - -] wsgi.api_paste_config = /etc/nova/api-paste.ini log_opt_values /usr/lib/python3/dist-packages/oslo_config/cfg.py:2609
2025-11-27 00:42:05.299 138804 DEBUG oslo_service.service [req-691758a6-4c9e-44cc-a10e-71eba5b970f1 - - - - -] wsgi.client_socket_timeout = 900 log_opt_values /usr/lib/python3/dist-packages/oslo_config/cfg.py:2609
2025-11-27 00:42:05.299 138804 DEBUG oslo_service.service [req-691758a6-4c9e-44cc-a10e-71eba5b970f1 - - - - -] wsgi.default_pool_size = 1000 log_opt_values /usr/lib/python3/dist-packages/oslo_config/cfg.py:2609
2025-11-27 00:42:05.300 138804 DEBUG oslo_service.service [req-691758a6-4c9e-44cc-a10e-71eba5b970f1 - - - - -] wsgi.keep_alive = True log_opt_values /usr/lib/python3/dist-packages/oslo_config/cfg.py:2609
2025-11-27 00:42:05.300 138804 DEBUG oslo_service.service [req-691758a6-4c9e-44cc-a10e-71eba5b970f1 - - - - -] wsgi.max_header_line = 16384 log_opt_values /usr/lib/python3/dist-packages/oslo_config/cfg.py:2609
2025-11-27 00:42:05.302 138804 DEBUG oslo_service.service [req-691758a6-4c9e-44cc-a10e-71eba5b970f1 - - - - -] wsgi.secure_proxy_ssl_header = None log_opt_values /usr/lib/python3/dist-packages/oslo_config/cfg.py:2609
2025-11-27 00:42:05.302 138804 DEBUG oslo_service.service [req-691758a6-4c9e-44cc-a10e-71eba5b970f1 - - - - -] wsgi.ssl_ca_file = None log_opt_values /usr/lib/python3/dist-packages/oslo_config/cfg.py:2609
2025-11-27 00:42:05.302 138804 DEBUG oslo_service.service [req-691758a6-4c9e-44cc-a10e-71eba5b970f1 - - - - -] wsgi.ssl_cert_file = None log_opt_values /usr/lib/python3/dist-packages/oslo_config/cfg.py:2609
2025-11-27 00:42:05.303 138804 DEBUG oslo_service.service [req-691758a6-4c9e-44cc-a10e-71eba5b970f1 - - - - -] wsgi.ssl_key_file = None log_opt_values /usr/lib/python3/dist-packages/oslo_config/cfg.py:2609
2025-11-27 00:42:05.303 138804 DEBUG oslo_service.service [req-691758a6-4c9e-44cc-a10e-71eba5b970f1 - - - - -] wsgi.tcp_keepidle = 600 log_opt_values /usr/lib/python3/dist-packages/oslo_config/cfg.py:2609
2025-11-27 00:42:05.304 138804 DEBUG oslo_service.service [req-691758a6-4c9e-44cc-a10e-71eba5b970f1 - - - - -] wsgi.wsgi_log_format = %(client_ip)s "%(request_line)s" status: %(status_code)s len: %(body_length)s time: %(wall_seconds).7f log_opt_values /usr/lib/python3/dist-packages/oslo_config/cfg.py:2609
2025-11-27 00:42:05.304 138804 DEBUG oslo_service.service [req-691758a6-4c9e-44cc-a10e-71eba5b970f1 - - - - -] zvm.ca_file = None log_opt_values /usr/lib/python3/dist-packages/oslo_config/cfg.py:2609
2025-11-27 00:42:05.304 138804 DEBUG oslo_service.service [req-691758a6-4c9e-44cc-a10e-71eba5b970f1 - - - - -] zvm.cloud_connector_url = None log_opt_values /usr/lib/python3/dist-packages/oslo_config/cfg.py:2609
2025-11-27 00:42:05.304 138804 DEBUG oslo_service.service [req-691758a6-4c9e-44cc-a10e-71eba5b970f1 - - - - -] zvm.image_tmp_path = /var/lib/nova/images log_opt_values /usr/lib/python3/dist-packages/oslo_config/cfg.py:2609
2025-11-27 00:42:05.304 138804 DEBUG oslo_service.service [req-691758a6-4c9e-44cc-a10e-71eba5b970f1 - - - - -] zvm.reachable_timeout = 300 log_opt_values /usr/lib/python3/dist-packages/oslo_config/cfg.py:2609
2025-11-27 00:42:05.305 138804 DEBUG oslo_service.service [req-691758a6-4c9e-44cc-a10e-71eba5b970f1 - - - - -] oslo_policy.enforce_new_defaults = False log_opt_values /usr/lib/python3/dist-packages/oslo_config/cfg.py:2609
2025-11-27 00:42:05.305 138804 DEBUG oslo_service.service [req-691758a6-4c9e-44cc-a10e-71eba5b970f1 - - - - -] oslo_policy.enforce_scope = False log_opt_values /usr/lib/python3/dist-packages/oslo_config/cfg.py:2609
2025-11-27 00:42:05.305 138804 DEBUG oslo_service.service [req-691758a6-4c9e-44cc-a10e-71eba5b970f1 - - - - -] oslo_policy.policy_default_rule = default log_opt_values /usr/lib/python3/dist-packages/oslo_config/cfg.py:2609
2025-11-27 00:42:05.305 138804 DEBUG oslo_service.service [req-691758a6-4c9e-44cc-a10e-71eba5b970f1 - - - - -] oslo_policy.policy_dirs = ['policy.d'] log_opt_values /usr/lib/python3/dist-packages/oslo_config/cfg.py:2609
2025-11-27 00:42:05.306 138804 DEBUG oslo_service.service [req-691758a6-4c9e-44cc-a10e-71eba5b970f1 - - - - -] oslo_policy.policy_file = policy.yaml log_opt_values /usr/lib/python3/dist-packages/oslo_config/cfg.py:2609
2025-11-27 00:42:05.306 138804 DEBUG oslo_service.service [req-691758a6-4c9e-44cc-a10e-71eba5b970f1 - - - - -] oslo_policy.remote_content_type = application/x-www-form-urlencoded log_opt_values /usr/lib/python3/dist-packages/oslo_config/cfg.py:2609
2025-11-27 00:42:05.307 138804 DEBUG oslo_service.service [req-691758a6-4c9e-44cc-a10e-71eba5b970f1 - - - - -] oslo_policy.remote_ssl_ca_crt_file = None log_opt_values /usr/lib/python3/dist-packages/oslo_config/cfg.py:2609
