2025-11-27 00:42:48.393 39112 DEBUG oslo_service.service [-] clients_neutron.key_file = None log_opt_values /usr/lib/python3/dist-packages/oslo_config/cfg.py:2609
2025-11-27 00:42:48.393 39112 DEBUG oslo_service.service [-] clients_nova.ca_file = None log_opt_values /usr/lib/python3/dist-packages/oslo_config/cfg.py:2609
2025-11-27 00:42:48.393 39112 DEBUG oslo_service.service [-] clients_nova.cert_file = None log_opt_values /usr/lib/python3/dist-packages/oslo_config/cfg.py:2609
2025-11-27 00:42:48.393 39112 DEBUG oslo_service.service [-] clients_nova.endpoint_type = None log_opt_values /usr/lib/python3/dist-packages/oslo_config/cfg.py:2609
2025-11-27 00:42:48.393 39112 DEBUG oslo_service.service [-] clients_nova.http_log_debug = False log_opt_values /usr/lib/python3/dist-packages/oslo_config/cfg.py:2609
2025-11-27 00:42:48.393 39112 DEBUG oslo_service.service [-] clients_nova.insecure = None log_opt_values /usr/lib/python3/dist-packages/oslo_config/cfg.py:2609
2025-11-27 00:42:48.394 39112 DEBUG oslo_service.service [-] clients_nova.key_file = None log_opt_values /usr/lib/python3/dist-packages/oslo_config/cfg.py:2609
2025-11-27 00:42:48.394 39112 DEBUG oslo_service.service [-] clients_octavia.ca_file = None log_opt_values /usr/lib/python3/dist-packages/oslo_config/cfg.py:2609
2025-11-27 00:42:48.394 39112 DEBUG oslo_service.service [-] clients_octavia.cert_file = None log_opt_values /usr/lib/python3/dist-packages/oslo_config/cfg.py:2609
2025-11-27 00:42:48.394 39112 DEBUG oslo_service.service [-] clients_octavia.endpoint_type = None log_opt_values /usr/lib/python3/dist-packages/oslo_config/cfg.py:2609
2025-11-27 00:42:48.394 39112 DEBUG oslo_service.service [-] clients_octavia.insecure = None log_opt_values /usr/lib/python3/dist-packages/oslo_config/cfg.py:2609
2025-11-27 00:42:48.394 39112 DEBUG oslo_service.service [-] clients_octavia.key_file = None log_opt_values /usr/lib/python3/dist-packages/oslo_config/cfg.py:2609
2025-11-27 00:42:48.394 39112 DEBUG oslo_service.service [-] clients_sahara.ca_file = None log_opt_values /usr/lib/python3/dist-packages/oslo_config/cfg.py:2609
2025-11-27 00:42:48.394 39112 DEBUG oslo_service.service [-] clients_sahara.cert_file = None log_opt_values /usr/lib/python3/dist-packages/oslo_config/cfg.py:2609
2025-11-27 00:42:48.394 39112 DEBUG oslo_service.service [-] clients_sahara.endpoint_type = None log_opt_values /usr/lib/python3/dist-packages/oslo_config/cfg.py:2609
2025-11-27 00:42:48.397 39112 DEBUG oslo_service.service [-] clients_sahara.insecure = None log_opt_values /usr/lib/python3/dist-packages/oslo_config/cfg.py:2609
2025-11-27 00:42:48.397 39112 DEBUG oslo_service.service [-] clients_sahara.key_file = None log_opt_values /usr/lib/python3/dist-packages/oslo_config/cfg.py:2609
2025-11-27 00:42:48.397 39112 DEBUG oslo_service.service [-] clients_senlin.ca_file = None log_opt_values /usr/lib/python3/dist-packages/oslo_config/cfg.py:2609
2025-11-27 00:42:48.397 39112 DEBUG oslo_service.service [-] clients_senlin.cert_file = None log_opt_values /usr/lib/python3/dist-packages/oslo_config/cfg.py:2609
2025-11-27 00:42:48.398 39112 DEBUG oslo_service.service [-] clients_senlin.endpoint_type = None log_opt_values /usr/lib/python3/dist-packages/oslo_config/cfg.py:2609
2025-11-27 00:42:48.398 39112 DEBUG oslo_service.service [-] clients_senlin.insecure = None log_opt_values /usr/lib/python3/dist-packages/oslo_config/cfg.py:2609
2025-11-27 00:42:48.398 39112 DEBUG oslo_service.service [-] clients_senlin.key_file = None log_opt_values /usr/lib/python3/dist-packages/oslo_config/cfg.py:2609
2025-11-27 00:42:48.398 39112 DEBUG oslo_service.service [-] clients_swift.ca_file = None log_opt_values /usr/lib/python3/dist-packages/oslo_config/cfg.py:2609
2025-11-27 00:42:48.398 39112 DEBUG oslo_service.service [-] clients_swift.cert_file = None log_opt_values /usr/lib/python3/dist-packages/oslo_config/cfg.py:2609
2025-11-27 00:42:48.398 39112 DEBUG oslo_service.service [-] clients_swift.endpoint_type = None log_opt_values /usr/lib/python3/dist-packages/oslo_config/cfg.py:2609
2025-11-27 00:42:48.398 39112 DEBUG oslo_service.service [-] clients_swift.insecure = None log_opt_values /usr/lib/python3/dist-packages/oslo_config/cfg.py:2609
2025-11-27 00:42:48.398 39112 DEBUG oslo_service.service [-] clients_swift.key_file = None log_opt_values /usr/lib/python3/dist-packages/oslo_config/cfg.py:2609
2025-11-27 00:42:48.399 39112 DEBUG oslo_service.service [-] clients_trove.ca_file = None log_opt_values /usr/lib/python3/dist-packages/oslo_config/cfg.py:2609
2025-11-27 00:42:48.399 39112 DEBUG oslo_service.service [-] clients_trove.cert_file = None log_opt_values /usr/lib/python3/dist-packages/oslo_config/cfg.py:2609
2025-11-27 00:42:48.399 39112 DEBUG oslo_service.service [-] clients_trove.endpoint_type = None log_opt_values /usr/lib/python3/dist-packages/oslo_config/cfg.py:2609
2025-11-27 00:42:48.399 39112 DEBUG oslo_service.service [-] clients_trove.insecure = None log_opt_values /usr/lib/python3/dist-packages/oslo_config/cfg.py:2609
2025-11-27 00:42:48.400 39112 DEBUG oslo_service.service [-] clients_trove.key_file = None log_opt_values /usr/lib/python3/dist-packages/oslo_config/cfg.py:2609
2025-11-27 00:42:48.400 39336 INFO heat.engine.worker [-] Starting engine_worker (1.4) in engine 11839ee3-17f6-4513-953d-98a1974ca65d.
2025-11-27 00:42:48.400 39112 DEBUG oslo_service.service [-] clients_vitrage.ca_file = None log_opt_values /usr/lib/python3/dist-packages/oslo_config/cfg.py:2609
2025-11-27 00:42:48.400 39112 DEBUG oslo_service.service [-] clients_vitrage.cert_file = None log_opt_values /usr/lib/python3/dist-packages/oslo_config/cfg.py:2609
2025-11-27 00:42:48.400 39112 DEBUG oslo_service.service [-] clients_vitrage.endpoint_type = None log_opt_values /usr/lib/python3/dist-packages/oslo_config/cfg.py:2609
2025-11-27 00:42:48.400 39112 DEBUG oslo_service.service [-] clients_vitrage.insecure = None log_opt_values /usr/lib/python3/dist-packages/oslo_config/cfg.py:2609
2025-11-27 00:42:48.401 39112 DEBUG oslo_service.service [-] clients_vitrage.key_file = None log_opt_values /usr/lib/python3/dist-packages/oslo_config/cfg.py:2609
2025-11-27 00:42:48.401 39112 DEBUG oslo_service.service [-] clients_zaqar.ca_file = None log_opt_values /usr/lib/python3/dist-packages/oslo_config/cfg.py:2609
2025-11-27 00:42:48.401 39112 DEBUG oslo_service.service [-] clients_zaqar.cert_file = None log_opt_values /usr/lib/python3/dist-packages/oslo_config/cfg.py:2609
2025-11-27 00:42:48.401 39112 DEBUG oslo_service.service [-] clients_zaqar.endpoint_type = None log_opt_values /usr/lib/python3/dist-packages/oslo_config/cfg.py:2609
2025-11-27 00:42:48.401 39112 DEBUG oslo_service.service [-] clients_zaqar.insecure = None log_opt_values /usr/lib/python3/dist-packages/oslo_config/cfg.py:2609
2025-11-27 00:42:48.401 39112 DEBUG oslo_service.service [-] clients_zaqar.key_file = None log_opt_values /usr/lib/python3/dist-packages/oslo_config/cfg.py:2609
2025-11-27 00:42:48.401 39112 DEBUG oslo_service.service [-] database.backend = sqlalchemy log_opt_values /usr/lib/python3/dist-packages/oslo_config/cfg.py:2609
2025-11-27 00:42:48.401 39112 DEBUG oslo_service.service [-] database.connection = **** log_opt_values /usr/lib/python3/dist-packages/oslo_config/cfg.py:2609
2025-11-27 00:42:48.402 39112 DEBUG oslo_service.service [-] database.connection_debug = 0 log_opt_values /usr/lib/python3/dist-packages/oslo_config/cfg.py:2609
2025-11-27 00:42:48.402 39112 DEBUG oslo_service.service [-] database.connection_parameters = log_opt_values /usr/lib/python3/dist-packages/oslo_config/cfg.py:2609
2025-11-27 00:42:48.402 39112 DEBUG oslo_service.service [-] database.connection_recycle_time = 3600 log_opt_values /usr/lib/python3/dist-packages/oslo_config/cfg.py:2609
2025-11-27 00:42:48.402 39112 DEBUG oslo_service.service [-] database.connection_trace = False log_opt_values /usr/lib/python3/dist-packages/oslo_config/cfg.py:2609
2025-11-27 00:42:48.403 39112 DEBUG oslo_service.service [-] database.db_inc_retry_interval = True log_opt_values /usr/lib/python3/dist-packages/oslo_config/cfg.py:2609
2025-11-27 00:42:48.403 39112 DEBUG oslo_service.service [-] database.db_max_retries = 20 log_opt_values /usr/lib/python3/dist-packages/oslo_config/cfg.py:2609
2025-11-27 00:42:48.404 39112 DEBUG oslo_service.service [-] database.db_max_retry_interval = 10 log_opt_values /usr/lib/python3/dist-packages/oslo_config/cfg.py:2609
2025-11-27 00:42:48.404 39112 DEBUG oslo_service.service [-] database.db_retry_interval = 1 log_opt_values /usr/lib/python3/dist-packages/oslo_config/cfg.py:2609
2025-11-27 00:42:48.404 39112 DEBUG oslo_service.service [-] database.max_overflow = 50 log_opt_values /usr/lib/python3/dist-packages/oslo_config/cfg.py:2609
2025-11-27 00:42:48.404 39112 DEBUG oslo_service.service [-] database.max_pool_size = 5 log_opt_values /usr/lib/python3/dist-packages/oslo_config/cfg.py:2609
2025-11-27 00:42:48.404 39112 DEBUG oslo_service.service [-] database.max_retries = 10 log_opt_values /usr/lib/python3/dist-packages/oslo_config/cfg.py:2609
2025-11-27 00:42:48.405 39112 DEBUG oslo_service.service [-] database.mysql_enable_ndb = False log_opt_values /usr/lib/python3/dist-packages/oslo_config/cfg.py:2609
2025-11-27 00:42:48.405 39112 DEBUG oslo_service.service [-] database.mysql_sql_mode = TRADITIONAL log_opt_values /usr/lib/python3/dist-packages/oslo_config/cfg.py:2609
2025-11-27 00:42:48.405 39112 DEBUG oslo_service.service [-] database.pool_timeout = None log_opt_values /usr/lib/python3/dist-packages/oslo_config/cfg.py:2609
2025-11-27 00:42:48.406 39112 DEBUG oslo_service.service [-] database.retry_interval = 10 log_opt_values /usr/lib/python3/dist-packages/oslo_config/cfg.py:2609
2025-11-27 00:42:48.407 39112 DEBUG oslo_service.service [-] database.slave_connection = **** log_opt_values /usr/lib/python3/dist-packages/oslo_config/cfg.py:2609
2025-11-27 00:42:48.407 39112 DEBUG oslo_service.service [-] database.sqlite_synchronous = True log_opt_values /usr/lib/python3/dist-packages/oslo_config/cfg.py:2609
2025-11-27 00:42:48.407 39112 DEBUG oslo_service.service [-] database.use_db_reconnect = False log_opt_values /usr/lib/python3/dist-packages/oslo_config/cfg.py:2609
2025-11-27 00:42:48.407 39112 DEBUG oslo_service.service [-] oslo_messaging_metrics.metrics_buffer_size = 1000 log_opt_values /usr/lib/python3/dist-packages/oslo_config/cfg.py:2609
2025-11-27 00:42:48.407 39112 DEBUG oslo_service.service [-] oslo_messaging_metrics.metrics_enabled = False log_opt_values /usr/lib/python3/dist-packages/oslo_config/cfg.py:2609
2025-11-27 00:42:48.407 39112 DEBUG oslo_service.service [-] oslo_messaging_metrics.metrics_process_name = log_opt_values /usr/lib/python3/dist-packages/oslo_config/cfg.py:2609
2025-11-27 00:42:48.407 39112 DEBUG oslo_service.service [-] oslo_messaging_metrics.metrics_socket_file = /var/tmp/metrics_collector.sock log_opt_values /usr/lib/python3/dist-packages/oslo_config/cfg.py:2609
2025-11-27 00:42:48.407 39112 DEBUG oslo_service.service [-] oslo_messaging_metrics.metrics_thread_stop_timeout = 10 log_opt_values /usr/lib/python3/dist-packages/oslo_config/cfg.py:2609
2025-11-27 00:42:48.408 39112 DEBUG oslo_service.service [-] oslo_policy.enforce_new_defaults = False log_opt_values /usr/lib/python3/dist-packages/oslo_config/cfg.py:2609
2025-11-27 00:42:48.408 39112 DEBUG oslo_service.service [-] oslo_policy.enforce_scope = False log_opt_values /usr/lib/python3/dist-packages/oslo_config/cfg.py:2609
2025-11-27 00:42:48.408 39112 DEBUG oslo_service.service [-] oslo_policy.policy_default_rule = default log_opt_values /usr/lib/python3/dist-packages/oslo_config/cfg.py:2609
2025-11-27 00:42:48.408 39112 DEBUG oslo_service.service [-] oslo_policy.policy_dirs = ['policy.d'] log_opt_values /usr/lib/python3/dist-packages/oslo_config/cfg.py:2609
2025-11-27 00:42:48.408 39112 DEBUG oslo_service.service [-] oslo_policy.policy_file = policy.yaml log_opt_values /usr/lib/python3/dist-packages/oslo_config/cfg.py:2609
2025-11-27 00:42:48.408 39112 DEBUG oslo_service.service [-] oslo_policy.remote_content_type = application/x-www-form-urlencoded log_opt_values /usr/lib/python3/dist-packages/oslo_config/cfg.py:2609
2025-11-27 00:42:48.408 39112 DEBUG oslo_service.service [-] oslo_policy.remote_ssl_ca_crt_file = None log_opt_values /usr/lib/python3/dist-packages/oslo_config/cfg.py:2609
2025-11-27 00:42:48.408 39112 DEBUG oslo_service.service [-] oslo_policy.remote_ssl_client_crt_file = None log_opt_values /usr/lib/python3/dist-packages/oslo_config/cfg.py:2609
2025-11-27 00:42:48.409 39112 DEBUG oslo_service.service [-] oslo_policy.remote_ssl_client_key_file = None log_opt_values /usr/lib/python3/dist-packages/oslo_config/cfg.py:2609
2025-11-27 00:42:48.409 39112 DEBUG oslo_service.service [-] oslo_policy.remote_ssl_verify_server_crt = False log_opt_values /usr/lib/python3/dist-packages/oslo_config/cfg.py:2609
2025-11-27 00:42:48.409 39112 DEBUG oslo_service.service [-] trustee.auth_section = None log_opt_values /usr/lib/python3/dist-packages/oslo_config/cfg.py:2609
2025-11-27 00:42:48.409 39112 WARNING oslo_config.cfg [-] Deprecated: Option "auth_plugin" from group "trustee" is deprecated. Use option "auth_type" from group "trustee".
2025-11-27 00:42:48.409 39112 DEBUG oslo_service.service [-] trustee.auth_type = password log_opt_values /usr/lib/python3/dist-packages/oslo_config/cfg.py:2609
2025-11-27 00:42:48.409 39112 DEBUG oslo_service.service [-] oslo_versionedobjects.fatal_exception_format_errors = False log_opt_values /usr/lib/python3/dist-packages/oslo_config/cfg.py:2609
2025-11-27 00:42:48.410 39112 DEBUG oslo_service.service [-] oslo_messaging_rabbit.amqp_auto_delete = False log_opt_values /usr/lib/python3/dist-packages/oslo_config/cfg.py:2609
2025-11-27 00:42:48.410 39112 DEBUG oslo_service.service [-] oslo_messaging_rabbit.amqp_durable_queues = False log_opt_values /usr/lib/python3/dist-packages/oslo_config/cfg.py:2609
2025-11-27 00:42:48.410 39112 DEBUG oslo_service.service [-] oslo_messaging_rabbit.conn_pool_min_size = 2 log_opt_values /usr/lib/python3/dist-packages/oslo_config/cfg.py:2609
2025-11-27 00:42:48.410 39112 DEBUG oslo_service.service [-] oslo_messaging_rabbit.conn_pool_ttl = 1200 log_opt_values /usr/lib/python3/dist-packages/oslo_config/cfg.py:2609
2025-11-27 00:42:48.410 39112 DEBUG oslo_service.service [-] oslo_messaging_rabbit.direct_mandatory_flag = True log_opt_values /usr/lib/python3/dist-packages/oslo_config/cfg.py:2609
2025-11-27 00:42:48.410 39112 DEBUG oslo_service.service [-] oslo_messaging_rabbit.enable_cancel_on_failover = False log_opt_values /usr/lib/python3/dist-packages/oslo_config/cfg.py:2609
2025-11-27 00:42:48.410 39112 DEBUG oslo_service.service [-] oslo_messaging_rabbit.heartbeat_in_pthread = False log_opt_values /usr/lib/python3/dist-packages/oslo_config/cfg.py:2609
2025-11-27 00:42:48.410 39112 DEBUG oslo_service.service [-] oslo_messaging_rabbit.heartbeat_rate = 2 log_opt_values /usr/lib/python3/dist-packages/oslo_config/cfg.py:2609
2025-11-27 00:42:48.411 39112 DEBUG oslo_service.service [-] oslo_messaging_rabbit.heartbeat_timeout_threshold = 60 log_opt_values /usr/lib/python3/dist-packages/oslo_config/cfg.py:2609
2025-11-27 00:42:48.410 39337 INFO heat.engine.worker [-] Starting engine_worker (1.4) in engine ef1429e7-10e2-41ba-8d79-84e5fd792689.
2025-11-27 00:42:48.411 39112 DEBUG oslo_service.service [-] oslo_messaging_rabbit.kombu_compression = None log_opt_values /usr/lib/python3/dist-packages/oslo_config/cfg.py:2609
2025-11-27 00:42:48.411 39112 DEBUG oslo_service.service [-] oslo_messaging_rabbit.kombu_failover_strategy = round-robin log_opt_values /usr/lib/python3/dist-packages/oslo_config/cfg.py:2609
2025-11-27 00:42:48.411 39112 DEBUG oslo_service.service [-] oslo_messaging_rabbit.kombu_missing_consumer_retry_timeout = 60 log_opt_values /usr/lib/python3/dist-packages/oslo_config/cfg.py:2609
2025-11-27 00:42:48.411 39112 DEBUG oslo_service.service [-] oslo_messaging_rabbit.kombu_reconnect_delay = 1.0 log_opt_values /usr/lib/python3/dist-packages/oslo_config/cfg.py:2609
2025-11-27 00:42:48.411 39112 DEBUG oslo_service.service [-] oslo_messaging_rabbit.rabbit_ha_queues = False log_opt_values /usr/lib/python3/dist-packages/oslo_config/cfg.py:2609
2025-11-27 00:42:48.412 39112 DEBUG oslo_service.service [-] oslo_messaging_rabbit.rabbit_interval_max = 30 log_opt_values /usr/lib/python3/dist-packages/oslo_config/cfg.py:2609
2025-11-27 00:42:48.412 39112 DEBUG oslo_service.service [-] oslo_messaging_rabbit.rabbit_login_method = AMQPLAIN log_opt_values /usr/lib/python3/dist-packages/oslo_config/cfg.py:2609
2025-11-27 00:42:48.412 39112 DEBUG oslo_service.service [-] oslo_messaging_rabbit.rabbit_qos_prefetch_count = 0 log_opt_values /usr/lib/python3/dist-packages/oslo_config/cfg.py:2609
2025-11-27 00:42:48.412 39112 DEBUG oslo_service.service [-] oslo_messaging_rabbit.rabbit_quorum_queue = False log_opt_values /usr/lib/python3/dist-packages/oslo_config/cfg.py:2609
2025-11-27 00:42:48.412 39112 DEBUG oslo_service.service [-] oslo_messaging_rabbit.rabbit_retry_backoff = 2 log_opt_values /usr/lib/python3/dist-packages/oslo_config/cfg.py:2609
2025-11-27 00:42:48.412 39112 DEBUG oslo_service.service [-] oslo_messaging_rabbit.rabbit_retry_interval = 1 log_opt_values /usr/lib/python3/dist-packages/oslo_config/cfg.py:2609
2025-11-27 00:42:48.412 39112 DEBUG oslo_service.service [-] oslo_messaging_rabbit.rabbit_transient_queues_ttl = 1800 log_opt_values /usr/lib/python3/dist-packages/oslo_config/cfg.py:2609
2025-11-27 00:42:48.412 39112 DEBUG oslo_service.service [-] oslo_messaging_rabbit.rpc_conn_pool_size = 30 log_opt_values /usr/lib/python3/dist-packages/oslo_config/cfg.py:2609
2025-11-27 00:42:48.412 39112 DEBUG oslo_service.service [-] oslo_messaging_rabbit.ssl = False log_opt_values /usr/lib/python3/dist-packages/oslo_config/cfg.py:2609
2025-11-27 00:42:48.413 39112 DEBUG oslo_service.service [-] oslo_messaging_rabbit.ssl_ca_file = log_opt_values /usr/lib/python3/dist-packages/oslo_config/cfg.py:2609
2025-11-27 00:42:48.413 39112 DEBUG oslo_service.service [-] oslo_messaging_rabbit.ssl_cert_file = log_opt_values /usr/lib/python3/dist-packages/oslo_config/cfg.py:2609
2025-11-27 00:42:48.413 39112 DEBUG oslo_service.service [-] oslo_messaging_rabbit.ssl_key_file = log_opt_values /usr/lib/python3/dist-packages/oslo_config/cfg.py:2609
2025-11-27 00:42:48.413 39112 DEBUG oslo_service.service [-] oslo_messaging_rabbit.ssl_version = log_opt_values /usr/lib/python3/dist-packages/oslo_config/cfg.py:2609
2025-11-27 00:42:48.413 39112 DEBUG oslo_service.service [-] oslo_messaging_notifications.driver = [] log_opt_values /usr/lib/python3/dist-packages/oslo_config/cfg.py:2609
2025-11-27 00:42:48.413 39112 DEBUG oslo_service.service [-] oslo_messaging_notifications.retry = -1 log_opt_values /usr/lib/python3/dist-packages/oslo_config/cfg.py:2609
2025-11-27 00:42:48.413 39112 DEBUG oslo_service.service [-] oslo_messaging_notifications.topics = ['notifications'] log_opt_values /usr/lib/python3/dist-packages/oslo_config/cfg.py:2609
2025-11-27 00:42:48.413 39112 DEBUG oslo_service.service [-] oslo_messaging_notifications.transport_url = **** log_opt_values /usr/lib/python3/dist-packages/oslo_config/cfg.py:2609
2025-11-27 00:42:48.413 39112 DEBUG oslo_service.service [-] cache.backend = dogpile.cache.null log_opt_values /usr/lib/python3/dist-packages/oslo_config/cfg.py:2609
2025-11-27 00:42:48.414 39112 DEBUG oslo_service.service [-] cache.backend_argument = **** log_opt_values /usr/lib/python3/dist-packages/oslo_config/cfg.py:2609
2025-11-27 00:42:48.414 39112 DEBUG oslo_service.service [-] cache.config_prefix = cache.oslo log_opt_values /usr/lib/python3/dist-packages/oslo_config/cfg.py:2609
2025-11-27 00:42:48.414 39112 DEBUG oslo_service.service [-] cache.debug_cache_backend = False log_opt_values /usr/lib/python3/dist-packages/oslo_config/cfg.py:2609
2025-11-27 00:42:48.414 39112 DEBUG oslo_service.service [-] cache.enabled = False log_opt_values /usr/lib/python3/dist-packages/oslo_config/cfg.py:2609
2025-11-27 00:42:48.414 39112 DEBUG oslo_service.service [-] cache.expiration_time = 600 log_opt_values /usr/lib/python3/dist-packages/oslo_config/cfg.py:2609
2025-11-27 00:42:48.414 39112 DEBUG oslo_service.service [-] cache.memcache_dead_retry = 300 log_opt_values /usr/lib/python3/dist-packages/oslo_config/cfg.py:2609
2025-11-27 00:42:48.414 39112 DEBUG oslo_service.service [-] cache.memcache_pool_connection_get_timeout = 10 log_opt_values /usr/lib/python3/dist-packages/oslo_config/cfg.py:2609
2025-11-27 00:42:48.414 39112 DEBUG oslo_service.service [-] cache.memcache_pool_flush_on_reconnect = False log_opt_values /usr/lib/python3/dist-packages/oslo_config/cfg.py:2609
2025-11-27 00:42:48.415 39112 DEBUG oslo_service.service [-] cache.memcache_pool_maxsize = 10 log_opt_values /usr/lib/python3/dist-packages/oslo_config/cfg.py:2609
2025-11-27 00:42:48.415 39112 DEBUG oslo_service.service [-] cache.memcache_pool_unused_timeout = 60 log_opt_values /usr/lib/python3/dist-packages/oslo_config/cfg.py:2609
2025-11-27 00:42:48.415 39112 DEBUG oslo_service.service [-] cache.memcache_servers = ['localhost:11211'] log_opt_values /usr/lib/python3/dist-packages/oslo_config/cfg.py:2609
2025-11-27 00:42:48.415 39112 DEBUG oslo_service.service [-] cache.memcache_socket_timeout = 1.0 log_opt_values /usr/lib/python3/dist-packages/oslo_config/cfg.py:2609
2025-11-27 00:42:48.415 39112 DEBUG oslo_service.service [-] cache.proxies = [] log_opt_values /usr/lib/python3/dist-packages/oslo_config/cfg.py:2609
2025-11-27 00:42:48.415 39112 DEBUG oslo_service.service [-] cache.tls_allowed_ciphers = None log_opt_values /usr/lib/python3/dist-packages/oslo_config/cfg.py:2609
2025-11-27 00:42:48.415 39112 DEBUG oslo_service.service [-] cache.tls_cafile = None log_opt_values /usr/lib/python3/dist-packages/oslo_config/cfg.py:2609
2025-11-27 00:42:48.415 39112 DEBUG oslo_service.service [-] cache.tls_certfile = None log_opt_values /usr/lib/python3/dist-packages/oslo_config/cfg.py:2609
2025-11-27 00:42:48.415 39112 DEBUG oslo_service.service [-] cache.tls_enabled = False log_opt_values /usr/lib/python3/dist-packages/oslo_config/cfg.py:2609
2025-11-27 00:42:48.415 39112 DEBUG oslo_service.service [-] cache.tls_keyfile = None log_opt_values /usr/lib/python3/dist-packages/oslo_config/cfg.py:2609
2025-11-27 00:42:48.416 39112 DEBUG oslo_service.service [-] constraint_validation_cache.caching = True log_opt_values /usr/lib/python3/dist-packages/oslo_config/cfg.py:2609
2025-11-27 00:42:48.416 39112 DEBUG oslo_service.service [-] constraint_validation_cache.expiration_time = 60 log_opt_values /usr/lib/python3/dist-packages/oslo_config/cfg.py:2609
2025-11-27 00:42:48.416 39112 DEBUG oslo_service.service [-] service_extension_cache.caching = True log_opt_values /usr/lib/python3/dist-packages/oslo_config/cfg.py:2609
2025-11-27 00:42:48.416 39112 DEBUG oslo_service.service [-] service_extension_cache.expiration_time = 3600 log_opt_values /usr/lib/python3/dist-packages/oslo_config/cfg.py:2609
2025-11-27 00:42:48.416 39112 DEBUG oslo_service.service [-] resource_finder_cache.caching = True log_opt_values /usr/lib/python3/dist-packages/oslo_config/cfg.py:2609
2025-11-27 00:42:48.416 39112 DEBUG oslo_service.service [-] resource_finder_cache.expiration_time = 3600 log_opt_values /usr/lib/python3/dist-packages/oslo_config/cfg.py:2609
2025-11-27 00:42:48.416 39112 DEBUG oslo_service.service [-] yaql.limit_iterators = 200 log_opt_values /usr/lib/python3/dist-packages/oslo_config/cfg.py:2609
2025-11-27 00:42:48.416 39112 DEBUG oslo_service.service [-] yaql.memory_quota = 10000 log_opt_values /usr/lib/python3/dist-packages/oslo_config/cfg.py:2609
2025-11-27 00:42:48.417 39112 DEBUG oslo_service.service [-] ******************************************************************************** log_opt_values /usr/lib/python3/dist-packages/oslo_config/cfg.py:2613
2025-11-27 00:42:48.417 39335 INFO heat.engine.worker [-] Starting engine_worker (1.4) in engine bc8cfd02-f9ce-4ded-932c-41a447f38145.
2025-11-27 00:42:48.490 39336 DEBUG oslo_db.sqlalchemy.engines [req-8610f326-999b-4b2c-b6c1-60a8bed15146 - - - - -] MySQL server mode set to STRICT_TRANS_TABLES,STRICT_ALL_TABLES,NO_ZERO_IN_DATE,NO_ZERO_DATE,ERROR_FOR_DIVISION_BY_ZERO,TRADITIONAL,NO_ENGINE_SUBSTITUTION _check_effective_sql_mode /usr/lib/python3/dist-packages/oslo_db/sqlalchemy/engines.py:314
2025-11-27 00:42:48.497 39334 DEBUG oslo_db.sqlalchemy.engines [req-aed0d97e-331d-4e45-9f69-0fe13b7b4c43 - - - - -] MySQL server mode set to STRICT_TRANS_TABLES,STRICT_ALL_TABLES,NO_ZERO_IN_DATE,NO_ZERO_DATE,ERROR_FOR_DIVISION_BY_ZERO,TRADITIONAL,NO_ENGINE_SUBSTITUTION _check_effective_sql_mode /usr/lib/python3/dist-packages/oslo_db/sqlalchemy/engines.py:314
2025-11-27 00:42:48.496 39337 DEBUG oslo_db.sqlalchemy.engines [req-ddb4bbc9-06b4-4c18-815b-ee4eab6e2bdf - - - - -] MySQL server mode set to STRICT_TRANS_TABLES,STRICT_ALL_TABLES,NO_ZERO_IN_DATE,NO_ZERO_DATE,ERROR_FOR_DIVISION_BY_ZERO,TRADITIONAL,NO_ENGINE_SUBSTITUTION _check_effective_sql_mode /usr/lib/python3/dist-packages/oslo_db/sqlalchemy/engines.py:314
2025-11-27 00:42:48.498 39335 DEBUG oslo_db.sqlalchemy.engines [req-500cb64b-f0c5-46e1-afa7-6d090463c297 - - - - -] MySQL server mode set to STRICT_TRANS_TABLES,STRICT_ALL_TABLES,NO_ZERO_IN_DATE,NO_ZERO_DATE,ERROR_FOR_DIVISION_BY_ZERO,TRADITIONAL,NO_ENGINE_SUBSTITUTION _check_effective_sql_mode /usr/lib/python3/dist-packages/oslo_db/sqlalchemy/engines.py:314
2025-11-27 00:42:48.566 39336 DEBUG heat.engine.service [req-1ced39cb-ac63-4025-bc4b-bf8770a43ddf - - - - -] Service 5018d61e-2b48-4433-ba38-930342aff7c5 is started service_manage_report /usr/lib/python3/dist-packages/heat/engine/service.py:2363
2025-11-27 00:42:48.571 39335 DEBUG heat.engine.service [req-83fd30c6-ff72-42de-b2d6-eaf80ed48280 - - - - -] Service 00595664-cb18-4b90-aa28-beed1e6e9bc6 is started service_manage_report /usr/lib/python3/dist-packages/heat/engine/service.py:2363
2025-11-27 00:42:48.576 39334 DEBUG heat.engine.service [req-8641da0d-a807-4967-90b4-e3a18b8de966 - - - - -] Service 02ad999d-e36f-4c08-8fb0-4c78e2a6463f is started service_manage_report /usr/lib/python3/dist-packages/heat/engine/service.py:2363
2025-11-27 00:42:48.578 39337 DEBUG heat.engine.service [req-436153e3-3476-4891-9172-9110481a966d - - - - -] Service 41fc86c9-f507-4f26-addf-34e92d445db2 is started service_manage_report /usr/lib/python3/dist-packages/heat/engine/service.py:2363
2025-11-27 00:42:48.581 39336 DEBUG heat.engine.service [req-1ced39cb-ac63-4025-bc4b-bf8770a43ddf - - - - -] Service 5018d61e-2b48-4433-ba38-930342aff7c5 is updated service_manage_report /usr/lib/python3/dist-packages/heat/engine/service.py:2370
2025-11-27 00:42:48.588 39335 DEBUG heat.engine.service [req-83fd30c6-ff72-42de-b2d6-eaf80ed48280 - - - - -] Service 00595664-cb18-4b90-aa28-beed1e6e9bc6 is updated service_manage_report /usr/lib/python3/dist-packages/heat/engine/service.py:2370
2025-11-27 00:42:48.594 39334 DEBUG heat.engine.service [req-8641da0d-a807-4967-90b4-e3a18b8de966 - - - - -] Service 02ad999d-e36f-4c08-8fb0-4c78e2a6463f is updated service_manage_report /usr/lib/python3/dist-packages/heat/engine/service.py:2370
2025-11-27 00:42:48.599 39337 DEBUG heat.engine.service [req-436153e3-3476-4891-9172-9110481a966d - - - - -] Service 41fc86c9-f507-4f26-addf-34e92d445db2 is updated service_manage_report /usr/lib/python3/dist-packages/heat/engine/service.py:2370
2025-11-27 00:43:48.559 39336 DEBUG heat.engine.service [req-72fbbf9e-5040-40c4-be43-aef9235dc9df - - - - -] Service 5018d61e-2b48-4433-ba38-930342aff7c5 is updated service_manage_report /usr/lib/python3/dist-packages/heat/engine/service.py:2370
2025-11-27 00:43:48.563 39335 DEBUG heat.engine.service [req-7b13a9a5-c6a0-48b1-9371-e2a90a4cedd3 - - - - -] Service 00595664-cb18-4b90-aa28-beed1e6e9bc6 is updated service_manage_report /usr/lib/python3/dist-packages/heat/engine/service.py:2370
2025-11-27 00:43:48.565 39337 DEBUG heat.engine.service [req-1d87bf7a-2872-41a5-b92c-59480ae91fb5 - - - - -] Service 41fc86c9-f507-4f26-addf-34e92d445db2 is updated service_manage_report /usr/lib/python3/dist-packages/heat/engine/service.py:2370
2025-11-27 00:43:48.568 39334 DEBUG heat.engine.service [req-384c28bb-3657-4ccb-941d-3389f893f862 - - - - -] Service 02ad999d-e36f-4c08-8fb0-4c78e2a6463f is updated service_manage_report /usr/lib/python3/dist-packages/heat/engine/service.py:2370
2025-11-27 00:44:48.554 39336 DEBUG heat.engine.service [req-6e50517a-34f8-4710-8d70-e055de21559f - - - - -] Service 5018d61e-2b48-4433-ba38-930342aff7c5 is updated service_manage_report /usr/lib/python3/dist-packages/heat/engine/service.py:2370
2025-11-27 00:44:48.571 39335 DEBUG heat.engine.service [req-d3b6a9b8-419c-490e-b0b2-f5918998c9d5 - - - - -] Service 00595664-cb18-4b90-aa28-beed1e6e9bc6 is updated service_manage_report /usr/lib/python3/dist-packages/heat/engine/service.py:2370
2025-11-27 00:44:48.576 39337 DEBUG heat.engine.service [req-5f03510f-c13c-40d8-9b94-9db14f8b4e54 - - - - -] Service 41fc86c9-f507-4f26-addf-34e92d445db2 is updated service_manage_report /usr/lib/python3/dist-packages/heat/engine/service.py:2370
2025-11-27 00:44:48.579 39334 DEBUG heat.engine.service [req-7aeee1f0-6bc8-4cda-b393-dc65f40cd1b9 - - - - -] Service 02ad999d-e36f-4c08-8fb0-4c78e2a6463f is updated service_manage_report /usr/lib/python3/dist-packages/heat/engine/service.py:2370
2025-11-27 00:45:48.560 39336 DEBUG heat.engine.service [req-6a2eaae6-197f-4b70-b2eb-33e4a5ab5cc4 - - - - -] Service 5018d61e-2b48-4433-ba38-930342aff7c5 is updated service_manage_report /usr/lib/python3/dist-packages/heat/engine/service.py:2370
2025-11-27 00:45:48.566 39335 DEBUG heat.engine.service [req-05e08338-8ff1-485f-b851-5c62b8e37bad - - - - -] Service 00595664-cb18-4b90-aa28-beed1e6e9bc6 is updated service_manage_report /usr/lib/python3/dist-packages/heat/engine/service.py:2370
2025-11-27 00:45:48.573 39337 DEBUG heat.engine.service [req-5c81be89-40da-4e79-8356-976b8775cfa0 - - - - -] Service 41fc86c9-f507-4f26-addf-34e92d445db2 is updated service_manage_report /usr/lib/python3/dist-packages/heat/engine/service.py:2370
2025-11-27 00:45:48.574 39334 DEBUG heat.engine.service [req-509eeb3a-65cf-40c2-9752-da088e01e65d - - - - -] Service 02ad999d-e36f-4c08-8fb0-4c78e2a6463f is updated service_manage_report /usr/lib/python3/dist-packages/heat/engine/service.py:2370
2025-11-27 00:46:48.565 39336 DEBUG heat.engine.service [req-d5eda605-71b9-41b0-9007-0fc952efc539 - - - - -] Service 5018d61e-2b48-4433-ba38-930342aff7c5 is updated service_manage_report /usr/lib/python3/dist-packages/heat/engine/service.py:2370
2025-11-27 00:46:48.570 39337 DEBUG heat.engine.service [req-d651b4b6-b041-42c7-9ce8-7cda2a9461e0 - - - - -] Service 41fc86c9-f507-4f26-addf-34e92d445db2 is updated service_manage_report /usr/lib/python3/dist-packages/heat/engine/service.py:2370
2025-11-27 00:46:48.573 39335 DEBUG heat.engine.service [req-604fc594-ae2e-48c8-bfb7-3c1b1bdc6ec5 - - - - -] Service 00595664-cb18-4b90-aa28-beed1e6e9bc6 is updated service_manage_report /usr/lib/python3/dist-packages/heat/engine/service.py:2370
2025-11-27 00:46:48.577 39334 DEBUG heat.engine.service [req-a4860704-675e-4413-a446-01aa9ba9c864 - - - - -] Service 02ad999d-e36f-4c08-8fb0-4c78e2a6463f is updated service_manage_report /usr/lib/python3/dist-packages/heat/engine/service.py:2370
2025-11-27 00:47:48.568 39337 DEBUG heat.engine.service [req-a8d65a1c-57b6-4791-ac6e-a0b95681716b - - - - -] Service 41fc86c9-f507-4f26-addf-34e92d445db2 is updated service_manage_report /usr/lib/python3/dist-packages/heat/engine/service.py:2370
2025-11-27 00:47:48.573 39335 DEBUG heat.engine.service [req-91c48149-d59c-40ab-995a-010d51a71019 - - - - -] Service 00595664-cb18-4b90-aa28-beed1e6e9bc6 is updated service_manage_report /usr/lib/python3/dist-packages/heat/engine/service.py:2370
2025-11-27 00:47:48.573 39336 DEBUG heat.engine.service [req-69108221-44e6-4471-af3a-16a47e3e143a - - - - -] Service 5018d61e-2b48-4433-ba38-930342aff7c5 is updated service_manage_report /usr/lib/python3/dist-packages/heat/engine/service.py:2370
2025-11-27 00:47:48.581 39334 DEBUG heat.engine.service [req-57a0e129-ff84-4cf8-b6c6-4dc6f965430d - - - - -] Service 02ad999d-e36f-4c08-8fb0-4c78e2a6463f is updated service_manage_report /usr/lib/python3/dist-packages/heat/engine/service.py:2370
2025-11-27 00:48:48.568 39337 DEBUG heat.engine.service [req-0d157050-f566-4707-ba1e-f3e65fce4f84 - - - - -] Service 41fc86c9-f507-4f26-addf-34e92d445db2 is updated service_manage_report /usr/lib/python3/dist-packages/heat/engine/service.py:2370
2025-11-27 00:48:48.571 39336 DEBUG heat.engine.service [req-a7820d78-504a-4a23-97ca-fe8ee1978d7e - - - - -] Service 5018d61e-2b48-4433-ba38-930342aff7c5 is updated service_manage_report /usr/lib/python3/dist-packages/heat/engine/service.py:2370
2025-11-27 00:48:48.571 39335 DEBUG heat.engine.service [req-4a70e5f2-c718-42dc-958b-256de34d6ad6 - - - - -] Service 00595664-cb18-4b90-aa28-beed1e6e9bc6 is updated service_manage_report /usr/lib/python3/dist-packages/heat/engine/service.py:2370
2025-11-27 00:48:48.585 39334 DEBUG heat.engine.service [req-ca8b518c-ee58-4d30-87e7-e818fb152a1c - - - - -] Service 02ad999d-e36f-4c08-8fb0-4c78e2a6463f is updated service_manage_report /usr/lib/python3/dist-packages/heat/engine/service.py:2370
2025-11-27 00:49:48.564 39337 DEBUG heat.engine.service [req-5d1d7ea0-627a-4180-8989-11fcd4d11168 - - - - -] Service 41fc86c9-f507-4f26-addf-34e92d445db2 is updated service_manage_report /usr/lib/python3/dist-packages/heat/engine/service.py:2370
2025-11-27 00:49:48.568 39336 DEBUG heat.engine.service [req-6fc22053-3832-4f7d-8476-3133b4a7b94a - - - - -] Service 5018d61e-2b48-4433-ba38-930342aff7c5 is updated service_manage_report /usr/lib/python3/dist-packages/heat/engine/service.py:2370
2025-11-27 00:49:48.568 39335 DEBUG heat.engine.service [req-d8329733-1568-4bf9-a5cd-83ab9376acde - - - - -] Service 00595664-cb18-4b90-aa28-beed1e6e9bc6 is updated service_manage_report /usr/lib/python3/dist-packages/heat/engine/service.py:2370
2025-11-27 00:49:48.590 39334 DEBUG heat.engine.service [req-39e553de-2da8-46bd-8dc1-17fa86450602 - - - - -] Service 02ad999d-e36f-4c08-8fb0-4c78e2a6463f is updated service_manage_report /usr/lib/python3/dist-packages/heat/engine/service.py:2370
2025-11-27 00:50:48.568 39337 DEBUG heat.engine.service [req-ada9459b-ec40-49ef-9e74-0ba8aa640047 - - - - -] Service 41fc86c9-f507-4f26-addf-34e92d445db2 is updated service_manage_report /usr/lib/python3/dist-packages/heat/engine/service.py:2370
2025-11-27 00:50:48.572 39336 DEBUG heat.engine.service [req-cf15073c-a5ab-4eff-a85b-9d0207f12bc9 - - - - -] Service 5018d61e-2b48-4433-ba38-930342aff7c5 is updated service_manage_report /usr/lib/python3/dist-packages/heat/engine/service.py:2370
2025-11-27 00:50:48.573 39335 DEBUG heat.engine.service [req-242b87b5-d385-4112-a7c0-9784283ded72 - - - - -] Service 00595664-cb18-4b90-aa28-beed1e6e9bc6 is updated service_manage_report /usr/lib/python3/dist-packages/heat/engine/service.py:2370
2025-11-27 00:50:48.596 39334 DEBUG heat.engine.service [req-eadbde92-ce7b-43c8-af8d-bff3ecb73d92 - - - - -] Service 02ad999d-e36f-4c08-8fb0-4c78e2a6463f is updated service_manage_report /usr/lib/python3/dist-packages/heat/engine/service.py:2370
2025-11-27 00:51:48.564 39337 DEBUG heat.engine.service [req-fa692b7a-466c-4c3f-a6e6-6c7192ed3d71 - - - - -] Service 41fc86c9-f507-4f26-addf-34e92d445db2 is updated service_manage_report /usr/lib/python3/dist-packages/heat/engine/service.py:2370
2025-11-27 00:51:48.568 39336 DEBUG heat.engine.service [req-da1cf36a-33ed-42d6-87e5-4de43d6af773 - - - - -] Service 5018d61e-2b48-4433-ba38-930342aff7c5 is updated service_manage_report /usr/lib/python3/dist-packages/heat/engine/service.py:2370
2025-11-27 00:51:48.572 39335 DEBUG heat.engine.service [req-3c948d69-d439-495b-9c9e-7fedf931138d - - - - -] Service 00595664-cb18-4b90-aa28-beed1e6e9bc6 is updated service_manage_report /usr/lib/python3/dist-packages/heat/engine/service.py:2370
2025-11-27 00:51:48.591 39334 DEBUG heat.engine.service [req-a1a5f15b-5444-4f88-b157-95149b9259a1 - - - - -] Service 02ad999d-e36f-4c08-8fb0-4c78e2a6463f is updated service_manage_report /usr/lib/python3/dist-packages/heat/engine/service.py:2370
2025-11-27 00:52:48.559 39337 DEBUG heat.engine.service [req-85db85c8-2707-41f4-a27e-76b1a7ccb676 - - - - -] Service 41fc86c9-f507-4f26-addf-34e92d445db2 is updated service_manage_report /usr/lib/python3/dist-packages/heat/engine/service.py:2370
2025-11-27 00:52:48.567 39335 DEBUG heat.engine.service [req-9f8ddbcc-ade0-488d-bf1e-4f7eb798a5c4 - - - - -] Service 00595664-cb18-4b90-aa28-beed1e6e9bc6 is updated service_manage_report /usr/lib/python3/dist-packages/heat/engine/service.py:2370
2025-11-27 00:52:48.571 39336 DEBUG heat.engine.service [req-1cb968b0-7958-41ea-bde4-768ba458cc78 - - - - -] Service 5018d61e-2b48-4433-ba38-930342aff7c5 is updated service_manage_report /usr/lib/python3/dist-packages/heat/engine/service.py:2370
2025-11-27 00:52:48.594 39334 DEBUG heat.engine.service [req-ca035595-fed8-462c-b9ec-7a6ca1368ba9 - - - - -] Service 02ad999d-e36f-4c08-8fb0-4c78e2a6463f is updated service_manage_report /usr/lib/python3/dist-packages/heat/engine/service.py:2370
2025-11-27 00:53:48.563 39337 DEBUG heat.engine.service [req-c65ad5c1-1885-4ad2-9edf-9cba61340a4f - - - - -] Service 41fc86c9-f507-4f26-addf-34e92d445db2 is updated service_manage_report /usr/lib/python3/dist-packages/heat/engine/service.py:2370
2025-11-27 00:53:48.571 39335 DEBUG heat.engine.service [req-6aaa3e3d-41dd-4938-a0cc-73612eace187 - - - - -] Service 00595664-cb18-4b90-aa28-beed1e6e9bc6 is updated service_manage_report /usr/lib/python3/dist-packages/heat/engine/service.py:2370
2025-11-27 00:53:48.580 39336 DEBUG heat.engine.service [req-7c57ff27-c81c-4b79-bf9b-fda4411bc3fb - - - - -] Service 5018d61e-2b48-4433-ba38-930342aff7c5 is updated service_manage_report /usr/lib/python3/dist-packages/heat/engine/service.py:2370
2025-11-27 00:53:48.601 39334 DEBUG heat.engine.service [req-ab1f7355-0101-4622-8822-a275436b0724 - - - - -] Service 02ad999d-e36f-4c08-8fb0-4c78e2a6463f is updated service_manage_report /usr/lib/python3/dist-packages/heat/engine/service.py:2370
2025-11-27 00:54:48.570 39337 DEBUG heat.engine.service [req-41b7219b-9cc0-4b8a-8845-e1d097f5afef - - - - -] Service 41fc86c9-f507-4f26-addf-34e92d445db2 is updated service_manage_report /usr/lib/python3/dist-packages/heat/engine/service.py:2370
2025-11-27 00:54:48.579 39336 DEBUG heat.engine.service [req-b5e24b7b-8689-4898-88a8-b2a6d1a4a5d3 - - - - -] Service 5018d61e-2b48-4433-ba38-930342aff7c5 is updated service_manage_report /usr/lib/python3/dist-packages/heat/engine/service.py:2370
2025-11-27 00:54:48.581 39335 DEBUG heat.engine.service [req-fa3163da-f2bd-4552-b47f-ef4ce3899ca9 - - - - -] Service 00595664-cb18-4b90-aa28-beed1e6e9bc6 is updated service_manage_report /usr/lib/python3/dist-packages/heat/engine/service.py:2370
2025-11-27 00:54:48.595 39334 DEBUG heat.engine.service [req-a4a1e882-f777-48d5-b833-5280916066b1 - - - - -] Service 02ad999d-e36f-4c08-8fb0-4c78e2a6463f is updated service_manage_report /usr/lib/python3/dist-packages/heat/engine/service.py:2370
2025-11-27 00:55:48.571 39337 DEBUG heat.engine.service [req-330743f6-defe-4813-8e65-908f08c4a8b4 - - - - -] Service 41fc86c9-f507-4f26-addf-34e92d445db2 is updated service_manage_report /usr/lib/python3/dist-packages/heat/engine/service.py:2370
2025-11-27 00:55:48.580 39336 DEBUG heat.engine.service [req-cc89a65e-6d7a-43a5-8549-558d5387c2db - - - - -] Service 5018d61e-2b48-4433-ba38-930342aff7c5 is updated service_manage_report /usr/lib/python3/dist-packages/heat/engine/service.py:2370
2025-11-27 00:55:48.585 39335 DEBUG heat.engine.service [req-0fbf4b6a-faae-4e96-9c13-c80fff62cbb2 - - - - -] Service 00595664-cb18-4b90-aa28-beed1e6e9bc6 is updated service_manage_report /usr/lib/python3/dist-packages/heat/engine/service.py:2370
2025-11-27 00:55:48.599 39334 DEBUG heat.engine.service [req-fd72a7c3-eeff-468f-baf6-7ed9a8701a7e - - - - -] Service 02ad999d-e36f-4c08-8fb0-4c78e2a6463f is updated service_manage_report /usr/lib/python3/dist-packages/heat/engine/service.py:2370
2025-11-27 00:56:48.566 39337 DEBUG heat.engine.service [req-39b42f05-f153-43d7-8d7f-a1e3a082fdfa - - - - -] Service 41fc86c9-f507-4f26-addf-34e92d445db2 is updated service_manage_report /usr/lib/python3/dist-packages/heat/engine/service.py:2370
2025-11-27 00:56:48.573 39336 DEBUG heat.engine.service [req-ea71cf5e-2981-4a65-a1ba-0d40a2dddae5 - - - - -] Service 5018d61e-2b48-4433-ba38-930342aff7c5 is updated service_manage_report /usr/lib/python3/dist-packages/heat/engine/service.py:2370
2025-11-27 00:56:48.581 39335 DEBUG heat.engine.service [req-631c525d-42d0-43c5-8d54-48d3c331b49f - - - - -] Service 00595664-cb18-4b90-aa28-beed1e6e9bc6 is updated service_manage_report /usr/lib/python3/dist-packages/heat/engine/service.py:2370
2025-11-27 00:56:48.607 39334 DEBUG heat.engine.service [req-909db4e8-1370-4b78-b003-f60a87971bbd - - - - -] Service 02ad999d-e36f-4c08-8fb0-4c78e2a6463f is updated service_manage_report /usr/lib/python3/dist-packages/heat/engine/service.py:2370
2025-11-27 00:57:48.572 39337 DEBUG heat.engine.service [req-44f6d6b2-3dbf-47b8-a898-09e5dedb8487 - - - - -] Service 41fc86c9-f507-4f26-addf-34e92d445db2 is updated service_manage_report /usr/lib/python3/dist-packages/heat/engine/service.py:2370
2025-11-27 00:57:48.575 39335 DEBUG heat.engine.service [req-2c31fbe7-bc6d-4956-820b-ac098912b3c8 - - - - -] Service 00595664-cb18-4b90-aa28-beed1e6e9bc6 is updated service_manage_report /usr/lib/python3/dist-packages/heat/engine/service.py:2370
2025-11-27 00:57:48.576 39336 DEBUG heat.engine.service [req-2c97442e-81fb-4de6-8119-d96f09549995 - - - - -] Service 5018d61e-2b48-4433-ba38-930342aff7c5 is updated service_manage_report /usr/lib/python3/dist-packages/heat/engine/service.py:2370
2025-11-27 00:57:48.601 39334 DEBUG heat.engine.service [req-fd3f914c-ab49-4749-a12c-aaff4564f63d - - - - -] Service 02ad999d-e36f-4c08-8fb0-4c78e2a6463f is updated service_manage_report /usr/lib/python3/dist-packages/heat/engine/service.py:2370
2025-11-27 00:58:48.566 39337 DEBUG heat.engine.service [req-a68df8a3-c3f7-4d0e-9ef7-4e42102147f3 - - - - -] Service 41fc86c9-f507-4f26-addf-34e92d445db2 is updated service_manage_report /usr/lib/python3/dist-packages/heat/engine/service.py:2370
2025-11-27 00:58:48.578 39335 DEBUG heat.engine.service [req-dc69716a-3988-4625-bd04-b042bad64c38 - - - - -] Service 00595664-cb18-4b90-aa28-beed1e6e9bc6 is updated service_manage_report /usr/lib/python3/dist-packages/heat/engine/service.py:2370
2025-11-27 00:58:48.580 39336 DEBUG heat.engine.service [req-9a5a6c1d-2580-4618-8c20-258051fd7a19 - - - - -] Service 5018d61e-2b48-4433-ba38-930342aff7c5 is updated service_manage_report /usr/lib/python3/dist-packages/heat/engine/service.py:2370
2025-11-27 00:58:48.607 39334 DEBUG heat.engine.service [req-ccf3d421-3859-48e5-8f2d-4a4cfb7fe31a - - - - -] Service 02ad999d-e36f-4c08-8fb0-4c78e2a6463f is updated service_manage_report /usr/lib/python3/dist-packages/heat/engine/service.py:2370
2025-11-27 00:59:48.571 39337 DEBUG heat.engine.service [req-949cc7f6-3e7f-4a79-85d8-86bda68b9208 - - - - -] Service 41fc86c9-f507-4f26-addf-34e92d445db2 is updated service_manage_report /usr/lib/python3/dist-packages/heat/engine/service.py:2370
2025-11-27 00:59:48.581 39335 DEBUG heat.engine.service [req-adb91f3a-2c8d-47c2-a0de-4be0a47a9f4c - - - - -] Service 00595664-cb18-4b90-aa28-beed1e6e9bc6 is updated service_manage_report /usr/lib/python3/dist-packages/heat/engine/service.py:2370
2025-11-27 00:59:48.585 39336 DEBUG heat.engine.service [req-fa447a58-8cc8-43d0-b7cc-31f224ea806d - - - - -] Service 5018d61e-2b48-4433-ba38-930342aff7c5 is updated service_manage_report /usr/lib/python3/dist-packages/heat/engine/service.py:2370
2025-11-27 00:59:48.612 39334 DEBUG heat.engine.service [req-adad35f8-c833-4877-9772-727f91422c96 - - - - -] Service 02ad999d-e36f-4c08-8fb0-4c78e2a6463f is updated service_manage_report /usr/lib/python3/dist-packages/heat/engine/service.py:2370
2025-11-27 01:00:48.579 39337 DEBUG heat.engine.service [req-bd01d1eb-e32a-490c-86ee-b90d91135206 - - - - -] Service 41fc86c9-f507-4f26-addf-34e92d445db2 is updated service_manage_report /usr/lib/python3/dist-packages/heat/engine/service.py:2370
2025-11-27 01:00:48.586 39335 DEBUG heat.engine.service [req-d698661d-3228-4629-8a63-4418de8ed70d - - - - -] Service 00595664-cb18-4b90-aa28-beed1e6e9bc6 is updated service_manage_report /usr/lib/python3/dist-packages/heat/engine/service.py:2370
2025-11-27 01:00:48.588 39336 DEBUG heat.engine.service [req-5fca51fe-3166-44b0-8f76-248018978fe8 - - - - -] Service 5018d61e-2b48-4433-ba38-930342aff7c5 is updated service_manage_report /usr/lib/python3/dist-packages/heat/engine/service.py:2370
2025-11-27 01:00:48.618 39334 DEBUG heat.engine.service [req-06a69394-43d4-4ab4-b8c6-690eabe977af - - - - -] Service 02ad999d-e36f-4c08-8fb0-4c78e2a6463f is updated service_manage_report /usr/lib/python3/dist-packages/heat/engine/service.py:2370
2025-11-27 01:01:48.575 39337 DEBUG heat.engine.service [req-f5cc3714-8f00-4901-b934-9ef4f0aa2dfb - - - - -] Service 41fc86c9-f507-4f26-addf-34e92d445db2 is updated service_manage_report /usr/lib/python3/dist-packages/heat/engine/service.py:2370
2025-11-27 01:01:48.581 39335 DEBUG heat.engine.service [req-0cd02584-8d8f-4d4f-bb00-a297d62f23fc - - - - -] Service 00595664-cb18-4b90-aa28-beed1e6e9bc6 is updated service_manage_report /usr/lib/python3/dist-packages/heat/engine/service.py:2370
2025-11-27 01:01:48.591 39336 DEBUG heat.engine.service [req-367737c2-fbda-46ed-8877-2819ed8b68ba - - - - -] Service 5018d61e-2b48-4433-ba38-930342aff7c5 is updated service_manage_report /usr/lib/python3/dist-packages/heat/engine/service.py:2370
2025-11-27 01:01:48.617 39334 DEBUG heat.engine.service [req-52967026-852c-4626-a00f-1f0c97fec927 - - - - -] Service 02ad999d-e36f-4c08-8fb0-4c78e2a6463f is updated service_manage_report /usr/lib/python3/dist-packages/heat/engine/service.py:2370
2025-11-27 01:02:48.571 39337 DEBUG heat.engine.service [req-485acb86-ba1b-4e6d-a589-3c7d4f2d022f - - - - -] Service 41fc86c9-f507-4f26-addf-34e92d445db2 is updated service_manage_report /usr/lib/python3/dist-packages/heat/engine/service.py:2370
2025-11-27 01:02:48.586 39335 DEBUG heat.engine.service [req-6080ed12-2007-4dd8-ab59-65b4c3e304ea - - - - -] Service 00595664-cb18-4b90-aa28-beed1e6e9bc6 is updated service_manage_report /usr/lib/python3/dist-packages/heat/engine/service.py:2370
2025-11-27 01:02:48.596 39336 DEBUG heat.engine.service [req-52e1c5a9-14cb-40ea-bb0f-68c9decaa8da - - - - -] Service 5018d61e-2b48-4433-ba38-930342aff7c5 is updated service_manage_report /usr/lib/python3/dist-packages/heat/engine/service.py:2370
2025-11-27 01:02:48.612 39334 DEBUG heat.engine.service [req-f1637437-c5f0-4b4a-81e4-4286ff5c645f - - - - -] Service 02ad999d-e36f-4c08-8fb0-4c78e2a6463f is updated service_manage_report /usr/lib/python3/dist-packages/heat/engine/service.py:2370
2025-11-27 01:03:48.578 39337 DEBUG heat.engine.service [req-bfd642f0-050c-47c9-8c4e-f9e3c189b545 - - - - -] Service 41fc86c9-f507-4f26-addf-34e92d445db2 is updated service_manage_report /usr/lib/python3/dist-packages/heat/engine/service.py:2370
2025-11-27 01:03:48.590 39335 DEBUG heat.engine.service [req-493d1692-2cd9-4617-ac1d-69c0c619b5af - - - - -] Service 00595664-cb18-4b90-aa28-beed1e6e9bc6 is updated service_manage_report /usr/lib/python3/dist-packages/heat/engine/service.py:2370
2025-11-27 01:03:48.603 39336 DEBUG heat.engine.service [req-4f7f4398-3a4a-47c4-8b25-dd186dc625ce - - - - -] Service 5018d61e-2b48-4433-ba38-930342aff7c5 is updated service_manage_report /usr/lib/python3/dist-packages/heat/engine/service.py:2370
2025-11-27 01:03:48.617 39334 DEBUG heat.engine.service [req-ac3d9b91-0f69-4a0a-a20a-9c286ce6d2d5 - - - - -] Service 02ad999d-e36f-4c08-8fb0-4c78e2a6463f is updated service_manage_report /usr/lib/python3/dist-packages/heat/engine/service.py:2370
2025-11-27 01:04:48.572 39337 DEBUG heat.engine.service [req-ce443ff9-e4ee-43c8-8fb8-7ab39301c85f - - - - -] Service 41fc86c9-f507-4f26-addf-34e92d445db2 is updated service_manage_report /usr/lib/python3/dist-packages/heat/engine/service.py:2370
2025-11-27 01:04:48.602 39335 DEBUG heat.engine.service [req-3cfd1a35-9edf-42cd-8c92-de01b3989b36 - - - - -] Service 00595664-cb18-4b90-aa28-beed1e6e9bc6 is updated service_manage_report /usr/lib/python3/dist-packages/heat/engine/service.py:2370
2025-11-27 01:04:48.606 39336 DEBUG heat.engine.service [req-265444ef-18c3-4593-b01a-c6be89b5c6de - - - - -] Service 5018d61e-2b48-4433-ba38-930342aff7c5 is updated service_manage_report /usr/lib/python3/dist-packages/heat/engine/service.py:2370
2025-11-27 01:04:48.621 39334 DEBUG heat.engine.service [req-be3e06ec-65bc-4260-8667-5d236cab9d0e - - - - -] Service 02ad999d-e36f-4c08-8fb0-4c78e2a6463f is updated service_manage_report /usr/lib/python3/dist-packages/heat/engine/service.py:2370
2025-11-27 01:05:48.577 39337 DEBUG heat.engine.service [req-d04f2dd5-f060-444f-8251-6969c2531927 - - - - -] Service 41fc86c9-f507-4f26-addf-34e92d445db2 is updated service_manage_report /usr/lib/python3/dist-packages/heat/engine/service.py:2370
2025-11-27 01:05:48.598 39335 DEBUG heat.engine.service [req-7ea55ef9-068d-453f-ab6e-264a53d0e350 - - - - -] Service 00595664-cb18-4b90-aa28-beed1e6e9bc6 is updated service_manage_report /usr/lib/python3/dist-packages/heat/engine/service.py:2370
2025-11-27 01:05:48.602 39336 DEBUG heat.engine.service [req-b8aeb1a1-fd49-4297-a9ce-b7d25b276df0 - - - - -] Service 5018d61e-2b48-4433-ba38-930342aff7c5 is updated service_manage_report /usr/lib/python3/dist-packages/heat/engine/service.py:2370
