2025-11-20 00:36:58.719 40103 DEBUG oslo_service.service [-] clients_neutron.ca_file = None log_opt_values /usr/lib/python3/dist-packages/oslo_config/cfg.py:2609
2025-11-20 00:36:58.719 40103 DEBUG oslo_service.service [-] clients_neutron.cert_file = None log_opt_values /usr/lib/python3/dist-packages/oslo_config/cfg.py:2609
2025-11-20 00:36:58.720 40103 DEBUG oslo_service.service [-] clients_neutron.endpoint_type = None log_opt_values /usr/lib/python3/dist-packages/oslo_config/cfg.py:2609
2025-11-20 00:36:58.720 40103 DEBUG oslo_service.service [-] clients_neutron.insecure = None log_opt_values /usr/lib/python3/dist-packages/oslo_config/cfg.py:2609
2025-11-20 00:36:58.720 40103 DEBUG oslo_service.service [-] clients_neutron.key_file = None log_opt_values /usr/lib/python3/dist-packages/oslo_config/cfg.py:2609
2025-11-20 00:36:58.720 40103 DEBUG oslo_service.service [-] clients_nova.ca_file = None log_opt_values /usr/lib/python3/dist-packages/oslo_config/cfg.py:2609
2025-11-20 00:36:58.721 40103 DEBUG oslo_service.service [-] clients_nova.cert_file = None log_opt_values /usr/lib/python3/dist-packages/oslo_config/cfg.py:2609
2025-11-20 00:36:58.721 40103 DEBUG oslo_service.service [-] clients_nova.endpoint_type = None log_opt_values /usr/lib/python3/dist-packages/oslo_config/cfg.py:2609
2025-11-20 00:36:58.721 40103 DEBUG oslo_service.service [-] clients_nova.http_log_debug = False log_opt_values /usr/lib/python3/dist-packages/oslo_config/cfg.py:2609
2025-11-20 00:36:58.722 40103 DEBUG oslo_service.service [-] clients_nova.insecure = None log_opt_values /usr/lib/python3/dist-packages/oslo_config/cfg.py:2609
2025-11-20 00:36:58.722 40103 DEBUG oslo_service.service [-] clients_nova.key_file = None log_opt_values /usr/lib/python3/dist-packages/oslo_config/cfg.py:2609
2025-11-20 00:36:58.723 40103 DEBUG oslo_service.service [-] clients_octavia.ca_file = None log_opt_values /usr/lib/python3/dist-packages/oslo_config/cfg.py:2609
2025-11-20 00:36:58.723 40103 DEBUG oslo_service.service [-] clients_octavia.cert_file = None log_opt_values /usr/lib/python3/dist-packages/oslo_config/cfg.py:2609
2025-11-20 00:36:58.723 40103 DEBUG oslo_service.service [-] clients_octavia.endpoint_type = None log_opt_values /usr/lib/python3/dist-packages/oslo_config/cfg.py:2609
2025-11-20 00:36:58.723 40103 DEBUG oslo_service.service [-] clients_octavia.insecure = None log_opt_values /usr/lib/python3/dist-packages/oslo_config/cfg.py:2609
2025-11-20 00:36:58.724 40103 DEBUG oslo_service.service [-] clients_octavia.key_file = None log_opt_values /usr/lib/python3/dist-packages/oslo_config/cfg.py:2609
2025-11-20 00:36:58.724 40103 DEBUG oslo_service.service [-] clients_sahara.ca_file = None log_opt_values /usr/lib/python3/dist-packages/oslo_config/cfg.py:2609
2025-11-20 00:36:58.724 40103 DEBUG oslo_service.service [-] clients_sahara.cert_file = None log_opt_values /usr/lib/python3/dist-packages/oslo_config/cfg.py:2609
2025-11-20 00:36:58.724 40103 DEBUG oslo_service.service [-] clients_sahara.endpoint_type = None log_opt_values /usr/lib/python3/dist-packages/oslo_config/cfg.py:2609
2025-11-20 00:36:58.724 40103 DEBUG oslo_service.service [-] clients_sahara.insecure = None log_opt_values /usr/lib/python3/dist-packages/oslo_config/cfg.py:2609
2025-11-20 00:36:58.724 40103 DEBUG oslo_service.service [-] clients_sahara.key_file = None log_opt_values /usr/lib/python3/dist-packages/oslo_config/cfg.py:2609
2025-11-20 00:36:58.724 40103 DEBUG oslo_service.service [-] clients_senlin.ca_file = None log_opt_values /usr/lib/python3/dist-packages/oslo_config/cfg.py:2609
2025-11-20 00:36:58.726 40103 DEBUG oslo_service.service [-] clients_senlin.cert_file = None log_opt_values /usr/lib/python3/dist-packages/oslo_config/cfg.py:2609
2025-11-20 00:36:58.727 40103 DEBUG oslo_service.service [-] clients_senlin.endpoint_type = None log_opt_values /usr/lib/python3/dist-packages/oslo_config/cfg.py:2609
2025-11-20 00:36:58.727 40103 DEBUG oslo_service.service [-] clients_senlin.insecure = None log_opt_values /usr/lib/python3/dist-packages/oslo_config/cfg.py:2609
2025-11-20 00:36:58.727 40103 DEBUG oslo_service.service [-] clients_senlin.key_file = None log_opt_values /usr/lib/python3/dist-packages/oslo_config/cfg.py:2609
2025-11-20 00:36:58.727 40316 DEBUG oslo_db.sqlalchemy.engines [req-0b808526-23f7-471c-9c4b-104da015bec9 - - - - -] MySQL server mode set to STRICT_TRANS_TABLES,STRICT_ALL_TABLES,NO_ZERO_IN_DATE,NO_ZERO_DATE,ERROR_FOR_DIVISION_BY_ZERO,TRADITIONAL,NO_ENGINE_SUBSTITUTION _check_effective_sql_mode /usr/lib/python3/dist-packages/oslo_db/sqlalchemy/engines.py:314
2025-11-20 00:36:58.727 40103 DEBUG oslo_service.service [-] clients_swift.ca_file = None log_opt_values /usr/lib/python3/dist-packages/oslo_config/cfg.py:2609
2025-11-20 00:36:58.728 40103 DEBUG oslo_service.service [-] clients_swift.cert_file = None log_opt_values /usr/lib/python3/dist-packages/oslo_config/cfg.py:2609
2025-11-20 00:36:58.729 40103 DEBUG oslo_service.service [-] clients_swift.endpoint_type = None log_opt_values /usr/lib/python3/dist-packages/oslo_config/cfg.py:2609
2025-11-20 00:36:58.729 40103 DEBUG oslo_service.service [-] clients_swift.insecure = None log_opt_values /usr/lib/python3/dist-packages/oslo_config/cfg.py:2609
2025-11-20 00:36:58.730 40103 DEBUG oslo_service.service [-] clients_swift.key_file = None log_opt_values /usr/lib/python3/dist-packages/oslo_config/cfg.py:2609
2025-11-20 00:36:58.731 40103 DEBUG oslo_service.service [-] clients_trove.ca_file = None log_opt_values /usr/lib/python3/dist-packages/oslo_config/cfg.py:2609
2025-11-20 00:36:58.732 40103 DEBUG oslo_service.service [-] clients_trove.cert_file = None log_opt_values /usr/lib/python3/dist-packages/oslo_config/cfg.py:2609
2025-11-20 00:36:58.733 40103 DEBUG oslo_service.service [-] clients_trove.endpoint_type = None log_opt_values /usr/lib/python3/dist-packages/oslo_config/cfg.py:2609
2025-11-20 00:36:58.734 40103 DEBUG oslo_service.service [-] clients_trove.insecure = None log_opt_values /usr/lib/python3/dist-packages/oslo_config/cfg.py:2609
2025-11-20 00:36:58.734 40103 DEBUG oslo_service.service [-] clients_trove.key_file = None log_opt_values /usr/lib/python3/dist-packages/oslo_config/cfg.py:2609
2025-11-20 00:36:58.734 40103 DEBUG oslo_service.service [-] clients_vitrage.ca_file = None log_opt_values /usr/lib/python3/dist-packages/oslo_config/cfg.py:2609
2025-11-20 00:36:58.735 40103 DEBUG oslo_service.service [-] clients_vitrage.cert_file = None log_opt_values /usr/lib/python3/dist-packages/oslo_config/cfg.py:2609
2025-11-20 00:36:58.735 40103 DEBUG oslo_service.service [-] clients_vitrage.endpoint_type = None log_opt_values /usr/lib/python3/dist-packages/oslo_config/cfg.py:2609
2025-11-20 00:36:58.735 40103 DEBUG oslo_service.service [-] clients_vitrage.insecure = None log_opt_values /usr/lib/python3/dist-packages/oslo_config/cfg.py:2609
2025-11-20 00:36:58.735 40103 DEBUG oslo_service.service [-] clients_vitrage.key_file = None log_opt_values /usr/lib/python3/dist-packages/oslo_config/cfg.py:2609
2025-11-20 00:36:58.735 40103 DEBUG oslo_service.service [-] clients_zaqar.ca_file = None log_opt_values /usr/lib/python3/dist-packages/oslo_config/cfg.py:2609
2025-11-20 00:36:58.735 40103 DEBUG oslo_service.service [-] clients_zaqar.cert_file = None log_opt_values /usr/lib/python3/dist-packages/oslo_config/cfg.py:2609
2025-11-20 00:36:58.735 40103 DEBUG oslo_service.service [-] clients_zaqar.endpoint_type = None log_opt_values /usr/lib/python3/dist-packages/oslo_config/cfg.py:2609
2025-11-20 00:36:58.735 40103 DEBUG oslo_service.service [-] clients_zaqar.insecure = None log_opt_values /usr/lib/python3/dist-packages/oslo_config/cfg.py:2609
2025-11-20 00:36:58.735 40103 DEBUG oslo_service.service [-] clients_zaqar.key_file = None log_opt_values /usr/lib/python3/dist-packages/oslo_config/cfg.py:2609
2025-11-20 00:36:58.736 40103 DEBUG oslo_service.service [-] database.backend = sqlalchemy log_opt_values /usr/lib/python3/dist-packages/oslo_config/cfg.py:2609
2025-11-20 00:36:58.736 40103 DEBUG oslo_service.service [-] database.connection = **** log_opt_values /usr/lib/python3/dist-packages/oslo_config/cfg.py:2609
2025-11-20 00:36:58.736 40103 DEBUG oslo_service.service [-] database.connection_debug = 0 log_opt_values /usr/lib/python3/dist-packages/oslo_config/cfg.py:2609
2025-11-20 00:36:58.736 40103 DEBUG oslo_service.service [-] database.connection_parameters = log_opt_values /usr/lib/python3/dist-packages/oslo_config/cfg.py:2609
2025-11-20 00:36:58.736 40103 DEBUG oslo_service.service [-] database.connection_recycle_time = 3600 log_opt_values /usr/lib/python3/dist-packages/oslo_config/cfg.py:2609
2025-11-20 00:36:58.736 40103 DEBUG oslo_service.service [-] database.connection_trace = False log_opt_values /usr/lib/python3/dist-packages/oslo_config/cfg.py:2609
2025-11-20 00:36:58.736 40103 DEBUG oslo_service.service [-] database.db_inc_retry_interval = True log_opt_values /usr/lib/python3/dist-packages/oslo_config/cfg.py:2609
2025-11-20 00:36:58.737 40103 DEBUG oslo_service.service [-] database.db_max_retries = 20 log_opt_values /usr/lib/python3/dist-packages/oslo_config/cfg.py:2609
2025-11-20 00:36:58.737 40103 DEBUG oslo_service.service [-] database.db_max_retry_interval = 10 log_opt_values /usr/lib/python3/dist-packages/oslo_config/cfg.py:2609
2025-11-20 00:36:58.737 40103 DEBUG oslo_service.service [-] database.db_retry_interval = 1 log_opt_values /usr/lib/python3/dist-packages/oslo_config/cfg.py:2609
2025-11-20 00:36:58.737 40103 DEBUG oslo_service.service [-] database.max_overflow = 50 log_opt_values /usr/lib/python3/dist-packages/oslo_config/cfg.py:2609
2025-11-20 00:36:58.737 40103 DEBUG oslo_service.service [-] database.max_pool_size = 5 log_opt_values /usr/lib/python3/dist-packages/oslo_config/cfg.py:2609
2025-11-20 00:36:58.737 40103 DEBUG oslo_service.service [-] database.max_retries = 10 log_opt_values /usr/lib/python3/dist-packages/oslo_config/cfg.py:2609
2025-11-20 00:36:58.737 40103 DEBUG oslo_service.service [-] database.mysql_enable_ndb = False log_opt_values /usr/lib/python3/dist-packages/oslo_config/cfg.py:2609
2025-11-20 00:36:58.737 40103 DEBUG oslo_service.service [-] database.mysql_sql_mode = TRADITIONAL log_opt_values /usr/lib/python3/dist-packages/oslo_config/cfg.py:2609
2025-11-20 00:36:58.737 40103 DEBUG oslo_service.service [-] database.pool_timeout = None log_opt_values /usr/lib/python3/dist-packages/oslo_config/cfg.py:2609
2025-11-20 00:36:58.738 40103 DEBUG oslo_service.service [-] database.retry_interval = 10 log_opt_values /usr/lib/python3/dist-packages/oslo_config/cfg.py:2609
2025-11-20 00:36:58.738 40103 DEBUG oslo_service.service [-] database.slave_connection = **** log_opt_values /usr/lib/python3/dist-packages/oslo_config/cfg.py:2609
2025-11-20 00:36:58.738 40103 DEBUG oslo_service.service [-] database.sqlite_synchronous = True log_opt_values /usr/lib/python3/dist-packages/oslo_config/cfg.py:2609
2025-11-20 00:36:58.738 40103 DEBUG oslo_service.service [-] database.use_db_reconnect = False log_opt_values /usr/lib/python3/dist-packages/oslo_config/cfg.py:2609
2025-11-20 00:36:58.738 40103 DEBUG oslo_service.service [-] oslo_messaging_metrics.metrics_buffer_size = 1000 log_opt_values /usr/lib/python3/dist-packages/oslo_config/cfg.py:2609
2025-11-20 00:36:58.738 40103 DEBUG oslo_service.service [-] oslo_messaging_metrics.metrics_enabled = False log_opt_values /usr/lib/python3/dist-packages/oslo_config/cfg.py:2609
2025-11-20 00:36:58.738 40103 DEBUG oslo_service.service [-] oslo_messaging_metrics.metrics_process_name = log_opt_values /usr/lib/python3/dist-packages/oslo_config/cfg.py:2609
2025-11-20 00:36:58.738 40103 DEBUG oslo_service.service [-] oslo_messaging_metrics.metrics_socket_file = /var/tmp/metrics_collector.sock log_opt_values /usr/lib/python3/dist-packages/oslo_config/cfg.py:2609
2025-11-20 00:36:58.739 40103 DEBUG oslo_service.service [-] oslo_messaging_metrics.metrics_thread_stop_timeout = 10 log_opt_values /usr/lib/python3/dist-packages/oslo_config/cfg.py:2609
2025-11-20 00:36:58.739 40103 DEBUG oslo_service.service [-] oslo_policy.enforce_new_defaults = False log_opt_values /usr/lib/python3/dist-packages/oslo_config/cfg.py:2609
2025-11-20 00:36:58.739 40103 DEBUG oslo_service.service [-] oslo_policy.enforce_scope = False log_opt_values /usr/lib/python3/dist-packages/oslo_config/cfg.py:2609
2025-11-20 00:36:58.739 40103 DEBUG oslo_service.service [-] oslo_policy.policy_default_rule = default log_opt_values /usr/lib/python3/dist-packages/oslo_config/cfg.py:2609
2025-11-20 00:36:58.739 40103 DEBUG oslo_service.service [-] oslo_policy.policy_dirs = ['policy.d'] log_opt_values /usr/lib/python3/dist-packages/oslo_config/cfg.py:2609
2025-11-20 00:36:58.739 40103 DEBUG oslo_service.service [-] oslo_policy.policy_file = policy.yaml log_opt_values /usr/lib/python3/dist-packages/oslo_config/cfg.py:2609
2025-11-20 00:36:58.739 40103 DEBUG oslo_service.service [-] oslo_policy.remote_content_type = application/x-www-form-urlencoded log_opt_values /usr/lib/python3/dist-packages/oslo_config/cfg.py:2609
2025-11-20 00:36:58.739 40103 DEBUG oslo_service.service [-] oslo_policy.remote_ssl_ca_crt_file = None log_opt_values /usr/lib/python3/dist-packages/oslo_config/cfg.py:2609
2025-11-20 00:36:58.740 40103 DEBUG oslo_service.service [-] oslo_policy.remote_ssl_client_crt_file = None log_opt_values /usr/lib/python3/dist-packages/oslo_config/cfg.py:2609
2025-11-20 00:36:58.740 40103 DEBUG oslo_service.service [-] oslo_policy.remote_ssl_client_key_file = None log_opt_values /usr/lib/python3/dist-packages/oslo_config/cfg.py:2609
2025-11-20 00:36:58.740 40103 DEBUG oslo_service.service [-] oslo_policy.remote_ssl_verify_server_crt = False log_opt_values /usr/lib/python3/dist-packages/oslo_config/cfg.py:2609
2025-11-20 00:36:58.740 40103 DEBUG oslo_service.service [-] trustee.auth_section = None log_opt_values /usr/lib/python3/dist-packages/oslo_config/cfg.py:2609
2025-11-20 00:36:58.740 40103 WARNING oslo_config.cfg [-] Deprecated: Option "auth_plugin" from group "trustee" is deprecated. Use option "auth_type" from group "trustee".
2025-11-20 00:36:58.740 40103 DEBUG oslo_service.service [-] trustee.auth_type = password log_opt_values /usr/lib/python3/dist-packages/oslo_config/cfg.py:2609
2025-11-20 00:36:58.741 40103 DEBUG oslo_service.service [-] oslo_versionedobjects.fatal_exception_format_errors = False log_opt_values /usr/lib/python3/dist-packages/oslo_config/cfg.py:2609
2025-11-20 00:36:58.741 40103 DEBUG oslo_service.service [-] oslo_messaging_rabbit.amqp_auto_delete = False log_opt_values /usr/lib/python3/dist-packages/oslo_config/cfg.py:2609
2025-11-20 00:36:58.741 40103 DEBUG oslo_service.service [-] oslo_messaging_rabbit.amqp_durable_queues = False log_opt_values /usr/lib/python3/dist-packages/oslo_config/cfg.py:2609
2025-11-20 00:36:58.741 40103 DEBUG oslo_service.service [-] oslo_messaging_rabbit.conn_pool_min_size = 2 log_opt_values /usr/lib/python3/dist-packages/oslo_config/cfg.py:2609
2025-11-20 00:36:58.741 40103 DEBUG oslo_service.service [-] oslo_messaging_rabbit.conn_pool_ttl = 1200 log_opt_values /usr/lib/python3/dist-packages/oslo_config/cfg.py:2609
2025-11-20 00:36:58.741 40103 DEBUG oslo_service.service [-] oslo_messaging_rabbit.direct_mandatory_flag = True log_opt_values /usr/lib/python3/dist-packages/oslo_config/cfg.py:2609
2025-11-20 00:36:58.742 40103 DEBUG oslo_service.service [-] oslo_messaging_rabbit.enable_cancel_on_failover = False log_opt_values /usr/lib/python3/dist-packages/oslo_config/cfg.py:2609
2025-11-20 00:36:58.742 40103 DEBUG oslo_service.service [-] oslo_messaging_rabbit.heartbeat_in_pthread = False log_opt_values /usr/lib/python3/dist-packages/oslo_config/cfg.py:2609
2025-11-20 00:36:58.742 40103 DEBUG oslo_service.service [-] oslo_messaging_rabbit.heartbeat_rate = 2 log_opt_values /usr/lib/python3/dist-packages/oslo_config/cfg.py:2609
2025-11-20 00:36:58.742 40103 DEBUG oslo_service.service [-] oslo_messaging_rabbit.heartbeat_timeout_threshold = 60 log_opt_values /usr/lib/python3/dist-packages/oslo_config/cfg.py:2609
2025-11-20 00:36:58.742 40103 DEBUG oslo_service.service [-] oslo_messaging_rabbit.kombu_compression = None log_opt_values /usr/lib/python3/dist-packages/oslo_config/cfg.py:2609
2025-11-20 00:36:58.742 40103 DEBUG oslo_service.service [-] oslo_messaging_rabbit.kombu_failover_strategy = round-robin log_opt_values /usr/lib/python3/dist-packages/oslo_config/cfg.py:2609
2025-11-20 00:36:58.742 40103 DEBUG oslo_service.service [-] oslo_messaging_rabbit.kombu_missing_consumer_retry_timeout = 60 log_opt_values /usr/lib/python3/dist-packages/oslo_config/cfg.py:2609
2025-11-20 00:36:58.742 40103 DEBUG oslo_service.service [-] oslo_messaging_rabbit.kombu_reconnect_delay = 1.0 log_opt_values /usr/lib/python3/dist-packages/oslo_config/cfg.py:2609
2025-11-20 00:36:58.742 40103 DEBUG oslo_service.service [-] oslo_messaging_rabbit.rabbit_ha_queues = False log_opt_values /usr/lib/python3/dist-packages/oslo_config/cfg.py:2609
2025-11-20 00:36:58.743 40103 DEBUG oslo_service.service [-] oslo_messaging_rabbit.rabbit_interval_max = 30 log_opt_values /usr/lib/python3/dist-packages/oslo_config/cfg.py:2609
2025-11-20 00:36:58.743 40103 DEBUG oslo_service.service [-] oslo_messaging_rabbit.rabbit_login_method = AMQPLAIN log_opt_values /usr/lib/python3/dist-packages/oslo_config/cfg.py:2609
2025-11-20 00:36:58.743 40103 DEBUG oslo_service.service [-] oslo_messaging_rabbit.rabbit_qos_prefetch_count = 0 log_opt_values /usr/lib/python3/dist-packages/oslo_config/cfg.py:2609
2025-11-20 00:36:58.743 40103 DEBUG oslo_service.service [-] oslo_messaging_rabbit.rabbit_quorum_queue = False log_opt_values /usr/lib/python3/dist-packages/oslo_config/cfg.py:2609
2025-11-20 00:36:58.743 40103 DEBUG oslo_service.service [-] oslo_messaging_rabbit.rabbit_retry_backoff = 2 log_opt_values /usr/lib/python3/dist-packages/oslo_config/cfg.py:2609
2025-11-20 00:36:58.743 40103 DEBUG oslo_service.service [-] oslo_messaging_rabbit.rabbit_retry_interval = 1 log_opt_values /usr/lib/python3/dist-packages/oslo_config/cfg.py:2609
2025-11-20 00:36:58.743 40103 DEBUG oslo_service.service [-] oslo_messaging_rabbit.rabbit_transient_queues_ttl = 1800 log_opt_values /usr/lib/python3/dist-packages/oslo_config/cfg.py:2609
2025-11-20 00:36:58.743 40103 DEBUG oslo_service.service [-] oslo_messaging_rabbit.rpc_conn_pool_size = 30 log_opt_values /usr/lib/python3/dist-packages/oslo_config/cfg.py:2609
2025-11-20 00:36:58.743 40103 DEBUG oslo_service.service [-] oslo_messaging_rabbit.ssl = False log_opt_values /usr/lib/python3/dist-packages/oslo_config/cfg.py:2609
2025-11-20 00:36:58.744 40103 DEBUG oslo_service.service [-] oslo_messaging_rabbit.ssl_ca_file = log_opt_values /usr/lib/python3/dist-packages/oslo_config/cfg.py:2609
2025-11-20 00:36:58.744 40103 DEBUG oslo_service.service [-] oslo_messaging_rabbit.ssl_cert_file = log_opt_values /usr/lib/python3/dist-packages/oslo_config/cfg.py:2609
2025-11-20 00:36:58.744 40103 DEBUG oslo_service.service [-] oslo_messaging_rabbit.ssl_key_file = log_opt_values /usr/lib/python3/dist-packages/oslo_config/cfg.py:2609
2025-11-20 00:36:58.744 40103 DEBUG oslo_service.service [-] oslo_messaging_rabbit.ssl_version = log_opt_values /usr/lib/python3/dist-packages/oslo_config/cfg.py:2609
2025-11-20 00:36:58.744 40103 DEBUG oslo_service.service [-] oslo_messaging_notifications.driver = [] log_opt_values /usr/lib/python3/dist-packages/oslo_config/cfg.py:2609
2025-11-20 00:36:58.744 40103 DEBUG oslo_service.service [-] oslo_messaging_notifications.retry = -1 log_opt_values /usr/lib/python3/dist-packages/oslo_config/cfg.py:2609
2025-11-20 00:36:58.744 40103 DEBUG oslo_service.service [-] oslo_messaging_notifications.topics = ['notifications'] log_opt_values /usr/lib/python3/dist-packages/oslo_config/cfg.py:2609
2025-11-20 00:36:58.745 40103 DEBUG oslo_service.service [-] oslo_messaging_notifications.transport_url = **** log_opt_values /usr/lib/python3/dist-packages/oslo_config/cfg.py:2609
2025-11-20 00:36:58.745 40103 DEBUG oslo_service.service [-] cache.backend = dogpile.cache.null log_opt_values /usr/lib/python3/dist-packages/oslo_config/cfg.py:2609
2025-11-20 00:36:58.745 40103 DEBUG oslo_service.service [-] cache.backend_argument = **** log_opt_values /usr/lib/python3/dist-packages/oslo_config/cfg.py:2609
2025-11-20 00:36:58.745 40103 DEBUG oslo_service.service [-] cache.config_prefix = cache.oslo log_opt_values /usr/lib/python3/dist-packages/oslo_config/cfg.py:2609
2025-11-20 00:36:58.745 40103 DEBUG oslo_service.service [-] cache.debug_cache_backend = False log_opt_values /usr/lib/python3/dist-packages/oslo_config/cfg.py:2609
2025-11-20 00:36:58.745 40103 DEBUG oslo_service.service [-] cache.enabled = False log_opt_values /usr/lib/python3/dist-packages/oslo_config/cfg.py:2609
2025-11-20 00:36:58.745 40103 DEBUG oslo_service.service [-] cache.expiration_time = 600 log_opt_values /usr/lib/python3/dist-packages/oslo_config/cfg.py:2609
2025-11-20 00:36:58.746 40103 DEBUG oslo_service.service [-] cache.memcache_dead_retry = 300 log_opt_values /usr/lib/python3/dist-packages/oslo_config/cfg.py:2609
2025-11-20 00:36:58.746 40103 DEBUG oslo_service.service [-] cache.memcache_pool_connection_get_timeout = 10 log_opt_values /usr/lib/python3/dist-packages/oslo_config/cfg.py:2609
2025-11-20 00:36:58.746 40103 DEBUG oslo_service.service [-] cache.memcache_pool_flush_on_reconnect = False log_opt_values /usr/lib/python3/dist-packages/oslo_config/cfg.py:2609
2025-11-20 00:36:58.746 40103 DEBUG oslo_service.service [-] cache.memcache_pool_maxsize = 10 log_opt_values /usr/lib/python3/dist-packages/oslo_config/cfg.py:2609
2025-11-20 00:36:58.746 40103 DEBUG oslo_service.service [-] cache.memcache_pool_unused_timeout = 60 log_opt_values /usr/lib/python3/dist-packages/oslo_config/cfg.py:2609
2025-11-20 00:36:58.746 40103 DEBUG oslo_service.service [-] cache.memcache_servers = ['localhost:11211'] log_opt_values /usr/lib/python3/dist-packages/oslo_config/cfg.py:2609
2025-11-20 00:36:58.746 40103 DEBUG oslo_service.service [-] cache.memcache_socket_timeout = 1.0 log_opt_values /usr/lib/python3/dist-packages/oslo_config/cfg.py:2609
2025-11-20 00:36:58.746 40103 DEBUG oslo_service.service [-] cache.proxies = [] log_opt_values /usr/lib/python3/dist-packages/oslo_config/cfg.py:2609
2025-11-20 00:36:58.747 40103 DEBUG oslo_service.service [-] cache.tls_allowed_ciphers = None log_opt_values /usr/lib/python3/dist-packages/oslo_config/cfg.py:2609
2025-11-20 00:36:58.747 40103 DEBUG oslo_service.service [-] cache.tls_cafile = None log_opt_values /usr/lib/python3/dist-packages/oslo_config/cfg.py:2609
2025-11-20 00:36:58.747 40103 DEBUG oslo_service.service [-] cache.tls_certfile = None log_opt_values /usr/lib/python3/dist-packages/oslo_config/cfg.py:2609
2025-11-20 00:36:58.747 40103 DEBUG oslo_service.service [-] cache.tls_enabled = False log_opt_values /usr/lib/python3/dist-packages/oslo_config/cfg.py:2609
2025-11-20 00:36:58.747 40103 DEBUG oslo_service.service [-] cache.tls_keyfile = None log_opt_values /usr/lib/python3/dist-packages/oslo_config/cfg.py:2609
2025-11-20 00:36:58.747 40103 DEBUG oslo_service.service [-] constraint_validation_cache.caching = True log_opt_values /usr/lib/python3/dist-packages/oslo_config/cfg.py:2609
2025-11-20 00:36:58.747 40103 DEBUG oslo_service.service [-] constraint_validation_cache.expiration_time = 60 log_opt_values /usr/lib/python3/dist-packages/oslo_config/cfg.py:2609
2025-11-20 00:36:58.747 40103 DEBUG oslo_service.service [-] service_extension_cache.caching = True log_opt_values /usr/lib/python3/dist-packages/oslo_config/cfg.py:2609
2025-11-20 00:36:58.747 40103 DEBUG oslo_service.service [-] service_extension_cache.expiration_time = 3600 log_opt_values /usr/lib/python3/dist-packages/oslo_config/cfg.py:2609
2025-11-20 00:36:58.748 40103 DEBUG oslo_service.service [-] resource_finder_cache.caching = True log_opt_values /usr/lib/python3/dist-packages/oslo_config/cfg.py:2609
2025-11-20 00:36:58.748 40103 DEBUG oslo_service.service [-] resource_finder_cache.expiration_time = 3600 log_opt_values /usr/lib/python3/dist-packages/oslo_config/cfg.py:2609
2025-11-20 00:36:58.748 40103 DEBUG oslo_service.service [-] yaql.limit_iterators = 200 log_opt_values /usr/lib/python3/dist-packages/oslo_config/cfg.py:2609
2025-11-20 00:36:58.748 40103 DEBUG oslo_service.service [-] yaql.memory_quota = 10000 log_opt_values /usr/lib/python3/dist-packages/oslo_config/cfg.py:2609
2025-11-20 00:36:58.748 40103 DEBUG oslo_service.service [-] ******************************************************************************** log_opt_values /usr/lib/python3/dist-packages/oslo_config/cfg.py:2613
2025-11-20 00:36:58.741 40318 DEBUG oslo_db.sqlalchemy.engines [req-34891933-e5b2-4abf-a796-26d04d70e08c - - - - -] MySQL server mode set to STRICT_TRANS_TABLES,STRICT_ALL_TABLES,NO_ZERO_IN_DATE,NO_ZERO_DATE,ERROR_FOR_DIVISION_BY_ZERO,TRADITIONAL,NO_ENGINE_SUBSTITUTION _check_effective_sql_mode /usr/lib/python3/dist-packages/oslo_db/sqlalchemy/engines.py:314
2025-11-20 00:36:58.781 40315 DEBUG oslo_db.sqlalchemy.engines [req-f4be0f67-000c-4a23-9e09-2e50a1041212 - - - - -] MySQL server mode set to STRICT_TRANS_TABLES,STRICT_ALL_TABLES,NO_ZERO_IN_DATE,NO_ZERO_DATE,ERROR_FOR_DIVISION_BY_ZERO,TRADITIONAL,NO_ENGINE_SUBSTITUTION _check_effective_sql_mode /usr/lib/python3/dist-packages/oslo_db/sqlalchemy/engines.py:314
2025-11-20 00:36:58.786 40317 DEBUG oslo_db.sqlalchemy.engines [req-9478dd20-30c1-46c4-b056-3f532fc1aba3 - - - - -] MySQL server mode set to STRICT_TRANS_TABLES,STRICT_ALL_TABLES,NO_ZERO_IN_DATE,NO_ZERO_DATE,ERROR_FOR_DIVISION_BY_ZERO,TRADITIONAL,NO_ENGINE_SUBSTITUTION _check_effective_sql_mode /usr/lib/python3/dist-packages/oslo_db/sqlalchemy/engines.py:314
2025-11-20 00:36:58.808 40316 DEBUG heat.engine.service [req-5c301119-5646-460d-9b38-311e25667ae7 - - - - -] Service a9725389-fafc-4d5e-aee2-984d32840b23 is started service_manage_report /usr/lib/python3/dist-packages/heat/engine/service.py:2363
2025-11-20 00:36:58.839 40316 DEBUG heat.engine.service [req-5c301119-5646-460d-9b38-311e25667ae7 - - - - -] Service a9725389-fafc-4d5e-aee2-984d32840b23 is updated service_manage_report /usr/lib/python3/dist-packages/heat/engine/service.py:2370
2025-11-20 00:36:58.851 40318 DEBUG heat.engine.service [req-fe1202a9-b6d1-431f-886f-04a09e3993b3 - - - - -] Service 808751a8-baf6-4e42-b935-671ecf486364 is started service_manage_report /usr/lib/python3/dist-packages/heat/engine/service.py:2363
2025-11-20 00:36:58.880 40318 DEBUG heat.engine.service [req-fe1202a9-b6d1-431f-886f-04a09e3993b3 - - - - -] Service 808751a8-baf6-4e42-b935-671ecf486364 is updated service_manage_report /usr/lib/python3/dist-packages/heat/engine/service.py:2370
2025-11-20 00:36:58.908 40315 DEBUG heat.engine.service [req-47374538-a466-42a0-8501-08499e6a5cbd - - - - -] Service d247dd1c-2b27-4f3b-9c9d-bca66648c9f5 is started service_manage_report /usr/lib/python3/dist-packages/heat/engine/service.py:2363
2025-11-20 00:36:58.919 40317 DEBUG heat.engine.service [req-45101409-441f-4784-ac5c-972a94fccecc - - - - -] Service f64f1c71-73fe-44e2-938d-52ad038c5fb5 is started service_manage_report /usr/lib/python3/dist-packages/heat/engine/service.py:2363
2025-11-20 00:36:58.921 40315 DEBUG heat.engine.service [req-47374538-a466-42a0-8501-08499e6a5cbd - - - - -] Service d247dd1c-2b27-4f3b-9c9d-bca66648c9f5 is updated service_manage_report /usr/lib/python3/dist-packages/heat/engine/service.py:2370
2025-11-20 00:36:58.932 40317 DEBUG heat.engine.service [req-45101409-441f-4784-ac5c-972a94fccecc - - - - -] Service f64f1c71-73fe-44e2-938d-52ad038c5fb5 is updated service_manage_report /usr/lib/python3/dist-packages/heat/engine/service.py:2370
2025-11-20 00:37:58.809 40316 DEBUG heat.engine.service [req-aa5da459-a094-4bdf-b27e-3f29def10c0a - - - - -] Service a9725389-fafc-4d5e-aee2-984d32840b23 is updated service_manage_report /usr/lib/python3/dist-packages/heat/engine/service.py:2370
2025-11-20 00:37:58.828 40318 DEBUG heat.engine.service [req-72a20fa5-831e-4e09-9bb7-ad0ac361587d - - - - -] Service 808751a8-baf6-4e42-b935-671ecf486364 is updated service_manage_report /usr/lib/python3/dist-packages/heat/engine/service.py:2370
2025-11-20 00:37:58.902 40315 DEBUG heat.engine.service [req-a133ffcd-8064-43dc-a01b-97310e8ad9a2 - - - - -] Service d247dd1c-2b27-4f3b-9c9d-bca66648c9f5 is updated service_manage_report /usr/lib/python3/dist-packages/heat/engine/service.py:2370
2025-11-20 00:37:58.912 40317 DEBUG heat.engine.service [req-ff585894-40e9-4715-bdaa-df452328adde - - - - -] Service f64f1c71-73fe-44e2-938d-52ad038c5fb5 is updated service_manage_report /usr/lib/python3/dist-packages/heat/engine/service.py:2370
2025-11-20 00:38:58.813 40316 DEBUG heat.engine.service [req-103feeb2-a601-48d8-ac13-8dc737742c3e - - - - -] Service a9725389-fafc-4d5e-aee2-984d32840b23 is updated service_manage_report /usr/lib/python3/dist-packages/heat/engine/service.py:2370
2025-11-20 00:38:58.833 40318 DEBUG heat.engine.service [req-0780fe88-5080-46f5-9784-8deb2d39ca5a - - - - -] Service 808751a8-baf6-4e42-b935-671ecf486364 is updated service_manage_report /usr/lib/python3/dist-packages/heat/engine/service.py:2370
2025-11-20 00:38:58.914 40317 DEBUG heat.engine.service [req-3b21c4b2-07ad-4963-aaba-b91a3d1589fe - - - - -] Service f64f1c71-73fe-44e2-938d-52ad038c5fb5 is updated service_manage_report /usr/lib/python3/dist-packages/heat/engine/service.py:2370
2025-11-20 00:38:58.924 40315 DEBUG heat.engine.service [req-b1e7726f-b9e5-41ac-97a1-da5d83d44167 - - - - -] Service d247dd1c-2b27-4f3b-9c9d-bca66648c9f5 is updated service_manage_report /usr/lib/python3/dist-packages/heat/engine/service.py:2370
2025-11-20 00:39:58.809 40316 DEBUG heat.engine.service [req-b2209e48-dcc7-4fab-ae78-d545652202b3 - - - - -] Service a9725389-fafc-4d5e-aee2-984d32840b23 is updated service_manage_report /usr/lib/python3/dist-packages/heat/engine/service.py:2370
2025-11-20 00:39:58.827 40318 DEBUG heat.engine.service [req-01619923-a98f-4082-80ca-da6f97c069d8 - - - - -] Service 808751a8-baf6-4e42-b935-671ecf486364 is updated service_manage_report /usr/lib/python3/dist-packages/heat/engine/service.py:2370
2025-11-20 00:39:58.897 40315 DEBUG heat.engine.service [req-0e739c1b-1351-4da7-94a2-97a084cc4c47 - - - - -] Service d247dd1c-2b27-4f3b-9c9d-bca66648c9f5 is updated service_manage_report /usr/lib/python3/dist-packages/heat/engine/service.py:2370
2025-11-20 00:39:58.908 40317 DEBUG heat.engine.service [req-3006ff49-e7ec-4211-8969-7575aada252c - - - - -] Service f64f1c71-73fe-44e2-938d-52ad038c5fb5 is updated service_manage_report /usr/lib/python3/dist-packages/heat/engine/service.py:2370
2025-11-20 00:40:58.805 40316 DEBUG heat.engine.service [req-c23376f0-d294-4461-917b-d34b16a99342 - - - - -] Service a9725389-fafc-4d5e-aee2-984d32840b23 is updated service_manage_report /usr/lib/python3/dist-packages/heat/engine/service.py:2370
2025-11-20 00:40:58.833 40318 DEBUG heat.engine.service [req-482752a7-f2f4-47e8-b1ee-e52b610c3fe5 - - - - -] Service 808751a8-baf6-4e42-b935-671ecf486364 is updated service_manage_report /usr/lib/python3/dist-packages/heat/engine/service.py:2370
2025-11-20 00:40:58.908 40315 DEBUG heat.engine.service [req-c7d8145f-c61c-4cad-abc9-24fdad0e3fee - - - - -] Service d247dd1c-2b27-4f3b-9c9d-bca66648c9f5 is updated service_manage_report /usr/lib/python3/dist-packages/heat/engine/service.py:2370
2025-11-20 00:40:58.917 40317 DEBUG heat.engine.service [req-7896143f-959c-4d6d-aef0-a96dcba99075 - - - - -] Service f64f1c71-73fe-44e2-938d-52ad038c5fb5 is updated service_manage_report /usr/lib/python3/dist-packages/heat/engine/service.py:2370
2025-11-20 00:41:58.803 40316 DEBUG heat.engine.service [req-dc919e9f-2c32-4b41-ad59-ad1a97b15c96 - - - - -] Service a9725389-fafc-4d5e-aee2-984d32840b23 is updated service_manage_report /usr/lib/python3/dist-packages/heat/engine/service.py:2370
2025-11-20 00:41:58.828 40318 DEBUG heat.engine.service [req-9d1a6e28-51b7-4558-bf41-aac3cf7a7a72 - - - - -] Service 808751a8-baf6-4e42-b935-671ecf486364 is updated service_manage_report /usr/lib/python3/dist-packages/heat/engine/service.py:2370
2025-11-20 00:41:58.905 40315 DEBUG heat.engine.service [req-615f8883-4594-4810-ae75-78fd2888d80e - - - - -] Service d247dd1c-2b27-4f3b-9c9d-bca66648c9f5 is updated service_manage_report /usr/lib/python3/dist-packages/heat/engine/service.py:2370
2025-11-20 00:41:58.914 40317 DEBUG heat.engine.service [req-353bfb7f-db84-4d60-b719-22e16e6817f1 - - - - -] Service f64f1c71-73fe-44e2-938d-52ad038c5fb5 is updated service_manage_report /usr/lib/python3/dist-packages/heat/engine/service.py:2370
2025-11-20 00:42:58.797 40316 DEBUG heat.engine.service [req-c3dc419c-a6ea-48d4-92b6-70842e02d854 - - - - -] Service a9725389-fafc-4d5e-aee2-984d32840b23 is updated service_manage_report /usr/lib/python3/dist-packages/heat/engine/service.py:2370
2025-11-20 00:42:58.822 40318 DEBUG heat.engine.service [req-f4e32ec7-efd8-4c78-82d3-011f427102c3 - - - - -] Service 808751a8-baf6-4e42-b935-671ecf486364 is updated service_manage_report /usr/lib/python3/dist-packages/heat/engine/service.py:2370
2025-11-20 00:42:58.900 40315 DEBUG heat.engine.service [req-921e0e21-82a5-487b-b072-467724989efa - - - - -] Service d247dd1c-2b27-4f3b-9c9d-bca66648c9f5 is updated service_manage_report /usr/lib/python3/dist-packages/heat/engine/service.py:2370
2025-11-20 00:42:58.911 40317 DEBUG heat.engine.service [req-d9dcea1e-cd3b-49dc-84bb-52f6a510d7c2 - - - - -] Service f64f1c71-73fe-44e2-938d-52ad038c5fb5 is updated service_manage_report /usr/lib/python3/dist-packages/heat/engine/service.py:2370
2025-11-20 00:43:58.801 40316 DEBUG heat.engine.service [req-de77653d-97d5-426d-8563-d5f66fa6658e - - - - -] Service a9725389-fafc-4d5e-aee2-984d32840b23 is updated service_manage_report /usr/lib/python3/dist-packages/heat/engine/service.py:2370
2025-11-20 00:43:58.826 40318 DEBUG heat.engine.service [req-e670e044-e2de-46ab-85f3-b4d483907267 - - - - -] Service 808751a8-baf6-4e42-b935-671ecf486364 is updated service_manage_report /usr/lib/python3/dist-packages/heat/engine/service.py:2370
2025-11-20 00:43:58.906 40315 DEBUG heat.engine.service [req-3a7af7fe-b212-41ed-bd9c-97837d580aef - - - - -] Service d247dd1c-2b27-4f3b-9c9d-bca66648c9f5 is updated service_manage_report /usr/lib/python3/dist-packages/heat/engine/service.py:2370
2025-11-20 00:43:58.907 40317 DEBUG heat.engine.service [req-edf0f341-68dd-46e5-a6c6-ed2f7da3f189 - - - - -] Service f64f1c71-73fe-44e2-938d-52ad038c5fb5 is updated service_manage_report /usr/lib/python3/dist-packages/heat/engine/service.py:2370
2025-11-20 00:44:58.806 40316 DEBUG heat.engine.service [req-88a8aaf8-26a7-4088-bae0-58572211cf84 - - - - -] Service a9725389-fafc-4d5e-aee2-984d32840b23 is updated service_manage_report /usr/lib/python3/dist-packages/heat/engine/service.py:2370
2025-11-20 00:44:58.831 40318 DEBUG heat.engine.service [req-267852b8-11f9-4508-8f47-a95c063deb0d - - - - -] Service 808751a8-baf6-4e42-b935-671ecf486364 is updated service_manage_report /usr/lib/python3/dist-packages/heat/engine/service.py:2370
2025-11-20 00:44:58.902 40315 DEBUG heat.engine.service [req-6c373595-e624-4e78-b754-d7e59541cdcb - - - - -] Service d247dd1c-2b27-4f3b-9c9d-bca66648c9f5 is updated service_manage_report /usr/lib/python3/dist-packages/heat/engine/service.py:2370
2025-11-20 00:44:58.912 40317 DEBUG heat.engine.service [req-87b6d14f-f2e5-4283-81c7-7ccf4b174fd1 - - - - -] Service f64f1c71-73fe-44e2-938d-52ad038c5fb5 is updated service_manage_report /usr/lib/python3/dist-packages/heat/engine/service.py:2370
2025-11-20 00:45:58.810 40316 DEBUG heat.engine.service [req-0b2b0542-db0e-4997-82de-db17b8c0e932 - - - - -] Service a9725389-fafc-4d5e-aee2-984d32840b23 is updated service_manage_report /usr/lib/python3/dist-packages/heat/engine/service.py:2370
2025-11-20 00:45:58.845 40318 DEBUG heat.engine.service [req-aa633d91-6e1e-4272-bd73-327b444986e4 - - - - -] Service 808751a8-baf6-4e42-b935-671ecf486364 is updated service_manage_report /usr/lib/python3/dist-packages/heat/engine/service.py:2370
2025-11-20 00:45:58.909 40315 DEBUG heat.engine.service [req-c31b9e0e-d3fa-4fa6-9c81-e818d4098adf - - - - -] Service d247dd1c-2b27-4f3b-9c9d-bca66648c9f5 is updated service_manage_report /usr/lib/python3/dist-packages/heat/engine/service.py:2370
2025-11-20 00:45:58.921 40317 DEBUG heat.engine.service [req-c02ff34c-b759-41ac-a235-2581414c86fd - - - - -] Service f64f1c71-73fe-44e2-938d-52ad038c5fb5 is updated service_manage_report /usr/lib/python3/dist-packages/heat/engine/service.py:2370
2025-11-20 00:46:58.818 40316 DEBUG heat.engine.service [req-4fb0ecd3-e589-4a8d-a343-049b471c1536 - - - - -] Service a9725389-fafc-4d5e-aee2-984d32840b23 is updated service_manage_report /usr/lib/python3/dist-packages/heat/engine/service.py:2370
2025-11-20 00:46:58.841 40318 DEBUG heat.engine.service [req-06299071-f47c-4e7d-aec0-eadad68f0cad - - - - -] Service 808751a8-baf6-4e42-b935-671ecf486364 is updated service_manage_report /usr/lib/python3/dist-packages/heat/engine/service.py:2370
2025-11-20 00:46:58.906 40315 DEBUG heat.engine.service [req-81435741-3c0e-4293-96aa-139a9a68b7c3 - - - - -] Service d247dd1c-2b27-4f3b-9c9d-bca66648c9f5 is updated service_manage_report /usr/lib/python3/dist-packages/heat/engine/service.py:2370
2025-11-20 00:46:58.919 40317 DEBUG heat.engine.service [req-dfafaa89-59dd-46fc-ad37-e9edcf35c0cc - - - - -] Service f64f1c71-73fe-44e2-938d-52ad038c5fb5 is updated service_manage_report /usr/lib/python3/dist-packages/heat/engine/service.py:2370
2025-11-20 00:47:58.813 40316 DEBUG heat.engine.service [req-b376112d-b52d-42bf-83c9-c30d34c2d57e - - - - -] Service a9725389-fafc-4d5e-aee2-984d32840b23 is updated service_manage_report /usr/lib/python3/dist-packages/heat/engine/service.py:2370
2025-11-20 00:47:58.840 40318 DEBUG heat.engine.service [req-36eb4fcf-cc6c-4bd8-bc56-55fcbb3a75ef - - - - -] Service 808751a8-baf6-4e42-b935-671ecf486364 is updated service_manage_report /usr/lib/python3/dist-packages/heat/engine/service.py:2370
2025-11-20 00:47:58.903 40315 DEBUG heat.engine.service [req-60b49f60-b885-4947-8854-06e6f1e5d8dd - - - - -] Service d247dd1c-2b27-4f3b-9c9d-bca66648c9f5 is updated service_manage_report /usr/lib/python3/dist-packages/heat/engine/service.py:2370
2025-11-20 00:47:58.914 40317 DEBUG heat.engine.service [req-466f0609-08cc-4346-b692-55cf3e7fcd61 - - - - -] Service f64f1c71-73fe-44e2-938d-52ad038c5fb5 is updated service_manage_report /usr/lib/python3/dist-packages/heat/engine/service.py:2370
2025-11-20 00:48:58.817 40316 DEBUG heat.engine.service [req-00cacf20-fbee-4263-b351-69fa67ef3fe5 - - - - -] Service a9725389-fafc-4d5e-aee2-984d32840b23 is updated service_manage_report /usr/lib/python3/dist-packages/heat/engine/service.py:2370
2025-11-20 00:48:58.838 40318 DEBUG heat.engine.service [req-0846ac6a-1fb5-467e-b5fb-126ceb1c8512 - - - - -] Service 808751a8-baf6-4e42-b935-671ecf486364 is updated service_manage_report /usr/lib/python3/dist-packages/heat/engine/service.py:2370
2025-11-20 00:48:58.905 40315 DEBUG heat.engine.service [req-f71019e8-e870-4971-a924-9c2e0b1bf14e - - - - -] Service d247dd1c-2b27-4f3b-9c9d-bca66648c9f5 is updated service_manage_report /usr/lib/python3/dist-packages/heat/engine/service.py:2370
2025-11-20 00:48:58.919 40317 DEBUG heat.engine.service [req-c9d76844-2fa4-48f0-a008-c03c4d9e6a26 - - - - -] Service f64f1c71-73fe-44e2-938d-52ad038c5fb5 is updated service_manage_report /usr/lib/python3/dist-packages/heat/engine/service.py:2370
2025-11-20 00:49:58.825 40316 DEBUG heat.engine.service [req-2c29c54b-7ffb-4847-a2dd-25132adbc0aa - - - - -] Service a9725389-fafc-4d5e-aee2-984d32840b23 is updated service_manage_report /usr/lib/python3/dist-packages/heat/engine/service.py:2370
2025-11-20 00:49:58.833 40318 DEBUG heat.engine.service [req-97807b07-f8ca-4573-a7fb-8ec654d3ab7b - - - - -] Service 808751a8-baf6-4e42-b935-671ecf486364 is updated service_manage_report /usr/lib/python3/dist-packages/heat/engine/service.py:2370
2025-11-20 00:49:58.900 40315 DEBUG heat.engine.service [req-8ef192fd-1dea-496d-b42c-6b067ebea54d - - - - -] Service d247dd1c-2b27-4f3b-9c9d-bca66648c9f5 is updated service_manage_report /usr/lib/python3/dist-packages/heat/engine/service.py:2370
2025-11-20 00:49:58.923 40317 DEBUG heat.engine.service [req-8ced9e8a-6332-4354-8b95-85b37a4f0028 - - - - -] Service f64f1c71-73fe-44e2-938d-52ad038c5fb5 is updated service_manage_report /usr/lib/python3/dist-packages/heat/engine/service.py:2370
2025-11-20 00:50:58.820 40316 DEBUG heat.engine.service [req-1840a95c-6b45-4942-a56f-060ed62f57e2 - - - - -] Service a9725389-fafc-4d5e-aee2-984d32840b23 is updated service_manage_report /usr/lib/python3/dist-packages/heat/engine/service.py:2370
2025-11-20 00:50:58.829 40318 DEBUG heat.engine.service [req-e1a8d466-8be6-45ab-bb17-a3bba0fb69a4 - - - - -] Service 808751a8-baf6-4e42-b935-671ecf486364 is updated service_manage_report /usr/lib/python3/dist-packages/heat/engine/service.py:2370
2025-11-20 00:50:58.904 40315 DEBUG heat.engine.service [req-0a2e3a7d-d19f-4190-b6f8-8ce00e14c38e - - - - -] Service d247dd1c-2b27-4f3b-9c9d-bca66648c9f5 is updated service_manage_report /usr/lib/python3/dist-packages/heat/engine/service.py:2370
2025-11-20 00:50:58.932 40317 DEBUG heat.engine.service [req-5ccf3ff6-bb95-4b5a-8703-8e5e6d0e19d4 - - - - -] Service f64f1c71-73fe-44e2-938d-52ad038c5fb5 is updated service_manage_report /usr/lib/python3/dist-packages/heat/engine/service.py:2370
2025-11-20 00:51:58.815 40316 DEBUG heat.engine.service [req-96d91d42-a74a-4451-ac9d-e92b438fdb00 - - - - -] Service a9725389-fafc-4d5e-aee2-984d32840b23 is updated service_manage_report /usr/lib/python3/dist-packages/heat/engine/service.py:2370
2025-11-20 00:51:58.834 40318 DEBUG heat.engine.service [req-229931ca-94bd-4393-a33b-28cbc1934363 - - - - -] Service 808751a8-baf6-4e42-b935-671ecf486364 is updated service_manage_report /usr/lib/python3/dist-packages/heat/engine/service.py:2370
2025-11-20 00:51:58.912 40315 DEBUG heat.engine.service [req-3d84aa64-3802-4af6-b2b8-26c9cb9b2f04 - - - - -] Service d247dd1c-2b27-4f3b-9c9d-bca66648c9f5 is updated service_manage_report /usr/lib/python3/dist-packages/heat/engine/service.py:2370
2025-11-20 00:51:58.929 40317 DEBUG heat.engine.service [req-dff6d614-3dc7-4174-8c1d-a4f484217ee1 - - - - -] Service f64f1c71-73fe-44e2-938d-52ad038c5fb5 is updated service_manage_report /usr/lib/python3/dist-packages/heat/engine/service.py:2370
2025-11-20 00:52:58.819 40316 DEBUG heat.engine.service [req-0ef062c5-9e47-4d36-b9b3-064bd7691523 - - - - -] Service a9725389-fafc-4d5e-aee2-984d32840b23 is updated service_manage_report /usr/lib/python3/dist-packages/heat/engine/service.py:2370
2025-11-20 00:52:58.838 40318 DEBUG heat.engine.service [req-9c41f81e-f0df-4aa6-9b3f-5cc3a45214ca - - - - -] Service 808751a8-baf6-4e42-b935-671ecf486364 is updated service_manage_report /usr/lib/python3/dist-packages/heat/engine/service.py:2370
2025-11-20 00:52:58.909 40315 DEBUG heat.engine.service [req-cb28d681-cffe-41ff-be08-6db43460328c - - - - -] Service d247dd1c-2b27-4f3b-9c9d-bca66648c9f5 is updated service_manage_report /usr/lib/python3/dist-packages/heat/engine/service.py:2370
2025-11-20 00:52:58.923 40317 DEBUG heat.engine.service [req-79102d4a-1c59-4057-b06a-2e7ee92528dd - - - - -] Service f64f1c71-73fe-44e2-938d-52ad038c5fb5 is updated service_manage_report /usr/lib/python3/dist-packages/heat/engine/service.py:2370
2025-11-20 00:53:58.825 40316 DEBUG heat.engine.service [req-80bc8d03-8f58-4fbb-8456-3ac2b9fb109b - - - - -] Service a9725389-fafc-4d5e-aee2-984d32840b23 is updated service_manage_report /usr/lib/python3/dist-packages/heat/engine/service.py:2370
2025-11-20 00:53:58.844 40318 DEBUG heat.engine.service [req-5620a463-6091-49e7-b8e9-ce8a46d46823 - - - - -] Service 808751a8-baf6-4e42-b935-671ecf486364 is updated service_manage_report /usr/lib/python3/dist-packages/heat/engine/service.py:2370
2025-11-20 00:53:58.903 40315 DEBUG heat.engine.service [req-8127ec19-0e8f-4d21-a28d-041b65267bcf - - - - -] Service d247dd1c-2b27-4f3b-9c9d-bca66648c9f5 is updated service_manage_report /usr/lib/python3/dist-packages/heat/engine/service.py:2370
2025-11-20 00:53:58.929 40317 DEBUG heat.engine.service [req-4a002903-3b07-4d51-948d-a5e8fb79c148 - - - - -] Service f64f1c71-73fe-44e2-938d-52ad038c5fb5 is updated service_manage_report /usr/lib/python3/dist-packages/heat/engine/service.py:2370
2025-11-20 00:54:58.832 40316 DEBUG heat.engine.service [req-f4492de5-46d7-4c0f-b165-a38b69f46fc8 - - - - -] Service a9725389-fafc-4d5e-aee2-984d32840b23 is updated service_manage_report /usr/lib/python3/dist-packages/heat/engine/service.py:2370
2025-11-20 00:54:58.839 40318 DEBUG heat.engine.service [req-5347e089-fa62-4023-973c-7d09ed41fba7 - - - - -] Service 808751a8-baf6-4e42-b935-671ecf486364 is updated service_manage_report /usr/lib/python3/dist-packages/heat/engine/service.py:2370
2025-11-20 00:54:58.907 40315 DEBUG heat.engine.service [req-d77da752-36e2-46af-864d-dc3342c671a1 - - - - -] Service d247dd1c-2b27-4f3b-9c9d-bca66648c9f5 is updated service_manage_report /usr/lib/python3/dist-packages/heat/engine/service.py:2370
2025-11-20 00:54:58.932 40317 DEBUG heat.engine.service [req-d7db67c5-e6b9-484d-87f8-924c370d74dd - - - - -] Service f64f1c71-73fe-44e2-938d-52ad038c5fb5 is updated service_manage_report /usr/lib/python3/dist-packages/heat/engine/service.py:2370
2025-11-20 00:55:58.827 40316 DEBUG heat.engine.service [req-c2468c0c-26be-4a7d-a72e-287b268f1783 - - - - -] Service a9725389-fafc-4d5e-aee2-984d32840b23 is updated service_manage_report /usr/lib/python3/dist-packages/heat/engine/service.py:2370
2025-11-20 00:55:58.842 40318 DEBUG heat.engine.service [req-16138f71-32a6-446c-8a39-aa6be51c7fa6 - - - - -] Service 808751a8-baf6-4e42-b935-671ecf486364 is updated service_manage_report /usr/lib/python3/dist-packages/heat/engine/service.py:2370
2025-11-20 00:55:58.912 40315 DEBUG heat.engine.service [req-f00aa2b4-ae6d-4b44-b28f-a0e9e9267d88 - - - - -] Service d247dd1c-2b27-4f3b-9c9d-bca66648c9f5 is updated service_manage_report /usr/lib/python3/dist-packages/heat/engine/service.py:2370
2025-11-20 00:55:58.937 40317 DEBUG heat.engine.service [req-43d040b4-940e-4b35-bd62-f1798b65e0b0 - - - - -] Service f64f1c71-73fe-44e2-938d-52ad038c5fb5 is updated service_manage_report /usr/lib/python3/dist-packages/heat/engine/service.py:2370
2025-11-20 00:56:58.831 40316 DEBUG heat.engine.service [req-7560d2c2-91a7-4c34-aa37-78e746fea8d9 - - - - -] Service a9725389-fafc-4d5e-aee2-984d32840b23 is updated service_manage_report /usr/lib/python3/dist-packages/heat/engine/service.py:2370
2025-11-20 00:56:58.845 40318 DEBUG heat.engine.service [req-02163e59-f26b-40e3-888c-8a348d30b88d - - - - -] Service 808751a8-baf6-4e42-b935-671ecf486364 is updated service_manage_report /usr/lib/python3/dist-packages/heat/engine/service.py:2370
2025-11-20 00:56:58.916 40315 DEBUG heat.engine.service [req-476901a0-71bf-47c7-920b-3daffe66dfdc - - - - -] Service d247dd1c-2b27-4f3b-9c9d-bca66648c9f5 is updated service_manage_report /usr/lib/python3/dist-packages/heat/engine/service.py:2370
2025-11-20 00:56:58.942 40317 DEBUG heat.engine.service [req-51777293-eb15-4d68-9a1f-067db5df6047 - - - - -] Service f64f1c71-73fe-44e2-938d-52ad038c5fb5 is updated service_manage_report /usr/lib/python3/dist-packages/heat/engine/service.py:2370
2025-11-20 00:57:58.837 40316 DEBUG heat.engine.service [req-dc1713c3-b4f7-4a23-a4b0-2705222f6d82 - - - - -] Service a9725389-fafc-4d5e-aee2-984d32840b23 is updated service_manage_report /usr/lib/python3/dist-packages/heat/engine/service.py:2370
2025-11-20 00:57:58.847 40318 DEBUG heat.engine.service [req-d428b661-9a7d-4780-a1ab-a234582360c8 - - - - -] Service 808751a8-baf6-4e42-b935-671ecf486364 is updated service_manage_report /usr/lib/python3/dist-packages/heat/engine/service.py:2370
2025-11-20 00:57:58.921 40315 DEBUG heat.engine.service [req-e0566b9e-791a-40e2-ac28-eb44079297a0 - - - - -] Service d247dd1c-2b27-4f3b-9c9d-bca66648c9f5 is updated service_manage_report /usr/lib/python3/dist-packages/heat/engine/service.py:2370
2025-11-20 00:57:58.946 40317 DEBUG heat.engine.service [req-e9d17065-255c-4076-be22-51c9cc4c0154 - - - - -] Service f64f1c71-73fe-44e2-938d-52ad038c5fb5 is updated service_manage_report /usr/lib/python3/dist-packages/heat/engine/service.py:2370
2025-11-20 00:58:58.839 40316 DEBUG heat.engine.service [req-4d9ab158-86e3-4618-9b0f-5b0a582669cf - - - - -] Service a9725389-fafc-4d5e-aee2-984d32840b23 is updated service_manage_report /usr/lib/python3/dist-packages/heat/engine/service.py:2370
2025-11-20 00:58:58.849 40318 DEBUG heat.engine.service [req-45dde922-6a82-4830-a11a-1a87d433906f - - - - -] Service 808751a8-baf6-4e42-b935-671ecf486364 is updated service_manage_report /usr/lib/python3/dist-packages/heat/engine/service.py:2370
2025-11-20 00:58:58.924 40315 DEBUG heat.engine.service [req-9f966353-d576-4619-9ad6-4fbf1894dcd4 - - - - -] Service d247dd1c-2b27-4f3b-9c9d-bca66648c9f5 is updated service_manage_report /usr/lib/python3/dist-packages/heat/engine/service.py:2370
2025-11-20 00:58:58.950 40317 DEBUG heat.engine.service [req-46035945-ea86-4c6b-9981-04c5352c7181 - - - - -] Service f64f1c71-73fe-44e2-938d-52ad038c5fb5 is updated service_manage_report /usr/lib/python3/dist-packages/heat/engine/service.py:2370
2025-11-20 00:59:58.845 40316 DEBUG heat.engine.service [req-41708700-969d-4bcb-bf1c-6395a6bd1e4e - - - - -] Service a9725389-fafc-4d5e-aee2-984d32840b23 is updated service_manage_report /usr/lib/python3/dist-packages/heat/engine/service.py:2370
2025-11-20 00:59:58.856 40318 DEBUG heat.engine.service [req-4818131f-43cf-4062-948b-b763917c33cc - - - - -] Service 808751a8-baf6-4e42-b935-671ecf486364 is updated service_manage_report /usr/lib/python3/dist-packages/heat/engine/service.py:2370
