2025-11-17 00:44:56.270 163115 DEBUG oslo_service.service [req-7d8a324f-ed9b-457d-8925-cda6a009e1b6 - - - - -] barbican.insecure = False log_opt_values /usr/lib/python3/dist-packages/oslo_config/cfg.py:2609
2025-11-17 00:44:56.270 163115 DEBUG oslo_service.service [req-7d8a324f-ed9b-457d-8925-cda6a009e1b6 - - - - -] barbican.keyfile = None log_opt_values /usr/lib/python3/dist-packages/oslo_config/cfg.py:2609
2025-11-17 00:44:56.270 163115 DEBUG oslo_service.service [req-7d8a324f-ed9b-457d-8925-cda6a009e1b6 - - - - -] barbican.number_of_retries = 60 log_opt_values /usr/lib/python3/dist-packages/oslo_config/cfg.py:2609
2025-11-17 00:44:56.270 163115 DEBUG oslo_service.service [req-7d8a324f-ed9b-457d-8925-cda6a009e1b6 - - - - -] barbican.retry_delay = 1 log_opt_values /usr/lib/python3/dist-packages/oslo_config/cfg.py:2609
2025-11-17 00:44:56.270 163115 DEBUG oslo_service.service [req-7d8a324f-ed9b-457d-8925-cda6a009e1b6 - - - - -] barbican.send_service_user_token = False log_opt_values /usr/lib/python3/dist-packages/oslo_config/cfg.py:2609
2025-11-17 00:44:56.271 163115 DEBUG oslo_service.service [req-7d8a324f-ed9b-457d-8925-cda6a009e1b6 - - - - -] barbican.split_loggers = False log_opt_values /usr/lib/python3/dist-packages/oslo_config/cfg.py:2609
2025-11-17 00:44:56.271 163115 DEBUG oslo_service.service [req-7d8a324f-ed9b-457d-8925-cda6a009e1b6 - - - - -] barbican.timeout = None log_opt_values /usr/lib/python3/dist-packages/oslo_config/cfg.py:2609
2025-11-17 00:44:56.271 163115 DEBUG oslo_service.service [req-7d8a324f-ed9b-457d-8925-cda6a009e1b6 - - - - -] barbican.verify_ssl = True log_opt_values /usr/lib/python3/dist-packages/oslo_config/cfg.py:2609
2025-11-17 00:44:56.271 163115 DEBUG oslo_service.service [req-7d8a324f-ed9b-457d-8925-cda6a009e1b6 - - - - -] barbican.verify_ssl_path = None log_opt_values /usr/lib/python3/dist-packages/oslo_config/cfg.py:2609
2025-11-17 00:44:56.271 163115 DEBUG oslo_service.service [req-7d8a324f-ed9b-457d-8925-cda6a009e1b6 - - - - -] barbican_service_user.auth_section = None log_opt_values /usr/lib/python3/dist-packages/oslo_config/cfg.py:2609
2025-11-17 00:44:56.271 163115 DEBUG oslo_service.service [req-7d8a324f-ed9b-457d-8925-cda6a009e1b6 - - - - -] barbican_service_user.auth_type = None log_opt_values /usr/lib/python3/dist-packages/oslo_config/cfg.py:2609
2025-11-17 00:44:56.272 163115 DEBUG oslo_service.service [req-7d8a324f-ed9b-457d-8925-cda6a009e1b6 - - - - -] barbican_service_user.cafile = None log_opt_values /usr/lib/python3/dist-packages/oslo_config/cfg.py:2609
2025-11-17 00:44:56.272 163115 DEBUG oslo_service.service [req-7d8a324f-ed9b-457d-8925-cda6a009e1b6 - - - - -] barbican_service_user.certfile = None log_opt_values /usr/lib/python3/dist-packages/oslo_config/cfg.py:2609
2025-11-17 00:44:56.272 163115 DEBUG oslo_service.service [req-7d8a324f-ed9b-457d-8925-cda6a009e1b6 - - - - -] barbican_service_user.collect_timing = False log_opt_values /usr/lib/python3/dist-packages/oslo_config/cfg.py:2609
2025-11-17 00:44:56.272 163115 DEBUG oslo_service.service [req-7d8a324f-ed9b-457d-8925-cda6a009e1b6 - - - - -] barbican_service_user.insecure = False log_opt_values /usr/lib/python3/dist-packages/oslo_config/cfg.py:2609
2025-11-17 00:44:56.272 163115 DEBUG oslo_service.service [req-7d8a324f-ed9b-457d-8925-cda6a009e1b6 - - - - -] barbican_service_user.keyfile = None log_opt_values /usr/lib/python3/dist-packages/oslo_config/cfg.py:2609
2025-11-17 00:44:56.272 163115 DEBUG oslo_service.service [req-7d8a324f-ed9b-457d-8925-cda6a009e1b6 - - - - -] barbican_service_user.split_loggers = False log_opt_values /usr/lib/python3/dist-packages/oslo_config/cfg.py:2609
2025-11-17 00:44:56.273 163115 DEBUG oslo_service.service [req-7d8a324f-ed9b-457d-8925-cda6a009e1b6 - - - - -] barbican_service_user.timeout = None log_opt_values /usr/lib/python3/dist-packages/oslo_config/cfg.py:2609
2025-11-17 00:44:56.273 163115 DEBUG oslo_service.service [req-7d8a324f-ed9b-457d-8925-cda6a009e1b6 - - - - -] vault.approle_role_id = None log_opt_values /usr/lib/python3/dist-packages/oslo_config/cfg.py:2609
2025-11-17 00:44:56.273 163115 DEBUG oslo_service.service [req-7d8a324f-ed9b-457d-8925-cda6a009e1b6 - - - - -] vault.approle_secret_id = None log_opt_values /usr/lib/python3/dist-packages/oslo_config/cfg.py:2609
2025-11-17 00:44:56.273 163115 DEBUG oslo_service.service [req-7d8a324f-ed9b-457d-8925-cda6a009e1b6 - - - - -] vault.cafile = None log_opt_values /usr/lib/python3/dist-packages/oslo_config/cfg.py:2609
2025-11-17 00:44:56.273 163115 DEBUG oslo_service.service [req-7d8a324f-ed9b-457d-8925-cda6a009e1b6 - - - - -] vault.certfile = None log_opt_values /usr/lib/python3/dist-packages/oslo_config/cfg.py:2609
2025-11-17 00:44:56.274 163115 DEBUG oslo_service.service [req-7d8a324f-ed9b-457d-8925-cda6a009e1b6 - - - - -] vault.collect_timing = False log_opt_values /usr/lib/python3/dist-packages/oslo_config/cfg.py:2609
2025-11-17 00:44:56.274 163115 DEBUG oslo_service.service [req-7d8a324f-ed9b-457d-8925-cda6a009e1b6 - - - - -] vault.insecure = False log_opt_values /usr/lib/python3/dist-packages/oslo_config/cfg.py:2609
2025-11-17 00:44:56.274 163115 DEBUG oslo_service.service [req-7d8a324f-ed9b-457d-8925-cda6a009e1b6 - - - - -] vault.keyfile = None log_opt_values /usr/lib/python3/dist-packages/oslo_config/cfg.py:2609
2025-11-17 00:44:56.274 163115 DEBUG oslo_service.service [req-7d8a324f-ed9b-457d-8925-cda6a009e1b6 - - - - -] vault.kv_mountpoint = secret log_opt_values /usr/lib/python3/dist-packages/oslo_config/cfg.py:2609
2025-11-17 00:44:56.274 163115 DEBUG oslo_service.service [req-7d8a324f-ed9b-457d-8925-cda6a009e1b6 - - - - -] vault.kv_version = 2 log_opt_values /usr/lib/python3/dist-packages/oslo_config/cfg.py:2609
2025-11-17 00:44:56.274 163115 DEBUG oslo_service.service [req-7d8a324f-ed9b-457d-8925-cda6a009e1b6 - - - - -] vault.namespace = None log_opt_values /usr/lib/python3/dist-packages/oslo_config/cfg.py:2609
2025-11-17 00:44:56.275 163115 DEBUG oslo_service.service [req-7d8a324f-ed9b-457d-8925-cda6a009e1b6 - - - - -] vault.root_token_id = None log_opt_values /usr/lib/python3/dist-packages/oslo_config/cfg.py:2609
2025-11-17 00:44:56.275 163115 DEBUG oslo_service.service [req-7d8a324f-ed9b-457d-8925-cda6a009e1b6 - - - - -] vault.split_loggers = False log_opt_values /usr/lib/python3/dist-packages/oslo_config/cfg.py:2609
2025-11-17 00:44:56.275 163115 DEBUG oslo_service.service [req-7d8a324f-ed9b-457d-8925-cda6a009e1b6 - - - - -] vault.ssl_ca_crt_file = None log_opt_values /usr/lib/python3/dist-packages/oslo_config/cfg.py:2609
2025-11-17 00:44:56.275 163115 DEBUG oslo_service.service [req-7d8a324f-ed9b-457d-8925-cda6a009e1b6 - - - - -] vault.timeout = None log_opt_values /usr/lib/python3/dist-packages/oslo_config/cfg.py:2609
2025-11-17 00:44:56.275 163115 DEBUG oslo_service.service [req-7d8a324f-ed9b-457d-8925-cda6a009e1b6 - - - - -] vault.use_ssl = False log_opt_values /usr/lib/python3/dist-packages/oslo_config/cfg.py:2609
2025-11-17 00:44:56.275 163115 DEBUG oslo_service.service [req-7d8a324f-ed9b-457d-8925-cda6a009e1b6 - - - - -] vault.vault_url = http://127.0.0.1:8200 log_opt_values /usr/lib/python3/dist-packages/oslo_config/cfg.py:2609
2025-11-17 00:44:56.276 163115 DEBUG oslo_service.service [req-7d8a324f-ed9b-457d-8925-cda6a009e1b6 - - - - -] keystone.cafile = None log_opt_values /usr/lib/python3/dist-packages/oslo_config/cfg.py:2609
2025-11-17 00:44:56.275 163507 DEBUG oslo_messaging._drivers.amqpdriver [-] Listener is running poll /usr/lib/python3/dist-packages/oslo_messaging/_drivers/amqpdriver.py:343
2025-11-17 00:44:56.276 163115 DEBUG oslo_service.service [req-7d8a324f-ed9b-457d-8925-cda6a009e1b6 - - - - -] keystone.certfile = None log_opt_values /usr/lib/python3/dist-packages/oslo_config/cfg.py:2609
2025-11-17 00:44:56.276 163507 DEBUG oslo_messaging._drivers.amqpdriver [-] AMQPListener connection consume poll /usr/lib/python3/dist-packages/oslo_messaging/_drivers/amqpdriver.py:357
2025-11-17 00:44:56.276 163115 DEBUG oslo_service.service [req-7d8a324f-ed9b-457d-8925-cda6a009e1b6 - - - - -] keystone.collect_timing = False log_opt_values /usr/lib/python3/dist-packages/oslo_config/cfg.py:2609
2025-11-17 00:44:56.276 163115 DEBUG oslo_service.service [req-7d8a324f-ed9b-457d-8925-cda6a009e1b6 - - - - -] keystone.connect_retries = None log_opt_values /usr/lib/python3/dist-packages/oslo_config/cfg.py:2609
2025-11-17 00:44:56.276 163115 DEBUG oslo_service.service [req-7d8a324f-ed9b-457d-8925-cda6a009e1b6 - - - - -] keystone.connect_retry_delay = None log_opt_values /usr/lib/python3/dist-packages/oslo_config/cfg.py:2609
2025-11-17 00:44:56.277 163115 DEBUG oslo_service.service [req-7d8a324f-ed9b-457d-8925-cda6a009e1b6 - - - - -] keystone.endpoint_override = None log_opt_values /usr/lib/python3/dist-packages/oslo_config/cfg.py:2609
2025-11-17 00:44:56.276 163507 DEBUG nova.service [req-a2ad8f82-6a70-45d6-ad30-fa847082e7b7 - - - - -] Join ServiceGroup membership for this service conductor start /usr/lib/python3/dist-packages/nova/service.py:199
2025-11-17 00:44:56.277 163115 DEBUG oslo_service.service [req-7d8a324f-ed9b-457d-8925-cda6a009e1b6 - - - - -] keystone.insecure = False log_opt_values /usr/lib/python3/dist-packages/oslo_config/cfg.py:2609
2025-11-17 00:44:56.277 163115 DEBUG oslo_service.service [req-7d8a324f-ed9b-457d-8925-cda6a009e1b6 - - - - -] keystone.keyfile = None log_opt_values /usr/lib/python3/dist-packages/oslo_config/cfg.py:2609
2025-11-17 00:44:56.277 163507 DEBUG nova.servicegroup.drivers.db [req-a2ad8f82-6a70-45d6-ad30-fa847082e7b7 - - - - -] DB_Driver: join new ServiceGroup member juju-aeac2a-0-lxd-7 to the conductor group, service = join /usr/lib/python3/dist-packages/nova/servicegroup/drivers/db.py:44
2025-11-17 00:44:56.277 163115 DEBUG oslo_service.service [req-7d8a324f-ed9b-457d-8925-cda6a009e1b6 - - - - -] keystone.max_version = None log_opt_values /usr/lib/python3/dist-packages/oslo_config/cfg.py:2609
2025-11-17 00:44:56.277 163115 DEBUG oslo_service.service [req-7d8a324f-ed9b-457d-8925-cda6a009e1b6 - - - - -] keystone.min_version = None log_opt_values /usr/lib/python3/dist-packages/oslo_config/cfg.py:2609
2025-11-17 00:44:56.277 163115 DEBUG oslo_service.service [req-7d8a324f-ed9b-457d-8925-cda6a009e1b6 - - - - -] keystone.region_name = None log_opt_values /usr/lib/python3/dist-packages/oslo_config/cfg.py:2609
2025-11-17 00:44:56.278 163115 DEBUG oslo_service.service [req-7d8a324f-ed9b-457d-8925-cda6a009e1b6 - - - - -] keystone.service_name = None log_opt_values /usr/lib/python3/dist-packages/oslo_config/cfg.py:2609
2025-11-17 00:44:56.278 163115 DEBUG oslo_service.service [req-7d8a324f-ed9b-457d-8925-cda6a009e1b6 - - - - -] keystone.service_type = identity log_opt_values /usr/lib/python3/dist-packages/oslo_config/cfg.py:2609
2025-11-17 00:44:56.278 163115 DEBUG oslo_service.service [req-7d8a324f-ed9b-457d-8925-cda6a009e1b6 - - - - -] keystone.split_loggers = False log_opt_values /usr/lib/python3/dist-packages/oslo_config/cfg.py:2609
2025-11-17 00:44:56.278 163115 DEBUG oslo_service.service [req-7d8a324f-ed9b-457d-8925-cda6a009e1b6 - - - - -] keystone.status_code_retries = None log_opt_values /usr/lib/python3/dist-packages/oslo_config/cfg.py:2609
2025-11-17 00:44:56.278 163115 DEBUG oslo_service.service [req-7d8a324f-ed9b-457d-8925-cda6a009e1b6 - - - - -] keystone.status_code_retry_delay = None log_opt_values /usr/lib/python3/dist-packages/oslo_config/cfg.py:2609
2025-11-17 00:44:56.278 163115 DEBUG oslo_service.service [req-7d8a324f-ed9b-457d-8925-cda6a009e1b6 - - - - -] keystone.timeout = None log_opt_values /usr/lib/python3/dist-packages/oslo_config/cfg.py:2609
2025-11-17 00:44:56.279 163115 DEBUG oslo_service.service [req-7d8a324f-ed9b-457d-8925-cda6a009e1b6 - - - - -] keystone.valid_interfaces = ['internal', 'public'] log_opt_values /usr/lib/python3/dist-packages/oslo_config/cfg.py:2609
2025-11-17 00:44:56.279 163115 DEBUG oslo_service.service [req-7d8a324f-ed9b-457d-8925-cda6a009e1b6 - - - - -] keystone.version = None log_opt_values /usr/lib/python3/dist-packages/oslo_config/cfg.py:2609
2025-11-17 00:44:56.279 163115 DEBUG oslo_service.service [req-7d8a324f-ed9b-457d-8925-cda6a009e1b6 - - - - -] libvirt.connection_uri = log_opt_values /usr/lib/python3/dist-packages/oslo_config/cfg.py:2609
2025-11-17 00:44:56.279 163115 DEBUG oslo_service.service [req-7d8a324f-ed9b-457d-8925-cda6a009e1b6 - - - - -] libvirt.cpu_mode = None log_opt_values /usr/lib/python3/dist-packages/oslo_config/cfg.py:2609
2025-11-17 00:44:56.279 163115 DEBUG oslo_service.service [req-7d8a324f-ed9b-457d-8925-cda6a009e1b6 - - - - -] libvirt.cpu_model_extra_flags = [] log_opt_values /usr/lib/python3/dist-packages/oslo_config/cfg.py:2609
2025-11-17 00:44:56.280 163115 DEBUG oslo_service.service [req-7d8a324f-ed9b-457d-8925-cda6a009e1b6 - - - - -] libvirt.cpu_models = [] log_opt_values /usr/lib/python3/dist-packages/oslo_config/cfg.py:2609
2025-11-17 00:44:56.280 163115 DEBUG oslo_service.service [req-7d8a324f-ed9b-457d-8925-cda6a009e1b6 - - - - -] libvirt.device_detach_attempts = 8 log_opt_values /usr/lib/python3/dist-packages/oslo_config/cfg.py:2609
2025-11-17 00:44:56.280 163115 DEBUG oslo_service.service [req-7d8a324f-ed9b-457d-8925-cda6a009e1b6 - - - - -] libvirt.device_detach_timeout = 20 log_opt_values /usr/lib/python3/dist-packages/oslo_config/cfg.py:2609
2025-11-17 00:44:56.280 163115 DEBUG oslo_service.service [req-7d8a324f-ed9b-457d-8925-cda6a009e1b6 - - - - -] libvirt.disk_cachemodes = [] log_opt_values /usr/lib/python3/dist-packages/oslo_config/cfg.py:2609
2025-11-17 00:44:56.280 163115 DEBUG oslo_service.service [req-7d8a324f-ed9b-457d-8925-cda6a009e1b6 - - - - -] libvirt.disk_prefix = None log_opt_values /usr/lib/python3/dist-packages/oslo_config/cfg.py:2609
2025-11-17 00:44:56.281 163115 DEBUG oslo_service.service [req-7d8a324f-ed9b-457d-8925-cda6a009e1b6 - - - - -] libvirt.enabled_perf_events = [] log_opt_values /usr/lib/python3/dist-packages/oslo_config/cfg.py:2609
2025-11-17 00:44:56.281 163115 DEBUG oslo_service.service [req-7d8a324f-ed9b-457d-8925-cda6a009e1b6 - - - - -] libvirt.file_backed_memory = 0 log_opt_values /usr/lib/python3/dist-packages/oslo_config/cfg.py:2609
2025-11-17 00:44:56.281 163115 DEBUG oslo_service.service [req-7d8a324f-ed9b-457d-8925-cda6a009e1b6 - - - - -] libvirt.gid_maps = [] log_opt_values /usr/lib/python3/dist-packages/oslo_config/cfg.py:2609
2025-11-17 00:44:56.281 163115 DEBUG oslo_service.service [req-7d8a324f-ed9b-457d-8925-cda6a009e1b6 - - - - -] libvirt.hw_disk_discard = None log_opt_values /usr/lib/python3/dist-packages/oslo_config/cfg.py:2609
2025-11-17 00:44:56.281 163115 DEBUG oslo_service.service [req-7d8a324f-ed9b-457d-8925-cda6a009e1b6 - - - - -] libvirt.hw_machine_type = None log_opt_values /usr/lib/python3/dist-packages/oslo_config/cfg.py:2609
2025-11-17 00:44:56.281 163115 DEBUG oslo_service.service [req-7d8a324f-ed9b-457d-8925-cda6a009e1b6 - - - - -] libvirt.images_rbd_ceph_conf = log_opt_values /usr/lib/python3/dist-packages/oslo_config/cfg.py:2609
2025-11-17 00:44:56.282 163115 DEBUG oslo_service.service [req-7d8a324f-ed9b-457d-8925-cda6a009e1b6 - - - - -] libvirt.images_rbd_glance_copy_poll_interval = 15 log_opt_values /usr/lib/python3/dist-packages/oslo_config/cfg.py:2609
2025-11-17 00:44:56.282 163115 DEBUG oslo_service.service [req-7d8a324f-ed9b-457d-8925-cda6a009e1b6 - - - - -] libvirt.images_rbd_glance_copy_timeout = 600 log_opt_values /usr/lib/python3/dist-packages/oslo_config/cfg.py:2609
2025-11-17 00:44:56.282 163115 DEBUG oslo_service.service [req-7d8a324f-ed9b-457d-8925-cda6a009e1b6 - - - - -] libvirt.images_rbd_glance_store_name = log_opt_values /usr/lib/python3/dist-packages/oslo_config/cfg.py:2609
2025-11-17 00:44:56.282 163115 DEBUG oslo_service.service [req-7d8a324f-ed9b-457d-8925-cda6a009e1b6 - - - - -] libvirt.images_rbd_pool = rbd log_opt_values /usr/lib/python3/dist-packages/oslo_config/cfg.py:2609
2025-11-17 00:44:56.282 163115 DEBUG oslo_service.service [req-7d8a324f-ed9b-457d-8925-cda6a009e1b6 - - - - -] libvirt.images_type = default log_opt_values /usr/lib/python3/dist-packages/oslo_config/cfg.py:2609
2025-11-17 00:44:56.283 163115 DEBUG oslo_service.service [req-7d8a324f-ed9b-457d-8925-cda6a009e1b6 - - - - -] libvirt.images_volume_group = None log_opt_values /usr/lib/python3/dist-packages/oslo_config/cfg.py:2609
2025-11-17 00:44:56.283 163115 DEBUG oslo_service.service [req-7d8a324f-ed9b-457d-8925-cda6a009e1b6 - - - - -] libvirt.inject_key = False log_opt_values /usr/lib/python3/dist-packages/oslo_config/cfg.py:2609
2025-11-17 00:44:56.283 163115 DEBUG oslo_service.service [req-7d8a324f-ed9b-457d-8925-cda6a009e1b6 - - - - -] libvirt.inject_partition = -2 log_opt_values /usr/lib/python3/dist-packages/oslo_config/cfg.py:2609
2025-11-17 00:44:56.283 163115 DEBUG oslo_service.service [req-7d8a324f-ed9b-457d-8925-cda6a009e1b6 - - - - -] libvirt.inject_password = False log_opt_values /usr/lib/python3/dist-packages/oslo_config/cfg.py:2609
2025-11-17 00:44:56.283 163115 DEBUG oslo_service.service [req-7d8a324f-ed9b-457d-8925-cda6a009e1b6 - - - - -] libvirt.iscsi_iface = None log_opt_values /usr/lib/python3/dist-packages/oslo_config/cfg.py:2609
2025-11-17 00:44:56.283 163115 DEBUG oslo_service.service [req-7d8a324f-ed9b-457d-8925-cda6a009e1b6 - - - - -] libvirt.iser_use_multipath = False log_opt_values /usr/lib/python3/dist-packages/oslo_config/cfg.py:2609
2025-11-17 00:44:56.284 163115 DEBUG oslo_service.service [req-7d8a324f-ed9b-457d-8925-cda6a009e1b6 - - - - -] libvirt.live_migration_bandwidth = 0 log_opt_values /usr/lib/python3/dist-packages/oslo_config/cfg.py:2609
2025-11-17 00:44:56.284 163115 DEBUG oslo_service.service [req-7d8a324f-ed9b-457d-8925-cda6a009e1b6 - - - - -] libvirt.live_migration_completion_timeout = 800 log_opt_values /usr/lib/python3/dist-packages/oslo_config/cfg.py:2609
2025-11-17 00:44:56.284 163115 DEBUG oslo_service.service [req-7d8a324f-ed9b-457d-8925-cda6a009e1b6 - - - - -] libvirt.live_migration_downtime = 500 log_opt_values /usr/lib/python3/dist-packages/oslo_config/cfg.py:2609
2025-11-17 00:44:56.284 163507 DEBUG oslo_messaging._drivers.amqpdriver [-] AMQPListener connection timeout poll /usr/lib/python3/dist-packages/oslo_messaging/_drivers/amqpdriver.py:360
2025-11-17 00:44:56.284 163115 DEBUG oslo_service.service [req-7d8a324f-ed9b-457d-8925-cda6a009e1b6 - - - - -] libvirt.live_migration_downtime_delay = 75 log_opt_values /usr/lib/python3/dist-packages/oslo_config/cfg.py:2609
2025-11-17 00:44:56.284 163507 DEBUG oslo_messaging._drivers.amqpdriver [-] Listener is running poll /usr/lib/python3/dist-packages/oslo_messaging/_drivers/amqpdriver.py:343
2025-11-17 00:44:56.284 163115 DEBUG oslo_service.service [req-7d8a324f-ed9b-457d-8925-cda6a009e1b6 - - - - -] libvirt.live_migration_downtime_steps = 10 log_opt_values /usr/lib/python3/dist-packages/oslo_config/cfg.py:2609
2025-11-17 00:44:56.285 163507 DEBUG oslo_messaging._drivers.amqpdriver [-] AMQPListener connection consume poll /usr/lib/python3/dist-packages/oslo_messaging/_drivers/amqpdriver.py:357
2025-11-17 00:44:56.285 163115 DEBUG oslo_service.service [req-7d8a324f-ed9b-457d-8925-cda6a009e1b6 - - - - -] libvirt.live_migration_inbound_addr = None log_opt_values /usr/lib/python3/dist-packages/oslo_config/cfg.py:2609
2025-11-17 00:44:56.285 163115 DEBUG oslo_service.service [req-7d8a324f-ed9b-457d-8925-cda6a009e1b6 - - - - -] libvirt.live_migration_permit_auto_converge = False log_opt_values /usr/lib/python3/dist-packages/oslo_config/cfg.py:2609
2025-11-17 00:44:56.284 163508 DEBUG oslo_messaging._drivers.amqpdriver [-] Listener is running poll /usr/lib/python3/dist-packages/oslo_messaging/_drivers/amqpdriver.py:343
2025-11-17 00:44:56.285 163115 DEBUG oslo_service.service [req-7d8a324f-ed9b-457d-8925-cda6a009e1b6 - - - - -] libvirt.live_migration_permit_post_copy = False log_opt_values /usr/lib/python3/dist-packages/oslo_config/cfg.py:2609
2025-11-17 00:44:56.285 163508 DEBUG oslo_messaging._drivers.amqpdriver [-] AMQPListener connection consume poll /usr/lib/python3/dist-packages/oslo_messaging/_drivers/amqpdriver.py:357
2025-11-17 00:44:56.285 163115 DEBUG oslo_service.service [req-7d8a324f-ed9b-457d-8925-cda6a009e1b6 - - - - -] libvirt.live_migration_scheme = None log_opt_values /usr/lib/python3/dist-packages/oslo_config/cfg.py:2609
2025-11-17 00:44:56.285 163115 DEBUG oslo_service.service [req-7d8a324f-ed9b-457d-8925-cda6a009e1b6 - - - - -] libvirt.live_migration_timeout_action = abort log_opt_values /usr/lib/python3/dist-packages/oslo_config/cfg.py:2609
2025-11-17 00:44:56.286 163115 DEBUG oslo_service.service [req-7d8a324f-ed9b-457d-8925-cda6a009e1b6 - - - - -] libvirt.live_migration_tunnelled = False log_opt_values /usr/lib/python3/dist-packages/oslo_config/cfg.py:2609
2025-11-17 00:44:56.286 163115 DEBUG oslo_service.service [req-7d8a324f-ed9b-457d-8925-cda6a009e1b6 - - - - -] libvirt.live_migration_uri = None log_opt_values /usr/lib/python3/dist-packages/oslo_config/cfg.py:2609
2025-11-17 00:44:56.286 163115 DEBUG oslo_service.service [req-7d8a324f-ed9b-457d-8925-cda6a009e1b6 - - - - -] libvirt.live_migration_with_native_tls = False log_opt_values /usr/lib/python3/dist-packages/oslo_config/cfg.py:2609
2025-11-17 00:44:56.286 163115 DEBUG oslo_service.service [req-7d8a324f-ed9b-457d-8925-cda6a009e1b6 - - - - -] libvirt.max_queues = None log_opt_values /usr/lib/python3/dist-packages/oslo_config/cfg.py:2609
2025-11-17 00:44:56.286 163115 DEBUG oslo_service.service [req-7d8a324f-ed9b-457d-8925-cda6a009e1b6 - - - - -] libvirt.mem_stats_period_seconds = 10 log_opt_values /usr/lib/python3/dist-packages/oslo_config/cfg.py:2609
2025-11-17 00:44:56.286 163115 DEBUG oslo_service.service [req-7d8a324f-ed9b-457d-8925-cda6a009e1b6 - - - - -] libvirt.nfs_mount_options = None log_opt_values /usr/lib/python3/dist-packages/oslo_config/cfg.py:2609
2025-11-17 00:44:56.287 163115 DEBUG oslo_service.service [req-7d8a324f-ed9b-457d-8925-cda6a009e1b6 - - - - -] libvirt.nfs_mount_point_base = /var/lib/nova/mnt log_opt_values /usr/lib/python3/dist-packages/oslo_config/cfg.py:2609
2025-11-17 00:44:56.287 163115 DEBUG oslo_service.service [req-7d8a324f-ed9b-457d-8925-cda6a009e1b6 - - - - -] libvirt.num_aoe_discover_tries = 3 log_opt_values /usr/lib/python3/dist-packages/oslo_config/cfg.py:2609
2025-11-17 00:44:56.287 163115 DEBUG oslo_service.service [req-7d8a324f-ed9b-457d-8925-cda6a009e1b6 - - - - -] libvirt.num_iser_scan_tries = 5 log_opt_values /usr/lib/python3/dist-packages/oslo_config/cfg.py:2609
2025-11-17 00:44:56.287 163115 DEBUG oslo_service.service [req-7d8a324f-ed9b-457d-8925-cda6a009e1b6 - - - - -] libvirt.num_memory_encrypted_guests = None log_opt_values /usr/lib/python3/dist-packages/oslo_config/cfg.py:2609
2025-11-17 00:44:56.287 163115 DEBUG oslo_service.service [req-7d8a324f-ed9b-457d-8925-cda6a009e1b6 - - - - -] libvirt.num_nvme_discover_tries = 5 log_opt_values /usr/lib/python3/dist-packages/oslo_config/cfg.py:2609
2025-11-17 00:44:56.288 163115 DEBUG oslo_service.service [req-7d8a324f-ed9b-457d-8925-cda6a009e1b6 - - - - -] libvirt.num_pcie_ports = 0 log_opt_values /usr/lib/python3/dist-packages/oslo_config/cfg.py:2609
2025-11-17 00:44:56.288 163115 DEBUG oslo_service.service [req-7d8a324f-ed9b-457d-8925-cda6a009e1b6 - - - - -] libvirt.num_volume_scan_tries = 5 log_opt_values /usr/lib/python3/dist-packages/oslo_config/cfg.py:2609
2025-11-17 00:44:56.288 163115 DEBUG oslo_service.service [req-7d8a324f-ed9b-457d-8925-cda6a009e1b6 - - - - -] libvirt.pmem_namespaces = [] log_opt_values /usr/lib/python3/dist-packages/oslo_config/cfg.py:2609
2025-11-17 00:44:56.288 163115 DEBUG oslo_service.service [req-7d8a324f-ed9b-457d-8925-cda6a009e1b6 - - - - -] libvirt.quobyte_client_cfg = None log_opt_values /usr/lib/python3/dist-packages/oslo_config/cfg.py:2609
2025-11-17 00:44:56.288 163115 DEBUG oslo_service.service [req-7d8a324f-ed9b-457d-8925-cda6a009e1b6 - - - - -] libvirt.quobyte_mount_point_base = /var/lib/nova/mnt log_opt_values /usr/lib/python3/dist-packages/oslo_config/cfg.py:2609
2025-11-17 00:44:56.289 163115 DEBUG oslo_service.service [req-7d8a324f-ed9b-457d-8925-cda6a009e1b6 - - - - -] libvirt.rbd_connect_timeout = 5 log_opt_values /usr/lib/python3/dist-packages/oslo_config/cfg.py:2609
2025-11-17 00:44:56.288 163508 DEBUG nova.service [req-704ad5de-7b1b-434a-b443-62e635858825 - - - - -] Join ServiceGroup membership for this service conductor start /usr/lib/python3/dist-packages/nova/service.py:199
2025-11-17 00:44:56.289 163115 DEBUG oslo_service.service [req-7d8a324f-ed9b-457d-8925-cda6a009e1b6 - - - - -] libvirt.rbd_destroy_volume_retries = 12 log_opt_values /usr/lib/python3/dist-packages/oslo_config/cfg.py:2609
2025-11-17 00:44:56.289 163115 DEBUG oslo_service.service [req-7d8a324f-ed9b-457d-8925-cda6a009e1b6 - - - - -] libvirt.rbd_destroy_volume_retry_interval = 5 log_opt_values /usr/lib/python3/dist-packages/oslo_config/cfg.py:2609
2025-11-17 00:44:56.289 163508 DEBUG nova.servicegroup.drivers.db [req-704ad5de-7b1b-434a-b443-62e635858825 - - - - -] DB_Driver: join new ServiceGroup member juju-aeac2a-0-lxd-7 to the conductor group, service = join /usr/lib/python3/dist-packages/nova/servicegroup/drivers/db.py:44
2025-11-17 00:44:56.289 163115 DEBUG oslo_service.service [req-7d8a324f-ed9b-457d-8925-cda6a009e1b6 - - - - -] libvirt.rbd_secret_uuid = None log_opt_values /usr/lib/python3/dist-packages/oslo_config/cfg.py:2609
2025-11-17 00:44:56.289 163115 DEBUG oslo_service.service [req-7d8a324f-ed9b-457d-8925-cda6a009e1b6 - - - - -] libvirt.rbd_user = None log_opt_values /usr/lib/python3/dist-packages/oslo_config/cfg.py:2609
2025-11-17 00:44:56.289 163115 DEBUG oslo_service.service [req-7d8a324f-ed9b-457d-8925-cda6a009e1b6 - - - - -] libvirt.realtime_scheduler_priority = 1 log_opt_values /usr/lib/python3/dist-packages/oslo_config/cfg.py:2609
2025-11-17 00:44:56.290 163115 DEBUG oslo_service.service [req-7d8a324f-ed9b-457d-8925-cda6a009e1b6 - - - - -] libvirt.remote_filesystem_transport = ssh log_opt_values /usr/lib/python3/dist-packages/oslo_config/cfg.py:2609
2025-11-17 00:44:56.290 163115 DEBUG oslo_service.service [req-7d8a324f-ed9b-457d-8925-cda6a009e1b6 - - - - -] libvirt.rescue_image_id = None log_opt_values /usr/lib/python3/dist-packages/oslo_config/cfg.py:2609
2025-11-17 00:44:56.290 163115 DEBUG oslo_service.service [req-7d8a324f-ed9b-457d-8925-cda6a009e1b6 - - - - -] libvirt.rescue_kernel_id = None log_opt_values /usr/lib/python3/dist-packages/oslo_config/cfg.py:2609
2025-11-17 00:44:56.290 163115 DEBUG oslo_service.service [req-7d8a324f-ed9b-457d-8925-cda6a009e1b6 - - - - -] libvirt.rescue_ramdisk_id = None log_opt_values /usr/lib/python3/dist-packages/oslo_config/cfg.py:2609
2025-11-17 00:44:56.290 163115 DEBUG oslo_service.service [req-7d8a324f-ed9b-457d-8925-cda6a009e1b6 - - - - -] libvirt.rng_dev_path = /dev/urandom log_opt_values /usr/lib/python3/dist-packages/oslo_config/cfg.py:2609
2025-11-17 00:44:56.290 163115 DEBUG oslo_service.service [req-7d8a324f-ed9b-457d-8925-cda6a009e1b6 - - - - -] libvirt.rx_queue_size = None log_opt_values /usr/lib/python3/dist-packages/oslo_config/cfg.py:2609
2025-11-17 00:44:56.291 163115 DEBUG oslo_service.service [req-7d8a324f-ed9b-457d-8925-cda6a009e1b6 - - - - -] libvirt.smbfs_mount_options = log_opt_values /usr/lib/python3/dist-packages/oslo_config/cfg.py:2609
2025-11-17 00:44:56.291 163115 DEBUG oslo_service.service [req-7d8a324f-ed9b-457d-8925-cda6a009e1b6 - - - - -] libvirt.smbfs_mount_point_base = /var/lib/nova/mnt log_opt_values /usr/lib/python3/dist-packages/oslo_config/cfg.py:2609
2025-11-17 00:44:56.291 163115 DEBUG oslo_service.service [req-7d8a324f-ed9b-457d-8925-cda6a009e1b6 - - - - -] libvirt.snapshot_compression = False log_opt_values /usr/lib/python3/dist-packages/oslo_config/cfg.py:2609
2025-11-17 00:44:56.291 163115 DEBUG oslo_service.service [req-7d8a324f-ed9b-457d-8925-cda6a009e1b6 - - - - -] libvirt.snapshot_image_format = None log_opt_values /usr/lib/python3/dist-packages/oslo_config/cfg.py:2609
2025-11-17 00:44:56.292 163115 DEBUG oslo_service.service [req-7d8a324f-ed9b-457d-8925-cda6a009e1b6 - - - - -] libvirt.snapshots_directory = /var/lib/nova/instances/snapshots log_opt_values /usr/lib/python3/dist-packages/oslo_config/cfg.py:2609
2025-11-17 00:44:56.292 163115 DEBUG oslo_service.service [req-7d8a324f-ed9b-457d-8925-cda6a009e1b6 - - - - -] libvirt.sparse_logical_volumes = False log_opt_values /usr/lib/python3/dist-packages/oslo_config/cfg.py:2609
2025-11-17 00:44:56.292 163115 DEBUG oslo_service.service [req-7d8a324f-ed9b-457d-8925-cda6a009e1b6 - - - - -] libvirt.swtpm_enabled = False log_opt_values /usr/lib/python3/dist-packages/oslo_config/cfg.py:2609
2025-11-17 00:44:56.292 163115 DEBUG oslo_service.service [req-7d8a324f-ed9b-457d-8925-cda6a009e1b6 - - - - -] libvirt.swtpm_group = tss log_opt_values /usr/lib/python3/dist-packages/oslo_config/cfg.py:2609
2025-11-17 00:44:56.292 163508 DEBUG oslo_messaging._drivers.amqpdriver [-] AMQPListener connection timeout poll /usr/lib/python3/dist-packages/oslo_messaging/_drivers/amqpdriver.py:360
2025-11-17 00:44:56.292 163115 DEBUG oslo_service.service [req-7d8a324f-ed9b-457d-8925-cda6a009e1b6 - - - - -] libvirt.swtpm_user = tss log_opt_values /usr/lib/python3/dist-packages/oslo_config/cfg.py:2609
2025-11-17 00:44:56.292 163508 DEBUG oslo_messaging._drivers.amqpdriver [-] Listener is running poll /usr/lib/python3/dist-packages/oslo_messaging/_drivers/amqpdriver.py:343
2025-11-17 00:44:56.292 163115 DEBUG oslo_service.service [req-7d8a324f-ed9b-457d-8925-cda6a009e1b6 - - - - -] libvirt.sysinfo_serial = unique log_opt_values /usr/lib/python3/dist-packages/oslo_config/cfg.py:2609
2025-11-17 00:44:56.293 163508 DEBUG oslo_messaging._drivers.amqpdriver [-] AMQPListener connection consume poll /usr/lib/python3/dist-packages/oslo_messaging/_drivers/amqpdriver.py:357
2025-11-17 00:44:56.293 163115 DEBUG oslo_service.service [req-7d8a324f-ed9b-457d-8925-cda6a009e1b6 - - - - -] libvirt.tx_queue_size = None log_opt_values /usr/lib/python3/dist-packages/oslo_config/cfg.py:2609
2025-11-17 00:44:56.293 163115 DEBUG oslo_service.service [req-7d8a324f-ed9b-457d-8925-cda6a009e1b6 - - - - -] libvirt.uid_maps = [] log_opt_values /usr/lib/python3/dist-packages/oslo_config/cfg.py:2609
2025-11-17 00:44:56.293 163115 DEBUG oslo_service.service [req-7d8a324f-ed9b-457d-8925-cda6a009e1b6 - - - - -] libvirt.use_virtio_for_bridges = True log_opt_values /usr/lib/python3/dist-packages/oslo_config/cfg.py:2609
2025-11-17 00:44:56.293 163115 DEBUG oslo_service.service [req-7d8a324f-ed9b-457d-8925-cda6a009e1b6 - - - - -] libvirt.virt_type = kvm log_opt_values /usr/lib/python3/dist-packages/oslo_config/cfg.py:2609
2025-11-17 00:44:56.293 163115 DEBUG oslo_service.service [req-7d8a324f-ed9b-457d-8925-cda6a009e1b6 - - - - -] libvirt.volume_clear = zero log_opt_values /usr/lib/python3/dist-packages/oslo_config/cfg.py:2609
2025-11-17 00:44:56.293 163510 DEBUG oslo_messaging._drivers.amqpdriver [-] Listener is running poll /usr/lib/python3/dist-packages/oslo_messaging/_drivers/amqpdriver.py:343
2025-11-17 00:44:56.293 163115 DEBUG oslo_service.service [req-7d8a324f-ed9b-457d-8925-cda6a009e1b6 - - - - -] libvirt.volume_clear_size = 0 log_opt_values /usr/lib/python3/dist-packages/oslo_config/cfg.py:2609
2025-11-17 00:44:56.294 163510 DEBUG oslo_messaging._drivers.amqpdriver [-] AMQPListener connection consume poll /usr/lib/python3/dist-packages/oslo_messaging/_drivers/amqpdriver.py:357
2025-11-17 00:44:56.294 163115 DEBUG oslo_service.service [req-7d8a324f-ed9b-457d-8925-cda6a009e1b6 - - - - -] libvirt.volume_use_multipath = False log_opt_values /usr/lib/python3/dist-packages/oslo_config/cfg.py:2609
2025-11-17 00:44:56.294 163115 DEBUG oslo_service.service [req-7d8a324f-ed9b-457d-8925-cda6a009e1b6 - - - - -] libvirt.vzstorage_cache_path = None log_opt_values /usr/lib/python3/dist-packages/oslo_config/cfg.py:2609
2025-11-17 00:44:56.294 163115 DEBUG oslo_service.service [req-7d8a324f-ed9b-457d-8925-cda6a009e1b6 - - - - -] libvirt.vzstorage_log_path = /var/log/vstorage/%(cluster_name)s/nova.log.gz log_opt_values /usr/lib/python3/dist-packages/oslo_config/cfg.py:2609
2025-11-17 00:44:56.294 163115 DEBUG oslo_service.service [req-7d8a324f-ed9b-457d-8925-cda6a009e1b6 - - - - -] libvirt.vzstorage_mount_group = qemu log_opt_values /usr/lib/python3/dist-packages/oslo_config/cfg.py:2609
2025-11-17 00:44:56.294 163115 DEBUG oslo_service.service [req-7d8a324f-ed9b-457d-8925-cda6a009e1b6 - - - - -] libvirt.vzstorage_mount_opts = [] log_opt_values /usr/lib/python3/dist-packages/oslo_config/cfg.py:2609
2025-11-17 00:44:56.295 163115 DEBUG oslo_service.service [req-7d8a324f-ed9b-457d-8925-cda6a009e1b6 - - - - -] libvirt.vzstorage_mount_perms = 0770 log_opt_values /usr/lib/python3/dist-packages/oslo_config/cfg.py:2609
2025-11-17 00:44:56.295 163115 DEBUG oslo_service.service [req-7d8a324f-ed9b-457d-8925-cda6a009e1b6 - - - - -] libvirt.vzstorage_mount_point_base = /var/lib/nova/mnt log_opt_values /usr/lib/python3/dist-packages/oslo_config/cfg.py:2609
2025-11-17 00:44:56.295 163510 DEBUG nova.service [req-40d05900-78f5-4c14-9f9a-f2a9dc7d7ab4 - - - - -] Join ServiceGroup membership for this service conductor start /usr/lib/python3/dist-packages/nova/service.py:199
2025-11-17 00:44:56.295 163115 DEBUG oslo_service.service [req-7d8a324f-ed9b-457d-8925-cda6a009e1b6 - - - - -] libvirt.vzstorage_mount_user = stack log_opt_values /usr/lib/python3/dist-packages/oslo_config/cfg.py:2609
2025-11-17 00:44:56.295 163115 DEBUG oslo_service.service [req-7d8a324f-ed9b-457d-8925-cda6a009e1b6 - - - - -] libvirt.wait_soft_reboot_seconds = 120 log_opt_values /usr/lib/python3/dist-packages/oslo_config/cfg.py:2609
2025-11-17 00:44:56.295 163510 DEBUG nova.servicegroup.drivers.db [req-40d05900-78f5-4c14-9f9a-f2a9dc7d7ab4 - - - - -] DB_Driver: join new ServiceGroup member juju-aeac2a-0-lxd-7 to the conductor group, service = join /usr/lib/python3/dist-packages/nova/servicegroup/drivers/db.py:44
2025-11-17 00:44:56.295 163115 DEBUG oslo_service.service [req-7d8a324f-ed9b-457d-8925-cda6a009e1b6 - - - - -] neutron.auth_section = None log_opt_values /usr/lib/python3/dist-packages/oslo_config/cfg.py:2609
2025-11-17 00:44:56.295 163115 DEBUG oslo_service.service [req-7d8a324f-ed9b-457d-8925-cda6a009e1b6 - - - - -] neutron.auth_type = password log_opt_values /usr/lib/python3/dist-packages/oslo_config/cfg.py:2609
2025-11-17 00:44:56.296 163115 DEBUG oslo_service.service [req-7d8a324f-ed9b-457d-8925-cda6a009e1b6 - - - - -] neutron.cafile = None log_opt_values /usr/lib/python3/dist-packages/oslo_config/cfg.py:2609
2025-11-17 00:44:56.296 163115 DEBUG oslo_service.service [req-7d8a324f-ed9b-457d-8925-cda6a009e1b6 - - - - -] neutron.certfile = None log_opt_values /usr/lib/python3/dist-packages/oslo_config/cfg.py:2609
2025-11-17 00:44:56.296 163115 DEBUG oslo_service.service [req-7d8a324f-ed9b-457d-8925-cda6a009e1b6 - - - - -] neutron.collect_timing = False log_opt_values /usr/lib/python3/dist-packages/oslo_config/cfg.py:2609
2025-11-17 00:44:56.296 163115 DEBUG oslo_service.service [req-7d8a324f-ed9b-457d-8925-cda6a009e1b6 - - - - -] neutron.connect_retries = None log_opt_values /usr/lib/python3/dist-packages/oslo_config/cfg.py:2609
2025-11-17 00:44:56.296 163115 DEBUG oslo_service.service [req-7d8a324f-ed9b-457d-8925-cda6a009e1b6 - - - - -] neutron.connect_retry_delay = None log_opt_values /usr/lib/python3/dist-packages/oslo_config/cfg.py:2609
2025-11-17 00:44:56.297 163115 DEBUG oslo_service.service [req-7d8a324f-ed9b-457d-8925-cda6a009e1b6 - - - - -] neutron.default_floating_pool = nova log_opt_values /usr/lib/python3/dist-packages/oslo_config/cfg.py:2609
2025-11-17 00:44:56.297 163115 DEBUG oslo_service.service [req-7d8a324f-ed9b-457d-8925-cda6a009e1b6 - - - - -] neutron.endpoint_override = None log_opt_values /usr/lib/python3/dist-packages/oslo_config/cfg.py:2609
2025-11-17 00:44:56.297 163115 DEBUG oslo_service.service [req-7d8a324f-ed9b-457d-8925-cda6a009e1b6 - - - - -] neutron.extension_sync_interval = 600 log_opt_values /usr/lib/python3/dist-packages/oslo_config/cfg.py:2609
2025-11-17 00:44:56.297 163115 DEBUG oslo_service.service [req-7d8a324f-ed9b-457d-8925-cda6a009e1b6 - - - - -] neutron.http_retries = 3 log_opt_values /usr/lib/python3/dist-packages/oslo_config/cfg.py:2609
2025-11-17 00:44:56.297 163115 DEBUG oslo_service.service [req-7d8a324f-ed9b-457d-8925-cda6a009e1b6 - - - - -] neutron.insecure = False log_opt_values /usr/lib/python3/dist-packages/oslo_config/cfg.py:2609
2025-11-17 00:44:56.297 163115 DEBUG oslo_service.service [req-7d8a324f-ed9b-457d-8925-cda6a009e1b6 - - - - -] neutron.keyfile = None log_opt_values /usr/lib/python3/dist-packages/oslo_config/cfg.py:2609
2025-11-17 00:44:56.298 163115 DEBUG oslo_service.service [req-7d8a324f-ed9b-457d-8925-cda6a009e1b6 - - - - -] neutron.max_version = None log_opt_values /usr/lib/python3/dist-packages/oslo_config/cfg.py:2609
2025-11-17 00:44:56.298 163510 DEBUG oslo_messaging._drivers.amqpdriver [-] AMQPListener connection timeout poll /usr/lib/python3/dist-packages/oslo_messaging/_drivers/amqpdriver.py:360
2025-11-17 00:44:56.298 163115 DEBUG oslo_service.service [req-7d8a324f-ed9b-457d-8925-cda6a009e1b6 - - - - -] neutron.metadata_proxy_shared_secret = **** log_opt_values /usr/lib/python3/dist-packages/oslo_config/cfg.py:2609
2025-11-17 00:44:56.298 163510 DEBUG oslo_messaging._drivers.amqpdriver [-] Listener is running poll /usr/lib/python3/dist-packages/oslo_messaging/_drivers/amqpdriver.py:343
2025-11-17 00:44:56.298 163115 DEBUG oslo_service.service [req-7d8a324f-ed9b-457d-8925-cda6a009e1b6 - - - - -] neutron.min_version = None log_opt_values /usr/lib/python3/dist-packages/oslo_config/cfg.py:2609
2025-11-17 00:44:56.298 163510 DEBUG oslo_messaging._drivers.amqpdriver [-] AMQPListener connection consume poll /usr/lib/python3/dist-packages/oslo_messaging/_drivers/amqpdriver.py:357
2025-11-17 00:44:56.298 163115 DEBUG oslo_service.service [req-7d8a324f-ed9b-457d-8925-cda6a009e1b6 - - - - -] neutron.ovs_bridge = br-int log_opt_values /usr/lib/python3/dist-packages/oslo_config/cfg.py:2609
2025-11-17 00:44:56.298 163115 DEBUG oslo_service.service [req-7d8a324f-ed9b-457d-8925-cda6a009e1b6 - - - - -] neutron.physnets = [] log_opt_values /usr/lib/python3/dist-packages/oslo_config/cfg.py:2609
2025-11-17 00:44:56.298 163115 DEBUG oslo_service.service [req-7d8a324f-ed9b-457d-8925-cda6a009e1b6 - - - - -] neutron.region_name = RegionOne log_opt_values /usr/lib/python3/dist-packages/oslo_config/cfg.py:2609
2025-11-17 00:44:56.299 163115 DEBUG oslo_service.service [req-7d8a324f-ed9b-457d-8925-cda6a009e1b6 - - - - -] neutron.service_metadata_proxy = True log_opt_values /usr/lib/python3/dist-packages/oslo_config/cfg.py:2609
2025-11-17 00:44:56.299 163115 DEBUG oslo_service.service [req-7d8a324f-ed9b-457d-8925-cda6a009e1b6 - - - - -] neutron.service_name = None log_opt_values /usr/lib/python3/dist-packages/oslo_config/cfg.py:2609
2025-11-17 00:44:56.299 163115 DEBUG oslo_service.service [req-7d8a324f-ed9b-457d-8925-cda6a009e1b6 - - - - -] neutron.service_type = network log_opt_values /usr/lib/python3/dist-packages/oslo_config/cfg.py:2609
2025-11-17 00:44:56.299 163115 DEBUG oslo_service.service [req-7d8a324f-ed9b-457d-8925-cda6a009e1b6 - - - - -] neutron.split_loggers = False log_opt_values /usr/lib/python3/dist-packages/oslo_config/cfg.py:2609
2025-11-17 00:44:56.299 163115 DEBUG oslo_service.service [req-7d8a324f-ed9b-457d-8925-cda6a009e1b6 - - - - -] neutron.status_code_retries = None log_opt_values /usr/lib/python3/dist-packages/oslo_config/cfg.py:2609
2025-11-17 00:44:56.300 163115 DEBUG oslo_service.service [req-7d8a324f-ed9b-457d-8925-cda6a009e1b6 - - - - -] neutron.status_code_retry_delay = None log_opt_values /usr/lib/python3/dist-packages/oslo_config/cfg.py:2609
2025-11-17 00:44:56.300 163115 DEBUG oslo_service.service [req-7d8a324f-ed9b-457d-8925-cda6a009e1b6 - - - - -] neutron.timeout = None log_opt_values /usr/lib/python3/dist-packages/oslo_config/cfg.py:2609
2025-11-17 00:44:56.300 163115 DEBUG oslo_service.service [req-7d8a324f-ed9b-457d-8925-cda6a009e1b6 - - - - -] neutron.valid_interfaces = ['internal', 'public'] log_opt_values /usr/lib/python3/dist-packages/oslo_config/cfg.py:2609
2025-11-17 00:44:56.300 163115 DEBUG oslo_service.service [req-7d8a324f-ed9b-457d-8925-cda6a009e1b6 - - - - -] neutron.version = None log_opt_values /usr/lib/python3/dist-packages/oslo_config/cfg.py:2609
2025-11-17 00:44:56.300 163115 DEBUG oslo_service.service [req-7d8a324f-ed9b-457d-8925-cda6a009e1b6 - - - - -] notifications.bdms_in_notifications = False log_opt_values /usr/lib/python3/dist-packages/oslo_config/cfg.py:2609
2025-11-17 00:44:56.300 163115 DEBUG oslo_service.service [req-7d8a324f-ed9b-457d-8925-cda6a009e1b6 - - - - -] notifications.default_level = INFO log_opt_values /usr/lib/python3/dist-packages/oslo_config/cfg.py:2609
2025-11-17 00:44:56.301 163115 DEBUG oslo_service.service [req-7d8a324f-ed9b-457d-8925-cda6a009e1b6 - - - - -] notifications.notification_format = unversioned log_opt_values /usr/lib/python3/dist-packages/oslo_config/cfg.py:2609
2025-11-17 00:44:56.301 163115 DEBUG oslo_service.service [req-7d8a324f-ed9b-457d-8925-cda6a009e1b6 - - - - -] notifications.notify_on_state_change = None log_opt_values /usr/lib/python3/dist-packages/oslo_config/cfg.py:2609
2025-11-17 00:44:56.301 163115 DEBUG oslo_service.service [req-7d8a324f-ed9b-457d-8925-cda6a009e1b6 - - - - -] notifications.versioned_notifications_topics = ['versioned_notifications'] log_opt_values /usr/lib/python3/dist-packages/oslo_config/cfg.py:2609
2025-11-17 00:44:56.301 163115 DEBUG oslo_service.service [req-7d8a324f-ed9b-457d-8925-cda6a009e1b6 - - - - -] pci.alias = [] log_opt_values /usr/lib/python3/dist-packages/oslo_config/cfg.py:2609
2025-11-17 00:44:56.301 163115 DEBUG oslo_service.service [req-7d8a324f-ed9b-457d-8925-cda6a009e1b6 - - - - -] pci.passthrough_whitelist = [] log_opt_values /usr/lib/python3/dist-packages/oslo_config/cfg.py:2609
2025-11-17 00:44:56.302 163115 DEBUG oslo_service.service [req-7d8a324f-ed9b-457d-8925-cda6a009e1b6 - - - - -] placement.auth_section = None log_opt_values /usr/lib/python3/dist-packages/oslo_config/cfg.py:2609
2025-11-17 00:44:56.302 163115 DEBUG oslo_service.service [req-7d8a324f-ed9b-457d-8925-cda6a009e1b6 - - - - -] placement.auth_type = password log_opt_values /usr/lib/python3/dist-packages/oslo_config/cfg.py:2609
2025-11-17 00:44:56.302 163115 DEBUG oslo_service.service [req-7d8a324f-ed9b-457d-8925-cda6a009e1b6 - - - - -] placement.auth_url = http://252.129.11.162:35357 log_opt_values /usr/lib/python3/dist-packages/oslo_config/cfg.py:2609
2025-11-17 00:44:56.302 163115 DEBUG oslo_service.service [req-7d8a324f-ed9b-457d-8925-cda6a009e1b6 - - - - -] placement.cafile = None log_opt_values /usr/lib/python3/dist-packages/oslo_config/cfg.py:2609
2025-11-17 00:44:56.302 163115 DEBUG oslo_service.service [req-7d8a324f-ed9b-457d-8925-cda6a009e1b6 - - - - -] placement.certfile = None log_opt_values /usr/lib/python3/dist-packages/oslo_config/cfg.py:2609
2025-11-17 00:44:56.302 163115 DEBUG oslo_service.service [req-7d8a324f-ed9b-457d-8925-cda6a009e1b6 - - - - -] placement.collect_timing = False log_opt_values /usr/lib/python3/dist-packages/oslo_config/cfg.py:2609
2025-11-17 00:44:56.303 163115 DEBUG oslo_service.service [req-7d8a324f-ed9b-457d-8925-cda6a009e1b6 - - - - -] placement.connect_retries = None log_opt_values /usr/lib/python3/dist-packages/oslo_config/cfg.py:2609
2025-11-17 00:44:56.303 163115 DEBUG oslo_service.service [req-7d8a324f-ed9b-457d-8925-cda6a009e1b6 - - - - -] placement.connect_retry_delay = None log_opt_values /usr/lib/python3/dist-packages/oslo_config/cfg.py:2609
2025-11-17 00:44:56.303 163115 DEBUG oslo_service.service [req-7d8a324f-ed9b-457d-8925-cda6a009e1b6 - - - - -] placement.default_domain_id = None log_opt_values /usr/lib/python3/dist-packages/oslo_config/cfg.py:2609
2025-11-17 00:44:56.303 163115 DEBUG oslo_service.service [req-7d8a324f-ed9b-457d-8925-cda6a009e1b6 - - - - -] placement.default_domain_name = None log_opt_values /usr/lib/python3/dist-packages/oslo_config/cfg.py:2609
2025-11-17 00:44:56.303 163115 DEBUG oslo_service.service [req-7d8a324f-ed9b-457d-8925-cda6a009e1b6 - - - - -] placement.domain_id = None log_opt_values /usr/lib/python3/dist-packages/oslo_config/cfg.py:2609
2025-11-17 00:44:56.304 163115 DEBUG oslo_service.service [req-7d8a324f-ed9b-457d-8925-cda6a009e1b6 - - - - -] placement.domain_name = None log_opt_values /usr/lib/python3/dist-packages/oslo_config/cfg.py:2609
2025-11-17 00:44:56.304 163115 DEBUG oslo_service.service [req-7d8a324f-ed9b-457d-8925-cda6a009e1b6 - - - - -] placement.endpoint_override = None log_opt_values /usr/lib/python3/dist-packages/oslo_config/cfg.py:2609
2025-11-17 00:44:56.304 163115 DEBUG oslo_service.service [req-7d8a324f-ed9b-457d-8925-cda6a009e1b6 - - - - -] placement.insecure = False log_opt_values /usr/lib/python3/dist-packages/oslo_config/cfg.py:2609
2025-11-17 00:44:56.304 163115 DEBUG oslo_service.service [req-7d8a324f-ed9b-457d-8925-cda6a009e1b6 - - - - -] placement.keyfile = None log_opt_values /usr/lib/python3/dist-packages/oslo_config/cfg.py:2609
2025-11-17 00:44:56.304 163115 DEBUG oslo_service.service [req-7d8a324f-ed9b-457d-8925-cda6a009e1b6 - - - - -] placement.max_version = None log_opt_values /usr/lib/python3/dist-packages/oslo_config/cfg.py:2609
2025-11-17 00:44:56.304 163115 DEBUG oslo_service.service [req-7d8a324f-ed9b-457d-8925-cda6a009e1b6 - - - - -] placement.min_version = None log_opt_values /usr/lib/python3/dist-packages/oslo_config/cfg.py:2609
2025-11-17 00:44:56.305 163115 DEBUG oslo_service.service [req-7d8a324f-ed9b-457d-8925-cda6a009e1b6 - - - - -] placement.password = **** log_opt_values /usr/lib/python3/dist-packages/oslo_config/cfg.py:2609
2025-11-17 00:44:56.305 163115 DEBUG oslo_service.service [req-7d8a324f-ed9b-457d-8925-cda6a009e1b6 - - - - -] placement.project_domain_id = None log_opt_values /usr/lib/python3/dist-packages/oslo_config/cfg.py:2609
2025-11-17 00:44:56.305 163115 DEBUG oslo_service.service [req-7d8a324f-ed9b-457d-8925-cda6a009e1b6 - - - - -] placement.project_domain_name = service_domain log_opt_values /usr/lib/python3/dist-packages/oslo_config/cfg.py:2609
2025-11-17 00:44:56.305 163115 DEBUG oslo_service.service [req-7d8a324f-ed9b-457d-8925-cda6a009e1b6 - - - - -] placement.project_id = None log_opt_values /usr/lib/python3/dist-packages/oslo_config/cfg.py:2609
2025-11-17 00:44:56.305 163115 DEBUG oslo_service.service [req-7d8a324f-ed9b-457d-8925-cda6a009e1b6 - - - - -] placement.project_name = services log_opt_values /usr/lib/python3/dist-packages/oslo_config/cfg.py:2609
2025-11-17 00:44:56.306 163115 DEBUG oslo_service.service [req-7d8a324f-ed9b-457d-8925-cda6a009e1b6 - - - - -] placement.region_name = RegionOne log_opt_values /usr/lib/python3/dist-packages/oslo_config/cfg.py:2609
2025-11-17 00:44:56.306 163115 DEBUG oslo_service.service [req-7d8a324f-ed9b-457d-8925-cda6a009e1b6 - - - - -] placement.service_name = None log_opt_values /usr/lib/python3/dist-packages/oslo_config/cfg.py:2609
2025-11-17 00:44:56.306 163115 DEBUG oslo_service.service [req-7d8a324f-ed9b-457d-8925-cda6a009e1b6 - - - - -] placement.service_type = placement log_opt_values /usr/lib/python3/dist-packages/oslo_config/cfg.py:2609
2025-11-17 00:44:56.306 163115 DEBUG oslo_service.service [req-7d8a324f-ed9b-457d-8925-cda6a009e1b6 - - - - -] placement.split_loggers = False log_opt_values /usr/lib/python3/dist-packages/oslo_config/cfg.py:2609
2025-11-17 00:44:56.306 163115 DEBUG oslo_service.service [req-7d8a324f-ed9b-457d-8925-cda6a009e1b6 - - - - -] placement.status_code_retries = None log_opt_values /usr/lib/python3/dist-packages/oslo_config/cfg.py:2609
2025-11-17 00:44:56.306 163115 DEBUG oslo_service.service [req-7d8a324f-ed9b-457d-8925-cda6a009e1b6 - - - - -] placement.status_code_retry_delay = None log_opt_values /usr/lib/python3/dist-packages/oslo_config/cfg.py:2609
2025-11-17 00:44:56.307 163115 DEBUG oslo_service.service [req-7d8a324f-ed9b-457d-8925-cda6a009e1b6 - - - - -] placement.system_scope = None log_opt_values /usr/lib/python3/dist-packages/oslo_config/cfg.py:2609
2025-11-17 00:44:56.307 163115 DEBUG oslo_service.service [req-7d8a324f-ed9b-457d-8925-cda6a009e1b6 - - - - -] placement.timeout = None log_opt_values /usr/lib/python3/dist-packages/oslo_config/cfg.py:2609
2025-11-17 00:44:56.307 163115 DEBUG oslo_service.service [req-7d8a324f-ed9b-457d-8925-cda6a009e1b6 - - - - -] placement.trust_id = None log_opt_values /usr/lib/python3/dist-packages/oslo_config/cfg.py:2609
2025-11-17 00:44:56.307 163115 DEBUG oslo_service.service [req-7d8a324f-ed9b-457d-8925-cda6a009e1b6 - - - - -] placement.user_domain_id = None log_opt_values /usr/lib/python3/dist-packages/oslo_config/cfg.py:2609
2025-11-17 00:44:56.307 163115 DEBUG oslo_service.service [req-7d8a324f-ed9b-457d-8925-cda6a009e1b6 - - - - -] placement.user_domain_name = service_domain log_opt_values /usr/lib/python3/dist-packages/oslo_config/cfg.py:2609
2025-11-17 00:44:56.307 163115 DEBUG oslo_service.service [req-7d8a324f-ed9b-457d-8925-cda6a009e1b6 - - - - -] placement.user_id = None log_opt_values /usr/lib/python3/dist-packages/oslo_config/cfg.py:2609
2025-11-17 00:44:56.308 163115 DEBUG oslo_service.service [req-7d8a324f-ed9b-457d-8925-cda6a009e1b6 - - - - -] placement.username = nova log_opt_values /usr/lib/python3/dist-packages/oslo_config/cfg.py:2609
2025-11-17 00:44:56.308 163115 DEBUG oslo_service.service [req-7d8a324f-ed9b-457d-8925-cda6a009e1b6 - - - - -] placement.valid_interfaces = ['internal', 'public'] log_opt_values /usr/lib/python3/dist-packages/oslo_config/cfg.py:2609
2025-11-17 00:44:56.308 163115 DEBUG oslo_service.service [req-7d8a324f-ed9b-457d-8925-cda6a009e1b6 - - - - -] placement.version = None log_opt_values /usr/lib/python3/dist-packages/oslo_config/cfg.py:2609
