2025-11-17 00:41:17.270 124608 DEBUG oslo_service.service [req-7f4068f3-48b1-4e24-8f97-2781f779ff93 - - - - -] ironic.service_name = None log_opt_values /usr/lib/python3/dist-packages/oslo_config/cfg.py:2609
2025-11-17 00:41:17.270 124608 DEBUG oslo_service.service [req-7f4068f3-48b1-4e24-8f97-2781f779ff93 - - - - -] ironic.service_type = baremetal log_opt_values /usr/lib/python3/dist-packages/oslo_config/cfg.py:2609
2025-11-17 00:41:17.270 124608 DEBUG oslo_service.service [req-7f4068f3-48b1-4e24-8f97-2781f779ff93 - - - - -] ironic.split_loggers = False log_opt_values /usr/lib/python3/dist-packages/oslo_config/cfg.py:2609
2025-11-17 00:41:17.270 124608 DEBUG oslo_service.service [req-7f4068f3-48b1-4e24-8f97-2781f779ff93 - - - - -] ironic.status_code_retries = None log_opt_values /usr/lib/python3/dist-packages/oslo_config/cfg.py:2609
2025-11-17 00:41:17.271 124608 DEBUG oslo_service.service [req-7f4068f3-48b1-4e24-8f97-2781f779ff93 - - - - -] ironic.status_code_retry_delay = None log_opt_values /usr/lib/python3/dist-packages/oslo_config/cfg.py:2609
2025-11-17 00:41:17.271 124608 DEBUG oslo_service.service [req-7f4068f3-48b1-4e24-8f97-2781f779ff93 - - - - -] ironic.timeout = None log_opt_values /usr/lib/python3/dist-packages/oslo_config/cfg.py:2609
2025-11-17 00:41:17.271 124608 DEBUG oslo_service.service [req-7f4068f3-48b1-4e24-8f97-2781f779ff93 - - - - -] ironic.valid_interfaces = ['internal', 'public'] log_opt_values /usr/lib/python3/dist-packages/oslo_config/cfg.py:2609
2025-11-17 00:41:17.271 124608 DEBUG oslo_service.service [req-7f4068f3-48b1-4e24-8f97-2781f779ff93 - - - - -] ironic.version = None log_opt_values /usr/lib/python3/dist-packages/oslo_config/cfg.py:2609
2025-11-17 00:41:17.271 125563 DEBUG oslo_messaging._drivers.amqpdriver [-] Listener is running poll /usr/lib/python3/dist-packages/oslo_messaging/_drivers/amqpdriver.py:343
2025-11-17 00:41:17.272 124608 DEBUG oslo_service.service [req-7f4068f3-48b1-4e24-8f97-2781f779ff93 - - - - -] key_manager.backend = barbican log_opt_values /usr/lib/python3/dist-packages/oslo_config/cfg.py:2609
2025-11-17 00:41:17.272 125563 DEBUG oslo_messaging._drivers.amqpdriver [-] AMQPListener connection consume poll /usr/lib/python3/dist-packages/oslo_messaging/_drivers/amqpdriver.py:357
2025-11-17 00:41:17.271 125564 DEBUG oslo_messaging._drivers.amqpdriver [-] Listener is running poll /usr/lib/python3/dist-packages/oslo_messaging/_drivers/amqpdriver.py:343
2025-11-17 00:41:17.272 124608 DEBUG oslo_service.service [req-7f4068f3-48b1-4e24-8f97-2781f779ff93 - - - - -] key_manager.fixed_key = **** log_opt_values /usr/lib/python3/dist-packages/oslo_config/cfg.py:2609
2025-11-17 00:41:17.272 125564 DEBUG oslo_messaging._drivers.amqpdriver [-] AMQPListener connection consume poll /usr/lib/python3/dist-packages/oslo_messaging/_drivers/amqpdriver.py:357
2025-11-17 00:41:17.272 125558 DEBUG oslo_messaging._drivers.amqpdriver [-] AMQPListener connection timeout poll /usr/lib/python3/dist-packages/oslo_messaging/_drivers/amqpdriver.py:360
2025-11-17 00:41:17.272 125558 DEBUG oslo_messaging._drivers.amqpdriver [-] Listener is running poll /usr/lib/python3/dist-packages/oslo_messaging/_drivers/amqpdriver.py:343
2025-11-17 00:41:17.272 124608 DEBUG oslo_service.service [req-7f4068f3-48b1-4e24-8f97-2781f779ff93 - - - - -] barbican.auth_endpoint = http://localhost/identity/v3 log_opt_values /usr/lib/python3/dist-packages/oslo_config/cfg.py:2609
2025-11-17 00:41:17.272 125558 DEBUG oslo_messaging._drivers.amqpdriver [-] AMQPListener connection consume poll /usr/lib/python3/dist-packages/oslo_messaging/_drivers/amqpdriver.py:357
2025-11-17 00:41:17.272 124608 DEBUG oslo_service.service [req-7f4068f3-48b1-4e24-8f97-2781f779ff93 - - - - -] barbican.barbican_api_version = None log_opt_values /usr/lib/python3/dist-packages/oslo_config/cfg.py:2609
2025-11-17 00:41:17.272 125563 DEBUG nova.service [req-3ab810bb-2957-45f8-a5b0-ae7ff2814d51 - - - - -] Join ServiceGroup membership for this service conductor start /usr/lib/python3/dist-packages/nova/service.py:199
2025-11-17 00:41:17.273 124608 DEBUG oslo_service.service [req-7f4068f3-48b1-4e24-8f97-2781f779ff93 - - - - -] barbican.barbican_endpoint = None log_opt_values /usr/lib/python3/dist-packages/oslo_config/cfg.py:2609
2025-11-17 00:41:17.273 124608 DEBUG oslo_service.service [req-7f4068f3-48b1-4e24-8f97-2781f779ff93 - - - - -] barbican.barbican_endpoint_type = public log_opt_values /usr/lib/python3/dist-packages/oslo_config/cfg.py:2609
2025-11-17 00:41:17.273 125563 DEBUG nova.servicegroup.drivers.db [req-3ab810bb-2957-45f8-a5b0-ae7ff2814d51 - - - - -] DB_Driver: join new ServiceGroup member juju-aeac2a-0-lxd-7 to the conductor group, service = join /usr/lib/python3/dist-packages/nova/servicegroup/drivers/db.py:44
2025-11-17 00:41:17.273 124608 DEBUG oslo_service.service [req-7f4068f3-48b1-4e24-8f97-2781f779ff93 - - - - -] barbican.barbican_region_name = None log_opt_values /usr/lib/python3/dist-packages/oslo_config/cfg.py:2609
2025-11-17 00:41:17.273 124608 DEBUG oslo_service.service [req-7f4068f3-48b1-4e24-8f97-2781f779ff93 - - - - -] barbican.cafile = None log_opt_values /usr/lib/python3/dist-packages/oslo_config/cfg.py:2609
2025-11-17 00:41:17.273 124608 DEBUG oslo_service.service [req-7f4068f3-48b1-4e24-8f97-2781f779ff93 - - - - -] barbican.certfile = None log_opt_values /usr/lib/python3/dist-packages/oslo_config/cfg.py:2609
2025-11-17 00:41:17.274 124608 DEBUG oslo_service.service [req-7f4068f3-48b1-4e24-8f97-2781f779ff93 - - - - -] barbican.collect_timing = False log_opt_values /usr/lib/python3/dist-packages/oslo_config/cfg.py:2609
2025-11-17 00:41:17.274 124608 DEBUG oslo_service.service [req-7f4068f3-48b1-4e24-8f97-2781f779ff93 - - - - -] barbican.insecure = False log_opt_values /usr/lib/python3/dist-packages/oslo_config/cfg.py:2609
2025-11-17 00:41:17.274 125564 DEBUG nova.service [req-17e3626d-34eb-468d-9cda-c4315c8a631c - - - - -] Join ServiceGroup membership for this service conductor start /usr/lib/python3/dist-packages/nova/service.py:199
2025-11-17 00:41:17.274 124608 DEBUG oslo_service.service [req-7f4068f3-48b1-4e24-8f97-2781f779ff93 - - - - -] barbican.keyfile = None log_opt_values /usr/lib/python3/dist-packages/oslo_config/cfg.py:2609
2025-11-17 00:41:17.274 125564 DEBUG nova.servicegroup.drivers.db [req-17e3626d-34eb-468d-9cda-c4315c8a631c - - - - -] DB_Driver: join new ServiceGroup member juju-aeac2a-0-lxd-7 to the conductor group, service = join /usr/lib/python3/dist-packages/nova/servicegroup/drivers/db.py:44
2025-11-17 00:41:17.274 124608 DEBUG oslo_service.service [req-7f4068f3-48b1-4e24-8f97-2781f779ff93 - - - - -] barbican.number_of_retries = 60 log_opt_values /usr/lib/python3/dist-packages/oslo_config/cfg.py:2609
2025-11-17 00:41:17.275 124608 DEBUG oslo_service.service [req-7f4068f3-48b1-4e24-8f97-2781f779ff93 - - - - -] barbican.retry_delay = 1 log_opt_values /usr/lib/python3/dist-packages/oslo_config/cfg.py:2609
2025-11-17 00:41:17.275 124608 DEBUG oslo_service.service [req-7f4068f3-48b1-4e24-8f97-2781f779ff93 - - - - -] barbican.send_service_user_token = False log_opt_values /usr/lib/python3/dist-packages/oslo_config/cfg.py:2609
2025-11-17 00:41:17.275 124608 DEBUG oslo_service.service [req-7f4068f3-48b1-4e24-8f97-2781f779ff93 - - - - -] barbican.split_loggers = False log_opt_values /usr/lib/python3/dist-packages/oslo_config/cfg.py:2609
2025-11-17 00:41:17.275 125563 DEBUG oslo_messaging._drivers.amqpdriver [-] AMQPListener connection timeout poll /usr/lib/python3/dist-packages/oslo_messaging/_drivers/amqpdriver.py:360
2025-11-17 00:41:17.275 124608 DEBUG oslo_service.service [req-7f4068f3-48b1-4e24-8f97-2781f779ff93 - - - - -] barbican.timeout = None log_opt_values /usr/lib/python3/dist-packages/oslo_config/cfg.py:2609
2025-11-17 00:41:17.275 125563 DEBUG oslo_messaging._drivers.amqpdriver [-] Listener is running poll /usr/lib/python3/dist-packages/oslo_messaging/_drivers/amqpdriver.py:343
2025-11-17 00:41:17.275 124608 DEBUG oslo_service.service [req-7f4068f3-48b1-4e24-8f97-2781f779ff93 - - - - -] barbican.verify_ssl = True log_opt_values /usr/lib/python3/dist-packages/oslo_config/cfg.py:2609
2025-11-17 00:41:17.276 125563 DEBUG oslo_messaging._drivers.amqpdriver [-] AMQPListener connection consume poll /usr/lib/python3/dist-packages/oslo_messaging/_drivers/amqpdriver.py:357
2025-11-17 00:41:17.276 124608 DEBUG oslo_service.service [req-7f4068f3-48b1-4e24-8f97-2781f779ff93 - - - - -] barbican.verify_ssl_path = None log_opt_values /usr/lib/python3/dist-packages/oslo_config/cfg.py:2609
2025-11-17 00:41:17.276 124608 DEBUG oslo_service.service [req-7f4068f3-48b1-4e24-8f97-2781f779ff93 - - - - -] barbican_service_user.auth_section = None log_opt_values /usr/lib/python3/dist-packages/oslo_config/cfg.py:2609
2025-11-17 00:41:17.276 124608 DEBUG oslo_service.service [req-7f4068f3-48b1-4e24-8f97-2781f779ff93 - - - - -] barbican_service_user.auth_type = None log_opt_values /usr/lib/python3/dist-packages/oslo_config/cfg.py:2609
2025-11-17 00:41:17.276 124608 DEBUG oslo_service.service [req-7f4068f3-48b1-4e24-8f97-2781f779ff93 - - - - -] barbican_service_user.cafile = None log_opt_values /usr/lib/python3/dist-packages/oslo_config/cfg.py:2609
2025-11-17 00:41:17.277 124608 DEBUG oslo_service.service [req-7f4068f3-48b1-4e24-8f97-2781f779ff93 - - - - -] barbican_service_user.certfile = None log_opt_values /usr/lib/python3/dist-packages/oslo_config/cfg.py:2609
2025-11-17 00:41:17.277 124608 DEBUG oslo_service.service [req-7f4068f3-48b1-4e24-8f97-2781f779ff93 - - - - -] barbican_service_user.collect_timing = False log_opt_values /usr/lib/python3/dist-packages/oslo_config/cfg.py:2609
2025-11-17 00:41:17.277 124608 DEBUG oslo_service.service [req-7f4068f3-48b1-4e24-8f97-2781f779ff93 - - - - -] barbican_service_user.insecure = False log_opt_values /usr/lib/python3/dist-packages/oslo_config/cfg.py:2609
2025-11-17 00:41:17.277 124608 DEBUG oslo_service.service [req-7f4068f3-48b1-4e24-8f97-2781f779ff93 - - - - -] barbican_service_user.keyfile = None log_opt_values /usr/lib/python3/dist-packages/oslo_config/cfg.py:2609
2025-11-17 00:41:17.277 124608 DEBUG oslo_service.service [req-7f4068f3-48b1-4e24-8f97-2781f779ff93 - - - - -] barbican_service_user.split_loggers = False log_opt_values /usr/lib/python3/dist-packages/oslo_config/cfg.py:2609
2025-11-17 00:41:17.278 124608 DEBUG oslo_service.service [req-7f4068f3-48b1-4e24-8f97-2781f779ff93 - - - - -] barbican_service_user.timeout = None log_opt_values /usr/lib/python3/dist-packages/oslo_config/cfg.py:2609
2025-11-17 00:41:17.278 125564 DEBUG oslo_messaging._drivers.amqpdriver [-] AMQPListener connection timeout poll /usr/lib/python3/dist-packages/oslo_messaging/_drivers/amqpdriver.py:360
2025-11-17 00:41:17.278 124608 DEBUG oslo_service.service [req-7f4068f3-48b1-4e24-8f97-2781f779ff93 - - - - -] vault.approle_role_id = None log_opt_values /usr/lib/python3/dist-packages/oslo_config/cfg.py:2609
2025-11-17 00:41:17.278 124608 DEBUG oslo_service.service [req-7f4068f3-48b1-4e24-8f97-2781f779ff93 - - - - -] vault.approle_secret_id = None log_opt_values /usr/lib/python3/dist-packages/oslo_config/cfg.py:2609
2025-11-17 00:41:17.278 124608 DEBUG oslo_service.service [req-7f4068f3-48b1-4e24-8f97-2781f779ff93 - - - - -] vault.cafile = None log_opt_values /usr/lib/python3/dist-packages/oslo_config/cfg.py:2609
2025-11-17 00:41:17.279 124608 DEBUG oslo_service.service [req-7f4068f3-48b1-4e24-8f97-2781f779ff93 - - - - -] vault.certfile = None log_opt_values /usr/lib/python3/dist-packages/oslo_config/cfg.py:2609
2025-11-17 00:41:17.278 125564 DEBUG oslo_messaging._drivers.amqpdriver [-] Listener is running poll /usr/lib/python3/dist-packages/oslo_messaging/_drivers/amqpdriver.py:343
2025-11-17 00:41:17.279 124608 DEBUG oslo_service.service [req-7f4068f3-48b1-4e24-8f97-2781f779ff93 - - - - -] vault.collect_timing = False log_opt_values /usr/lib/python3/dist-packages/oslo_config/cfg.py:2609
2025-11-17 00:41:17.279 124608 DEBUG oslo_service.service [req-7f4068f3-48b1-4e24-8f97-2781f779ff93 - - - - -] vault.insecure = False log_opt_values /usr/lib/python3/dist-packages/oslo_config/cfg.py:2609
2025-11-17 00:41:17.279 125564 DEBUG oslo_messaging._drivers.amqpdriver [-] AMQPListener connection consume poll /usr/lib/python3/dist-packages/oslo_messaging/_drivers/amqpdriver.py:357
2025-11-17 00:41:17.279 124608 DEBUG oslo_service.service [req-7f4068f3-48b1-4e24-8f97-2781f779ff93 - - - - -] vault.keyfile = None log_opt_values /usr/lib/python3/dist-packages/oslo_config/cfg.py:2609
2025-11-17 00:41:17.279 124608 DEBUG oslo_service.service [req-7f4068f3-48b1-4e24-8f97-2781f779ff93 - - - - -] vault.kv_mountpoint = secret log_opt_values /usr/lib/python3/dist-packages/oslo_config/cfg.py:2609
2025-11-17 00:41:17.281 124608 DEBUG oslo_service.service [req-7f4068f3-48b1-4e24-8f97-2781f779ff93 - - - - -] vault.kv_version = 2 log_opt_values /usr/lib/python3/dist-packages/oslo_config/cfg.py:2609
2025-11-17 00:41:17.281 124608 DEBUG oslo_service.service [req-7f4068f3-48b1-4e24-8f97-2781f779ff93 - - - - -] vault.namespace = None log_opt_values /usr/lib/python3/dist-packages/oslo_config/cfg.py:2609
2025-11-17 00:41:17.281 125566 DEBUG oslo_messaging._drivers.amqpdriver [-] Listener is running poll /usr/lib/python3/dist-packages/oslo_messaging/_drivers/amqpdriver.py:343
2025-11-17 00:41:17.281 125566 DEBUG oslo_messaging._drivers.amqpdriver [-] AMQPListener connection consume poll /usr/lib/python3/dist-packages/oslo_messaging/_drivers/amqpdriver.py:357
2025-11-17 00:41:17.281 124608 DEBUG oslo_service.service [req-7f4068f3-48b1-4e24-8f97-2781f779ff93 - - - - -] vault.root_token_id = None log_opt_values /usr/lib/python3/dist-packages/oslo_config/cfg.py:2609
2025-11-17 00:41:17.282 124608 DEBUG oslo_service.service [req-7f4068f3-48b1-4e24-8f97-2781f779ff93 - - - - -] vault.split_loggers = False log_opt_values /usr/lib/python3/dist-packages/oslo_config/cfg.py:2609
2025-11-17 00:41:17.282 124608 DEBUG oslo_service.service [req-7f4068f3-48b1-4e24-8f97-2781f779ff93 - - - - -] vault.ssl_ca_crt_file = None log_opt_values /usr/lib/python3/dist-packages/oslo_config/cfg.py:2609
2025-11-17 00:41:17.282 124608 DEBUG oslo_service.service [req-7f4068f3-48b1-4e24-8f97-2781f779ff93 - - - - -] vault.timeout = None log_opt_values /usr/lib/python3/dist-packages/oslo_config/cfg.py:2609
2025-11-17 00:41:17.282 124608 DEBUG oslo_service.service [req-7f4068f3-48b1-4e24-8f97-2781f779ff93 - - - - -] vault.use_ssl = False log_opt_values /usr/lib/python3/dist-packages/oslo_config/cfg.py:2609
2025-11-17 00:41:17.282 125566 DEBUG nova.service [req-b8280a68-b0f9-4af9-ab29-43c6b4f48905 - - - - -] Join ServiceGroup membership for this service conductor start /usr/lib/python3/dist-packages/nova/service.py:199
2025-11-17 00:41:17.282 124608 DEBUG oslo_service.service [req-7f4068f3-48b1-4e24-8f97-2781f779ff93 - - - - -] vault.vault_url = http://127.0.0.1:8200 log_opt_values /usr/lib/python3/dist-packages/oslo_config/cfg.py:2609
2025-11-17 00:41:17.284 124608 DEBUG oslo_service.service [req-7f4068f3-48b1-4e24-8f97-2781f779ff93 - - - - -] keystone.cafile = None log_opt_values /usr/lib/python3/dist-packages/oslo_config/cfg.py:2609
2025-11-17 00:41:17.284 125566 DEBUG nova.servicegroup.drivers.db [req-b8280a68-b0f9-4af9-ab29-43c6b4f48905 - - - - -] DB_Driver: join new ServiceGroup member juju-aeac2a-0-lxd-7 to the conductor group, service = join /usr/lib/python3/dist-packages/nova/servicegroup/drivers/db.py:44
2025-11-17 00:41:17.284 124608 DEBUG oslo_service.service [req-7f4068f3-48b1-4e24-8f97-2781f779ff93 - - - - -] keystone.certfile = None log_opt_values /usr/lib/python3/dist-packages/oslo_config/cfg.py:2609
2025-11-17 00:41:17.284 124608 DEBUG oslo_service.service [req-7f4068f3-48b1-4e24-8f97-2781f779ff93 - - - - -] keystone.collect_timing = False log_opt_values /usr/lib/python3/dist-packages/oslo_config/cfg.py:2609
2025-11-17 00:41:17.285 124608 DEBUG oslo_service.service [req-7f4068f3-48b1-4e24-8f97-2781f779ff93 - - - - -] keystone.connect_retries = None log_opt_values /usr/lib/python3/dist-packages/oslo_config/cfg.py:2609
2025-11-17 00:41:17.285 124608 DEBUG oslo_service.service [req-7f4068f3-48b1-4e24-8f97-2781f779ff93 - - - - -] keystone.connect_retry_delay = None log_opt_values /usr/lib/python3/dist-packages/oslo_config/cfg.py:2609
2025-11-17 00:41:17.286 124608 DEBUG oslo_service.service [req-7f4068f3-48b1-4e24-8f97-2781f779ff93 - - - - -] keystone.endpoint_override = None log_opt_values /usr/lib/python3/dist-packages/oslo_config/cfg.py:2609
2025-11-17 00:41:17.286 124608 DEBUG oslo_service.service [req-7f4068f3-48b1-4e24-8f97-2781f779ff93 - - - - -] keystone.insecure = False log_opt_values /usr/lib/python3/dist-packages/oslo_config/cfg.py:2609
2025-11-17 00:41:17.286 124608 DEBUG oslo_service.service [req-7f4068f3-48b1-4e24-8f97-2781f779ff93 - - - - -] keystone.keyfile = None log_opt_values /usr/lib/python3/dist-packages/oslo_config/cfg.py:2609
2025-11-17 00:41:17.286 124608 DEBUG oslo_service.service [req-7f4068f3-48b1-4e24-8f97-2781f779ff93 - - - - -] keystone.max_version = None log_opt_values /usr/lib/python3/dist-packages/oslo_config/cfg.py:2609
2025-11-17 00:41:17.286 124608 DEBUG oslo_service.service [req-7f4068f3-48b1-4e24-8f97-2781f779ff93 - - - - -] keystone.min_version = None log_opt_values /usr/lib/python3/dist-packages/oslo_config/cfg.py:2609
2025-11-17 00:41:17.287 124608 DEBUG oslo_service.service [req-7f4068f3-48b1-4e24-8f97-2781f779ff93 - - - - -] keystone.region_name = None log_opt_values /usr/lib/python3/dist-packages/oslo_config/cfg.py:2609
2025-11-17 00:41:17.287 124608 DEBUG oslo_service.service [req-7f4068f3-48b1-4e24-8f97-2781f779ff93 - - - - -] keystone.service_name = None log_opt_values /usr/lib/python3/dist-packages/oslo_config/cfg.py:2609
2025-11-17 00:41:17.287 124608 DEBUG oslo_service.service [req-7f4068f3-48b1-4e24-8f97-2781f779ff93 - - - - -] keystone.service_type = identity log_opt_values /usr/lib/python3/dist-packages/oslo_config/cfg.py:2609
2025-11-17 00:41:17.287 125566 DEBUG oslo_messaging._drivers.amqpdriver [-] AMQPListener connection timeout poll /usr/lib/python3/dist-packages/oslo_messaging/_drivers/amqpdriver.py:360
2025-11-17 00:41:17.288 125566 DEBUG oslo_messaging._drivers.amqpdriver [-] Listener is running poll /usr/lib/python3/dist-packages/oslo_messaging/_drivers/amqpdriver.py:343
2025-11-17 00:41:17.288 124608 DEBUG oslo_service.service [req-7f4068f3-48b1-4e24-8f97-2781f779ff93 - - - - -] keystone.split_loggers = False log_opt_values /usr/lib/python3/dist-packages/oslo_config/cfg.py:2609
2025-11-17 00:41:17.288 125566 DEBUG oslo_messaging._drivers.amqpdriver [-] AMQPListener connection consume poll /usr/lib/python3/dist-packages/oslo_messaging/_drivers/amqpdriver.py:357
2025-11-17 00:41:17.289 124608 DEBUG oslo_service.service [req-7f4068f3-48b1-4e24-8f97-2781f779ff93 - - - - -] keystone.status_code_retries = None log_opt_values /usr/lib/python3/dist-packages/oslo_config/cfg.py:2609
2025-11-17 00:41:17.290 124608 DEBUG oslo_service.service [req-7f4068f3-48b1-4e24-8f97-2781f779ff93 - - - - -] keystone.status_code_retry_delay = None log_opt_values /usr/lib/python3/dist-packages/oslo_config/cfg.py:2609
2025-11-17 00:41:17.290 124608 DEBUG oslo_service.service [req-7f4068f3-48b1-4e24-8f97-2781f779ff93 - - - - -] keystone.timeout = None log_opt_values /usr/lib/python3/dist-packages/oslo_config/cfg.py:2609
2025-11-17 00:41:17.291 124608 DEBUG oslo_service.service [req-7f4068f3-48b1-4e24-8f97-2781f779ff93 - - - - -] keystone.valid_interfaces = ['internal', 'public'] log_opt_values /usr/lib/python3/dist-packages/oslo_config/cfg.py:2609
2025-11-17 00:41:17.291 124608 DEBUG oslo_service.service [req-7f4068f3-48b1-4e24-8f97-2781f779ff93 - - - - -] keystone.version = None log_opt_values /usr/lib/python3/dist-packages/oslo_config/cfg.py:2609
2025-11-17 00:41:17.291 124608 DEBUG oslo_service.service [req-7f4068f3-48b1-4e24-8f97-2781f779ff93 - - - - -] libvirt.connection_uri = log_opt_values /usr/lib/python3/dist-packages/oslo_config/cfg.py:2609
2025-11-17 00:41:17.292 124608 DEBUG oslo_service.service [req-7f4068f3-48b1-4e24-8f97-2781f779ff93 - - - - -] libvirt.cpu_mode = None log_opt_values /usr/lib/python3/dist-packages/oslo_config/cfg.py:2609
2025-11-17 00:41:17.292 124608 DEBUG oslo_service.service [req-7f4068f3-48b1-4e24-8f97-2781f779ff93 - - - - -] libvirt.cpu_model_extra_flags = [] log_opt_values /usr/lib/python3/dist-packages/oslo_config/cfg.py:2609
2025-11-17 00:41:17.292 124608 DEBUG oslo_service.service [req-7f4068f3-48b1-4e24-8f97-2781f779ff93 - - - - -] libvirt.cpu_models = [] log_opt_values /usr/lib/python3/dist-packages/oslo_config/cfg.py:2609
2025-11-17 00:41:17.292 124608 DEBUG oslo_service.service [req-7f4068f3-48b1-4e24-8f97-2781f779ff93 - - - - -] libvirt.device_detach_attempts = 8 log_opt_values /usr/lib/python3/dist-packages/oslo_config/cfg.py:2609
2025-11-17 00:41:17.293 124608 DEBUG oslo_service.service [req-7f4068f3-48b1-4e24-8f97-2781f779ff93 - - - - -] libvirt.device_detach_timeout = 20 log_opt_values /usr/lib/python3/dist-packages/oslo_config/cfg.py:2609
2025-11-17 00:41:17.293 124608 DEBUG oslo_service.service [req-7f4068f3-48b1-4e24-8f97-2781f779ff93 - - - - -] libvirt.disk_cachemodes = [] log_opt_values /usr/lib/python3/dist-packages/oslo_config/cfg.py:2609
2025-11-17 00:41:17.295 124608 DEBUG oslo_service.service [req-7f4068f3-48b1-4e24-8f97-2781f779ff93 - - - - -] libvirt.disk_prefix = None log_opt_values /usr/lib/python3/dist-packages/oslo_config/cfg.py:2609
2025-11-17 00:41:17.295 124608 DEBUG oslo_service.service [req-7f4068f3-48b1-4e24-8f97-2781f779ff93 - - - - -] libvirt.enabled_perf_events = [] log_opt_values /usr/lib/python3/dist-packages/oslo_config/cfg.py:2609
2025-11-17 00:41:17.296 124608 DEBUG oslo_service.service [req-7f4068f3-48b1-4e24-8f97-2781f779ff93 - - - - -] libvirt.file_backed_memory = 0 log_opt_values /usr/lib/python3/dist-packages/oslo_config/cfg.py:2609
2025-11-17 00:41:17.296 124608 DEBUG oslo_service.service [req-7f4068f3-48b1-4e24-8f97-2781f779ff93 - - - - -] libvirt.gid_maps = [] log_opt_values /usr/lib/python3/dist-packages/oslo_config/cfg.py:2609
2025-11-17 00:41:17.296 124608 DEBUG oslo_service.service [req-7f4068f3-48b1-4e24-8f97-2781f779ff93 - - - - -] libvirt.hw_disk_discard = None log_opt_values /usr/lib/python3/dist-packages/oslo_config/cfg.py:2609
2025-11-17 00:41:17.296 124608 DEBUG oslo_service.service [req-7f4068f3-48b1-4e24-8f97-2781f779ff93 - - - - -] libvirt.hw_machine_type = None log_opt_values /usr/lib/python3/dist-packages/oslo_config/cfg.py:2609
2025-11-17 00:41:17.297 124608 DEBUG oslo_service.service [req-7f4068f3-48b1-4e24-8f97-2781f779ff93 - - - - -] libvirt.images_rbd_ceph_conf = log_opt_values /usr/lib/python3/dist-packages/oslo_config/cfg.py:2609
2025-11-17 00:41:17.297 124608 DEBUG oslo_service.service [req-7f4068f3-48b1-4e24-8f97-2781f779ff93 - - - - -] libvirt.images_rbd_glance_copy_poll_interval = 15 log_opt_values /usr/lib/python3/dist-packages/oslo_config/cfg.py:2609
2025-11-17 00:41:17.297 124608 DEBUG oslo_service.service [req-7f4068f3-48b1-4e24-8f97-2781f779ff93 - - - - -] libvirt.images_rbd_glance_copy_timeout = 600 log_opt_values /usr/lib/python3/dist-packages/oslo_config/cfg.py:2609
2025-11-17 00:41:17.297 124608 DEBUG oslo_service.service [req-7f4068f3-48b1-4e24-8f97-2781f779ff93 - - - - -] libvirt.images_rbd_glance_store_name = log_opt_values /usr/lib/python3/dist-packages/oslo_config/cfg.py:2609
2025-11-17 00:41:17.297 124608 DEBUG oslo_service.service [req-7f4068f3-48b1-4e24-8f97-2781f779ff93 - - - - -] libvirt.images_rbd_pool = rbd log_opt_values /usr/lib/python3/dist-packages/oslo_config/cfg.py:2609
2025-11-17 00:41:17.298 124608 DEBUG oslo_service.service [req-7f4068f3-48b1-4e24-8f97-2781f779ff93 - - - - -] libvirt.images_type = default log_opt_values /usr/lib/python3/dist-packages/oslo_config/cfg.py:2609
2025-11-17 00:41:17.298 124608 DEBUG oslo_service.service [req-7f4068f3-48b1-4e24-8f97-2781f779ff93 - - - - -] libvirt.images_volume_group = None log_opt_values /usr/lib/python3/dist-packages/oslo_config/cfg.py:2609
2025-11-17 00:41:17.298 124608 DEBUG oslo_service.service [req-7f4068f3-48b1-4e24-8f97-2781f779ff93 - - - - -] libvirt.inject_key = False log_opt_values /usr/lib/python3/dist-packages/oslo_config/cfg.py:2609
2025-11-17 00:41:17.298 124608 DEBUG oslo_service.service [req-7f4068f3-48b1-4e24-8f97-2781f779ff93 - - - - -] libvirt.inject_partition = -2 log_opt_values /usr/lib/python3/dist-packages/oslo_config/cfg.py:2609
2025-11-17 00:41:17.298 124608 DEBUG oslo_service.service [req-7f4068f3-48b1-4e24-8f97-2781f779ff93 - - - - -] libvirt.inject_password = False log_opt_values /usr/lib/python3/dist-packages/oslo_config/cfg.py:2609
2025-11-17 00:41:17.299 124608 DEBUG oslo_service.service [req-7f4068f3-48b1-4e24-8f97-2781f779ff93 - - - - -] libvirt.iscsi_iface = None log_opt_values /usr/lib/python3/dist-packages/oslo_config/cfg.py:2609
2025-11-17 00:41:17.299 124608 DEBUG oslo_service.service [req-7f4068f3-48b1-4e24-8f97-2781f779ff93 - - - - -] libvirt.iser_use_multipath = False log_opt_values /usr/lib/python3/dist-packages/oslo_config/cfg.py:2609
2025-11-17 00:41:17.299 124608 DEBUG oslo_service.service [req-7f4068f3-48b1-4e24-8f97-2781f779ff93 - - - - -] libvirt.live_migration_bandwidth = 0 log_opt_values /usr/lib/python3/dist-packages/oslo_config/cfg.py:2609
2025-11-17 00:41:17.299 124608 DEBUG oslo_service.service [req-7f4068f3-48b1-4e24-8f97-2781f779ff93 - - - - -] libvirt.live_migration_completion_timeout = 800 log_opt_values /usr/lib/python3/dist-packages/oslo_config/cfg.py:2609
2025-11-17 00:41:17.299 124608 DEBUG oslo_service.service [req-7f4068f3-48b1-4e24-8f97-2781f779ff93 - - - - -] libvirt.live_migration_downtime = 500 log_opt_values /usr/lib/python3/dist-packages/oslo_config/cfg.py:2609
2025-11-17 00:41:17.299 124608 DEBUG oslo_service.service [req-7f4068f3-48b1-4e24-8f97-2781f779ff93 - - - - -] libvirt.live_migration_downtime_delay = 75 log_opt_values /usr/lib/python3/dist-packages/oslo_config/cfg.py:2609
2025-11-17 00:41:17.300 124608 DEBUG oslo_service.service [req-7f4068f3-48b1-4e24-8f97-2781f779ff93 - - - - -] libvirt.live_migration_downtime_steps = 10 log_opt_values /usr/lib/python3/dist-packages/oslo_config/cfg.py:2609
2025-11-17 00:41:17.300 124608 DEBUG oslo_service.service [req-7f4068f3-48b1-4e24-8f97-2781f779ff93 - - - - -] libvirt.live_migration_inbound_addr = None log_opt_values /usr/lib/python3/dist-packages/oslo_config/cfg.py:2609
2025-11-17 00:41:17.300 124608 DEBUG oslo_service.service [req-7f4068f3-48b1-4e24-8f97-2781f779ff93 - - - - -] libvirt.live_migration_permit_auto_converge = False log_opt_values /usr/lib/python3/dist-packages/oslo_config/cfg.py:2609
2025-11-17 00:41:17.300 124608 DEBUG oslo_service.service [req-7f4068f3-48b1-4e24-8f97-2781f779ff93 - - - - -] libvirt.live_migration_permit_post_copy = False log_opt_values /usr/lib/python3/dist-packages/oslo_config/cfg.py:2609
2025-11-17 00:41:17.300 124608 DEBUG oslo_service.service [req-7f4068f3-48b1-4e24-8f97-2781f779ff93 - - - - -] libvirt.live_migration_scheme = None log_opt_values /usr/lib/python3/dist-packages/oslo_config/cfg.py:2609
2025-11-17 00:41:17.301 124608 DEBUG oslo_service.service [req-7f4068f3-48b1-4e24-8f97-2781f779ff93 - - - - -] libvirt.live_migration_timeout_action = abort log_opt_values /usr/lib/python3/dist-packages/oslo_config/cfg.py:2609
2025-11-17 00:41:17.301 124608 DEBUG oslo_service.service [req-7f4068f3-48b1-4e24-8f97-2781f779ff93 - - - - -] libvirt.live_migration_tunnelled = False log_opt_values /usr/lib/python3/dist-packages/oslo_config/cfg.py:2609
2025-11-17 00:41:17.301 124608 DEBUG oslo_service.service [req-7f4068f3-48b1-4e24-8f97-2781f779ff93 - - - - -] libvirt.live_migration_uri = None log_opt_values /usr/lib/python3/dist-packages/oslo_config/cfg.py:2609
2025-11-17 00:41:17.301 124608 DEBUG oslo_service.service [req-7f4068f3-48b1-4e24-8f97-2781f779ff93 - - - - -] libvirt.live_migration_with_native_tls = False log_opt_values /usr/lib/python3/dist-packages/oslo_config/cfg.py:2609
2025-11-17 00:41:17.301 124608 DEBUG oslo_service.service [req-7f4068f3-48b1-4e24-8f97-2781f779ff93 - - - - -] libvirt.max_queues = None log_opt_values /usr/lib/python3/dist-packages/oslo_config/cfg.py:2609
2025-11-17 00:41:17.302 124608 DEBUG oslo_service.service [req-7f4068f3-48b1-4e24-8f97-2781f779ff93 - - - - -] libvirt.mem_stats_period_seconds = 10 log_opt_values /usr/lib/python3/dist-packages/oslo_config/cfg.py:2609
2025-11-17 00:41:17.302 124608 DEBUG oslo_service.service [req-7f4068f3-48b1-4e24-8f97-2781f779ff93 - - - - -] libvirt.nfs_mount_options = None log_opt_values /usr/lib/python3/dist-packages/oslo_config/cfg.py:2609
2025-11-17 00:41:17.302 124608 DEBUG oslo_service.service [req-7f4068f3-48b1-4e24-8f97-2781f779ff93 - - - - -] libvirt.nfs_mount_point_base = /var/lib/nova/mnt log_opt_values /usr/lib/python3/dist-packages/oslo_config/cfg.py:2609
2025-11-17 00:41:17.302 124608 DEBUG oslo_service.service [req-7f4068f3-48b1-4e24-8f97-2781f779ff93 - - - - -] libvirt.num_aoe_discover_tries = 3 log_opt_values /usr/lib/python3/dist-packages/oslo_config/cfg.py:2609
2025-11-17 00:41:17.302 124608 DEBUG oslo_service.service [req-7f4068f3-48b1-4e24-8f97-2781f779ff93 - - - - -] libvirt.num_iser_scan_tries = 5 log_opt_values /usr/lib/python3/dist-packages/oslo_config/cfg.py:2609
2025-11-17 00:41:17.303 124608 DEBUG oslo_service.service [req-7f4068f3-48b1-4e24-8f97-2781f779ff93 - - - - -] libvirt.num_memory_encrypted_guests = None log_opt_values /usr/lib/python3/dist-packages/oslo_config/cfg.py:2609
2025-11-17 00:41:17.303 124608 DEBUG oslo_service.service [req-7f4068f3-48b1-4e24-8f97-2781f779ff93 - - - - -] libvirt.num_nvme_discover_tries = 5 log_opt_values /usr/lib/python3/dist-packages/oslo_config/cfg.py:2609
2025-11-17 00:41:17.303 124608 DEBUG oslo_service.service [req-7f4068f3-48b1-4e24-8f97-2781f779ff93 - - - - -] libvirt.num_pcie_ports = 0 log_opt_values /usr/lib/python3/dist-packages/oslo_config/cfg.py:2609
2025-11-17 00:41:17.303 124608 DEBUG oslo_service.service [req-7f4068f3-48b1-4e24-8f97-2781f779ff93 - - - - -] libvirt.num_volume_scan_tries = 5 log_opt_values /usr/lib/python3/dist-packages/oslo_config/cfg.py:2609
2025-11-17 00:41:17.303 124608 DEBUG oslo_service.service [req-7f4068f3-48b1-4e24-8f97-2781f779ff93 - - - - -] libvirt.pmem_namespaces = [] log_opt_values /usr/lib/python3/dist-packages/oslo_config/cfg.py:2609
2025-11-17 00:41:17.304 124608 DEBUG oslo_service.service [req-7f4068f3-48b1-4e24-8f97-2781f779ff93 - - - - -] libvirt.quobyte_client_cfg = None log_opt_values /usr/lib/python3/dist-packages/oslo_config/cfg.py:2609
2025-11-17 00:41:17.304 124608 DEBUG oslo_service.service [req-7f4068f3-48b1-4e24-8f97-2781f779ff93 - - - - -] libvirt.quobyte_mount_point_base = /var/lib/nova/mnt log_opt_values /usr/lib/python3/dist-packages/oslo_config/cfg.py:2609
2025-11-17 00:41:17.304 124608 DEBUG oslo_service.service [req-7f4068f3-48b1-4e24-8f97-2781f779ff93 - - - - -] libvirt.rbd_connect_timeout = 5 log_opt_values /usr/lib/python3/dist-packages/oslo_config/cfg.py:2609
2025-11-17 00:41:17.304 124608 DEBUG oslo_service.service [req-7f4068f3-48b1-4e24-8f97-2781f779ff93 - - - - -] libvirt.rbd_destroy_volume_retries = 12 log_opt_values /usr/lib/python3/dist-packages/oslo_config/cfg.py:2609
2025-11-17 00:41:17.305 124608 DEBUG oslo_service.service [req-7f4068f3-48b1-4e24-8f97-2781f779ff93 - - - - -] libvirt.rbd_destroy_volume_retry_interval = 5 log_opt_values /usr/lib/python3/dist-packages/oslo_config/cfg.py:2609
2025-11-17 00:41:17.305 124608 DEBUG oslo_service.service [req-7f4068f3-48b1-4e24-8f97-2781f779ff93 - - - - -] libvirt.rbd_secret_uuid = None log_opt_values /usr/lib/python3/dist-packages/oslo_config/cfg.py:2609
2025-11-17 00:41:17.305 124608 DEBUG oslo_service.service [req-7f4068f3-48b1-4e24-8f97-2781f779ff93 - - - - -] libvirt.rbd_user = None log_opt_values /usr/lib/python3/dist-packages/oslo_config/cfg.py:2609
2025-11-17 00:41:17.305 124608 DEBUG oslo_service.service [req-7f4068f3-48b1-4e24-8f97-2781f779ff93 - - - - -] libvirt.realtime_scheduler_priority = 1 log_opt_values /usr/lib/python3/dist-packages/oslo_config/cfg.py:2609
2025-11-17 00:41:17.305 124608 DEBUG oslo_service.service [req-7f4068f3-48b1-4e24-8f97-2781f779ff93 - - - - -] libvirt.remote_filesystem_transport = ssh log_opt_values /usr/lib/python3/dist-packages/oslo_config/cfg.py:2609
2025-11-17 00:41:17.306 124608 DEBUG oslo_service.service [req-7f4068f3-48b1-4e24-8f97-2781f779ff93 - - - - -] libvirt.rescue_image_id = None log_opt_values /usr/lib/python3/dist-packages/oslo_config/cfg.py:2609
2025-11-17 00:41:17.306 124608 DEBUG oslo_service.service [req-7f4068f3-48b1-4e24-8f97-2781f779ff93 - - - - -] libvirt.rescue_kernel_id = None log_opt_values /usr/lib/python3/dist-packages/oslo_config/cfg.py:2609
2025-11-17 00:41:17.306 124608 DEBUG oslo_service.service [req-7f4068f3-48b1-4e24-8f97-2781f779ff93 - - - - -] libvirt.rescue_ramdisk_id = None log_opt_values /usr/lib/python3/dist-packages/oslo_config/cfg.py:2609
2025-11-17 00:41:17.306 124608 DEBUG oslo_service.service [req-7f4068f3-48b1-4e24-8f97-2781f779ff93 - - - - -] libvirt.rng_dev_path = /dev/urandom log_opt_values /usr/lib/python3/dist-packages/oslo_config/cfg.py:2609
2025-11-17 00:41:17.306 124608 DEBUG oslo_service.service [req-7f4068f3-48b1-4e24-8f97-2781f779ff93 - - - - -] libvirt.rx_queue_size = None log_opt_values /usr/lib/python3/dist-packages/oslo_config/cfg.py:2609
2025-11-17 00:41:17.306 124608 DEBUG oslo_service.service [req-7f4068f3-48b1-4e24-8f97-2781f779ff93 - - - - -] libvirt.smbfs_mount_options = log_opt_values /usr/lib/python3/dist-packages/oslo_config/cfg.py:2609
2025-11-17 00:41:17.307 124608 DEBUG oslo_service.service [req-7f4068f3-48b1-4e24-8f97-2781f779ff93 - - - - -] libvirt.smbfs_mount_point_base = /var/lib/nova/mnt log_opt_values /usr/lib/python3/dist-packages/oslo_config/cfg.py:2609
2025-11-17 00:41:17.307 124608 DEBUG oslo_service.service [req-7f4068f3-48b1-4e24-8f97-2781f779ff93 - - - - -] libvirt.snapshot_compression = False log_opt_values /usr/lib/python3/dist-packages/oslo_config/cfg.py:2609
2025-11-17 00:41:17.307 124608 DEBUG oslo_service.service [req-7f4068f3-48b1-4e24-8f97-2781f779ff93 - - - - -] libvirt.snapshot_image_format = None log_opt_values /usr/lib/python3/dist-packages/oslo_config/cfg.py:2609
2025-11-17 00:41:17.307 124608 DEBUG oslo_service.service [req-7f4068f3-48b1-4e24-8f97-2781f779ff93 - - - - -] libvirt.snapshots_directory = /var/lib/nova/instances/snapshots log_opt_values /usr/lib/python3/dist-packages/oslo_config/cfg.py:2609
2025-11-17 00:41:17.308 124608 DEBUG oslo_service.service [req-7f4068f3-48b1-4e24-8f97-2781f779ff93 - - - - -] libvirt.sparse_logical_volumes = False log_opt_values /usr/lib/python3/dist-packages/oslo_config/cfg.py:2609
2025-11-17 00:41:17.308 124608 DEBUG oslo_service.service [req-7f4068f3-48b1-4e24-8f97-2781f779ff93 - - - - -] libvirt.swtpm_enabled = False log_opt_values /usr/lib/python3/dist-packages/oslo_config/cfg.py:2609
2025-11-17 00:41:17.308 124608 DEBUG oslo_service.service [req-7f4068f3-48b1-4e24-8f97-2781f779ff93 - - - - -] libvirt.swtpm_group = tss log_opt_values /usr/lib/python3/dist-packages/oslo_config/cfg.py:2609
2025-11-17 00:41:17.308 124608 DEBUG oslo_service.service [req-7f4068f3-48b1-4e24-8f97-2781f779ff93 - - - - -] libvirt.swtpm_user = tss log_opt_values /usr/lib/python3/dist-packages/oslo_config/cfg.py:2609
2025-11-17 00:41:17.308 124608 DEBUG oslo_service.service [req-7f4068f3-48b1-4e24-8f97-2781f779ff93 - - - - -] libvirt.sysinfo_serial = unique log_opt_values /usr/lib/python3/dist-packages/oslo_config/cfg.py:2609
2025-11-17 00:41:17.309 124608 DEBUG oslo_service.service [req-7f4068f3-48b1-4e24-8f97-2781f779ff93 - - - - -] libvirt.tx_queue_size = None log_opt_values /usr/lib/python3/dist-packages/oslo_config/cfg.py:2609
2025-11-17 00:41:17.309 124608 DEBUG oslo_service.service [req-7f4068f3-48b1-4e24-8f97-2781f779ff93 - - - - -] libvirt.uid_maps = [] log_opt_values /usr/lib/python3/dist-packages/oslo_config/cfg.py:2609
2025-11-17 00:41:17.309 124608 DEBUG oslo_service.service [req-7f4068f3-48b1-4e24-8f97-2781f779ff93 - - - - -] libvirt.use_virtio_for_bridges = True log_opt_values /usr/lib/python3/dist-packages/oslo_config/cfg.py:2609
2025-11-17 00:41:17.309 124608 DEBUG oslo_service.service [req-7f4068f3-48b1-4e24-8f97-2781f779ff93 - - - - -] libvirt.virt_type = kvm log_opt_values /usr/lib/python3/dist-packages/oslo_config/cfg.py:2609
2025-11-17 00:41:17.309 124608 DEBUG oslo_service.service [req-7f4068f3-48b1-4e24-8f97-2781f779ff93 - - - - -] libvirt.volume_clear = zero log_opt_values /usr/lib/python3/dist-packages/oslo_config/cfg.py:2609
2025-11-17 00:41:17.310 124608 DEBUG oslo_service.service [req-7f4068f3-48b1-4e24-8f97-2781f779ff93 - - - - -] libvirt.volume_clear_size = 0 log_opt_values /usr/lib/python3/dist-packages/oslo_config/cfg.py:2609
2025-11-17 00:41:17.310 124608 DEBUG oslo_service.service [req-7f4068f3-48b1-4e24-8f97-2781f779ff93 - - - - -] libvirt.volume_use_multipath = False log_opt_values /usr/lib/python3/dist-packages/oslo_config/cfg.py:2609
2025-11-17 00:41:17.310 124608 DEBUG oslo_service.service [req-7f4068f3-48b1-4e24-8f97-2781f779ff93 - - - - -] libvirt.vzstorage_cache_path = None log_opt_values /usr/lib/python3/dist-packages/oslo_config/cfg.py:2609
2025-11-17 00:41:17.310 124608 DEBUG oslo_service.service [req-7f4068f3-48b1-4e24-8f97-2781f779ff93 - - - - -] libvirt.vzstorage_log_path = /var/log/vstorage/%(cluster_name)s/nova.log.gz log_opt_values /usr/lib/python3/dist-packages/oslo_config/cfg.py:2609
2025-11-17 00:41:17.310 124608 DEBUG oslo_service.service [req-7f4068f3-48b1-4e24-8f97-2781f779ff93 - - - - -] libvirt.vzstorage_mount_group = qemu log_opt_values /usr/lib/python3/dist-packages/oslo_config/cfg.py:2609
2025-11-17 00:41:17.310 124608 DEBUG oslo_service.service [req-7f4068f3-48b1-4e24-8f97-2781f779ff93 - - - - -] libvirt.vzstorage_mount_opts = [] log_opt_values /usr/lib/python3/dist-packages/oslo_config/cfg.py:2609
2025-11-17 00:41:17.311 124608 DEBUG oslo_service.service [req-7f4068f3-48b1-4e24-8f97-2781f779ff93 - - - - -] libvirt.vzstorage_mount_perms = 0770 log_opt_values /usr/lib/python3/dist-packages/oslo_config/cfg.py:2609
2025-11-17 00:41:17.311 124608 DEBUG oslo_service.service [req-7f4068f3-48b1-4e24-8f97-2781f779ff93 - - - - -] libvirt.vzstorage_mount_point_base = /var/lib/nova/mnt log_opt_values /usr/lib/python3/dist-packages/oslo_config/cfg.py:2609
2025-11-17 00:41:17.311 124608 DEBUG oslo_service.service [req-7f4068f3-48b1-4e24-8f97-2781f779ff93 - - - - -] libvirt.vzstorage_mount_user = stack log_opt_values /usr/lib/python3/dist-packages/oslo_config/cfg.py:2609
2025-11-17 00:41:17.311 124608 DEBUG oslo_service.service [req-7f4068f3-48b1-4e24-8f97-2781f779ff93 - - - - -] libvirt.wait_soft_reboot_seconds = 120 log_opt_values /usr/lib/python3/dist-packages/oslo_config/cfg.py:2609
2025-11-17 00:41:17.311 124608 DEBUG oslo_service.service [req-7f4068f3-48b1-4e24-8f97-2781f779ff93 - - - - -] neutron.auth_section = None log_opt_values /usr/lib/python3/dist-packages/oslo_config/cfg.py:2609
2025-11-17 00:41:17.312 124608 DEBUG oslo_service.service [req-7f4068f3-48b1-4e24-8f97-2781f779ff93 - - - - -] neutron.auth_type = password log_opt_values /usr/lib/python3/dist-packages/oslo_config/cfg.py:2609
2025-11-17 00:41:17.312 124608 DEBUG oslo_service.service [req-7f4068f3-48b1-4e24-8f97-2781f779ff93 - - - - -] neutron.cafile = None log_opt_values /usr/lib/python3/dist-packages/oslo_config/cfg.py:2609
2025-11-17 00:41:17.312 124608 DEBUG oslo_service.service [req-7f4068f3-48b1-4e24-8f97-2781f779ff93 - - - - -] neutron.certfile = None log_opt_values /usr/lib/python3/dist-packages/oslo_config/cfg.py:2609
2025-11-17 00:41:17.312 124608 DEBUG oslo_service.service [req-7f4068f3-48b1-4e24-8f97-2781f779ff93 - - - - -] neutron.collect_timing = False log_opt_values /usr/lib/python3/dist-packages/oslo_config/cfg.py:2609
2025-11-17 00:41:17.312 124608 DEBUG oslo_service.service [req-7f4068f3-48b1-4e24-8f97-2781f779ff93 - - - - -] neutron.connect_retries = None log_opt_values /usr/lib/python3/dist-packages/oslo_config/cfg.py:2609
2025-11-17 00:41:17.313 124608 DEBUG oslo_service.service [req-7f4068f3-48b1-4e24-8f97-2781f779ff93 - - - - -] neutron.connect_retry_delay = None log_opt_values /usr/lib/python3/dist-packages/oslo_config/cfg.py:2609
2025-11-17 00:41:17.313 124608 DEBUG oslo_service.service [req-7f4068f3-48b1-4e24-8f97-2781f779ff93 - - - - -] neutron.default_floating_pool = nova log_opt_values /usr/lib/python3/dist-packages/oslo_config/cfg.py:2609
2025-11-17 00:41:17.313 124608 DEBUG oslo_service.service [req-7f4068f3-48b1-4e24-8f97-2781f779ff93 - - - - -] neutron.endpoint_override = None log_opt_values /usr/lib/python3/dist-packages/oslo_config/cfg.py:2609
2025-11-17 00:41:17.313 124608 DEBUG oslo_service.service [req-7f4068f3-48b1-4e24-8f97-2781f779ff93 - - - - -] neutron.extension_sync_interval = 600 log_opt_values /usr/lib/python3/dist-packages/oslo_config/cfg.py:2609
2025-11-17 00:41:17.313 124608 DEBUG oslo_service.service [req-7f4068f3-48b1-4e24-8f97-2781f779ff93 - - - - -] neutron.http_retries = 3 log_opt_values /usr/lib/python3/dist-packages/oslo_config/cfg.py:2609
2025-11-17 00:41:17.314 124608 DEBUG oslo_service.service [req-7f4068f3-48b1-4e24-8f97-2781f779ff93 - - - - -] neutron.insecure = False log_opt_values /usr/lib/python3/dist-packages/oslo_config/cfg.py:2609
2025-11-17 00:41:17.314 124608 DEBUG oslo_service.service [req-7f4068f3-48b1-4e24-8f97-2781f779ff93 - - - - -] neutron.keyfile = None log_opt_values /usr/lib/python3/dist-packages/oslo_config/cfg.py:2609
2025-11-17 00:41:17.315 124608 DEBUG oslo_service.service [req-7f4068f3-48b1-4e24-8f97-2781f779ff93 - - - - -] neutron.max_version = None log_opt_values /usr/lib/python3/dist-packages/oslo_config/cfg.py:2609
2025-11-17 00:41:17.315 124608 DEBUG oslo_service.service [req-7f4068f3-48b1-4e24-8f97-2781f779ff93 - - - - -] neutron.metadata_proxy_shared_secret = **** log_opt_values /usr/lib/python3/dist-packages/oslo_config/cfg.py:2609
2025-11-17 00:41:17.315 124608 DEBUG oslo_service.service [req-7f4068f3-48b1-4e24-8f97-2781f779ff93 - - - - -] neutron.min_version = None log_opt_values /usr/lib/python3/dist-packages/oslo_config/cfg.py:2609
2025-11-17 00:41:17.315 124608 DEBUG oslo_service.service [req-7f4068f3-48b1-4e24-8f97-2781f779ff93 - - - - -] neutron.ovs_bridge = br-int log_opt_values /usr/lib/python3/dist-packages/oslo_config/cfg.py:2609
2025-11-17 00:41:17.315 124608 DEBUG oslo_service.service [req-7f4068f3-48b1-4e24-8f97-2781f779ff93 - - - - -] neutron.physnets = [] log_opt_values /usr/lib/python3/dist-packages/oslo_config/cfg.py:2609
2025-11-17 00:41:17.316 124608 DEBUG oslo_service.service [req-7f4068f3-48b1-4e24-8f97-2781f779ff93 - - - - -] neutron.region_name = RegionOne log_opt_values /usr/lib/python3/dist-packages/oslo_config/cfg.py:2609
2025-11-17 00:41:17.316 124608 DEBUG oslo_service.service [req-7f4068f3-48b1-4e24-8f97-2781f779ff93 - - - - -] neutron.service_metadata_proxy = True log_opt_values /usr/lib/python3/dist-packages/oslo_config/cfg.py:2609
2025-11-17 00:41:17.316 124608 DEBUG oslo_service.service [req-7f4068f3-48b1-4e24-8f97-2781f779ff93 - - - - -] neutron.service_name = None log_opt_values /usr/lib/python3/dist-packages/oslo_config/cfg.py:2609
2025-11-17 00:41:17.316 124608 DEBUG oslo_service.service [req-7f4068f3-48b1-4e24-8f97-2781f779ff93 - - - - -] neutron.service_type = network log_opt_values /usr/lib/python3/dist-packages/oslo_config/cfg.py:2609
2025-11-17 00:41:17.316 124608 DEBUG oslo_service.service [req-7f4068f3-48b1-4e24-8f97-2781f779ff93 - - - - -] neutron.split_loggers = False log_opt_values /usr/lib/python3/dist-packages/oslo_config/cfg.py:2609
2025-11-17 00:41:17.317 124608 DEBUG oslo_service.service [req-7f4068f3-48b1-4e24-8f97-2781f779ff93 - - - - -] neutron.status_code_retries = None log_opt_values /usr/lib/python3/dist-packages/oslo_config/cfg.py:2609
2025-11-17 00:41:17.317 124608 DEBUG oslo_service.service [req-7f4068f3-48b1-4e24-8f97-2781f779ff93 - - - - -] neutron.status_code_retry_delay = None log_opt_values /usr/lib/python3/dist-packages/oslo_config/cfg.py:2609
2025-11-17 00:41:17.317 124608 DEBUG oslo_service.service [req-7f4068f3-48b1-4e24-8f97-2781f779ff93 - - - - -] neutron.timeout = None log_opt_values /usr/lib/python3/dist-packages/oslo_config/cfg.py:2609
2025-11-17 00:41:17.317 124608 DEBUG oslo_service.service [req-7f4068f3-48b1-4e24-8f97-2781f779ff93 - - - - -] neutron.valid_interfaces = ['internal', 'public'] log_opt_values /usr/lib/python3/dist-packages/oslo_config/cfg.py:2609
2025-11-17 00:41:17.317 124608 DEBUG oslo_service.service [req-7f4068f3-48b1-4e24-8f97-2781f779ff93 - - - - -] neutron.version = None log_opt_values /usr/lib/python3/dist-packages/oslo_config/cfg.py:2609
2025-11-17 00:41:17.317 124608 DEBUG oslo_service.service [req-7f4068f3-48b1-4e24-8f97-2781f779ff93 - - - - -] notifications.bdms_in_notifications = False log_opt_values /usr/lib/python3/dist-packages/oslo_config/cfg.py:2609
2025-11-17 00:41:17.318 124608 DEBUG oslo_service.service [req-7f4068f3-48b1-4e24-8f97-2781f779ff93 - - - - -] notifications.default_level = INFO log_opt_values /usr/lib/python3/dist-packages/oslo_config/cfg.py:2609
2025-11-17 00:41:17.318 124608 DEBUG oslo_service.service [req-7f4068f3-48b1-4e24-8f97-2781f779ff93 - - - - -] notifications.notification_format = unversioned log_opt_values /usr/lib/python3/dist-packages/oslo_config/cfg.py:2609
2025-11-17 00:41:17.318 124608 DEBUG oslo_service.service [req-7f4068f3-48b1-4e24-8f97-2781f779ff93 - - - - -] notifications.notify_on_state_change = None log_opt_values /usr/lib/python3/dist-packages/oslo_config/cfg.py:2609
2025-11-17 00:41:17.318 124608 DEBUG oslo_service.service [req-7f4068f3-48b1-4e24-8f97-2781f779ff93 - - - - -] notifications.versioned_notifications_topics = ['versioned_notifications'] log_opt_values /usr/lib/python3/dist-packages/oslo_config/cfg.py:2609
2025-11-17 00:41:17.318 124608 DEBUG oslo_service.service [req-7f4068f3-48b1-4e24-8f97-2781f779ff93 - - - - -] pci.alias = [] log_opt_values /usr/lib/python3/dist-packages/oslo_config/cfg.py:2609
2025-11-17 00:41:17.319 124608 DEBUG oslo_service.service [req-7f4068f3-48b1-4e24-8f97-2781f779ff93 - - - - -] pci.passthrough_whitelist = [] log_opt_values /usr/lib/python3/dist-packages/oslo_config/cfg.py:2609
2025-11-17 00:41:17.319 124608 DEBUG oslo_service.service [req-7f4068f3-48b1-4e24-8f97-2781f779ff93 - - - - -] placement.auth_section = None log_opt_values /usr/lib/python3/dist-packages/oslo_config/cfg.py:2609
2025-11-17 00:41:17.319 124608 DEBUG oslo_service.service [req-7f4068f3-48b1-4e24-8f97-2781f779ff93 - - - - -] placement.auth_type = password log_opt_values /usr/lib/python3/dist-packages/oslo_config/cfg.py:2609
2025-11-17 00:41:17.319 124608 DEBUG oslo_service.service [req-7f4068f3-48b1-4e24-8f97-2781f779ff93 - - - - -] placement.auth_url = http://252.129.11.162:35357 log_opt_values /usr/lib/python3/dist-packages/oslo_config/cfg.py:2609
2025-11-17 00:41:17.319 124608 DEBUG oslo_service.service [req-7f4068f3-48b1-4e24-8f97-2781f779ff93 - - - - -] placement.cafile = None log_opt_values /usr/lib/python3/dist-packages/oslo_config/cfg.py:2609
2025-11-17 00:41:17.320 124608 DEBUG oslo_service.service [req-7f4068f3-48b1-4e24-8f97-2781f779ff93 - - - - -] placement.certfile = None log_opt_values /usr/lib/python3/dist-packages/oslo_config/cfg.py:2609
2025-11-17 00:41:17.320 124608 DEBUG oslo_service.service [req-7f4068f3-48b1-4e24-8f97-2781f779ff93 - - - - -] placement.collect_timing = False log_opt_values /usr/lib/python3/dist-packages/oslo_config/cfg.py:2609
2025-11-17 00:41:17.320 124608 DEBUG oslo_service.service [req-7f4068f3-48b1-4e24-8f97-2781f779ff93 - - - - -] placement.connect_retries = None log_opt_values /usr/lib/python3/dist-packages/oslo_config/cfg.py:2609
2025-11-17 00:41:17.320 124608 DEBUG oslo_service.service [req-7f4068f3-48b1-4e24-8f97-2781f779ff93 - - - - -] placement.connect_retry_delay = None log_opt_values /usr/lib/python3/dist-packages/oslo_config/cfg.py:2609
2025-11-17 00:41:17.320 124608 DEBUG oslo_service.service [req-7f4068f3-48b1-4e24-8f97-2781f779ff93 - - - - -] placement.default_domain_id = None log_opt_values /usr/lib/python3/dist-packages/oslo_config/cfg.py:2609
2025-11-17 00:41:17.321 124608 DEBUG oslo_service.service [req-7f4068f3-48b1-4e24-8f97-2781f779ff93 - - - - -] placement.default_domain_name = None log_opt_values /usr/lib/python3/dist-packages/oslo_config/cfg.py:2609
2025-11-17 00:41:17.321 124608 DEBUG oslo_service.service [req-7f4068f3-48b1-4e24-8f97-2781f779ff93 - - - - -] placement.domain_id = None log_opt_values /usr/lib/python3/dist-packages/oslo_config/cfg.py:2609
2025-11-17 00:41:17.321 124608 DEBUG oslo_service.service [req-7f4068f3-48b1-4e24-8f97-2781f779ff93 - - - - -] placement.domain_name = None log_opt_values /usr/lib/python3/dist-packages/oslo_config/cfg.py:2609
2025-11-17 00:41:17.321 124608 DEBUG oslo_service.service [req-7f4068f3-48b1-4e24-8f97-2781f779ff93 - - - - -] placement.endpoint_override = None log_opt_values /usr/lib/python3/dist-packages/oslo_config/cfg.py:2609
2025-11-17 00:41:17.321 124608 DEBUG oslo_service.service [req-7f4068f3-48b1-4e24-8f97-2781f779ff93 - - - - -] placement.insecure = False log_opt_values /usr/lib/python3/dist-packages/oslo_config/cfg.py:2609
2025-11-17 00:41:17.322 124608 DEBUG oslo_service.service [req-7f4068f3-48b1-4e24-8f97-2781f779ff93 - - - - -] placement.keyfile = None log_opt_values /usr/lib/python3/dist-packages/oslo_config/cfg.py:2609
2025-11-17 00:41:17.322 124608 DEBUG oslo_service.service [req-7f4068f3-48b1-4e24-8f97-2781f779ff93 - - - - -] placement.max_version = None log_opt_values /usr/lib/python3/dist-packages/oslo_config/cfg.py:2609
