2025-11-17 00:45:13.255 168750 DEBUG nova.service [req-d2274de5-8e4e-4b6d-b741-89ba2dab252c - - - - -] Creating RPC server for service conductor start /usr/lib/python3/dist-packages/nova/service.py:182
2025-11-17 00:45:13.255 168751 DEBUG nova.service [req-ab3d6685-da33-48e0-ba0f-e0c8a7a7d4a9 - - - - -] Creating RPC server for service conductor start /usr/lib/python3/dist-packages/nova/service.py:182
2025-11-17 00:45:13.255 168314 DEBUG oslo_service.service [req-f17e5331-54c8-41ba-b249-9e0b7c135163 - - - - -] log_config_append = None log_opt_values /usr/lib/python3/dist-packages/oslo_config/cfg.py:2602
2025-11-17 00:45:13.256 168314 DEBUG oslo_service.service [req-f17e5331-54c8-41ba-b249-9e0b7c135163 - - - - -] log_date_format = %Y-%m-%d %H:%M:%S log_opt_values /usr/lib/python3/dist-packages/oslo_config/cfg.py:2602
2025-11-17 00:45:13.258 168314 DEBUG oslo_service.service [req-f17e5331-54c8-41ba-b249-9e0b7c135163 - - - - -] log_dir = /var/log/nova log_opt_values /usr/lib/python3/dist-packages/oslo_config/cfg.py:2602
2025-11-17 00:45:13.258 168314 DEBUG oslo_service.service [req-f17e5331-54c8-41ba-b249-9e0b7c135163 - - - - -] log_file = /var/log/nova/nova-conductor.log log_opt_values /usr/lib/python3/dist-packages/oslo_config/cfg.py:2602
2025-11-17 00:45:13.258 168314 DEBUG oslo_service.service [req-f17e5331-54c8-41ba-b249-9e0b7c135163 - - - - -] log_options = True log_opt_values /usr/lib/python3/dist-packages/oslo_config/cfg.py:2602
2025-11-17 00:45:13.259 168314 DEBUG oslo_service.service [req-f17e5331-54c8-41ba-b249-9e0b7c135163 - - - - -] log_rotate_interval = 1 log_opt_values /usr/lib/python3/dist-packages/oslo_config/cfg.py:2602
2025-11-17 00:45:13.259 168314 DEBUG oslo_service.service [req-f17e5331-54c8-41ba-b249-9e0b7c135163 - - - - -] log_rotate_interval_type = days log_opt_values /usr/lib/python3/dist-packages/oslo_config/cfg.py:2602
2025-11-17 00:45:13.259 168314 DEBUG oslo_service.service [req-f17e5331-54c8-41ba-b249-9e0b7c135163 - - - - -] log_rotation_type = none log_opt_values /usr/lib/python3/dist-packages/oslo_config/cfg.py:2602
2025-11-17 00:45:13.260 168314 DEBUG oslo_service.service [req-f17e5331-54c8-41ba-b249-9e0b7c135163 - - - - -] logging_context_format_string = %(asctime)s.%(msecs)03d %(process)d %(levelname)s %(name)s [%(request_id)s %(user_identity)s] %(instance)s%(message)s log_opt_values /usr/lib/python3/dist-packages/oslo_config/cfg.py:2602
2025-11-17 00:45:13.261 168314 DEBUG oslo_service.service [req-f17e5331-54c8-41ba-b249-9e0b7c135163 - - - - -] logging_debug_format_suffix = %(funcName)s %(pathname)s:%(lineno)d log_opt_values /usr/lib/python3/dist-packages/oslo_config/cfg.py:2602
2025-11-17 00:45:13.261 168314 DEBUG oslo_service.service [req-f17e5331-54c8-41ba-b249-9e0b7c135163 - - - - -] logging_default_format_string = %(asctime)s.%(msecs)03d %(process)d %(levelname)s %(name)s [-] %(instance)s%(message)s log_opt_values /usr/lib/python3/dist-packages/oslo_config/cfg.py:2602
2025-11-17 00:45:13.261 168314 DEBUG oslo_service.service [req-f17e5331-54c8-41ba-b249-9e0b7c135163 - - - - -] logging_exception_prefix = %(asctime)s.%(msecs)03d %(process)d ERROR %(name)s %(instance)s log_opt_values /usr/lib/python3/dist-packages/oslo_config/cfg.py:2602
2025-11-17 00:45:13.262 168314 DEBUG oslo_service.service [req-f17e5331-54c8-41ba-b249-9e0b7c135163 - - - - -] logging_user_identity_format = %(user)s %(project)s %(domain)s %(user_domain)s %(project_domain)s log_opt_values /usr/lib/python3/dist-packages/oslo_config/cfg.py:2602
2025-11-17 00:45:13.262 168314 DEBUG oslo_service.service [req-f17e5331-54c8-41ba-b249-9e0b7c135163 - - - - -] long_rpc_timeout = 1800 log_opt_values /usr/lib/python3/dist-packages/oslo_config/cfg.py:2602
2025-11-17 00:45:13.263 168314 DEBUG oslo_service.service [req-f17e5331-54c8-41ba-b249-9e0b7c135163 - - - - -] max_concurrent_builds = 10 log_opt_values /usr/lib/python3/dist-packages/oslo_config/cfg.py:2602
2025-11-17 00:45:13.263 168314 DEBUG oslo_service.service [req-f17e5331-54c8-41ba-b249-9e0b7c135163 - - - - -] max_concurrent_live_migrations = 1 log_opt_values /usr/lib/python3/dist-packages/oslo_config/cfg.py:2602
2025-11-17 00:45:13.263 168314 DEBUG oslo_service.service [req-f17e5331-54c8-41ba-b249-9e0b7c135163 - - - - -] max_concurrent_snapshots = 5 log_opt_values /usr/lib/python3/dist-packages/oslo_config/cfg.py:2602
2025-11-17 00:45:13.264 168314 DEBUG oslo_service.service [req-f17e5331-54c8-41ba-b249-9e0b7c135163 - - - - -] max_local_block_devices = 3 log_opt_values /usr/lib/python3/dist-packages/oslo_config/cfg.py:2602
2025-11-17 00:45:13.264 168314 DEBUG oslo_service.service [req-f17e5331-54c8-41ba-b249-9e0b7c135163 - - - - -] max_logfile_count = 30 log_opt_values /usr/lib/python3/dist-packages/oslo_config/cfg.py:2602
2025-11-17 00:45:13.264 168314 DEBUG oslo_service.service [req-f17e5331-54c8-41ba-b249-9e0b7c135163 - - - - -] max_logfile_size_mb = 200 log_opt_values /usr/lib/python3/dist-packages/oslo_config/cfg.py:2602
2025-11-17 00:45:13.265 168314 DEBUG oslo_service.service [req-f17e5331-54c8-41ba-b249-9e0b7c135163 - - - - -] maximum_instance_delete_attempts = 5 log_opt_values /usr/lib/python3/dist-packages/oslo_config/cfg.py:2602
2025-11-17 00:45:13.265 168314 DEBUG oslo_service.service [req-f17e5331-54c8-41ba-b249-9e0b7c135163 - - - - -] metadata_listen = 0.0.0.0 log_opt_values /usr/lib/python3/dist-packages/oslo_config/cfg.py:2602
2025-11-17 00:45:13.265 168314 DEBUG oslo_service.service [req-f17e5331-54c8-41ba-b249-9e0b7c135163 - - - - -] metadata_listen_port = 8765 log_opt_values /usr/lib/python3/dist-packages/oslo_config/cfg.py:2602
2025-11-17 00:45:13.266 168314 DEBUG oslo_service.service [req-f17e5331-54c8-41ba-b249-9e0b7c135163 - - - - -] metadata_workers = None log_opt_values /usr/lib/python3/dist-packages/oslo_config/cfg.py:2602
2025-11-17 00:45:13.266 168314 DEBUG oslo_service.service [req-f17e5331-54c8-41ba-b249-9e0b7c135163 - - - - -] migrate_max_retries = -1 log_opt_values /usr/lib/python3/dist-packages/oslo_config/cfg.py:2602
2025-11-17 00:45:13.267 168314 DEBUG oslo_service.service [req-f17e5331-54c8-41ba-b249-9e0b7c135163 - - - - -] mkisofs_cmd = genisoimage log_opt_values /usr/lib/python3/dist-packages/oslo_config/cfg.py:2602
2025-11-17 00:45:13.267 168314 DEBUG oslo_service.service [req-f17e5331-54c8-41ba-b249-9e0b7c135163 - - - - -] my_block_storage_ip = 252.129.78.7 log_opt_values /usr/lib/python3/dist-packages/oslo_config/cfg.py:2602
2025-11-17 00:45:13.267 168314 DEBUG oslo_service.service [req-f17e5331-54c8-41ba-b249-9e0b7c135163 - - - - -] my_ip = 252.129.78.7 log_opt_values /usr/lib/python3/dist-packages/oslo_config/cfg.py:2602
2025-11-17 00:45:13.267 168314 DEBUG oslo_service.service [req-f17e5331-54c8-41ba-b249-9e0b7c135163 - - - - -] network_allocate_retries = 0 log_opt_values /usr/lib/python3/dist-packages/oslo_config/cfg.py:2602
2025-11-17 00:45:13.268 168314 DEBUG oslo_service.service [req-f17e5331-54c8-41ba-b249-9e0b7c135163 - - - - -] non_inheritable_image_properties = ['cache_in_nova', 'bittorrent'] log_opt_values /usr/lib/python3/dist-packages/oslo_config/cfg.py:2602
2025-11-17 00:45:13.268 168314 DEBUG oslo_service.service [req-f17e5331-54c8-41ba-b249-9e0b7c135163 - - - - -] osapi_compute_listen = 0.0.0.0 log_opt_values /usr/lib/python3/dist-packages/oslo_config/cfg.py:2602
2025-11-17 00:45:13.268 168314 DEBUG oslo_service.service [req-f17e5331-54c8-41ba-b249-9e0b7c135163 - - - - -] osapi_compute_listen_port = 8764 log_opt_values /usr/lib/python3/dist-packages/oslo_config/cfg.py:2602
2025-11-17 00:45:13.269 168314 DEBUG oslo_service.service [req-f17e5331-54c8-41ba-b249-9e0b7c135163 - - - - -] osapi_compute_unique_server_name_scope = log_opt_values /usr/lib/python3/dist-packages/oslo_config/cfg.py:2602
2025-11-17 00:45:13.269 168314 DEBUG oslo_service.service [req-f17e5331-54c8-41ba-b249-9e0b7c135163 - - - - -] osapi_compute_workers = 4 log_opt_values /usr/lib/python3/dist-packages/oslo_config/cfg.py:2602
2025-11-17 00:45:13.269 168314 DEBUG oslo_service.service [req-f17e5331-54c8-41ba-b249-9e0b7c135163 - - - - -] password_length = 12 log_opt_values /usr/lib/python3/dist-packages/oslo_config/cfg.py:2602
2025-11-17 00:45:13.270 168314 DEBUG oslo_service.service [req-f17e5331-54c8-41ba-b249-9e0b7c135163 - - - - -] periodic_enable = True log_opt_values /usr/lib/python3/dist-packages/oslo_config/cfg.py:2602
2025-11-17 00:45:13.270 168314 DEBUG oslo_service.service [req-f17e5331-54c8-41ba-b249-9e0b7c135163 - - - - -] periodic_fuzzy_delay = 60 log_opt_values /usr/lib/python3/dist-packages/oslo_config/cfg.py:2602
2025-11-17 00:45:13.270 168314 DEBUG oslo_service.service [req-f17e5331-54c8-41ba-b249-9e0b7c135163 - - - - -] pointer_model = usbtablet log_opt_values /usr/lib/python3/dist-packages/oslo_config/cfg.py:2602
2025-11-17 00:45:13.270 168314 DEBUG oslo_service.service [req-f17e5331-54c8-41ba-b249-9e0b7c135163 - - - - -] preallocate_images = none log_opt_values /usr/lib/python3/dist-packages/oslo_config/cfg.py:2602
2025-11-17 00:45:13.271 168752 DEBUG nova.service [req-e4ecd4be-9ecc-41d9-96d4-2c2148e1db8f - - - - -] Creating RPC server for service conductor start /usr/lib/python3/dist-packages/nova/service.py:182
2025-11-17 00:45:13.271 168314 DEBUG oslo_service.service [req-f17e5331-54c8-41ba-b249-9e0b7c135163 - - - - -] publish_errors = False log_opt_values /usr/lib/python3/dist-packages/oslo_config/cfg.py:2602
2025-11-17 00:45:13.274 168314 DEBUG oslo_service.service [req-f17e5331-54c8-41ba-b249-9e0b7c135163 - - - - -] pybasedir = /usr/lib/python3/dist-packages log_opt_values /usr/lib/python3/dist-packages/oslo_config/cfg.py:2602
2025-11-17 00:45:13.277 168314 DEBUG oslo_service.service [req-f17e5331-54c8-41ba-b249-9e0b7c135163 - - - - -] ram_allocation_ratio = 0.98 log_opt_values /usr/lib/python3/dist-packages/oslo_config/cfg.py:2602
2025-11-17 00:45:13.278 168314 DEBUG oslo_service.service [req-f17e5331-54c8-41ba-b249-9e0b7c135163 - - - - -] rate_limit_burst = 0 log_opt_values /usr/lib/python3/dist-packages/oslo_config/cfg.py:2602
2025-11-17 00:45:13.278 168314 DEBUG oslo_service.service [req-f17e5331-54c8-41ba-b249-9e0b7c135163 - - - - -] rate_limit_except_level = CRITICAL log_opt_values /usr/lib/python3/dist-packages/oslo_config/cfg.py:2602
2025-11-17 00:45:13.280 168753 DEBUG nova.service [req-cc298b50-1e8f-4f09-9770-9acbcf6604a9 - - - - -] Creating RPC server for service conductor start /usr/lib/python3/dist-packages/nova/service.py:182
2025-11-17 00:45:13.281 168314 DEBUG oslo_service.service [req-f17e5331-54c8-41ba-b249-9e0b7c135163 - - - - -] rate_limit_interval = 0 log_opt_values /usr/lib/python3/dist-packages/oslo_config/cfg.py:2602
2025-11-17 00:45:13.290 168751 DEBUG oslo_messaging._drivers.amqpdriver [-] Listener is running poll /usr/lib/python3/dist-packages/oslo_messaging/_drivers/amqpdriver.py:343
2025-11-17 00:45:13.290 168751 DEBUG oslo_messaging._drivers.amqpdriver [-] AMQPListener connection consume poll /usr/lib/python3/dist-packages/oslo_messaging/_drivers/amqpdriver.py:357
2025-11-17 00:45:13.290 168750 DEBUG oslo_messaging._drivers.amqpdriver [-] Listener is running poll /usr/lib/python3/dist-packages/oslo_messaging/_drivers/amqpdriver.py:343
2025-11-17 00:45:13.291 168750 DEBUG oslo_messaging._drivers.amqpdriver [-] AMQPListener connection consume poll /usr/lib/python3/dist-packages/oslo_messaging/_drivers/amqpdriver.py:357
2025-11-17 00:45:13.291 168751 DEBUG nova.service [req-ab3d6685-da33-48e0-ba0f-e0c8a7a7d4a9 - - - - -] Join ServiceGroup membership for this service conductor start /usr/lib/python3/dist-packages/nova/service.py:199
2025-11-17 00:45:13.287 168314 DEBUG oslo_service.service [req-f17e5331-54c8-41ba-b249-9e0b7c135163 - - - - -] reboot_timeout = 0 log_opt_values /usr/lib/python3/dist-packages/oslo_config/cfg.py:2602
2025-11-17 00:45:13.292 168751 DEBUG nova.servicegroup.drivers.db [req-ab3d6685-da33-48e0-ba0f-e0c8a7a7d4a9 - - - - -] DB_Driver: join new ServiceGroup member juju-aeac2a-0-lxd-7 to the conductor group, service = join /usr/lib/python3/dist-packages/nova/servicegroup/drivers/db.py:44
2025-11-17 00:45:13.292 168314 DEBUG oslo_service.service [req-f17e5331-54c8-41ba-b249-9e0b7c135163 - - - - -] reclaim_instance_interval = 0 log_opt_values /usr/lib/python3/dist-packages/oslo_config/cfg.py:2602
2025-11-17 00:45:13.292 168750 DEBUG nova.service [req-d2274de5-8e4e-4b6d-b741-89ba2dab252c - - - - -] Join ServiceGroup membership for this service conductor start /usr/lib/python3/dist-packages/nova/service.py:199
2025-11-17 00:45:13.292 168314 DEBUG oslo_service.service [req-f17e5331-54c8-41ba-b249-9e0b7c135163 - - - - -] record = None log_opt_values /usr/lib/python3/dist-packages/oslo_config/cfg.py:2602
2025-11-17 00:45:13.293 168314 DEBUG oslo_service.service [req-f17e5331-54c8-41ba-b249-9e0b7c135163 - - - - -] report_interval = 10 log_opt_values /usr/lib/python3/dist-packages/oslo_config/cfg.py:2602
2025-11-17 00:45:13.294 168751 DEBUG oslo_messaging._drivers.amqpdriver [-] received message msg_id: 827e9f7212274f528dbd0bad4dac8f75 reply to reply_42b24920c9644d38bf8ab91ef628ca99 __call__ /usr/lib/python3/dist-packages/oslo_messaging/_drivers/amqpdriver.py:320
2025-11-17 00:45:13.293 168750 DEBUG nova.servicegroup.drivers.db [req-d2274de5-8e4e-4b6d-b741-89ba2dab252c - - - - -] DB_Driver: join new ServiceGroup member juju-aeac2a-0-lxd-7 to the conductor group, service = join /usr/lib/python3/dist-packages/nova/servicegroup/drivers/db.py:44
2025-11-17 00:45:13.296 168751 DEBUG oslo_messaging._drivers.amqpdriver [-] AMQPListener connection timeout poll /usr/lib/python3/dist-packages/oslo_messaging/_drivers/amqpdriver.py:360
2025-11-17 00:45:13.297 168751 DEBUG oslo_messaging._drivers.amqpdriver [-] Listener is running poll /usr/lib/python3/dist-packages/oslo_messaging/_drivers/amqpdriver.py:343
2025-11-17 00:45:13.297 168751 DEBUG oslo_messaging._drivers.amqpdriver [-] Poll the incoming message with unique_id: d7ded2b206af4d6194cd98eca973fe8f poll /usr/lib/python3/dist-packages/oslo_messaging/_drivers/amqpdriver.py:346
2025-11-17 00:45:13.297 168751 DEBUG oslo_messaging._drivers.amqpdriver [-] Listener is running poll /usr/lib/python3/dist-packages/oslo_messaging/_drivers/amqpdriver.py:343
2025-11-17 00:45:13.294 168314 DEBUG oslo_service.service [req-f17e5331-54c8-41ba-b249-9e0b7c135163 - - - - -] rescue_timeout = 0 log_opt_values /usr/lib/python3/dist-packages/oslo_config/cfg.py:2602
2025-11-17 00:45:13.298 168751 DEBUG oslo_messaging._drivers.amqpdriver [-] AMQPListener connection consume poll /usr/lib/python3/dist-packages/oslo_messaging/_drivers/amqpdriver.py:357
2025-11-17 00:45:13.299 168750 DEBUG oslo_messaging._drivers.amqpdriver [-] AMQPListener connection timeout poll /usr/lib/python3/dist-packages/oslo_messaging/_drivers/amqpdriver.py:360
2025-11-17 00:45:13.299 168750 DEBUG oslo_messaging._drivers.amqpdriver [-] Listener is running poll /usr/lib/python3/dist-packages/oslo_messaging/_drivers/amqpdriver.py:343
2025-11-17 00:45:13.298 168314 DEBUG oslo_service.service [req-f17e5331-54c8-41ba-b249-9e0b7c135163 - - - - -] reserved_host_cpus = 0 log_opt_values /usr/lib/python3/dist-packages/oslo_config/cfg.py:2602
2025-11-17 00:45:13.300 168750 DEBUG oslo_messaging._drivers.amqpdriver [-] AMQPListener connection consume poll /usr/lib/python3/dist-packages/oslo_messaging/_drivers/amqpdriver.py:357
2025-11-17 00:45:13.300 168314 DEBUG oslo_service.service [req-f17e5331-54c8-41ba-b249-9e0b7c135163 - - - - -] reserved_host_disk_mb = 0 log_opt_values /usr/lib/python3/dist-packages/oslo_config/cfg.py:2602
2025-11-17 00:45:13.300 168314 DEBUG oslo_service.service [req-f17e5331-54c8-41ba-b249-9e0b7c135163 - - - - -] reserved_host_memory_mb = 512 log_opt_values /usr/lib/python3/dist-packages/oslo_config/cfg.py:2602
2025-11-17 00:45:13.301 168314 DEBUG oslo_service.service [req-f17e5331-54c8-41ba-b249-9e0b7c135163 - - - - -] reserved_huge_pages = None log_opt_values /usr/lib/python3/dist-packages/oslo_config/cfg.py:2602
2025-11-17 00:45:13.301 168314 DEBUG oslo_service.service [req-f17e5331-54c8-41ba-b249-9e0b7c135163 - - - - -] resize_confirm_window = 0 log_opt_values /usr/lib/python3/dist-packages/oslo_config/cfg.py:2602
2025-11-17 00:45:13.302 168314 DEBUG oslo_service.service [req-f17e5331-54c8-41ba-b249-9e0b7c135163 - - - - -] resize_fs_using_block_device = False log_opt_values /usr/lib/python3/dist-packages/oslo_config/cfg.py:2602
2025-11-17 00:45:13.302 168314 DEBUG oslo_service.service [req-f17e5331-54c8-41ba-b249-9e0b7c135163 - - - - -] resume_guests_state_on_host_boot = False log_opt_values /usr/lib/python3/dist-packages/oslo_config/cfg.py:2602
2025-11-17 00:45:13.302 168314 DEBUG oslo_service.service [req-f17e5331-54c8-41ba-b249-9e0b7c135163 - - - - -] rootwrap_config = /etc/nova/rootwrap.conf log_opt_values /usr/lib/python3/dist-packages/oslo_config/cfg.py:2602
2025-11-17 00:45:13.303 168314 DEBUG oslo_service.service [req-f17e5331-54c8-41ba-b249-9e0b7c135163 - - - - -] rpc_response_timeout = 60 log_opt_values /usr/lib/python3/dist-packages/oslo_config/cfg.py:2602
2025-11-17 00:45:13.304 168314 DEBUG oslo_service.service [req-f17e5331-54c8-41ba-b249-9e0b7c135163 - - - - -] run_external_periodic_tasks = True log_opt_values /usr/lib/python3/dist-packages/oslo_config/cfg.py:2602
2025-11-17 00:45:13.305 168314 DEBUG oslo_service.service [req-f17e5331-54c8-41ba-b249-9e0b7c135163 - - - - -] running_deleted_instance_action = reap log_opt_values /usr/lib/python3/dist-packages/oslo_config/cfg.py:2602
2025-11-17 00:45:13.305 168751 DEBUG oslo_messaging._drivers.amqpdriver [req-0177a9bc-a18f-4e98-97fe-a628af3c4050 - - - - -] sending reply msg_id: 827e9f7212274f528dbd0bad4dac8f75 reply queue: reply_42b24920c9644d38bf8ab91ef628ca99 time elapsed: 0.010308954000265658s _send_reply /usr/lib/python3/dist-packages/oslo_messaging/_drivers/amqpdriver.py:118
2025-11-17 00:45:13.305 168314 DEBUG oslo_service.service [req-f17e5331-54c8-41ba-b249-9e0b7c135163 - - - - -] running_deleted_instance_poll_interval = 1800 log_opt_values /usr/lib/python3/dist-packages/oslo_config/cfg.py:2602
2025-11-17 00:45:13.306 168314 DEBUG oslo_service.service [req-f17e5331-54c8-41ba-b249-9e0b7c135163 - - - - -] running_deleted_instance_timeout = 0 log_opt_values /usr/lib/python3/dist-packages/oslo_config/cfg.py:2602
2025-11-17 00:45:13.307 168314 DEBUG oslo_service.service [req-f17e5331-54c8-41ba-b249-9e0b7c135163 - - - - -] scheduler_instance_sync_interval = 120 log_opt_values /usr/lib/python3/dist-packages/oslo_config/cfg.py:2602
2025-11-17 00:45:13.307 168314 DEBUG oslo_service.service [req-f17e5331-54c8-41ba-b249-9e0b7c135163 - - - - -] service_down_time = 60 log_opt_values /usr/lib/python3/dist-packages/oslo_config/cfg.py:2602
2025-11-17 00:45:13.308 168314 DEBUG oslo_service.service [req-f17e5331-54c8-41ba-b249-9e0b7c135163 - - - - -] servicegroup_driver = db log_opt_values /usr/lib/python3/dist-packages/oslo_config/cfg.py:2602
2025-11-17 00:45:13.308 168314 DEBUG oslo_service.service [req-f17e5331-54c8-41ba-b249-9e0b7c135163 - - - - -] shelved_offload_time = 0 log_opt_values /usr/lib/python3/dist-packages/oslo_config/cfg.py:2602
2025-11-17 00:45:13.309 168314 DEBUG oslo_service.service [req-f17e5331-54c8-41ba-b249-9e0b7c135163 - - - - -] shelved_poll_interval = 3600 log_opt_values /usr/lib/python3/dist-packages/oslo_config/cfg.py:2602
2025-11-17 00:45:13.309 168314 DEBUG oslo_service.service [req-f17e5331-54c8-41ba-b249-9e0b7c135163 - - - - -] shutdown_timeout = 60 log_opt_values /usr/lib/python3/dist-packages/oslo_config/cfg.py:2602
2025-11-17 00:45:13.310 168314 DEBUG oslo_service.service [req-f17e5331-54c8-41ba-b249-9e0b7c135163 - - - - -] source_is_ipv6 = False log_opt_values /usr/lib/python3/dist-packages/oslo_config/cfg.py:2602
2025-11-17 00:45:13.310 168314 DEBUG oslo_service.service [req-f17e5331-54c8-41ba-b249-9e0b7c135163 - - - - -] ssl_only = False log_opt_values /usr/lib/python3/dist-packages/oslo_config/cfg.py:2602
2025-11-17 00:45:13.310 168314 DEBUG oslo_service.service [req-f17e5331-54c8-41ba-b249-9e0b7c135163 - - - - -] state_path = /var/lib/nova log_opt_values /usr/lib/python3/dist-packages/oslo_config/cfg.py:2602
2025-11-17 00:45:13.310 168314 DEBUG oslo_service.service [req-f17e5331-54c8-41ba-b249-9e0b7c135163 - - - - -] sync_power_state_interval = 600 log_opt_values /usr/lib/python3/dist-packages/oslo_config/cfg.py:2602
2025-11-17 00:45:13.311 168314 DEBUG oslo_service.service [req-f17e5331-54c8-41ba-b249-9e0b7c135163 - - - - -] sync_power_state_pool_size = 1000 log_opt_values /usr/lib/python3/dist-packages/oslo_config/cfg.py:2602
2025-11-17 00:45:13.311 168314 DEBUG oslo_service.service [req-f17e5331-54c8-41ba-b249-9e0b7c135163 - - - - -] syslog_log_facility = LOG_USER log_opt_values /usr/lib/python3/dist-packages/oslo_config/cfg.py:2602
2025-11-17 00:45:13.311 168314 DEBUG oslo_service.service [req-f17e5331-54c8-41ba-b249-9e0b7c135163 - - - - -] tempdir = None log_opt_values /usr/lib/python3/dist-packages/oslo_config/cfg.py:2602
2025-11-17 00:45:13.312 168314 DEBUG oslo_service.service [req-f17e5331-54c8-41ba-b249-9e0b7c135163 - - - - -] timeout_nbd = 10 log_opt_values /usr/lib/python3/dist-packages/oslo_config/cfg.py:2602
2025-11-17 00:45:13.312 168314 DEBUG oslo_service.service [req-f17e5331-54c8-41ba-b249-9e0b7c135163 - - - - -] transport_url = **** log_opt_values /usr/lib/python3/dist-packages/oslo_config/cfg.py:2602
2025-11-17 00:45:13.312 168314 DEBUG oslo_service.service [req-f17e5331-54c8-41ba-b249-9e0b7c135163 - - - - -] update_resources_interval = 0 log_opt_values /usr/lib/python3/dist-packages/oslo_config/cfg.py:2602
2025-11-17 00:45:13.313 168314 DEBUG oslo_service.service [req-f17e5331-54c8-41ba-b249-9e0b7c135163 - - - - -] use_cow_images = True log_opt_values /usr/lib/python3/dist-packages/oslo_config/cfg.py:2602
2025-11-17 00:45:13.313 168314 DEBUG oslo_service.service [req-f17e5331-54c8-41ba-b249-9e0b7c135163 - - - - -] use_eventlog = False log_opt_values /usr/lib/python3/dist-packages/oslo_config/cfg.py:2602
2025-11-17 00:45:13.314 168314 DEBUG oslo_service.service [req-f17e5331-54c8-41ba-b249-9e0b7c135163 - - - - -] use_journal = False log_opt_values /usr/lib/python3/dist-packages/oslo_config/cfg.py:2602
2025-11-17 00:45:13.314 168314 DEBUG oslo_service.service [req-f17e5331-54c8-41ba-b249-9e0b7c135163 - - - - -] use_json = False log_opt_values /usr/lib/python3/dist-packages/oslo_config/cfg.py:2602
2025-11-17 00:45:13.316 168314 DEBUG oslo_service.service [req-f17e5331-54c8-41ba-b249-9e0b7c135163 - - - - -] use_rootwrap_daemon = False log_opt_values /usr/lib/python3/dist-packages/oslo_config/cfg.py:2602
2025-11-17 00:45:13.317 168314 DEBUG oslo_service.service [req-f17e5331-54c8-41ba-b249-9e0b7c135163 - - - - -] use_stderr = False log_opt_values /usr/lib/python3/dist-packages/oslo_config/cfg.py:2602
2025-11-17 00:45:13.317 168314 DEBUG oslo_service.service [req-f17e5331-54c8-41ba-b249-9e0b7c135163 - - - - -] use_syslog = False log_opt_values /usr/lib/python3/dist-packages/oslo_config/cfg.py:2602
2025-11-17 00:45:13.318 168314 DEBUG oslo_service.service [req-f17e5331-54c8-41ba-b249-9e0b7c135163 - - - - -] vcpu_pin_set = None log_opt_values /usr/lib/python3/dist-packages/oslo_config/cfg.py:2602
2025-11-17 00:45:13.318 168314 DEBUG oslo_service.service [req-f17e5331-54c8-41ba-b249-9e0b7c135163 - - - - -] vif_plugging_is_fatal = True log_opt_values /usr/lib/python3/dist-packages/oslo_config/cfg.py:2602
2025-11-17 00:45:13.319 168314 DEBUG oslo_service.service [req-f17e5331-54c8-41ba-b249-9e0b7c135163 - - - - -] vif_plugging_timeout = 300 log_opt_values /usr/lib/python3/dist-packages/oslo_config/cfg.py:2602
2025-11-17 00:45:13.320 168314 DEBUG oslo_service.service [req-f17e5331-54c8-41ba-b249-9e0b7c135163 - - - - -] virt_mkfs = [] log_opt_values /usr/lib/python3/dist-packages/oslo_config/cfg.py:2602
2025-11-17 00:45:13.320 168314 DEBUG oslo_service.service [req-f17e5331-54c8-41ba-b249-9e0b7c135163 - - - - -] volume_usage_poll_interval = 0 log_opt_values /usr/lib/python3/dist-packages/oslo_config/cfg.py:2602
2025-11-17 00:45:13.320 168314 DEBUG oslo_service.service [req-f17e5331-54c8-41ba-b249-9e0b7c135163 - - - - -] watch_log_file = False log_opt_values /usr/lib/python3/dist-packages/oslo_config/cfg.py:2602
2025-11-17 00:45:13.321 168314 DEBUG oslo_service.service [req-f17e5331-54c8-41ba-b249-9e0b7c135163 - - - - -] web = /usr/share/spice-html5 log_opt_values /usr/lib/python3/dist-packages/oslo_config/cfg.py:2602
2025-11-17 00:45:13.323 168314 DEBUG oslo_service.service [req-f17e5331-54c8-41ba-b249-9e0b7c135163 - - - - -] oslo_concurrency.disable_process_locking = False log_opt_values /usr/lib/python3/dist-packages/oslo_config/cfg.py:2609
2025-11-17 00:45:13.323 168314 DEBUG oslo_service.service [req-f17e5331-54c8-41ba-b249-9e0b7c135163 - - - - -] oslo_concurrency.lock_path = /var/lock/nova log_opt_values /usr/lib/python3/dist-packages/oslo_config/cfg.py:2609
2025-11-17 00:45:13.323 168314 DEBUG oslo_service.service [req-f17e5331-54c8-41ba-b249-9e0b7c135163 - - - - -] oslo_messaging_metrics.metrics_buffer_size = 1000 log_opt_values /usr/lib/python3/dist-packages/oslo_config/cfg.py:2609
2025-11-17 00:45:13.324 168314 DEBUG oslo_service.service [req-f17e5331-54c8-41ba-b249-9e0b7c135163 - - - - -] oslo_messaging_metrics.metrics_enabled = False log_opt_values /usr/lib/python3/dist-packages/oslo_config/cfg.py:2609
2025-11-17 00:45:13.324 168314 DEBUG oslo_service.service [req-f17e5331-54c8-41ba-b249-9e0b7c135163 - - - - -] oslo_messaging_metrics.metrics_process_name = log_opt_values /usr/lib/python3/dist-packages/oslo_config/cfg.py:2609
2025-11-17 00:45:13.325 168314 DEBUG oslo_service.service [req-f17e5331-54c8-41ba-b249-9e0b7c135163 - - - - -] oslo_messaging_metrics.metrics_socket_file = /var/tmp/metrics_collector.sock log_opt_values /usr/lib/python3/dist-packages/oslo_config/cfg.py:2609
2025-11-17 00:45:13.325 168314 DEBUG oslo_service.service [req-f17e5331-54c8-41ba-b249-9e0b7c135163 - - - - -] oslo_messaging_metrics.metrics_thread_stop_timeout = 10 log_opt_values /usr/lib/python3/dist-packages/oslo_config/cfg.py:2609
2025-11-17 00:45:13.325 168314 WARNING oslo_config.cfg [req-f17e5331-54c8-41ba-b249-9e0b7c135163 - - - - -] Deprecated: Option "auth_strategy" from group "api" is deprecated for removal ( The only non-default choice, ``noauth2``, is for internal development and testing purposes only and should not be used in deployments. This option and its middleware, NoAuthMiddleware[V2_18], will be removed in a future release. ). Its value may be silently ignored in the future.
2025-11-17 00:45:13.326 168314 DEBUG oslo_service.service [req-f17e5331-54c8-41ba-b249-9e0b7c135163 - - - - -] api.auth_strategy = keystone log_opt_values /usr/lib/python3/dist-packages/oslo_config/cfg.py:2609
2025-11-17 00:45:13.326 168314 DEBUG oslo_service.service [req-f17e5331-54c8-41ba-b249-9e0b7c135163 - - - - -] api.compute_link_prefix = None log_opt_values /usr/lib/python3/dist-packages/oslo_config/cfg.py:2609
2025-11-17 00:45:13.327 168314 DEBUG oslo_service.service [req-f17e5331-54c8-41ba-b249-9e0b7c135163 - - - - -] api.config_drive_skip_versions = 1.0 2007-01-19 2007-03-01 2007-08-29 2007-10-10 2007-12-15 2008-02-01 2008-09-01 log_opt_values /usr/lib/python3/dist-packages/oslo_config/cfg.py:2609
2025-11-17 00:45:13.327 168314 DEBUG oslo_service.service [req-f17e5331-54c8-41ba-b249-9e0b7c135163 - - - - -] api.dhcp_domain = novalocal log_opt_values /usr/lib/python3/dist-packages/oslo_config/cfg.py:2609
2025-11-17 00:45:13.327 168314 DEBUG oslo_service.service [req-f17e5331-54c8-41ba-b249-9e0b7c135163 - - - - -] api.enable_instance_password = True log_opt_values /usr/lib/python3/dist-packages/oslo_config/cfg.py:2609
2025-11-17 00:45:13.327 168314 DEBUG oslo_service.service [req-f17e5331-54c8-41ba-b249-9e0b7c135163 - - - - -] api.glance_link_prefix = None log_opt_values /usr/lib/python3/dist-packages/oslo_config/cfg.py:2609
2025-11-17 00:45:13.328 168314 DEBUG oslo_service.service [req-f17e5331-54c8-41ba-b249-9e0b7c135163 - - - - -] api.instance_list_cells_batch_fixed_size = 100 log_opt_values /usr/lib/python3/dist-packages/oslo_config/cfg.py:2609
2025-11-17 00:45:13.328 168314 DEBUG oslo_service.service [req-f17e5331-54c8-41ba-b249-9e0b7c135163 - - - - -] api.instance_list_cells_batch_strategy = distributed log_opt_values /usr/lib/python3/dist-packages/oslo_config/cfg.py:2609
2025-11-17 00:45:13.328 168314 DEBUG oslo_service.service [req-f17e5331-54c8-41ba-b249-9e0b7c135163 - - - - -] api.instance_list_per_project_cells = False log_opt_values /usr/lib/python3/dist-packages/oslo_config/cfg.py:2609
2025-11-17 00:45:13.328 168314 DEBUG oslo_service.service [req-f17e5331-54c8-41ba-b249-9e0b7c135163 - - - - -] api.list_records_by_skipping_down_cells = True log_opt_values /usr/lib/python3/dist-packages/oslo_config/cfg.py:2609
2025-11-17 00:45:13.329 168314 DEBUG oslo_service.service [req-f17e5331-54c8-41ba-b249-9e0b7c135163 - - - - -] api.local_metadata_per_cell = False log_opt_values /usr/lib/python3/dist-packages/oslo_config/cfg.py:2609
2025-11-17 00:45:13.329 168314 DEBUG oslo_service.service [req-f17e5331-54c8-41ba-b249-9e0b7c135163 - - - - -] api.max_limit = 1000 log_opt_values /usr/lib/python3/dist-packages/oslo_config/cfg.py:2609
2025-11-17 00:45:13.329 168314 DEBUG oslo_service.service [req-f17e5331-54c8-41ba-b249-9e0b7c135163 - - - - -] api.metadata_cache_expiration = 15 log_opt_values /usr/lib/python3/dist-packages/oslo_config/cfg.py:2609
2025-11-17 00:45:13.329 168314 DEBUG oslo_service.service [req-f17e5331-54c8-41ba-b249-9e0b7c135163 - - - - -] api.neutron_default_tenant_id = default log_opt_values /usr/lib/python3/dist-packages/oslo_config/cfg.py:2609
2025-11-17 00:45:13.329 168314 DEBUG oslo_service.service [req-f17e5331-54c8-41ba-b249-9e0b7c135163 - - - - -] api.use_forwarded_for = False log_opt_values /usr/lib/python3/dist-packages/oslo_config/cfg.py:2609
2025-11-17 00:45:13.330 168314 DEBUG oslo_service.service [req-f17e5331-54c8-41ba-b249-9e0b7c135163 - - - - -] api.use_neutron_default_nets = False log_opt_values /usr/lib/python3/dist-packages/oslo_config/cfg.py:2609
2025-11-17 00:45:13.330 168314 DEBUG oslo_service.service [req-f17e5331-54c8-41ba-b249-9e0b7c135163 - - - - -] api.vendordata_dynamic_connect_timeout = 5 log_opt_values /usr/lib/python3/dist-packages/oslo_config/cfg.py:2609
2025-11-17 00:45:13.330 168314 DEBUG oslo_service.service [req-f17e5331-54c8-41ba-b249-9e0b7c135163 - - - - -] api.vendordata_dynamic_failure_fatal = False log_opt_values /usr/lib/python3/dist-packages/oslo_config/cfg.py:2609
2025-11-17 00:45:13.330 168314 DEBUG oslo_service.service [req-f17e5331-54c8-41ba-b249-9e0b7c135163 - - - - -] api.vendordata_dynamic_read_timeout = 5 log_opt_values /usr/lib/python3/dist-packages/oslo_config/cfg.py:2609
2025-11-17 00:45:13.330 168314 DEBUG oslo_service.service [req-f17e5331-54c8-41ba-b249-9e0b7c135163 - - - - -] api.vendordata_dynamic_ssl_certfile = log_opt_values /usr/lib/python3/dist-packages/oslo_config/cfg.py:2609
2025-11-17 00:45:13.331 168314 DEBUG oslo_service.service [req-f17e5331-54c8-41ba-b249-9e0b7c135163 - - - - -] api.vendordata_dynamic_targets = [] log_opt_values /usr/lib/python3/dist-packages/oslo_config/cfg.py:2609
2025-11-17 00:45:13.325 168752 DEBUG oslo_messaging._drivers.amqpdriver [-] Listener is running poll /usr/lib/python3/dist-packages/oslo_messaging/_drivers/amqpdriver.py:343
2025-11-17 00:45:13.331 168314 DEBUG oslo_service.service [req-f17e5331-54c8-41ba-b249-9e0b7c135163 - - - - -] api.vendordata_jsonfile_path = None log_opt_values /usr/lib/python3/dist-packages/oslo_config/cfg.py:2609
2025-11-17 00:45:13.331 168752 DEBUG oslo_messaging._drivers.amqpdriver [-] AMQPListener connection consume poll /usr/lib/python3/dist-packages/oslo_messaging/_drivers/amqpdriver.py:357
2025-11-17 00:45:13.331 168314 DEBUG oslo_service.service [req-f17e5331-54c8-41ba-b249-9e0b7c135163 - - - - -] api.vendordata_providers = ['StaticJSON'] log_opt_values /usr/lib/python3/dist-packages/oslo_config/cfg.py:2609
2025-11-17 00:45:13.332 168314 DEBUG oslo_service.service [req-f17e5331-54c8-41ba-b249-9e0b7c135163 - - - - -] cache.backend = dogpile.cache.null log_opt_values /usr/lib/python3/dist-packages/oslo_config/cfg.py:2609
2025-11-17 00:45:13.332 168314 DEBUG oslo_service.service [req-f17e5331-54c8-41ba-b249-9e0b7c135163 - - - - -] cache.backend_argument = **** log_opt_values /usr/lib/python3/dist-packages/oslo_config/cfg.py:2609
2025-11-17 00:45:13.332 168314 DEBUG oslo_service.service [req-f17e5331-54c8-41ba-b249-9e0b7c135163 - - - - -] cache.config_prefix = cache.oslo log_opt_values /usr/lib/python3/dist-packages/oslo_config/cfg.py:2609
2025-11-17 00:45:13.332 168752 DEBUG nova.service [req-e4ecd4be-9ecc-41d9-96d4-2c2148e1db8f - - - - -] Join ServiceGroup membership for this service conductor start /usr/lib/python3/dist-packages/nova/service.py:199
2025-11-17 00:45:13.332 168314 DEBUG oslo_service.service [req-f17e5331-54c8-41ba-b249-9e0b7c135163 - - - - -] cache.debug_cache_backend = False log_opt_values /usr/lib/python3/dist-packages/oslo_config/cfg.py:2609
2025-11-17 00:45:13.333 168314 DEBUG oslo_service.service [req-f17e5331-54c8-41ba-b249-9e0b7c135163 - - - - -] cache.enabled = False log_opt_values /usr/lib/python3/dist-packages/oslo_config/cfg.py:2609
2025-11-17 00:45:13.333 168752 DEBUG nova.servicegroup.drivers.db [req-e4ecd4be-9ecc-41d9-96d4-2c2148e1db8f - - - - -] DB_Driver: join new ServiceGroup member juju-aeac2a-0-lxd-7 to the conductor group, service = join /usr/lib/python3/dist-packages/nova/servicegroup/drivers/db.py:44
2025-11-17 00:45:13.333 168314 DEBUG oslo_service.service [req-f17e5331-54c8-41ba-b249-9e0b7c135163 - - - - -] cache.expiration_time = 600 log_opt_values /usr/lib/python3/dist-packages/oslo_config/cfg.py:2609
2025-11-17 00:45:13.333 168314 DEBUG oslo_service.service [req-f17e5331-54c8-41ba-b249-9e0b7c135163 - - - - -] cache.memcache_dead_retry = 300 log_opt_values /usr/lib/python3/dist-packages/oslo_config/cfg.py:2609
2025-11-17 00:45:13.333 168314 DEBUG oslo_service.service [req-f17e5331-54c8-41ba-b249-9e0b7c135163 - - - - -] cache.memcache_pool_connection_get_timeout = 10 log_opt_values /usr/lib/python3/dist-packages/oslo_config/cfg.py:2609
2025-11-17 00:45:13.334 168314 DEBUG oslo_service.service [req-f17e5331-54c8-41ba-b249-9e0b7c135163 - - - - -] cache.memcache_pool_flush_on_reconnect = False log_opt_values /usr/lib/python3/dist-packages/oslo_config/cfg.py:2609
2025-11-17 00:45:13.334 168314 DEBUG oslo_service.service [req-f17e5331-54c8-41ba-b249-9e0b7c135163 - - - - -] cache.memcache_pool_maxsize = 10 log_opt_values /usr/lib/python3/dist-packages/oslo_config/cfg.py:2609
2025-11-17 00:45:13.334 168314 DEBUG oslo_service.service [req-f17e5331-54c8-41ba-b249-9e0b7c135163 - - - - -] cache.memcache_pool_unused_timeout = 60 log_opt_values /usr/lib/python3/dist-packages/oslo_config/cfg.py:2609
2025-11-17 00:45:13.334 168314 DEBUG oslo_service.service [req-f17e5331-54c8-41ba-b249-9e0b7c135163 - - - - -] cache.memcache_servers = ['localhost:11211'] log_opt_values /usr/lib/python3/dist-packages/oslo_config/cfg.py:2609
2025-11-17 00:45:13.334 168314 DEBUG oslo_service.service [req-f17e5331-54c8-41ba-b249-9e0b7c135163 - - - - -] cache.memcache_socket_timeout = 1.0 log_opt_values /usr/lib/python3/dist-packages/oslo_config/cfg.py:2609
2025-11-17 00:45:13.335 168314 DEBUG oslo_service.service [req-f17e5331-54c8-41ba-b249-9e0b7c135163 - - - - -] cache.proxies = [] log_opt_values /usr/lib/python3/dist-packages/oslo_config/cfg.py:2609
2025-11-17 00:45:13.335 168314 DEBUG oslo_service.service [req-f17e5331-54c8-41ba-b249-9e0b7c135163 - - - - -] cache.tls_allowed_ciphers = None log_opt_values /usr/lib/python3/dist-packages/oslo_config/cfg.py:2609
2025-11-17 00:45:13.335 168314 DEBUG oslo_service.service [req-f17e5331-54c8-41ba-b249-9e0b7c135163 - - - - -] cache.tls_cafile = None log_opt_values /usr/lib/python3/dist-packages/oslo_config/cfg.py:2609
2025-11-17 00:45:13.336 168314 DEBUG oslo_service.service [req-f17e5331-54c8-41ba-b249-9e0b7c135163 - - - - -] cache.tls_certfile = None log_opt_values /usr/lib/python3/dist-packages/oslo_config/cfg.py:2609
2025-11-17 00:45:13.336 168314 DEBUG oslo_service.service [req-f17e5331-54c8-41ba-b249-9e0b7c135163 - - - - -] cache.tls_enabled = False log_opt_values /usr/lib/python3/dist-packages/oslo_config/cfg.py:2609
2025-11-17 00:45:13.336 168314 DEBUG oslo_service.service [req-f17e5331-54c8-41ba-b249-9e0b7c135163 - - - - -] cache.tls_keyfile = None log_opt_values /usr/lib/python3/dist-packages/oslo_config/cfg.py:2609
2025-11-17 00:45:13.336 168314 DEBUG oslo_service.service [req-f17e5331-54c8-41ba-b249-9e0b7c135163 - - - - -] cinder.auth_section = None log_opt_values /usr/lib/python3/dist-packages/oslo_config/cfg.py:2609
2025-11-17 00:45:13.337 168314 DEBUG oslo_service.service [req-f17e5331-54c8-41ba-b249-9e0b7c135163 - - - - -] cinder.auth_type = None log_opt_values /usr/lib/python3/dist-packages/oslo_config/cfg.py:2609
2025-11-17 00:45:13.336 168753 DEBUG oslo_messaging._drivers.amqpdriver [-] Listener is running poll /usr/lib/python3/dist-packages/oslo_messaging/_drivers/amqpdriver.py:343
2025-11-17 00:45:13.337 168314 DEBUG oslo_service.service [req-f17e5331-54c8-41ba-b249-9e0b7c135163 - - - - -] cinder.cafile = None log_opt_values /usr/lib/python3/dist-packages/oslo_config/cfg.py:2609
2025-11-17 00:45:13.337 168753 DEBUG oslo_messaging._drivers.amqpdriver [-] AMQPListener connection consume poll /usr/lib/python3/dist-packages/oslo_messaging/_drivers/amqpdriver.py:357
2025-11-17 00:45:13.337 168314 DEBUG oslo_service.service [req-f17e5331-54c8-41ba-b249-9e0b7c135163 - - - - -] cinder.catalog_info = volumev3::publicURL log_opt_values /usr/lib/python3/dist-packages/oslo_config/cfg.py:2609
2025-11-17 00:45:13.337 168314 DEBUG oslo_service.service [req-f17e5331-54c8-41ba-b249-9e0b7c135163 - - - - -] cinder.certfile = None log_opt_values /usr/lib/python3/dist-packages/oslo_config/cfg.py:2609
2025-11-17 00:45:13.338 168314 DEBUG oslo_service.service [req-f17e5331-54c8-41ba-b249-9e0b7c135163 - - - - -] cinder.collect_timing = False log_opt_values /usr/lib/python3/dist-packages/oslo_config/cfg.py:2609
2025-11-17 00:45:13.338 168314 DEBUG oslo_service.service [req-f17e5331-54c8-41ba-b249-9e0b7c135163 - - - - -] cinder.cross_az_attach = True log_opt_values /usr/lib/python3/dist-packages/oslo_config/cfg.py:2609
2025-11-17 00:45:13.338 168314 DEBUG oslo_service.service [req-f17e5331-54c8-41ba-b249-9e0b7c135163 - - - - -] cinder.debug = False log_opt_values /usr/lib/python3/dist-packages/oslo_config/cfg.py:2609
2025-11-17 00:45:13.338 168753 DEBUG nova.service [req-cc298b50-1e8f-4f09-9770-9acbcf6604a9 - - - - -] Join ServiceGroup membership for this service conductor start /usr/lib/python3/dist-packages/nova/service.py:199
2025-11-17 00:45:13.338 168314 DEBUG oslo_service.service [req-f17e5331-54c8-41ba-b249-9e0b7c135163 - - - - -] cinder.endpoint_template = None log_opt_values /usr/lib/python3/dist-packages/oslo_config/cfg.py:2609
2025-11-17 00:45:13.338 168314 DEBUG oslo_service.service [req-f17e5331-54c8-41ba-b249-9e0b7c135163 - - - - -] cinder.http_retries = 3 log_opt_values /usr/lib/python3/dist-packages/oslo_config/cfg.py:2609
2025-11-17 00:45:13.338 168753 DEBUG nova.servicegroup.drivers.db [req-cc298b50-1e8f-4f09-9770-9acbcf6604a9 - - - - -] DB_Driver: join new ServiceGroup member juju-aeac2a-0-lxd-7 to the conductor group, service = join /usr/lib/python3/dist-packages/nova/servicegroup/drivers/db.py:44
2025-11-17 00:45:13.339 168314 DEBUG oslo_service.service [req-f17e5331-54c8-41ba-b249-9e0b7c135163 - - - - -] cinder.insecure = False log_opt_values /usr/lib/python3/dist-packages/oslo_config/cfg.py:2609
2025-11-17 00:45:13.339 168314 DEBUG oslo_service.service [req-f17e5331-54c8-41ba-b249-9e0b7c135163 - - - - -] cinder.keyfile = None log_opt_values /usr/lib/python3/dist-packages/oslo_config/cfg.py:2609
2025-11-17 00:45:13.339 168314 DEBUG oslo_service.service [req-f17e5331-54c8-41ba-b249-9e0b7c135163 - - - - -] cinder.os_region_name = None log_opt_values /usr/lib/python3/dist-packages/oslo_config/cfg.py:2609
2025-11-17 00:45:13.339 168314 DEBUG oslo_service.service [req-f17e5331-54c8-41ba-b249-9e0b7c135163 - - - - -] cinder.split_loggers = False log_opt_values /usr/lib/python3/dist-packages/oslo_config/cfg.py:2609
2025-11-17 00:45:13.339 168314 DEBUG oslo_service.service [req-f17e5331-54c8-41ba-b249-9e0b7c135163 - - - - -] cinder.timeout = None log_opt_values /usr/lib/python3/dist-packages/oslo_config/cfg.py:2609
2025-11-17 00:45:13.340 168314 DEBUG oslo_service.service [req-f17e5331-54c8-41ba-b249-9e0b7c135163 - - - - -] compute.consecutive_build_service_disable_threshold = 10 log_opt_values /usr/lib/python3/dist-packages/oslo_config/cfg.py:2609
2025-11-17 00:45:13.340 168314 DEBUG oslo_service.service [req-f17e5331-54c8-41ba-b249-9e0b7c135163 - - - - -] compute.cpu_dedicated_set = None log_opt_values /usr/lib/python3/dist-packages/oslo_config/cfg.py:2609
2025-11-17 00:45:13.340 168314 DEBUG oslo_service.service [req-f17e5331-54c8-41ba-b249-9e0b7c135163 - - - - -] compute.cpu_shared_set = None log_opt_values /usr/lib/python3/dist-packages/oslo_config/cfg.py:2609
2025-11-17 00:45:13.340 168314 DEBUG oslo_service.service [req-f17e5331-54c8-41ba-b249-9e0b7c135163 - - - - -] compute.image_type_exclude_list = [] log_opt_values /usr/lib/python3/dist-packages/oslo_config/cfg.py:2609
2025-11-17 00:45:13.340 168314 DEBUG oslo_service.service [req-f17e5331-54c8-41ba-b249-9e0b7c135163 - - - - -] compute.live_migration_wait_for_vif_plug = True log_opt_values /usr/lib/python3/dist-packages/oslo_config/cfg.py:2609
2025-11-17 00:45:13.341 168314 DEBUG oslo_service.service [req-f17e5331-54c8-41ba-b249-9e0b7c135163 - - - - -] compute.max_concurrent_disk_ops = 0 log_opt_values /usr/lib/python3/dist-packages/oslo_config/cfg.py:2609
2025-11-17 00:45:13.341 168314 DEBUG oslo_service.service [req-f17e5331-54c8-41ba-b249-9e0b7c135163 - - - - -] compute.max_disk_devices_to_attach = -1 log_opt_values /usr/lib/python3/dist-packages/oslo_config/cfg.py:2609
2025-11-17 00:45:13.341 168314 DEBUG oslo_service.service [req-f17e5331-54c8-41ba-b249-9e0b7c135163 - - - - -] compute.packing_host_numa_cells_allocation_strategy = True log_opt_values /usr/lib/python3/dist-packages/oslo_config/cfg.py:2609
2025-11-17 00:45:13.341 168314 DEBUG oslo_service.service [req-f17e5331-54c8-41ba-b249-9e0b7c135163 - - - - -] compute.provider_config_location = /etc/nova/provider_config/ log_opt_values /usr/lib/python3/dist-packages/oslo_config/cfg.py:2609
2025-11-17 00:45:13.341 168753 DEBUG oslo_messaging._drivers.amqpdriver [-] AMQPListener connection timeout poll /usr/lib/python3/dist-packages/oslo_messaging/_drivers/amqpdriver.py:360
2025-11-17 00:45:13.342 168314 DEBUG oslo_service.service [req-f17e5331-54c8-41ba-b249-9e0b7c135163 - - - - -] compute.resource_provider_association_refresh = 300 log_opt_values /usr/lib/python3/dist-packages/oslo_config/cfg.py:2609
2025-11-17 00:45:13.342 168753 DEBUG oslo_messaging._drivers.amqpdriver [-] Listener is running poll /usr/lib/python3/dist-packages/oslo_messaging/_drivers/amqpdriver.py:343
2025-11-17 00:45:13.342 168314 DEBUG oslo_service.service [req-f17e5331-54c8-41ba-b249-9e0b7c135163 - - - - -] compute.shutdown_retry_interval = 10 log_opt_values /usr/lib/python3/dist-packages/oslo_config/cfg.py:2609
2025-11-17 00:45:13.342 168753 DEBUG oslo_messaging._drivers.amqpdriver [-] AMQPListener connection consume poll /usr/lib/python3/dist-packages/oslo_messaging/_drivers/amqpdriver.py:357
2025-11-17 00:45:13.342 168314 DEBUG oslo_service.service [req-f17e5331-54c8-41ba-b249-9e0b7c135163 - - - - -] compute.vmdk_allowed_types = ['streamOptimized', 'monolithicSparse'] log_opt_values /usr/lib/python3/dist-packages/oslo_config/cfg.py:2609
2025-11-17 00:45:13.342 168314 DEBUG oslo_service.service [req-f17e5331-54c8-41ba-b249-9e0b7c135163 - - - - -] conductor.workers = 4 log_opt_values /usr/lib/python3/dist-packages/oslo_config/cfg.py:2609
2025-11-17 00:45:13.342 168314 DEBUG oslo_service.service [req-f17e5331-54c8-41ba-b249-9e0b7c135163 - - - - -] console.allowed_origins = [] log_opt_values /usr/lib/python3/dist-packages/oslo_config/cfg.py:2609
2025-11-17 00:45:13.343 168314 DEBUG oslo_service.service [req-f17e5331-54c8-41ba-b249-9e0b7c135163 - - - - -] console.ssl_ciphers = None log_opt_values /usr/lib/python3/dist-packages/oslo_config/cfg.py:2609
2025-11-17 00:45:13.343 168314 DEBUG oslo_service.service [req-f17e5331-54c8-41ba-b249-9e0b7c135163 - - - - -] console.ssl_minimum_version = default log_opt_values /usr/lib/python3/dist-packages/oslo_config/cfg.py:2609
2025-11-17 00:45:13.343 168314 DEBUG oslo_service.service [req-f17e5331-54c8-41ba-b249-9e0b7c135163 - - - - -] consoleauth.token_ttl = 600 log_opt_values /usr/lib/python3/dist-packages/oslo_config/cfg.py:2609
2025-11-17 00:45:13.343 168314 DEBUG oslo_service.service [req-f17e5331-54c8-41ba-b249-9e0b7c135163 - - - - -] cyborg.cafile = None log_opt_values /usr/lib/python3/dist-packages/oslo_config/cfg.py:2609
2025-11-17 00:45:13.344 168314 DEBUG oslo_service.service [req-f17e5331-54c8-41ba-b249-9e0b7c135163 - - - - -] cyborg.certfile = None log_opt_values /usr/lib/python3/dist-packages/oslo_config/cfg.py:2609
2025-11-17 00:45:13.344 168314 DEBUG oslo_service.service [req-f17e5331-54c8-41ba-b249-9e0b7c135163 - - - - -] cyborg.collect_timing = False log_opt_values /usr/lib/python3/dist-packages/oslo_config/cfg.py:2609
2025-11-17 00:45:13.344 168314 DEBUG oslo_service.service [req-f17e5331-54c8-41ba-b249-9e0b7c135163 - - - - -] cyborg.connect_retries = None log_opt_values /usr/lib/python3/dist-packages/oslo_config/cfg.py:2609
2025-11-17 00:45:13.344 168314 DEBUG oslo_service.service [req-f17e5331-54c8-41ba-b249-9e0b7c135163 - - - - -] cyborg.connect_retry_delay = None log_opt_values /usr/lib/python3/dist-packages/oslo_config/cfg.py:2609
2025-11-17 00:45:13.344 168752 DEBUG oslo_messaging._drivers.amqpdriver [-] AMQPListener connection timeout poll /usr/lib/python3/dist-packages/oslo_messaging/_drivers/amqpdriver.py:360
2025-11-17 00:45:13.345 168314 DEBUG oslo_service.service [req-f17e5331-54c8-41ba-b249-9e0b7c135163 - - - - -] cyborg.endpoint_override = None log_opt_values /usr/lib/python3/dist-packages/oslo_config/cfg.py:2609
2025-11-17 00:45:13.345 168752 DEBUG oslo_messaging._drivers.amqpdriver [-] Listener is running poll /usr/lib/python3/dist-packages/oslo_messaging/_drivers/amqpdriver.py:343
2025-11-17 00:45:13.345 168314 DEBUG oslo_service.service [req-f17e5331-54c8-41ba-b249-9e0b7c135163 - - - - -] cyborg.insecure = False log_opt_values /usr/lib/python3/dist-packages/oslo_config/cfg.py:2609
2025-11-17 00:45:13.345 168752 DEBUG oslo_messaging._drivers.amqpdriver [-] AMQPListener connection consume poll /usr/lib/python3/dist-packages/oslo_messaging/_drivers/amqpdriver.py:357
2025-11-17 00:45:13.345 168314 DEBUG oslo_service.service [req-f17e5331-54c8-41ba-b249-9e0b7c135163 - - - - -] cyborg.keyfile = None log_opt_values /usr/lib/python3/dist-packages/oslo_config/cfg.py:2609
2025-11-17 00:45:13.346 168314 DEBUG oslo_service.service [req-f17e5331-54c8-41ba-b249-9e0b7c135163 - - - - -] cyborg.max_version = None log_opt_values /usr/lib/python3/dist-packages/oslo_config/cfg.py:2609
2025-11-17 00:45:13.347 168314 DEBUG oslo_service.service [req-f17e5331-54c8-41ba-b249-9e0b7c135163 - - - - -] cyborg.min_version = None log_opt_values /usr/lib/python3/dist-packages/oslo_config/cfg.py:2609
2025-11-17 00:45:13.347 168314 DEBUG oslo_service.service [req-f17e5331-54c8-41ba-b249-9e0b7c135163 - - - - -] cyborg.region_name = None log_opt_values /usr/lib/python3/dist-packages/oslo_config/cfg.py:2609
2025-11-17 00:45:13.347 168314 DEBUG oslo_service.service [req-f17e5331-54c8-41ba-b249-9e0b7c135163 - - - - -] cyborg.service_name = None log_opt_values /usr/lib/python3/dist-packages/oslo_config/cfg.py:2609
2025-11-17 00:45:13.347 168314 DEBUG oslo_service.service [req-f17e5331-54c8-41ba-b249-9e0b7c135163 - - - - -] cyborg.service_type = accelerator log_opt_values /usr/lib/python3/dist-packages/oslo_config/cfg.py:2609
2025-11-17 00:45:13.348 168314 DEBUG oslo_service.service [req-f17e5331-54c8-41ba-b249-9e0b7c135163 - - - - -] cyborg.split_loggers = False log_opt_values /usr/lib/python3/dist-packages/oslo_config/cfg.py:2609
2025-11-17 00:45:13.348 168314 DEBUG oslo_service.service [req-f17e5331-54c8-41ba-b249-9e0b7c135163 - - - - -] cyborg.status_code_retries = None log_opt_values /usr/lib/python3/dist-packages/oslo_config/cfg.py:2609
2025-11-17 00:45:13.348 168314 DEBUG oslo_service.service [req-f17e5331-54c8-41ba-b249-9e0b7c135163 - - - - -] cyborg.status_code_retry_delay = None log_opt_values /usr/lib/python3/dist-packages/oslo_config/cfg.py:2609
2025-11-17 00:45:13.348 168314 DEBUG oslo_service.service [req-f17e5331-54c8-41ba-b249-9e0b7c135163 - - - - -] cyborg.timeout = None log_opt_values /usr/lib/python3/dist-packages/oslo_config/cfg.py:2609
2025-11-17 00:45:13.348 168314 DEBUG oslo_service.service [req-f17e5331-54c8-41ba-b249-9e0b7c135163 - - - - -] cyborg.valid_interfaces = ['internal', 'public'] log_opt_values /usr/lib/python3/dist-packages/oslo_config/cfg.py:2609
2025-11-17 00:45:13.349 168314 DEBUG oslo_service.service [req-f17e5331-54c8-41ba-b249-9e0b7c135163 - - - - -] cyborg.version = None log_opt_values /usr/lib/python3/dist-packages/oslo_config/cfg.py:2609
2025-11-17 00:45:13.349 168314 DEBUG oslo_service.service [req-f17e5331-54c8-41ba-b249-9e0b7c135163 - - - - -] database.backend = sqlalchemy log_opt_values /usr/lib/python3/dist-packages/oslo_config/cfg.py:2609
2025-11-17 00:45:13.349 168314 DEBUG oslo_service.service [req-f17e5331-54c8-41ba-b249-9e0b7c135163 - - - - -] database.connection = **** log_opt_values /usr/lib/python3/dist-packages/oslo_config/cfg.py:2609
