2025-11-17 01:51:23.630 7 DEBUG oslo_service.service [-] ml2_type_vlan.network_vlan_ranges = [] log_opt_values /var/lib/kolla/venv/lib/python3.6/site-packages/oslo_config/cfg.py:2611
2025-11-17 01:51:23.630 7 DEBUG oslo_service.service [-] ml2_type_vxlan.vni_ranges = [] log_opt_values /var/lib/kolla/venv/lib/python3.6/site-packages/oslo_config/cfg.py:2611
2025-11-17 01:51:23.630 7 DEBUG oslo_service.service [-] ml2_type_vxlan.vxlan_group = None log_opt_values /var/lib/kolla/venv/lib/python3.6/site-packages/oslo_config/cfg.py:2611
2025-11-17 01:51:23.630 7 DEBUG oslo_service.service [-] database.backend = sqlalchemy log_opt_values /var/lib/kolla/venv/lib/python3.6/site-packages/oslo_config/cfg.py:2611
2025-11-17 01:51:23.630 7 DEBUG oslo_service.service [-] database.connection = **** log_opt_values /var/lib/kolla/venv/lib/python3.6/site-packages/oslo_config/cfg.py:2611
2025-11-17 01:51:23.630 7 DEBUG oslo_service.service [-] database.connection_debug = 0 log_opt_values /var/lib/kolla/venv/lib/python3.6/site-packages/oslo_config/cfg.py:2611
2025-11-17 01:51:23.630 7 DEBUG oslo_service.service [-] database.connection_parameters = log_opt_values /var/lib/kolla/venv/lib/python3.6/site-packages/oslo_config/cfg.py:2611
2025-11-17 01:51:23.630 7 DEBUG oslo_service.service [-] database.connection_recycle_time = 10 log_opt_values /var/lib/kolla/venv/lib/python3.6/site-packages/oslo_config/cfg.py:2611
2025-11-17 01:51:23.631 7 DEBUG oslo_service.service [-] database.connection_trace = False log_opt_values /var/lib/kolla/venv/lib/python3.6/site-packages/oslo_config/cfg.py:2611
2025-11-17 01:51:23.631 7 DEBUG oslo_service.service [-] database.db_inc_retry_interval = True log_opt_values /var/lib/kolla/venv/lib/python3.6/site-packages/oslo_config/cfg.py:2611
2025-11-17 01:51:23.631 7 DEBUG oslo_service.service [-] database.db_max_retries = 20 log_opt_values /var/lib/kolla/venv/lib/python3.6/site-packages/oslo_config/cfg.py:2611
2025-11-17 01:51:23.631 7 DEBUG oslo_service.service [-] database.db_max_retry_interval = 10 log_opt_values /var/lib/kolla/venv/lib/python3.6/site-packages/oslo_config/cfg.py:2611
2025-11-17 01:51:23.631 7 DEBUG oslo_service.service [-] database.db_retry_interval = 1 log_opt_values /var/lib/kolla/venv/lib/python3.6/site-packages/oslo_config/cfg.py:2611
2025-11-17 01:51:23.631 7 DEBUG oslo_service.service [-] database.max_overflow = 50 log_opt_values /var/lib/kolla/venv/lib/python3.6/site-packages/oslo_config/cfg.py:2611
2025-11-17 01:51:23.631 7 DEBUG oslo_service.service [-] database.max_pool_size = 1 log_opt_values /var/lib/kolla/venv/lib/python3.6/site-packages/oslo_config/cfg.py:2611
2025-11-17 01:51:23.631 7 DEBUG oslo_service.service [-] database.max_retries = -1 log_opt_values /var/lib/kolla/venv/lib/python3.6/site-packages/oslo_config/cfg.py:2611
2025-11-17 01:51:23.631 7 DEBUG oslo_service.service [-] database.mysql_enable_ndb = False log_opt_values /var/lib/kolla/venv/lib/python3.6/site-packages/oslo_config/cfg.py:2611
2025-11-17 01:51:23.631 7 DEBUG oslo_service.service [-] database.mysql_sql_mode = TRADITIONAL log_opt_values /var/lib/kolla/venv/lib/python3.6/site-packages/oslo_config/cfg.py:2611
2025-11-17 01:51:23.631 7 DEBUG oslo_service.service [-] database.pool_timeout = None log_opt_values /var/lib/kolla/venv/lib/python3.6/site-packages/oslo_config/cfg.py:2611
2025-11-17 01:51:23.631 7 DEBUG oslo_service.service [-] database.retry_interval = 10 log_opt_values /var/lib/kolla/venv/lib/python3.6/site-packages/oslo_config/cfg.py:2611
2025-11-17 01:51:23.631 7 DEBUG oslo_service.service [-] database.slave_connection = **** log_opt_values /var/lib/kolla/venv/lib/python3.6/site-packages/oslo_config/cfg.py:2611
2025-11-17 01:51:23.631 7 DEBUG oslo_service.service [-] database.sqlite_synchronous = True log_opt_values /var/lib/kolla/venv/lib/python3.6/site-packages/oslo_config/cfg.py:2611
2025-11-17 01:51:23.631 7 DEBUG oslo_service.service [-] database.use_db_reconnect = False log_opt_values /var/lib/kolla/venv/lib/python3.6/site-packages/oslo_config/cfg.py:2611
2025-11-17 01:51:23.631 7 DEBUG oslo_service.service [-] ******************************************************************************** log_opt_values /var/lib/kolla/venv/lib/python3.6/site-packages/oslo_config/cfg.py:2613
2025-11-17 01:51:24.932 22 DEBUG neutron.wsgi [-] (22) accepted ('10.0.0.27', 38806) server /var/lib/kolla/venv/lib/python3.6/site-packages/eventlet/wsgi.py:1004
2025-11-17 01:51:24.940 22 INFO neutron.wsgi [-] 10.0.0.27 "GET / HTTP/1.1" status: 200 len: 227 time: 0.0056791
2025-11-17 01:51:27.726 23 DEBUG neutron.api.rpc.handlers.dhcp_rpc [req-b9bc74bf-aced-4d63-be59-8692d20036fa - - - - -] get_active_networks_info from cn-jenkins-deploy-platform-ansible-os-4739-1 get_active_networks_info /var/lib/kolla/venv/lib/python3.6/site-packages/neutron/api/rpc/handlers/dhcp_rpc.py:159
2025-11-17 01:51:27.741 26 DEBUG neutron_lib.callbacks.manager [req-3d67b9e7-e33e-4ceb-911f-300b37ad12c8 - - - - -] Publish callbacks ['neutron.services.segments.db._update_segment_host_mapping_for_agent-8773214977344', 'neutron.services.l3_router.l3_router_plugin.DVRResourceOperationHandler.create_fip_agent_gw_ports-596925'] for agent (66fba049-2e3b-475b-b685-172d040c38cf), after_create _notify_loop /var/lib/kolla/venv/lib/python3.6/site-packages/neutron_lib/callbacks/manager.py:177
2025-11-17 01:51:27.768 23 DEBUG neutron.scheduler.dhcp_agent_scheduler [req-b9bc74bf-aced-4d63-be59-8692d20036fa - - - - -] No non-hosted networks auto_schedule_networks /var/lib/kolla/venv/lib/python3.6/site-packages/neutron/scheduler/dhcp_agent_scheduler.py:60
2025-11-17 01:51:44.673 27 DEBUG neutron_lib.callbacks.manager [req-3bd92cca-2876-4b37-ab92-a0512644e97c - - - - -] Publish callbacks ['neutron.services.segments.db._update_segment_host_mapping_for_agent-8773214977344', 'neutron.services.l3_router.l3_router_plugin.DVRResourceOperationHandler.create_fip_agent_gw_ports-596925'] for agent (e7783bf3-2c72-4f61-9076-f049b5354689), after_create _notify_loop /var/lib/kolla/venv/lib/python3.6/site-packages/neutron_lib/callbacks/manager.py:177
2025-11-17 01:51:54.989 22 DEBUG neutron.wsgi [-] (22) accepted ('10.0.0.27', 36452) server /var/lib/kolla/venv/lib/python3.6/site-packages/eventlet/wsgi.py:1004
2025-11-17 01:51:54.993 22 INFO neutron.wsgi [-] 10.0.0.27 "GET / HTTP/1.1" status: 200 len: 227 time: 0.0036087
2025-11-17 01:51:57.705 23 DEBUG neutron_lib.callbacks.manager [req-fea56c8e-1602-446b-8167-9cff1dd6d2e4 - - - - -] Publish callbacks ['neutron.services.segments.db._update_segment_host_mapping_for_agent-8773214977344', 'neutron.plugins.ml2.plugin.Ml2Plugin._retry_binding_revived_agents-4058899'] for agent (66fba049-2e3b-475b-b685-172d040c38cf), after_update _notify_loop /var/lib/kolla/venv/lib/python3.6/site-packages/neutron_lib/callbacks/manager.py:177
2025-11-17 01:52:14.656 25 DEBUG neutron_lib.callbacks.manager [req-3bd92cca-2876-4b37-ab92-a0512644e97c - - - - -] Publish callbacks ['neutron.services.segments.db._update_segment_host_mapping_for_agent-8773214977344', 'neutron.plugins.ml2.plugin.Ml2Plugin._retry_binding_revived_agents-4058899'] for agent (e7783bf3-2c72-4f61-9076-f049b5354689), after_update _notify_loop /var/lib/kolla/venv/lib/python3.6/site-packages/neutron_lib/callbacks/manager.py:177
2025-11-17 01:52:25.043 22 DEBUG neutron.wsgi [-] (22) accepted ('10.0.0.27', 34380) server /var/lib/kolla/venv/lib/python3.6/site-packages/eventlet/wsgi.py:1004
2025-11-17 01:52:25.048 22 INFO neutron.wsgi [-] 10.0.0.27 "GET / HTTP/1.1" status: 200 len: 227 time: 0.0040731
2025-11-17 01:52:27.714 28 DEBUG neutron_lib.callbacks.manager [req-3dbb2a83-b177-4afb-8041-f2fcdc3c2aba - - - - -] Publish callbacks ['neutron.services.segments.db._update_segment_host_mapping_for_agent-8773214977344', 'neutron.plugins.ml2.plugin.Ml2Plugin._retry_binding_revived_agents-4058899'] for agent (66fba049-2e3b-475b-b685-172d040c38cf), after_update _notify_loop /var/lib/kolla/venv/lib/python3.6/site-packages/neutron_lib/callbacks/manager.py:177
2025-11-17 01:52:36.590 29 DEBUG neutron.db.agents_db [req-ce62e9fa-f586-41e0-8059-807b3eb2975e - - - - -] Agent healthcheck: found 2 active agents agent_health_check /var/lib/kolla/venv/lib/python3.6/site-packages/neutron/db/agents_db.py:318
2025-11-17 01:52:44.660 24 DEBUG neutron_lib.callbacks.manager [req-3bd92cca-2876-4b37-ab92-a0512644e97c - - - - -] Publish callbacks ['neutron.services.segments.db._update_segment_host_mapping_for_agent-8773214977344', 'neutron.plugins.ml2.plugin.Ml2Plugin._retry_binding_revived_agents-4058899'] for agent (e7783bf3-2c72-4f61-9076-f049b5354689), after_update _notify_loop /var/lib/kolla/venv/lib/python3.6/site-packages/neutron_lib/callbacks/manager.py:177
2025-11-17 01:52:55.099 22 DEBUG neutron.wsgi [-] (22) accepted ('10.0.0.27', 47946) server /var/lib/kolla/venv/lib/python3.6/site-packages/eventlet/wsgi.py:1004
2025-11-17 01:52:55.104 22 INFO neutron.wsgi [-] 10.0.0.27 "GET / HTTP/1.1" status: 200 len: 227 time: 0.0031347
2025-11-17 01:52:57.702 26 DEBUG neutron_lib.callbacks.manager [req-009168f1-73e1-492e-b421-aaad59c6c27c - - - - -] Publish callbacks ['neutron.services.segments.db._update_segment_host_mapping_for_agent-8773214977344', 'neutron.plugins.ml2.plugin.Ml2Plugin._retry_binding_revived_agents-4058899'] for agent (66fba049-2e3b-475b-b685-172d040c38cf), after_update _notify_loop /var/lib/kolla/venv/lib/python3.6/site-packages/neutron_lib/callbacks/manager.py:177
2025-11-17 01:53:13.589 29 DEBUG neutron.db.agents_db [req-ce62e9fa-f586-41e0-8059-807b3eb2975e - - - - -] Agent healthcheck: found 2 active agents agent_health_check /var/lib/kolla/venv/lib/python3.6/site-packages/neutron/db/agents_db.py:318
2025-11-17 01:53:14.666 27 DEBUG neutron_lib.callbacks.manager [req-3bd92cca-2876-4b37-ab92-a0512644e97c - - - - -] Publish callbacks ['neutron.services.segments.db._update_segment_host_mapping_for_agent-8773214977344', 'neutron.plugins.ml2.plugin.Ml2Plugin._retry_binding_revived_agents-4058899'] for agent (e7783bf3-2c72-4f61-9076-f049b5354689), after_update _notify_loop /var/lib/kolla/venv/lib/python3.6/site-packages/neutron_lib/callbacks/manager.py:177
2025-11-17 01:53:25.154 22 DEBUG neutron.wsgi [-] (22) accepted ('10.0.0.27', 48258) server /var/lib/kolla/venv/lib/python3.6/site-packages/eventlet/wsgi.py:1004
2025-11-17 01:53:25.158 22 INFO neutron.wsgi [-] 10.0.0.27 "GET / HTTP/1.1" status: 200 len: 227 time: 0.0030000
2025-11-17 01:53:27.699 23 DEBUG neutron_lib.callbacks.manager [req-ff659322-5cd5-48a6-b0e3-23f1f22cc327 - - - - -] Publish callbacks ['neutron.services.segments.db._update_segment_host_mapping_for_agent-8773214977344', 'neutron.plugins.ml2.plugin.Ml2Plugin._retry_binding_revived_agents-4058899'] for agent (66fba049-2e3b-475b-b685-172d040c38cf), after_update _notify_loop /var/lib/kolla/venv/lib/python3.6/site-packages/neutron_lib/callbacks/manager.py:177
2025-11-17 01:53:44.648 25 DEBUG neutron_lib.callbacks.manager [req-3bd92cca-2876-4b37-ab92-a0512644e97c - - - - -] Publish callbacks ['neutron.services.segments.db._update_segment_host_mapping_for_agent-8773214977344', 'neutron.plugins.ml2.plugin.Ml2Plugin._retry_binding_revived_agents-4058899'] for agent (e7783bf3-2c72-4f61-9076-f049b5354689), after_update _notify_loop /var/lib/kolla/venv/lib/python3.6/site-packages/neutron_lib/callbacks/manager.py:177
2025-11-17 01:53:50.589 29 DEBUG neutron.db.agents_db [req-ce62e9fa-f586-41e0-8059-807b3eb2975e - - - - -] Agent healthcheck: found 2 active agents agent_health_check /var/lib/kolla/venv/lib/python3.6/site-packages/neutron/db/agents_db.py:318
2025-11-17 01:53:55.208 22 DEBUG neutron.wsgi [-] (22) accepted ('10.0.0.27', 33252) server /var/lib/kolla/venv/lib/python3.6/site-packages/eventlet/wsgi.py:1004
2025-11-17 01:53:55.214 22 INFO neutron.wsgi [-] 10.0.0.27 "GET / HTTP/1.1" status: 200 len: 227 time: 0.0051639
2025-11-17 01:53:57.698 28 DEBUG neutron_lib.callbacks.manager [req-ba105614-6b58-4d0e-abe8-7e7b211a21eb - - - - -] Publish callbacks ['neutron.services.segments.db._update_segment_host_mapping_for_agent-8773214977344', 'neutron.plugins.ml2.plugin.Ml2Plugin._retry_binding_revived_agents-4058899'] for agent (66fba049-2e3b-475b-b685-172d040c38cf), after_update _notify_loop /var/lib/kolla/venv/lib/python3.6/site-packages/neutron_lib/callbacks/manager.py:177
2025-11-17 01:54:14.674 24 DEBUG neutron_lib.callbacks.manager [req-3bd92cca-2876-4b37-ab92-a0512644e97c - - - - -] Publish callbacks ['neutron.services.segments.db._update_segment_host_mapping_for_agent-8773214977344', 'neutron.plugins.ml2.plugin.Ml2Plugin._retry_binding_revived_agents-4058899'] for agent (e7783bf3-2c72-4f61-9076-f049b5354689), after_update _notify_loop /var/lib/kolla/venv/lib/python3.6/site-packages/neutron_lib/callbacks/manager.py:177
2025-11-17 01:54:25.264 22 DEBUG neutron.wsgi [-] (22) accepted ('10.0.0.27', 56444) server /var/lib/kolla/venv/lib/python3.6/site-packages/eventlet/wsgi.py:1004
2025-11-17 01:54:25.268 22 INFO neutron.wsgi [-] 10.0.0.27 "GET / HTTP/1.1" status: 200 len: 227 time: 0.0027258
2025-11-17 01:54:27.591 29 DEBUG neutron.db.agents_db [req-ce62e9fa-f586-41e0-8059-807b3eb2975e - - - - -] Agent healthcheck: found 2 active agents agent_health_check /var/lib/kolla/venv/lib/python3.6/site-packages/neutron/db/agents_db.py:318
2025-11-17 01:54:27.696 26 DEBUG neutron_lib.callbacks.manager [req-341afeb1-5415-4b96-8273-4da308e310e4 - - - - -] Publish callbacks ['neutron.services.segments.db._update_segment_host_mapping_for_agent-8773214977344', 'neutron.plugins.ml2.plugin.Ml2Plugin._retry_binding_revived_agents-4058899'] for agent (66fba049-2e3b-475b-b685-172d040c38cf), after_update _notify_loop /var/lib/kolla/venv/lib/python3.6/site-packages/neutron_lib/callbacks/manager.py:177
2025-11-17 01:54:44.655 27 DEBUG neutron_lib.callbacks.manager [req-3bd92cca-2876-4b37-ab92-a0512644e97c - - - - -] Publish callbacks ['neutron.services.segments.db._update_segment_host_mapping_for_agent-8773214977344', 'neutron.plugins.ml2.plugin.Ml2Plugin._retry_binding_revived_agents-4058899'] for agent (e7783bf3-2c72-4f61-9076-f049b5354689), after_update _notify_loop /var/lib/kolla/venv/lib/python3.6/site-packages/neutron_lib/callbacks/manager.py:177
2025-11-17 01:54:55.315 22 DEBUG neutron.wsgi [-] (22) accepted ('10.0.0.27', 55774) server /var/lib/kolla/venv/lib/python3.6/site-packages/eventlet/wsgi.py:1004
2025-11-17 01:54:55.319 22 INFO neutron.wsgi [-] 10.0.0.27 "GET / HTTP/1.1" status: 200 len: 227 time: 0.0039604
2025-11-17 01:54:57.695 23 DEBUG neutron_lib.callbacks.manager [req-6f90ab0a-d7c9-4055-aeec-6a167ff71b72 - - - - -] Publish callbacks ['neutron.services.segments.db._update_segment_host_mapping_for_agent-8773214977344', 'neutron.plugins.ml2.plugin.Ml2Plugin._retry_binding_revived_agents-4058899'] for agent (66fba049-2e3b-475b-b685-172d040c38cf), after_update _notify_loop /var/lib/kolla/venv/lib/python3.6/site-packages/neutron_lib/callbacks/manager.py:177
2025-11-17 01:55:04.590 29 DEBUG neutron.db.agents_db [req-ce62e9fa-f586-41e0-8059-807b3eb2975e - - - - -] Agent healthcheck: found 2 active agents agent_health_check /var/lib/kolla/venv/lib/python3.6/site-packages/neutron/db/agents_db.py:318
2025-11-17 01:55:14.656 25 DEBUG neutron_lib.callbacks.manager [req-3bd92cca-2876-4b37-ab92-a0512644e97c - - - - -] Publish callbacks ['neutron.services.segments.db._update_segment_host_mapping_for_agent-8773214977344', 'neutron.plugins.ml2.plugin.Ml2Plugin._retry_binding_revived_agents-4058899'] for agent (e7783bf3-2c72-4f61-9076-f049b5354689), after_update _notify_loop /var/lib/kolla/venv/lib/python3.6/site-packages/neutron_lib/callbacks/manager.py:177
2025-11-17 01:55:25.368 22 DEBUG neutron.wsgi [-] (22) accepted ('10.0.0.27', 51700) server /var/lib/kolla/venv/lib/python3.6/site-packages/eventlet/wsgi.py:1004
2025-11-17 01:55:25.371 22 INFO neutron.wsgi [-] 10.0.0.27 "GET / HTTP/1.1" status: 200 len: 227 time: 0.0027351
2025-11-17 01:55:27.697 28 DEBUG neutron_lib.callbacks.manager [req-67c74dcd-d986-401b-bbad-aca0e3149298 - - - - -] Publish callbacks ['neutron.services.segments.db._update_segment_host_mapping_for_agent-8773214977344', 'neutron.plugins.ml2.plugin.Ml2Plugin._retry_binding_revived_agents-4058899'] for agent (66fba049-2e3b-475b-b685-172d040c38cf), after_update _notify_loop /var/lib/kolla/venv/lib/python3.6/site-packages/neutron_lib/callbacks/manager.py:177
2025-11-17 01:55:41.591 29 DEBUG neutron.db.agents_db [req-ce62e9fa-f586-41e0-8059-807b3eb2975e - - - - -] Agent healthcheck: found 2 active agents agent_health_check /var/lib/kolla/venv/lib/python3.6/site-packages/neutron/db/agents_db.py:318
2025-11-17 01:55:44.658 24 DEBUG neutron_lib.callbacks.manager [req-3bd92cca-2876-4b37-ab92-a0512644e97c - - - - -] Publish callbacks ['neutron.services.segments.db._update_segment_host_mapping_for_agent-8773214977344', 'neutron.plugins.ml2.plugin.Ml2Plugin._retry_binding_revived_agents-4058899'] for agent (e7783bf3-2c72-4f61-9076-f049b5354689), after_update _notify_loop /var/lib/kolla/venv/lib/python3.6/site-packages/neutron_lib/callbacks/manager.py:177
2025-11-17 01:55:55.421 22 DEBUG neutron.wsgi [-] (22) accepted ('10.0.0.27', 47572) server /var/lib/kolla/venv/lib/python3.6/site-packages/eventlet/wsgi.py:1004
2025-11-17 01:55:55.425 22 INFO neutron.wsgi [-] 10.0.0.27 "GET / HTTP/1.1" status: 200 len: 227 time: 0.0031793
2025-11-17 01:55:57.698 26 DEBUG neutron_lib.callbacks.manager [req-38b9703e-7995-4d1f-8e25-e69d196a0b3f - - - - -] Publish callbacks ['neutron.services.segments.db._update_segment_host_mapping_for_agent-8773214977344', 'neutron.plugins.ml2.plugin.Ml2Plugin._retry_binding_revived_agents-4058899'] for agent (66fba049-2e3b-475b-b685-172d040c38cf), after_update _notify_loop /var/lib/kolla/venv/lib/python3.6/site-packages/neutron_lib/callbacks/manager.py:177
2025-11-17 01:56:14.662 27 DEBUG neutron_lib.callbacks.manager [req-3bd92cca-2876-4b37-ab92-a0512644e97c - - - - -] Publish callbacks ['neutron.services.segments.db._update_segment_host_mapping_for_agent-8773214977344', 'neutron.plugins.ml2.plugin.Ml2Plugin._retry_binding_revived_agents-4058899'] for agent (e7783bf3-2c72-4f61-9076-f049b5354689), after_update _notify_loop /var/lib/kolla/venv/lib/python3.6/site-packages/neutron_lib/callbacks/manager.py:177
2025-11-17 01:56:18.594 29 DEBUG neutron.db.agents_db [req-ce62e9fa-f586-41e0-8059-807b3eb2975e - - - - -] Agent healthcheck: found 2 active agents agent_health_check /var/lib/kolla/venv/lib/python3.6/site-packages/neutron/db/agents_db.py:318
2025-11-17 01:56:25.472 22 DEBUG neutron.wsgi [-] (22) accepted ('10.0.0.27', 51322) server /var/lib/kolla/venv/lib/python3.6/site-packages/eventlet/wsgi.py:1004
2025-11-17 01:56:25.477 22 INFO neutron.wsgi [-] 10.0.0.27 "GET / HTTP/1.1" status: 200 len: 227 time: 0.0032628
2025-11-17 01:56:27.697 23 DEBUG neutron_lib.callbacks.manager [req-3b9c5522-79e1-47cb-ba51-48d33fa3db13 - - - - -] Publish callbacks ['neutron.services.segments.db._update_segment_host_mapping_for_agent-8773214977344', 'neutron.plugins.ml2.plugin.Ml2Plugin._retry_binding_revived_agents-4058899'] for agent (66fba049-2e3b-475b-b685-172d040c38cf), after_update _notify_loop /var/lib/kolla/venv/lib/python3.6/site-packages/neutron_lib/callbacks/manager.py:177
2025-11-17 01:56:44.663 25 DEBUG neutron_lib.callbacks.manager [req-3bd92cca-2876-4b37-ab92-a0512644e97c - - - - -] Publish callbacks ['neutron.services.segments.db._update_segment_host_mapping_for_agent-8773214977344', 'neutron.plugins.ml2.plugin.Ml2Plugin._retry_binding_revived_agents-4058899'] for agent (e7783bf3-2c72-4f61-9076-f049b5354689), after_update _notify_loop /var/lib/kolla/venv/lib/python3.6/site-packages/neutron_lib/callbacks/manager.py:177
2025-11-17 01:56:55.523 22 DEBUG neutron.wsgi [-] (22) accepted ('10.0.0.27', 58942) server /var/lib/kolla/venv/lib/python3.6/site-packages/eventlet/wsgi.py:1004
2025-11-17 01:56:55.528 22 INFO neutron.wsgi [-] 10.0.0.27 "GET / HTTP/1.1" status: 200 len: 227 time: 0.0038869
2025-11-17 01:56:55.591 29 DEBUG neutron.db.agents_db [req-ce62e9fa-f586-41e0-8059-807b3eb2975e - - - - -] Agent healthcheck: found 2 active agents agent_health_check /var/lib/kolla/venv/lib/python3.6/site-packages/neutron/db/agents_db.py:318
2025-11-17 01:56:57.696 28 DEBUG neutron_lib.callbacks.manager [req-48715506-fcaf-4dba-960d-9625d7d6b94e - - - - -] Publish callbacks ['neutron.services.segments.db._update_segment_host_mapping_for_agent-8773214977344', 'neutron.plugins.ml2.plugin.Ml2Plugin._retry_binding_revived_agents-4058899'] for agent (66fba049-2e3b-475b-b685-172d040c38cf), after_update _notify_loop /var/lib/kolla/venv/lib/python3.6/site-packages/neutron_lib/callbacks/manager.py:177
2025-11-17 01:57:14.668 24 DEBUG neutron_lib.callbacks.manager [req-3bd92cca-2876-4b37-ab92-a0512644e97c - - - - -] Publish callbacks ['neutron.services.segments.db._update_segment_host_mapping_for_agent-8773214977344', 'neutron.plugins.ml2.plugin.Ml2Plugin._retry_binding_revived_agents-4058899'] for agent (e7783bf3-2c72-4f61-9076-f049b5354689), after_update _notify_loop /var/lib/kolla/venv/lib/python3.6/site-packages/neutron_lib/callbacks/manager.py:177
2025-11-17 01:57:25.575 22 DEBUG neutron.wsgi [-] (22) accepted ('10.0.0.27', 54584) server /var/lib/kolla/venv/lib/python3.6/site-packages/eventlet/wsgi.py:1004
2025-11-17 01:57:25.579 22 INFO neutron.wsgi [-] 10.0.0.27 "GET / HTTP/1.1" status: 200 len: 227 time: 0.0027688
2025-11-17 01:57:27.698 26 DEBUG neutron_lib.callbacks.manager [req-ea3d4c1c-f236-4888-b452-7c57d068565d - - - - -] Publish callbacks ['neutron.services.segments.db._update_segment_host_mapping_for_agent-8773214977344', 'neutron.plugins.ml2.plugin.Ml2Plugin._retry_binding_revived_agents-4058899'] for agent (66fba049-2e3b-475b-b685-172d040c38cf), after_update _notify_loop /var/lib/kolla/venv/lib/python3.6/site-packages/neutron_lib/callbacks/manager.py:177
2025-11-17 01:57:32.593 29 DEBUG neutron.db.agents_db [req-ce62e9fa-f586-41e0-8059-807b3eb2975e - - - - -] Agent healthcheck: found 2 active agents agent_health_check /var/lib/kolla/venv/lib/python3.6/site-packages/neutron/db/agents_db.py:318
2025-11-17 01:57:44.677 27 DEBUG neutron_lib.callbacks.manager [req-3bd92cca-2876-4b37-ab92-a0512644e97c - - - - -] Publish callbacks ['neutron.services.segments.db._update_segment_host_mapping_for_agent-8773214977344', 'neutron.plugins.ml2.plugin.Ml2Plugin._retry_binding_revived_agents-4058899'] for agent (e7783bf3-2c72-4f61-9076-f049b5354689), after_update _notify_loop /var/lib/kolla/venv/lib/python3.6/site-packages/neutron_lib/callbacks/manager.py:177
2025-11-17 01:57:55.629 22 DEBUG neutron.wsgi [-] (22) accepted ('10.0.0.27', 41978) server /var/lib/kolla/venv/lib/python3.6/site-packages/eventlet/wsgi.py:1004
2025-11-17 01:57:55.633 22 INFO neutron.wsgi [-] 10.0.0.27 "GET / HTTP/1.1" status: 200 len: 227 time: 0.0032518
2025-11-17 01:57:57.700 23 DEBUG neutron_lib.callbacks.manager [req-4db48e57-3c91-4596-914e-a9d94535ec6b - - - - -] Publish callbacks ['neutron.services.segments.db._update_segment_host_mapping_for_agent-8773214977344', 'neutron.plugins.ml2.plugin.Ml2Plugin._retry_binding_revived_agents-4058899'] for agent (66fba049-2e3b-475b-b685-172d040c38cf), after_update _notify_loop /var/lib/kolla/venv/lib/python3.6/site-packages/neutron_lib/callbacks/manager.py:177
2025-11-17 01:58:09.592 29 DEBUG neutron.db.agents_db [req-ce62e9fa-f586-41e0-8059-807b3eb2975e - - - - -] Agent healthcheck: found 2 active agents agent_health_check /var/lib/kolla/venv/lib/python3.6/site-packages/neutron/db/agents_db.py:318
2025-11-17 01:58:14.671 25 DEBUG neutron_lib.callbacks.manager [req-3bd92cca-2876-4b37-ab92-a0512644e97c - - - - -] Publish callbacks ['neutron.services.segments.db._update_segment_host_mapping_for_agent-8773214977344', 'neutron.plugins.ml2.plugin.Ml2Plugin._retry_binding_revived_agents-4058899'] for agent (e7783bf3-2c72-4f61-9076-f049b5354689), after_update _notify_loop /var/lib/kolla/venv/lib/python3.6/site-packages/neutron_lib/callbacks/manager.py:177
2025-11-17 01:58:25.678 22 DEBUG neutron.wsgi [-] (22) accepted ('10.0.0.27', 42980) server /var/lib/kolla/venv/lib/python3.6/site-packages/eventlet/wsgi.py:1004
2025-11-17 01:58:25.681 22 INFO neutron.wsgi [-] 10.0.0.27 "GET / HTTP/1.1" status: 200 len: 227 time: 0.0029783
2025-11-17 01:58:27.728 28 DEBUG neutron_lib.callbacks.manager [req-7ad8aebd-d862-445e-b7a0-13bb5e76567c - - - - -] Publish callbacks ['neutron.services.segments.db._update_segment_host_mapping_for_agent-8773214977344', 'neutron.plugins.ml2.plugin.Ml2Plugin._retry_binding_revived_agents-4058899'] for agent (66fba049-2e3b-475b-b685-172d040c38cf), after_update _notify_loop /var/lib/kolla/venv/lib/python3.6/site-packages/neutron_lib/callbacks/manager.py:177
2025-11-17 01:58:44.729 24 DEBUG neutron_lib.callbacks.manager [req-3bd92cca-2876-4b37-ab92-a0512644e97c - - - - -] Publish callbacks ['neutron.services.segments.db._update_segment_host_mapping_for_agent-8773214977344', 'neutron.plugins.ml2.plugin.Ml2Plugin._retry_binding_revived_agents-4058899'] for agent (e7783bf3-2c72-4f61-9076-f049b5354689), after_update _notify_loop /var/lib/kolla/venv/lib/python3.6/site-packages/neutron_lib/callbacks/manager.py:177
2025-11-17 01:58:46.592 29 DEBUG neutron.db.agents_db [req-ce62e9fa-f586-41e0-8059-807b3eb2975e - - - - -] Agent healthcheck: found 2 active agents agent_health_check /var/lib/kolla/venv/lib/python3.6/site-packages/neutron/db/agents_db.py:318
2025-11-17 01:58:55.731 22 DEBUG neutron.wsgi [-] (22) accepted ('10.0.0.27', 48082) server /var/lib/kolla/venv/lib/python3.6/site-packages/eventlet/wsgi.py:1004
2025-11-17 01:58:55.738 22 INFO neutron.wsgi [-] 10.0.0.27 "GET / HTTP/1.1" status: 200 len: 227 time: 0.0049777
2025-11-17 01:58:57.699 26 DEBUG neutron_lib.callbacks.manager [req-4aa5cc5d-21ce-49d8-9144-02346ddac00c - - - - -] Publish callbacks ['neutron.services.segments.db._update_segment_host_mapping_for_agent-8773214977344', 'neutron.plugins.ml2.plugin.Ml2Plugin._retry_binding_revived_agents-4058899'] for agent (66fba049-2e3b-475b-b685-172d040c38cf), after_update _notify_loop /var/lib/kolla/venv/lib/python3.6/site-packages/neutron_lib/callbacks/manager.py:177
2025-11-17 01:59:14.675 27 DEBUG neutron_lib.callbacks.manager [req-3bd92cca-2876-4b37-ab92-a0512644e97c - - - - -] Publish callbacks ['neutron.services.segments.db._update_segment_host_mapping_for_agent-8773214977344', 'neutron.plugins.ml2.plugin.Ml2Plugin._retry_binding_revived_agents-4058899'] for agent (e7783bf3-2c72-4f61-9076-f049b5354689), after_update _notify_loop /var/lib/kolla/venv/lib/python3.6/site-packages/neutron_lib/callbacks/manager.py:177
2025-11-17 01:59:23.596 29 DEBUG neutron.db.agents_db [req-ce62e9fa-f586-41e0-8059-807b3eb2975e - - - - -] Agent healthcheck: found 2 active agents agent_health_check /var/lib/kolla/venv/lib/python3.6/site-packages/neutron/db/agents_db.py:318
2025-11-17 01:59:25.790 22 DEBUG neutron.wsgi [-] (22) accepted ('10.0.0.27', 56346) server /var/lib/kolla/venv/lib/python3.6/site-packages/eventlet/wsgi.py:1004
2025-11-17 01:59:25.794 22 INFO neutron.wsgi [-] 10.0.0.27 "GET / HTTP/1.1" status: 200 len: 227 time: 0.0032265
2025-11-17 01:59:27.701 23 DEBUG neutron_lib.callbacks.manager [req-4c2f6bd3-e5c8-4279-8769-db1c38f909e2 - - - - -] Publish callbacks ['neutron.services.segments.db._update_segment_host_mapping_for_agent-8773214977344', 'neutron.plugins.ml2.plugin.Ml2Plugin._retry_binding_revived_agents-4058899'] for agent (66fba049-2e3b-475b-b685-172d040c38cf), after_update _notify_loop /var/lib/kolla/venv/lib/python3.6/site-packages/neutron_lib/callbacks/manager.py:177
2025-11-17 01:59:44.679 25 DEBUG neutron_lib.callbacks.manager [req-3bd92cca-2876-4b37-ab92-a0512644e97c - - - - -] Publish callbacks ['neutron.services.segments.db._update_segment_host_mapping_for_agent-8773214977344', 'neutron.plugins.ml2.plugin.Ml2Plugin._retry_binding_revived_agents-4058899'] for agent (e7783bf3-2c72-4f61-9076-f049b5354689), after_update _notify_loop /var/lib/kolla/venv/lib/python3.6/site-packages/neutron_lib/callbacks/manager.py:177
2025-11-17 01:59:55.847 22 DEBUG neutron.wsgi [-] (22) accepted ('10.0.0.27', 38778) server /var/lib/kolla/venv/lib/python3.6/site-packages/eventlet/wsgi.py:1004
2025-11-17 01:59:55.851 22 INFO neutron.wsgi [-] 10.0.0.27 "GET / HTTP/1.1" status: 200 len: 227 time: 0.0027471
2025-11-17 01:59:57.699 28 DEBUG neutron_lib.callbacks.manager [req-b45848db-a8f5-4c63-ae4b-b33df914e660 - - - - -] Publish callbacks ['neutron.services.segments.db._update_segment_host_mapping_for_agent-8773214977344', 'neutron.plugins.ml2.plugin.Ml2Plugin._retry_binding_revived_agents-4058899'] for agent (66fba049-2e3b-475b-b685-172d040c38cf), after_update _notify_loop /var/lib/kolla/venv/lib/python3.6/site-packages/neutron_lib/callbacks/manager.py:177
2025-11-17 02:00:00.596 29 DEBUG neutron.db.agents_db [req-ce62e9fa-f586-41e0-8059-807b3eb2975e - - - - -] Agent healthcheck: found 2 active agents agent_health_check /var/lib/kolla/venv/lib/python3.6/site-packages/neutron/db/agents_db.py:318
2025-11-17 02:00:14.683 24 DEBUG neutron_lib.callbacks.manager [req-3bd92cca-2876-4b37-ab92-a0512644e97c - - - - -] Publish callbacks ['neutron.services.segments.db._update_segment_host_mapping_for_agent-8773214977344', 'neutron.plugins.ml2.plugin.Ml2Plugin._retry_binding_revived_agents-4058899'] for agent (e7783bf3-2c72-4f61-9076-f049b5354689), after_update _notify_loop /var/lib/kolla/venv/lib/python3.6/site-packages/neutron_lib/callbacks/manager.py:177
2025-11-17 02:00:25.900 22 DEBUG neutron.wsgi [-] (22) accepted ('10.0.0.27', 38066) server /var/lib/kolla/venv/lib/python3.6/site-packages/eventlet/wsgi.py:1004
2025-11-17 02:00:25.906 22 INFO neutron.wsgi [-] 10.0.0.27 "GET / HTTP/1.1" status: 200 len: 227 time: 0.0046823
2025-11-17 02:00:27.710 26 DEBUG neutron_lib.callbacks.manager [req-e9d8e02b-8a00-450b-948c-0da3fd0a7475 - - - - -] Publish callbacks ['neutron.services.segments.db._update_segment_host_mapping_for_agent-8773214977344', 'neutron.plugins.ml2.plugin.Ml2Plugin._retry_binding_revived_agents-4058899'] for agent (66fba049-2e3b-475b-b685-172d040c38cf), after_update _notify_loop /var/lib/kolla/venv/lib/python3.6/site-packages/neutron_lib/callbacks/manager.py:177
2025-11-17 02:00:37.597 29 DEBUG neutron.db.agents_db [req-ce62e9fa-f586-41e0-8059-807b3eb2975e - - - - -] Agent healthcheck: found 2 active agents agent_health_check /var/lib/kolla/venv/lib/python3.6/site-packages/neutron/db/agents_db.py:318
2025-11-17 02:00:44.694 27 DEBUG neutron_lib.callbacks.manager [req-3bd92cca-2876-4b37-ab92-a0512644e97c - - - - -] Publish callbacks ['neutron.services.segments.db._update_segment_host_mapping_for_agent-8773214977344', 'neutron.plugins.ml2.plugin.Ml2Plugin._retry_binding_revived_agents-4058899'] for agent (e7783bf3-2c72-4f61-9076-f049b5354689), after_update _notify_loop /var/lib/kolla/venv/lib/python3.6/site-packages/neutron_lib/callbacks/manager.py:177
2025-11-17 02:00:55.971 22 DEBUG neutron.wsgi [-] (22) accepted ('10.0.0.27', 51668) server /var/lib/kolla/venv/lib/python3.6/site-packages/eventlet/wsgi.py:1004
2025-11-17 02:00:55.976 22 INFO neutron.wsgi [-] 10.0.0.27 "GET / HTTP/1.1" status: 200 len: 227 time: 0.0037060
2025-11-17 02:00:57.698 23 DEBUG neutron_lib.callbacks.manager [req-b35bd420-3b27-4975-9d3b-f2b0a9cc32ba - - - - -] Publish callbacks ['neutron.services.segments.db._update_segment_host_mapping_for_agent-8773214977344', 'neutron.plugins.ml2.plugin.Ml2Plugin._retry_binding_revived_agents-4058899'] for agent (66fba049-2e3b-475b-b685-172d040c38cf), after_update _notify_loop /var/lib/kolla/venv/lib/python3.6/site-packages/neutron_lib/callbacks/manager.py:177
2025-11-17 02:00:58.883 7 INFO oslo_service.service [-] Caught SIGTERM, stopping children
2025-11-17 02:00:58.884 7 DEBUG oslo_concurrency.lockutils [-] Acquired lock "singleton_lock" lock /var/lib/kolla/venv/lib/python3.6/site-packages/oslo_concurrency/lockutils.py:294
2025-11-17 02:00:58.884 7 DEBUG oslo_concurrency.lockutils [-] Releasing lock "singleton_lock" lock /var/lib/kolla/venv/lib/python3.6/site-packages/oslo_concurrency/lockutils.py:312
2025-11-17 02:00:58.884 7 DEBUG oslo_service.service [-] Stop services. stop /var/lib/kolla/venv/lib/python3.6/site-packages/oslo_service/service.py:695
2025-11-17 02:00:58.885 7 DEBUG neutron.service [-] calling RpcWorker stop() stop /var/lib/kolla/venv/lib/python3.6/site-packages/neutron/service.py:138
2025-11-17 02:00:58.885 7 DEBUG neutron.service [-] calling RpcWorker stop() stop /var/lib/kolla/venv/lib/python3.6/site-packages/neutron/service.py:138
2025-11-17 02:00:58.885 7 DEBUG oslo_service.service [-] Killing children. stop /var/lib/kolla/venv/lib/python3.6/site-packages/oslo_service/service.py:700
2025-11-17 02:00:58.885 7 INFO oslo_service.service [-] Waiting on 8 children to exit
2025-11-17 02:00:58.885 22 INFO neutron.wsgi [-] (22) wsgi exited, is_accepting=True
2025-11-17 02:00:58.885 25 DEBUG neutron.service [-] calling RpcWorker stop() stop /var/lib/kolla/venv/lib/python3.6/site-packages/neutron/service.py:138
2025-11-17 02:00:58.886 28 DEBUG neutron.service [-] calling RpcWorker stop() stop /var/lib/kolla/venv/lib/python3.6/site-packages/neutron/service.py:138
2025-11-17 02:00:58.886 22 DEBUG oslo_concurrency.lockutils [req-7db90cac-16d7-443e-973f-aca67f66dfc8 - - - - -] Acquired lock "singleton_lock" lock /var/lib/kolla/venv/lib/python3.6/site-packages/oslo_concurrency/lockutils.py:294
2025-11-17 02:00:58.887 22 DEBUG oslo_concurrency.lockutils [req-7db90cac-16d7-443e-973f-aca67f66dfc8 - - - - -] Releasing lock "singleton_lock" lock /var/lib/kolla/venv/lib/python3.6/site-packages/oslo_concurrency/lockutils.py:312
2025-11-17 02:00:58.887 24 DEBUG neutron.service [-] calling RpcWorker stop() stop /var/lib/kolla/venv/lib/python3.6/site-packages/neutron/service.py:138
2025-11-17 02:00:58.886 25 DEBUG neutron.service [-] calling stop on stop /var/lib/kolla/venv/lib/python3.6/site-packages/neutron/service.py:141
2025-11-17 02:00:58.886 28 DEBUG neutron.service [-] calling stop on stop /var/lib/kolla/venv/lib/python3.6/site-packages/neutron/service.py:141
2025-11-17 02:00:58.889 29 DEBUG neutron.service [-] calling RpcWorker stop() stop /var/lib/kolla/venv/lib/python3.6/site-packages/neutron/service.py:138
2025-11-17 02:00:58.889 26 DEBUG neutron.service [-] calling RpcWorker stop() stop /var/lib/kolla/venv/lib/python3.6/site-packages/neutron/service.py:138
2025-11-17 02:00:58.890 23 DEBUG neutron.service [-] calling RpcWorker stop() stop /var/lib/kolla/venv/lib/python3.6/site-packages/neutron/service.py:138
2025-11-17 02:00:58.889 29 DEBUG neutron.service [-] calling stop on stop /var/lib/kolla/venv/lib/python3.6/site-packages/neutron/service.py:141
2025-11-17 02:00:58.890 7 INFO oslo_service.service [-] Child 22 exited with status 0
2025-11-17 02:00:58.890 23 DEBUG neutron.service [-] calling stop on stop /var/lib/kolla/venv/lib/python3.6/site-packages/neutron/service.py:141
2025-11-17 02:00:58.893 27 DEBUG neutron.service [-] calling RpcWorker stop() stop /var/lib/kolla/venv/lib/python3.6/site-packages/neutron/service.py:138
2025-11-17 02:00:58.889 24 DEBUG neutron.service [-] calling stop on stop /var/lib/kolla/venv/lib/python3.6/site-packages/neutron/service.py:141
2025-11-17 02:00:58.890 26 DEBUG neutron.service [-] calling stop on stop /var/lib/kolla/venv/lib/python3.6/site-packages/neutron/service.py:141
2025-11-17 02:00:58.893 27 DEBUG neutron.service [-] calling stop on stop /var/lib/kolla/venv/lib/python3.6/site-packages/neutron/service.py:141
2025-11-17 02:01:00.904 26 DEBUG oslo_concurrency.lockutils [req-7db90cac-16d7-443e-973f-aca67f66dfc8 - - - - -] Acquired lock "singleton_lock" lock /var/lib/kolla/venv/lib/python3.6/site-packages/oslo_concurrency/lockutils.py:294
2025-11-17 02:01:00.905 26 DEBUG oslo_concurrency.lockutils [req-7db90cac-16d7-443e-973f-aca67f66dfc8 - - - - -] Releasing lock "singleton_lock" lock /var/lib/kolla/venv/lib/python3.6/site-packages/oslo_concurrency/lockutils.py:312
2025-11-17 02:01:00.905 26 DEBUG neutron.service [req-7db90cac-16d7-443e-973f-aca67f66dfc8 - - - - -] calling RpcWorker wait() _wait /var/lib/kolla/venv/lib/python3.6/site-packages/neutron/service.py:128
2025-11-17 02:01:00.906 26 DEBUG neutron.service [req-7db90cac-16d7-443e-973f-aca67f66dfc8 - - - - -] calling wait on _wait /var/lib/kolla/venv/lib/python3.6/site-packages/neutron/service.py:131
2025-11-17 02:01:00.930 26 WARNING amqp [req-7db90cac-16d7-443e-973f-aca67f66dfc8 - - - - -] Received method (60, 30) during closing channel 1. This method will be ignored
2025-11-17 02:01:00.935 26 DEBUG neutron.service [req-7db90cac-16d7-443e-973f-aca67f66dfc8 - - - - -] returning from RpcWorker wait() _wait /var/lib/kolla/venv/lib/python3.6/site-packages/neutron/service.py:135
2025-11-17 02:01:00.945 7 INFO oslo_service.service [-] Child 26 exited with status 0
2025-11-17 02:01:02.889 27 DEBUG oslo_concurrency.lockutils [req-7db90cac-16d7-443e-973f-aca67f66dfc8 - - - - -] Acquired lock "singleton_lock" lock /var/lib/kolla/venv/lib/python3.6/site-packages/oslo_concurrency/lockutils.py:294
2025-11-17 02:01:02.889 27 DEBUG oslo_concurrency.lockutils [req-7db90cac-16d7-443e-973f-aca67f66dfc8 - - - - -] Releasing lock "singleton_lock" lock /var/lib/kolla/venv/lib/python3.6/site-packages/oslo_concurrency/lockutils.py:312
2025-11-17 02:01:02.889 27 DEBUG neutron.service [req-7db90cac-16d7-443e-973f-aca67f66dfc8 - - - - -] calling RpcWorker wait() _wait /var/lib/kolla/venv/lib/python3.6/site-packages/neutron/service.py:128
2025-11-17 02:01:02.890 27 DEBUG neutron.service [req-7db90cac-16d7-443e-973f-aca67f66dfc8 - - - - -] calling wait on _wait /var/lib/kolla/venv/lib/python3.6/site-packages/neutron/service.py:131
2025-11-17 02:01:02.899 27 WARNING amqp [req-7db90cac-16d7-443e-973f-aca67f66dfc8 - - - - -] Received method (60, 30) during closing channel 1. This method will be ignored
2025-11-17 02:01:02.900 27 DEBUG neutron.service [req-7db90cac-16d7-443e-973f-aca67f66dfc8 - - - - -] returning from RpcWorker wait() _wait /var/lib/kolla/venv/lib/python3.6/site-packages/neutron/service.py:135
2025-11-17 02:01:02.908 7 INFO oslo_service.service [-] Child 27 exited with status 0
2025-11-17 02:01:03.575 23 DEBUG neutron.service [-] calling stop on stop /var/lib/kolla/venv/lib/python3.6/site-packages/neutron/service.py:141
2025-11-17 02:01:03.588 24 DEBUG neutron.service [-] calling stop on stop /var/lib/kolla/venv/lib/python3.6/site-packages/neutron/service.py:141
2025-11-17 02:01:03.595 25 DEBUG neutron.service [-] calling stop on stop /var/lib/kolla/venv/lib/python3.6/site-packages/neutron/service.py:141
2025-11-17 02:01:03.597 23 DEBUG neutron.service [-] calling stop on stop /var/lib/kolla/venv/lib/python3.6/site-packages/neutron/service.py:141
2025-11-17 02:01:03.606 25 DEBUG neutron.service [-] calling stop on stop /var/lib/kolla/venv/lib/python3.6/site-packages/neutron/service.py:141
2025-11-17 02:01:03.609 24 DEBUG neutron.service [-] calling stop on stop /var/lib/kolla/venv/lib/python3.6/site-packages/neutron/service.py:141
2025-11-17 02:01:03.612 29 DEBUG oslo_concurrency.lockutils [req-7db90cac-16d7-443e-973f-aca67f66dfc8 - - - - -] Acquired lock "singleton_lock" lock /var/lib/kolla/venv/lib/python3.6/site-packages/oslo_concurrency/lockutils.py:294
2025-11-17 02:01:03.613 29 DEBUG oslo_concurrency.lockutils [req-7db90cac-16d7-443e-973f-aca67f66dfc8 - - - - -] Releasing lock "singleton_lock" lock /var/lib/kolla/venv/lib/python3.6/site-packages/oslo_concurrency/lockutils.py:312
2025-11-17 02:01:03.614 29 DEBUG neutron.service [req-7db90cac-16d7-443e-973f-aca67f66dfc8 - - - - -] calling RpcWorker wait() _wait /var/lib/kolla/venv/lib/python3.6/site-packages/neutron/service.py:128
2025-11-17 02:01:03.614 29 DEBUG neutron.service [req-7db90cac-16d7-443e-973f-aca67f66dfc8 - - - - -] calling wait on _wait /var/lib/kolla/venv/lib/python3.6/site-packages/neutron/service.py:131
2025-11-17 02:01:03.617 25 DEBUG neutron.service [-] calling stop on stop /var/lib/kolla/venv/lib/python3.6/site-packages/neutron/service.py:141
2025-11-17 02:01:03.627 29 WARNING amqp [req-7db90cac-16d7-443e-973f-aca67f66dfc8 - - - - -] Received method (60, 30) during closing channel 1. This method will be ignored
2025-11-17 02:01:03.629 29 DEBUG neutron.service [req-7db90cac-16d7-443e-973f-aca67f66dfc8 - - - - -] returning from RpcWorker wait() _wait /var/lib/kolla/venv/lib/python3.6/site-packages/neutron/service.py:135
2025-11-17 02:01:03.633 24 DEBUG neutron.service [-] calling stop on stop /var/lib/kolla/venv/lib/python3.6/site-packages/neutron/service.py:141
2025-11-17 02:01:03.633 28 DEBUG oslo_concurrency.lockutils [req-7db90cac-16d7-443e-973f-aca67f66dfc8 - - - - -] Acquired lock "singleton_lock" lock /var/lib/kolla/venv/lib/python3.6/site-packages/oslo_concurrency/lockutils.py:294
2025-11-17 02:01:03.634 28 DEBUG oslo_concurrency.lockutils [req-7db90cac-16d7-443e-973f-aca67f66dfc8 - - - - -] Releasing lock "singleton_lock" lock /var/lib/kolla/venv/lib/python3.6/site-packages/oslo_concurrency/lockutils.py:312
2025-11-17 02:01:03.634 28 DEBUG neutron.service [req-7db90cac-16d7-443e-973f-aca67f66dfc8 - - - - -] calling RpcWorker wait() _wait /var/lib/kolla/venv/lib/python3.6/site-packages/neutron/service.py:128
2025-11-17 02:01:03.634 28 DEBUG neutron.service [req-7db90cac-16d7-443e-973f-aca67f66dfc8 - - - - -] calling wait on _wait /var/lib/kolla/venv/lib/python3.6/site-packages/neutron/service.py:131
2025-11-17 02:01:03.637 25 DEBUG oslo_concurrency.lockutils [req-7db90cac-16d7-443e-973f-aca67f66dfc8 - - - - -] Acquired lock "singleton_lock" lock /var/lib/kolla/venv/lib/python3.6/site-packages/oslo_concurrency/lockutils.py:294
2025-11-17 02:01:03.638 7 INFO oslo_service.service [-] Child 29 exited with status 0
2025-11-17 02:01:03.638 25 DEBUG oslo_concurrency.lockutils [req-7db90cac-16d7-443e-973f-aca67f66dfc8 - - - - -] Releasing lock "singleton_lock" lock /var/lib/kolla/venv/lib/python3.6/site-packages/oslo_concurrency/lockutils.py:312
2025-11-17 02:01:03.638 25 DEBUG neutron.service [req-7db90cac-16d7-443e-973f-aca67f66dfc8 - - - - -] calling RpcWorker wait() _wait /var/lib/kolla/venv/lib/python3.6/site-packages/neutron/service.py:128
2025-11-17 02:01:03.639 25 DEBUG neutron.service [req-7db90cac-16d7-443e-973f-aca67f66dfc8 - - - - -] calling wait on _wait /var/lib/kolla/venv/lib/python3.6/site-packages/neutron/service.py:131
2025-11-17 02:01:03.645 28 WARNING amqp [req-7db90cac-16d7-443e-973f-aca67f66dfc8 - - - - -] Received method (60, 30) during closing channel 1. This method will be ignored
2025-11-17 02:01:03.647 28 DEBUG neutron.service [req-7db90cac-16d7-443e-973f-aca67f66dfc8 - - - - -] returning from RpcWorker wait() _wait /var/lib/kolla/venv/lib/python3.6/site-packages/neutron/service.py:135
2025-11-17 02:01:03.650 25 WARNING amqp [req-7db90cac-16d7-443e-973f-aca67f66dfc8 - - - - -] Received method (60, 30) during closing channel 1. This method will be ignored
2025-11-17 02:01:03.650 24 DEBUG oslo_concurrency.lockutils [req-7db90cac-16d7-443e-973f-aca67f66dfc8 - - - - -] Acquired lock "singleton_lock" lock /var/lib/kolla/venv/lib/python3.6/site-packages/oslo_concurrency/lockutils.py:294
2025-11-17 02:01:03.651 24 DEBUG oslo_concurrency.lockutils [req-7db90cac-16d7-443e-973f-aca67f66dfc8 - - - - -] Releasing lock "singleton_lock" lock /var/lib/kolla/venv/lib/python3.6/site-packages/oslo_concurrency/lockutils.py:312
2025-11-17 02:01:03.651 24 DEBUG neutron.service [req-7db90cac-16d7-443e-973f-aca67f66dfc8 - - - - -] calling RpcWorker wait() _wait /var/lib/kolla/venv/lib/python3.6/site-packages/neutron/service.py:128
2025-11-17 02:01:03.651 24 DEBUG neutron.service [req-7db90cac-16d7-443e-973f-aca67f66dfc8 - - - - -] calling wait on _wait /var/lib/kolla/venv/lib/python3.6/site-packages/neutron/service.py:131
2025-11-17 02:01:03.657 7 INFO oslo_service.service [-] Child 28 exited with status 0
2025-11-17 02:01:03.658 25 DEBUG neutron.service [req-7db90cac-16d7-443e-973f-aca67f66dfc8 - - - - -] calling wait on _wait /var/lib/kolla/venv/lib/python3.6/site-packages/neutron/service.py:131
2025-11-17 02:01:03.664 24 WARNING amqp [req-7db90cac-16d7-443e-973f-aca67f66dfc8 - - - - -] Received method (60, 30) during closing channel 1. This method will be ignored
2025-11-17 02:01:03.667 25 WARNING amqp [req-7db90cac-16d7-443e-973f-aca67f66dfc8 - - - - -] Received method (60, 30) during closing channel 1. This method will be ignored
2025-11-17 02:01:03.668 24 DEBUG neutron.service [req-7db90cac-16d7-443e-973f-aca67f66dfc8 - - - - -] calling wait on _wait /var/lib/kolla/venv/lib/python3.6/site-packages/neutron/service.py:131
2025-11-17 02:01:03.670 25 DEBUG neutron.service [req-7db90cac-16d7-443e-973f-aca67f66dfc8 - - - - -] calling wait on _wait /var/lib/kolla/venv/lib/python3.6/site-packages/neutron/service.py:131
2025-11-17 02:01:03.680 24 WARNING amqp [req-7db90cac-16d7-443e-973f-aca67f66dfc8 - - - - -] Received method (60, 30) during closing channel 1. This method will be ignored
2025-11-17 02:01:03.682 24 DEBUG neutron.service [req-7db90cac-16d7-443e-973f-aca67f66dfc8 - - - - -] calling wait on _wait /var/lib/kolla/venv/lib/python3.6/site-packages/neutron/service.py:131
2025-11-17 02:01:03.683 25 WARNING amqp [req-7db90cac-16d7-443e-973f-aca67f66dfc8 - - - - -] Received method (60, 30) during closing channel 1. This method will be ignored
2025-11-17 02:01:03.685 25 DEBUG neutron.service [req-7db90cac-16d7-443e-973f-aca67f66dfc8 - - - - -] calling wait on _wait /var/lib/kolla/venv/lib/python3.6/site-packages/neutron/service.py:131
2025-11-17 02:01:03.690 24 WARNING amqp [req-7db90cac-16d7-443e-973f-aca67f66dfc8 - - - - -] Received method (60, 30) during closing channel 1. This method will be ignored
2025-11-17 02:01:03.692 24 DEBUG neutron.service [req-7db90cac-16d7-443e-973f-aca67f66dfc8 - - - - -] calling wait on _wait /var/lib/kolla/venv/lib/python3.6/site-packages/neutron/service.py:131
2025-11-17 02:01:03.693 25 WARNING amqp [req-7db90cac-16d7-443e-973f-aca67f66dfc8 - - - - -] Received method (60, 30) during closing channel 1. This method will be ignored
2025-11-17 02:01:03.697 24 WARNING amqp [req-7db90cac-16d7-443e-973f-aca67f66dfc8 - - - - -] Received method (60, 30) during closing channel 1. This method will be ignored
2025-11-17 02:01:03.698 24 DEBUG neutron.service [req-7db90cac-16d7-443e-973f-aca67f66dfc8 - - - - -] returning from RpcWorker wait() _wait /var/lib/kolla/venv/lib/python3.6/site-packages/neutron/service.py:135
2025-11-17 02:01:03.698 25 DEBUG neutron.service [req-7db90cac-16d7-443e-973f-aca67f66dfc8 - - - - -] returning from RpcWorker wait() _wait /var/lib/kolla/venv/lib/python3.6/site-packages/neutron/service.py:135
2025-11-17 02:01:03.706 7 INFO oslo_service.service [-] Child 24 exited with status 0
2025-11-17 02:01:03.706 7 INFO oslo_service.service [-] Child 25 exited with status 0
2025-11-17 02:01:05.892 23 DEBUG neutron.service [-] calling stop on stop /var/lib/kolla/venv/lib/python3.6/site-packages/neutron/service.py:141
2025-11-17 02:01:12.575 7 INFO neutron.common.config [-] Logging enabled!
2025-11-17 02:01:12.576 7 INFO neutron.common.config [-] /var/lib/kolla/venv/bin/neutron-server version 20.5.1.dev23
2025-11-17 02:01:12.576 7 DEBUG neutron.common.config [-] command line: /var/lib/kolla/venv/bin/neutron-server --config-file /etc/neutron/neutron.conf --config-file /etc/neutron/ContrailPlugin.ini --config-file /etc/neutron/api-paste.ini setup_logging /var/lib/kolla/venv/lib/python3.6/site-packages/neutron/common/config.py:115
2025-11-17 02:01:12.581 7 INFO neutron.common.config [-] Logging enabled!
2025-11-17 02:01:12.581 7 INFO neutron.common.config [-] /var/lib/kolla/venv/bin/neutron-server version 20.5.1.dev23
2025-11-17 02:01:12.582 7 DEBUG neutron.common.config [-] command line: /var/lib/kolla/venv/bin/neutron-server --config-file /etc/neutron/neutron.conf --config-file /etc/neutron/ContrailPlugin.ini --config-file /etc/neutron/api-paste.ini setup_logging /var/lib/kolla/venv/lib/python3.6/site-packages/neutron/common/config.py:115
2025-11-17 02:01:12.582 7 DEBUG neutron.common.config [-] ******************************************************************************** log_opt_values /var/lib/kolla/venv/lib/python3.6/site-packages/oslo_config/cfg.py:2589
2025-11-17 02:01:12.582 7 DEBUG neutron.common.config [-] Configuration options gathered from: log_opt_values /var/lib/kolla/venv/lib/python3.6/site-packages/oslo_config/cfg.py:2590
2025-11-17 02:01:12.583 7 DEBUG neutron.common.config [-] command line args: ['--config-file', '/etc/neutron/neutron.conf', '--config-file', '/etc/neutron/ContrailPlugin.ini', '--config-file', '/etc/neutron/api-paste.ini'] log_opt_values /var/lib/kolla/venv/lib/python3.6/site-packages/oslo_config/cfg.py:2591
2025-11-17 02:01:12.583 7 DEBUG neutron.common.config [-] config files: ['/etc/neutron/neutron.conf', '/etc/neutron/ContrailPlugin.ini', '/etc/neutron/api-paste.ini'] log_opt_values /var/lib/kolla/venv/lib/python3.6/site-packages/oslo_config/cfg.py:2593
2025-11-17 02:01:12.584 7 DEBUG neutron.common.config [-] ================================================================================ log_opt_values /var/lib/kolla/venv/lib/python3.6/site-packages/oslo_config/cfg.py:2594
2025-11-17 02:01:12.584 7 DEBUG neutron.common.config [-] allow_bulk = True log_opt_values /var/lib/kolla/venv/lib/python3.6/site-packages/oslo_config/cfg.py:2603
2025-11-17 02:01:12.584 7 WARNING oslo_config.cfg [-] Deprecated: Option "allow_overlapping_ips" from group "DEFAULT" is deprecated for removal. Its value may be silently ignored in the future.
2025-11-17 02:01:12.584 7 DEBUG neutron.common.config [-] allow_overlapping_ips = True log_opt_values /var/lib/kolla/venv/lib/python3.6/site-packages/oslo_config/cfg.py:2603
