2025-11-13 00:44:49.006 146866 DEBUG oslo_service.service [req-47f70822-222b-4ce2-97cf-396ba65f4238 - - - - -] api.vendordata_dynamic_failure_fatal = False log_opt_values /usr/lib/python3/dist-packages/oslo_config/cfg.py:2609
2025-11-13 00:44:49.006 146866 DEBUG oslo_service.service [req-47f70822-222b-4ce2-97cf-396ba65f4238 - - - - -] api.vendordata_dynamic_read_timeout = 5 log_opt_values /usr/lib/python3/dist-packages/oslo_config/cfg.py:2609
2025-11-13 00:44:49.007 146866 DEBUG oslo_service.service [req-47f70822-222b-4ce2-97cf-396ba65f4238 - - - - -] api.vendordata_dynamic_ssl_certfile = log_opt_values /usr/lib/python3/dist-packages/oslo_config/cfg.py:2609
2025-11-13 00:44:49.007 146866 DEBUG oslo_service.service [req-47f70822-222b-4ce2-97cf-396ba65f4238 - - - - -] api.vendordata_dynamic_targets = [] log_opt_values /usr/lib/python3/dist-packages/oslo_config/cfg.py:2609
2025-11-13 00:44:49.007 146866 DEBUG oslo_service.service [req-47f70822-222b-4ce2-97cf-396ba65f4238 - - - - -] api.vendordata_jsonfile_path = None log_opt_values /usr/lib/python3/dist-packages/oslo_config/cfg.py:2609
2025-11-13 00:44:49.007 146866 DEBUG oslo_service.service [req-47f70822-222b-4ce2-97cf-396ba65f4238 - - - - -] api.vendordata_providers = ['StaticJSON'] log_opt_values /usr/lib/python3/dist-packages/oslo_config/cfg.py:2609
2025-11-13 00:44:49.007 146866 DEBUG oslo_service.service [req-47f70822-222b-4ce2-97cf-396ba65f4238 - - - - -] cache.backend = dogpile.cache.null log_opt_values /usr/lib/python3/dist-packages/oslo_config/cfg.py:2609
2025-11-13 00:44:49.008 146866 DEBUG oslo_service.service [req-47f70822-222b-4ce2-97cf-396ba65f4238 - - - - -] cache.backend_argument = **** log_opt_values /usr/lib/python3/dist-packages/oslo_config/cfg.py:2609
2025-11-13 00:44:49.008 146866 DEBUG oslo_service.service [req-47f70822-222b-4ce2-97cf-396ba65f4238 - - - - -] cache.config_prefix = cache.oslo log_opt_values /usr/lib/python3/dist-packages/oslo_config/cfg.py:2609
2025-11-13 00:44:49.008 146866 DEBUG oslo_service.service [req-47f70822-222b-4ce2-97cf-396ba65f4238 - - - - -] cache.debug_cache_backend = False log_opt_values /usr/lib/python3/dist-packages/oslo_config/cfg.py:2609
2025-11-13 00:44:49.008 146866 DEBUG oslo_service.service [req-47f70822-222b-4ce2-97cf-396ba65f4238 - - - - -] cache.enabled = False log_opt_values /usr/lib/python3/dist-packages/oslo_config/cfg.py:2609
2025-11-13 00:44:49.008 146866 DEBUG oslo_service.service [req-47f70822-222b-4ce2-97cf-396ba65f4238 - - - - -] cache.expiration_time = 600 log_opt_values /usr/lib/python3/dist-packages/oslo_config/cfg.py:2609
2025-11-13 00:44:49.009 146866 DEBUG oslo_service.service [req-47f70822-222b-4ce2-97cf-396ba65f4238 - - - - -] cache.memcache_dead_retry = 300 log_opt_values /usr/lib/python3/dist-packages/oslo_config/cfg.py:2609
2025-11-13 00:44:49.009 146866 DEBUG oslo_service.service [req-47f70822-222b-4ce2-97cf-396ba65f4238 - - - - -] cache.memcache_pool_connection_get_timeout = 10 log_opt_values /usr/lib/python3/dist-packages/oslo_config/cfg.py:2609
2025-11-13 00:44:49.009 146866 DEBUG oslo_service.service [req-47f70822-222b-4ce2-97cf-396ba65f4238 - - - - -] cache.memcache_pool_flush_on_reconnect = False log_opt_values /usr/lib/python3/dist-packages/oslo_config/cfg.py:2609
2025-11-13 00:44:49.009 146866 DEBUG oslo_service.service [req-47f70822-222b-4ce2-97cf-396ba65f4238 - - - - -] cache.memcache_pool_maxsize = 10 log_opt_values /usr/lib/python3/dist-packages/oslo_config/cfg.py:2609
2025-11-13 00:44:49.009 146866 DEBUG oslo_service.service [req-47f70822-222b-4ce2-97cf-396ba65f4238 - - - - -] cache.memcache_pool_unused_timeout = 60 log_opt_values /usr/lib/python3/dist-packages/oslo_config/cfg.py:2609
2025-11-13 00:44:49.010 146866 DEBUG oslo_service.service [req-47f70822-222b-4ce2-97cf-396ba65f4238 - - - - -] cache.memcache_servers = ['localhost:11211'] log_opt_values /usr/lib/python3/dist-packages/oslo_config/cfg.py:2609
2025-11-13 00:44:49.010 146866 DEBUG oslo_service.service [req-47f70822-222b-4ce2-97cf-396ba65f4238 - - - - -] cache.memcache_socket_timeout = 1.0 log_opt_values /usr/lib/python3/dist-packages/oslo_config/cfg.py:2609
2025-11-13 00:44:49.012 146866 DEBUG oslo_service.service [req-47f70822-222b-4ce2-97cf-396ba65f4238 - - - - -] cache.proxies = [] log_opt_values /usr/lib/python3/dist-packages/oslo_config/cfg.py:2609
2025-11-13 00:44:49.010 147288 DEBUG nova.service [req-8a29003c-b864-4565-8097-84201b7f4380 - - - - -] Creating RPC server for service scheduler start /usr/lib/python3/dist-packages/nova/service.py:182
2025-11-13 00:44:49.012 146866 DEBUG oslo_service.service [req-47f70822-222b-4ce2-97cf-396ba65f4238 - - - - -] cache.tls_allowed_ciphers = None log_opt_values /usr/lib/python3/dist-packages/oslo_config/cfg.py:2609
2025-11-13 00:44:49.012 146866 DEBUG oslo_service.service [req-47f70822-222b-4ce2-97cf-396ba65f4238 - - - - -] cache.tls_cafile = None log_opt_values /usr/lib/python3/dist-packages/oslo_config/cfg.py:2609
2025-11-13 00:44:49.012 146866 DEBUG oslo_service.service [req-47f70822-222b-4ce2-97cf-396ba65f4238 - - - - -] cache.tls_certfile = None log_opt_values /usr/lib/python3/dist-packages/oslo_config/cfg.py:2609
2025-11-13 00:44:49.012 146866 DEBUG oslo_service.service [req-47f70822-222b-4ce2-97cf-396ba65f4238 - - - - -] cache.tls_enabled = False log_opt_values /usr/lib/python3/dist-packages/oslo_config/cfg.py:2609
2025-11-13 00:44:49.013 146866 DEBUG oslo_service.service [req-47f70822-222b-4ce2-97cf-396ba65f4238 - - - - -] cache.tls_keyfile = None log_opt_values /usr/lib/python3/dist-packages/oslo_config/cfg.py:2609
2025-11-13 00:44:49.013 146866 DEBUG oslo_service.service [req-47f70822-222b-4ce2-97cf-396ba65f4238 - - - - -] cinder.auth_section = None log_opt_values /usr/lib/python3/dist-packages/oslo_config/cfg.py:2609
2025-11-13 00:44:49.014 146866 DEBUG oslo_service.service [req-47f70822-222b-4ce2-97cf-396ba65f4238 - - - - -] cinder.auth_type = None log_opt_values /usr/lib/python3/dist-packages/oslo_config/cfg.py:2609
2025-11-13 00:44:49.014 146866 DEBUG oslo_service.service [req-47f70822-222b-4ce2-97cf-396ba65f4238 - - - - -] cinder.cafile = None log_opt_values /usr/lib/python3/dist-packages/oslo_config/cfg.py:2609
2025-11-13 00:44:49.014 146866 DEBUG oslo_service.service [req-47f70822-222b-4ce2-97cf-396ba65f4238 - - - - -] cinder.catalog_info = volumev3::publicURL log_opt_values /usr/lib/python3/dist-packages/oslo_config/cfg.py:2609
2025-11-13 00:44:49.014 146866 DEBUG oslo_service.service [req-47f70822-222b-4ce2-97cf-396ba65f4238 - - - - -] cinder.certfile = None log_opt_values /usr/lib/python3/dist-packages/oslo_config/cfg.py:2609
2025-11-13 00:44:49.014 146866 DEBUG oslo_service.service [req-47f70822-222b-4ce2-97cf-396ba65f4238 - - - - -] cinder.collect_timing = False log_opt_values /usr/lib/python3/dist-packages/oslo_config/cfg.py:2609
2025-11-13 00:44:49.015 146866 DEBUG oslo_service.service [req-47f70822-222b-4ce2-97cf-396ba65f4238 - - - - -] cinder.cross_az_attach = True log_opt_values /usr/lib/python3/dist-packages/oslo_config/cfg.py:2609
2025-11-13 00:44:49.015 146866 DEBUG oslo_service.service [req-47f70822-222b-4ce2-97cf-396ba65f4238 - - - - -] cinder.debug = False log_opt_values /usr/lib/python3/dist-packages/oslo_config/cfg.py:2609
2025-11-13 00:44:49.015 146866 DEBUG oslo_service.service [req-47f70822-222b-4ce2-97cf-396ba65f4238 - - - - -] cinder.endpoint_template = None log_opt_values /usr/lib/python3/dist-packages/oslo_config/cfg.py:2609
2025-11-13 00:44:49.015 146866 DEBUG oslo_service.service [req-47f70822-222b-4ce2-97cf-396ba65f4238 - - - - -] cinder.http_retries = 3 log_opt_values /usr/lib/python3/dist-packages/oslo_config/cfg.py:2609
2025-11-13 00:44:49.015 146866 DEBUG oslo_service.service [req-47f70822-222b-4ce2-97cf-396ba65f4238 - - - - -] cinder.insecure = False log_opt_values /usr/lib/python3/dist-packages/oslo_config/cfg.py:2609
2025-11-13 00:44:49.016 146866 DEBUG oslo_service.service [req-47f70822-222b-4ce2-97cf-396ba65f4238 - - - - -] cinder.keyfile = None log_opt_values /usr/lib/python3/dist-packages/oslo_config/cfg.py:2609
2025-11-13 00:44:49.016 146866 DEBUG oslo_service.service [req-47f70822-222b-4ce2-97cf-396ba65f4238 - - - - -] cinder.os_region_name = None log_opt_values /usr/lib/python3/dist-packages/oslo_config/cfg.py:2609
2025-11-13 00:44:49.016 146866 DEBUG oslo_service.service [req-47f70822-222b-4ce2-97cf-396ba65f4238 - - - - -] cinder.split_loggers = False log_opt_values /usr/lib/python3/dist-packages/oslo_config/cfg.py:2609
2025-11-13 00:44:49.016 146866 DEBUG oslo_service.service [req-47f70822-222b-4ce2-97cf-396ba65f4238 - - - - -] cinder.timeout = None log_opt_values /usr/lib/python3/dist-packages/oslo_config/cfg.py:2609
2025-11-13 00:44:49.016 146866 DEBUG oslo_service.service [req-47f70822-222b-4ce2-97cf-396ba65f4238 - - - - -] compute.consecutive_build_service_disable_threshold = 10 log_opt_values /usr/lib/python3/dist-packages/oslo_config/cfg.py:2609
2025-11-13 00:44:49.016 146866 DEBUG oslo_service.service [req-47f70822-222b-4ce2-97cf-396ba65f4238 - - - - -] compute.cpu_dedicated_set = None log_opt_values /usr/lib/python3/dist-packages/oslo_config/cfg.py:2609
2025-11-13 00:44:49.017 146866 DEBUG oslo_service.service [req-47f70822-222b-4ce2-97cf-396ba65f4238 - - - - -] compute.cpu_shared_set = None log_opt_values /usr/lib/python3/dist-packages/oslo_config/cfg.py:2609
2025-11-13 00:44:49.017 146866 DEBUG oslo_service.service [req-47f70822-222b-4ce2-97cf-396ba65f4238 - - - - -] compute.image_type_exclude_list = [] log_opt_values /usr/lib/python3/dist-packages/oslo_config/cfg.py:2609
2025-11-13 00:44:49.017 146866 DEBUG oslo_service.service [req-47f70822-222b-4ce2-97cf-396ba65f4238 - - - - -] compute.live_migration_wait_for_vif_plug = True log_opt_values /usr/lib/python3/dist-packages/oslo_config/cfg.py:2609
2025-11-13 00:44:49.017 146866 DEBUG oslo_service.service [req-47f70822-222b-4ce2-97cf-396ba65f4238 - - - - -] compute.max_concurrent_disk_ops = 0 log_opt_values /usr/lib/python3/dist-packages/oslo_config/cfg.py:2609
2025-11-13 00:44:49.017 146866 DEBUG oslo_service.service [req-47f70822-222b-4ce2-97cf-396ba65f4238 - - - - -] compute.max_disk_devices_to_attach = -1 log_opt_values /usr/lib/python3/dist-packages/oslo_config/cfg.py:2609
2025-11-13 00:44:49.018 146866 DEBUG oslo_service.service [req-47f70822-222b-4ce2-97cf-396ba65f4238 - - - - -] compute.packing_host_numa_cells_allocation_strategy = True log_opt_values /usr/lib/python3/dist-packages/oslo_config/cfg.py:2609
2025-11-13 00:44:49.018 146866 DEBUG oslo_service.service [req-47f70822-222b-4ce2-97cf-396ba65f4238 - - - - -] compute.provider_config_location = /etc/nova/provider_config/ log_opt_values /usr/lib/python3/dist-packages/oslo_config/cfg.py:2609
2025-11-13 00:44:49.018 146866 DEBUG oslo_service.service [req-47f70822-222b-4ce2-97cf-396ba65f4238 - - - - -] compute.resource_provider_association_refresh = 300 log_opt_values /usr/lib/python3/dist-packages/oslo_config/cfg.py:2609
2025-11-13 00:44:49.018 146866 DEBUG oslo_service.service [req-47f70822-222b-4ce2-97cf-396ba65f4238 - - - - -] compute.shutdown_retry_interval = 10 log_opt_values /usr/lib/python3/dist-packages/oslo_config/cfg.py:2609
2025-11-13 00:44:49.018 146866 DEBUG oslo_service.service [req-47f70822-222b-4ce2-97cf-396ba65f4238 - - - - -] compute.vmdk_allowed_types = ['streamOptimized', 'monolithicSparse'] log_opt_values /usr/lib/python3/dist-packages/oslo_config/cfg.py:2609
2025-11-13 00:44:49.019 146866 DEBUG oslo_service.service [req-47f70822-222b-4ce2-97cf-396ba65f4238 - - - - -] conductor.workers = 4 log_opt_values /usr/lib/python3/dist-packages/oslo_config/cfg.py:2609
2025-11-13 00:44:49.019 146866 DEBUG oslo_service.service [req-47f70822-222b-4ce2-97cf-396ba65f4238 - - - - -] console.allowed_origins = [] log_opt_values /usr/lib/python3/dist-packages/oslo_config/cfg.py:2609
2025-11-13 00:44:49.019 146866 DEBUG oslo_service.service [req-47f70822-222b-4ce2-97cf-396ba65f4238 - - - - -] console.ssl_ciphers = None log_opt_values /usr/lib/python3/dist-packages/oslo_config/cfg.py:2609
2025-11-13 00:44:49.019 146866 DEBUG oslo_service.service [req-47f70822-222b-4ce2-97cf-396ba65f4238 - - - - -] console.ssl_minimum_version = default log_opt_values /usr/lib/python3/dist-packages/oslo_config/cfg.py:2609
2025-11-13 00:44:49.019 146866 DEBUG oslo_service.service [req-47f70822-222b-4ce2-97cf-396ba65f4238 - - - - -] consoleauth.token_ttl = 600 log_opt_values /usr/lib/python3/dist-packages/oslo_config/cfg.py:2609
2025-11-13 00:44:49.019 146866 DEBUG oslo_service.service [req-47f70822-222b-4ce2-97cf-396ba65f4238 - - - - -] cyborg.cafile = None log_opt_values /usr/lib/python3/dist-packages/oslo_config/cfg.py:2609
2025-11-13 00:44:49.020 146866 DEBUG oslo_service.service [req-47f70822-222b-4ce2-97cf-396ba65f4238 - - - - -] cyborg.certfile = None log_opt_values /usr/lib/python3/dist-packages/oslo_config/cfg.py:2609
2025-11-13 00:44:49.020 146866 DEBUG oslo_service.service [req-47f70822-222b-4ce2-97cf-396ba65f4238 - - - - -] cyborg.collect_timing = False log_opt_values /usr/lib/python3/dist-packages/oslo_config/cfg.py:2609
2025-11-13 00:44:49.020 146866 DEBUG oslo_service.service [req-47f70822-222b-4ce2-97cf-396ba65f4238 - - - - -] cyborg.connect_retries = None log_opt_values /usr/lib/python3/dist-packages/oslo_config/cfg.py:2609
2025-11-13 00:44:49.020 146866 DEBUG oslo_service.service [req-47f70822-222b-4ce2-97cf-396ba65f4238 - - - - -] cyborg.connect_retry_delay = None log_opt_values /usr/lib/python3/dist-packages/oslo_config/cfg.py:2609
2025-11-13 00:44:49.020 146866 DEBUG oslo_service.service [req-47f70822-222b-4ce2-97cf-396ba65f4238 - - - - -] cyborg.endpoint_override = None log_opt_values /usr/lib/python3/dist-packages/oslo_config/cfg.py:2609
2025-11-13 00:44:49.021 146866 DEBUG oslo_service.service [req-47f70822-222b-4ce2-97cf-396ba65f4238 - - - - -] cyborg.insecure = False log_opt_values /usr/lib/python3/dist-packages/oslo_config/cfg.py:2609
2025-11-13 00:44:49.021 146866 DEBUG oslo_service.service [req-47f70822-222b-4ce2-97cf-396ba65f4238 - - - - -] cyborg.keyfile = None log_opt_values /usr/lib/python3/dist-packages/oslo_config/cfg.py:2609
2025-11-13 00:44:49.021 147279 DEBUG oslo_messaging._drivers.amqpdriver [-] Listener is running poll /usr/lib/python3/dist-packages/oslo_messaging/_drivers/amqpdriver.py:343
2025-11-13 00:44:49.021 146866 DEBUG oslo_service.service [req-47f70822-222b-4ce2-97cf-396ba65f4238 - - - - -] cyborg.max_version = None log_opt_values /usr/lib/python3/dist-packages/oslo_config/cfg.py:2609
2025-11-13 00:44:49.021 146866 DEBUG oslo_service.service [req-47f70822-222b-4ce2-97cf-396ba65f4238 - - - - -] cyborg.min_version = None log_opt_values /usr/lib/python3/dist-packages/oslo_config/cfg.py:2609
2025-11-13 00:44:49.021 147279 DEBUG oslo_messaging._drivers.amqpdriver [-] AMQPListener connection consume poll /usr/lib/python3/dist-packages/oslo_messaging/_drivers/amqpdriver.py:357
2025-11-13 00:44:49.021 146866 DEBUG oslo_service.service [req-47f70822-222b-4ce2-97cf-396ba65f4238 - - - - -] cyborg.region_name = None log_opt_values /usr/lib/python3/dist-packages/oslo_config/cfg.py:2609
2025-11-13 00:44:49.021 146866 DEBUG oslo_service.service [req-47f70822-222b-4ce2-97cf-396ba65f4238 - - - - -] cyborg.service_name = None log_opt_values /usr/lib/python3/dist-packages/oslo_config/cfg.py:2609
2025-11-13 00:44:49.022 146866 DEBUG oslo_service.service [req-47f70822-222b-4ce2-97cf-396ba65f4238 - - - - -] cyborg.service_type = accelerator log_opt_values /usr/lib/python3/dist-packages/oslo_config/cfg.py:2609
2025-11-13 00:44:49.022 146866 DEBUG oslo_service.service [req-47f70822-222b-4ce2-97cf-396ba65f4238 - - - - -] cyborg.split_loggers = False log_opt_values /usr/lib/python3/dist-packages/oslo_config/cfg.py:2609
2025-11-13 00:44:49.022 146866 DEBUG oslo_service.service [req-47f70822-222b-4ce2-97cf-396ba65f4238 - - - - -] cyborg.status_code_retries = None log_opt_values /usr/lib/python3/dist-packages/oslo_config/cfg.py:2609
2025-11-13 00:44:49.022 146866 DEBUG oslo_service.service [req-47f70822-222b-4ce2-97cf-396ba65f4238 - - - - -] cyborg.status_code_retry_delay = None log_opt_values /usr/lib/python3/dist-packages/oslo_config/cfg.py:2609
2025-11-13 00:44:49.022 146866 DEBUG oslo_service.service [req-47f70822-222b-4ce2-97cf-396ba65f4238 - - - - -] cyborg.timeout = None log_opt_values /usr/lib/python3/dist-packages/oslo_config/cfg.py:2609
2025-11-13 00:44:49.022 147279 DEBUG nova.service [req-2c613e36-538f-4039-b38b-06b461ed84b5 - - - - -] Join ServiceGroup membership for this service scheduler start /usr/lib/python3/dist-packages/nova/service.py:199
2025-11-13 00:44:49.022 146866 DEBUG oslo_service.service [req-47f70822-222b-4ce2-97cf-396ba65f4238 - - - - -] cyborg.valid_interfaces = ['internal', 'public'] log_opt_values /usr/lib/python3/dist-packages/oslo_config/cfg.py:2609
2025-11-13 00:44:49.023 147279 DEBUG nova.servicegroup.drivers.db [req-2c613e36-538f-4039-b38b-06b461ed84b5 - - - - -] DB_Driver: join new ServiceGroup member juju-5096c1-0-lxd-7 to the scheduler group, service = join /usr/lib/python3/dist-packages/nova/servicegroup/drivers/db.py:44
2025-11-13 00:44:49.023 146866 DEBUG oslo_service.service [req-47f70822-222b-4ce2-97cf-396ba65f4238 - - - - -] cyborg.version = None log_opt_values /usr/lib/python3/dist-packages/oslo_config/cfg.py:2609
2025-11-13 00:44:49.023 147286 DEBUG oslo_messaging._drivers.amqpdriver [-] Listener is running poll /usr/lib/python3/dist-packages/oslo_messaging/_drivers/amqpdriver.py:343
2025-11-13 00:44:49.023 147285 DEBUG oslo_messaging._drivers.amqpdriver [-] Listener is running poll /usr/lib/python3/dist-packages/oslo_messaging/_drivers/amqpdriver.py:343
2025-11-13 00:44:49.023 147286 DEBUG oslo_messaging._drivers.amqpdriver [-] AMQPListener connection consume poll /usr/lib/python3/dist-packages/oslo_messaging/_drivers/amqpdriver.py:357
2025-11-13 00:44:49.023 147285 DEBUG oslo_messaging._drivers.amqpdriver [-] AMQPListener connection consume poll /usr/lib/python3/dist-packages/oslo_messaging/_drivers/amqpdriver.py:357
2025-11-13 00:44:49.023 146866 DEBUG oslo_service.service [req-47f70822-222b-4ce2-97cf-396ba65f4238 - - - - -] database.backend = sqlalchemy log_opt_values /usr/lib/python3/dist-packages/oslo_config/cfg.py:2609
2025-11-13 00:44:49.023 146866 DEBUG oslo_service.service [req-47f70822-222b-4ce2-97cf-396ba65f4238 - - - - -] database.connection = **** log_opt_values /usr/lib/python3/dist-packages/oslo_config/cfg.py:2609
2025-11-13 00:44:49.023 146866 DEBUG oslo_service.service [req-47f70822-222b-4ce2-97cf-396ba65f4238 - - - - -] database.connection_debug = 0 log_opt_values /usr/lib/python3/dist-packages/oslo_config/cfg.py:2609
2025-11-13 00:44:49.024 146866 DEBUG oslo_service.service [req-47f70822-222b-4ce2-97cf-396ba65f4238 - - - - -] database.connection_parameters = log_opt_values /usr/lib/python3/dist-packages/oslo_config/cfg.py:2609
2025-11-13 00:44:49.024 146866 DEBUG oslo_service.service [req-47f70822-222b-4ce2-97cf-396ba65f4238 - - - - -] database.connection_recycle_time = 3600 log_opt_values /usr/lib/python3/dist-packages/oslo_config/cfg.py:2609
2025-11-13 00:44:49.024 146866 DEBUG oslo_service.service [req-47f70822-222b-4ce2-97cf-396ba65f4238 - - - - -] database.connection_trace = False log_opt_values /usr/lib/python3/dist-packages/oslo_config/cfg.py:2609
2025-11-13 00:44:49.024 146866 DEBUG oslo_service.service [req-47f70822-222b-4ce2-97cf-396ba65f4238 - - - - -] database.db_inc_retry_interval = True log_opt_values /usr/lib/python3/dist-packages/oslo_config/cfg.py:2609
2025-11-13 00:44:49.024 146866 DEBUG oslo_service.service [req-47f70822-222b-4ce2-97cf-396ba65f4238 - - - - -] database.db_max_retries = 20 log_opt_values /usr/lib/python3/dist-packages/oslo_config/cfg.py:2609
2025-11-13 00:44:49.025 146866 DEBUG oslo_service.service [req-47f70822-222b-4ce2-97cf-396ba65f4238 - - - - -] database.db_max_retry_interval = 10 log_opt_values /usr/lib/python3/dist-packages/oslo_config/cfg.py:2609
2025-11-13 00:44:49.025 146866 DEBUG oslo_service.service [req-47f70822-222b-4ce2-97cf-396ba65f4238 - - - - -] database.db_retry_interval = 1 log_opt_values /usr/lib/python3/dist-packages/oslo_config/cfg.py:2609
2025-11-13 00:44:49.025 146866 DEBUG oslo_service.service [req-47f70822-222b-4ce2-97cf-396ba65f4238 - - - - -] database.max_overflow = 50 log_opt_values /usr/lib/python3/dist-packages/oslo_config/cfg.py:2609
2025-11-13 00:44:49.025 146866 DEBUG oslo_service.service [req-47f70822-222b-4ce2-97cf-396ba65f4238 - - - - -] database.max_pool_size = 4 log_opt_values /usr/lib/python3/dist-packages/oslo_config/cfg.py:2609
2025-11-13 00:44:49.025 146866 DEBUG oslo_service.service [req-47f70822-222b-4ce2-97cf-396ba65f4238 - - - - -] database.max_retries = 10 log_opt_values /usr/lib/python3/dist-packages/oslo_config/cfg.py:2609
2025-11-13 00:44:49.025 147285 DEBUG nova.service [req-ecfd2e5a-1f14-4cad-9588-22f8ad02556f - - - - -] Join ServiceGroup membership for this service scheduler start /usr/lib/python3/dist-packages/nova/service.py:199
2025-11-13 00:44:49.025 147279 DEBUG oslo_messaging._drivers.amqpdriver [-] AMQPListener connection timeout poll /usr/lib/python3/dist-packages/oslo_messaging/_drivers/amqpdriver.py:360
2025-11-13 00:44:49.026 146866 DEBUG oslo_service.service [req-47f70822-222b-4ce2-97cf-396ba65f4238 - - - - -] database.mysql_enable_ndb = False log_opt_values /usr/lib/python3/dist-packages/oslo_config/cfg.py:2609
2025-11-13 00:44:49.026 147279 DEBUG oslo_messaging._drivers.amqpdriver [-] Listener is running poll /usr/lib/python3/dist-packages/oslo_messaging/_drivers/amqpdriver.py:343
2025-11-13 00:44:49.026 147279 DEBUG oslo_messaging._drivers.amqpdriver [-] AMQPListener connection consume poll /usr/lib/python3/dist-packages/oslo_messaging/_drivers/amqpdriver.py:357
2025-11-13 00:44:49.026 146866 DEBUG oslo_service.service [req-47f70822-222b-4ce2-97cf-396ba65f4238 - - - - -] database.mysql_sql_mode = TRADITIONAL log_opt_values /usr/lib/python3/dist-packages/oslo_config/cfg.py:2609
2025-11-13 00:44:49.026 147285 DEBUG nova.servicegroup.drivers.db [req-ecfd2e5a-1f14-4cad-9588-22f8ad02556f - - - - -] DB_Driver: join new ServiceGroup member juju-5096c1-0-lxd-7 to the scheduler group, service = join /usr/lib/python3/dist-packages/nova/servicegroup/drivers/db.py:44
2025-11-13 00:44:49.026 146866 DEBUG oslo_service.service [req-47f70822-222b-4ce2-97cf-396ba65f4238 - - - - -] database.pool_timeout = None log_opt_values /usr/lib/python3/dist-packages/oslo_config/cfg.py:2609
2025-11-13 00:44:49.026 146866 DEBUG oslo_service.service [req-47f70822-222b-4ce2-97cf-396ba65f4238 - - - - -] database.retry_interval = 10 log_opt_values /usr/lib/python3/dist-packages/oslo_config/cfg.py:2609
2025-11-13 00:44:49.026 146866 DEBUG oslo_service.service [req-47f70822-222b-4ce2-97cf-396ba65f4238 - - - - -] database.slave_connection = **** log_opt_values /usr/lib/python3/dist-packages/oslo_config/cfg.py:2609
2025-11-13 00:44:49.026 147285 DEBUG oslo_messaging._drivers.amqpdriver [-] AMQPListener connection timeout poll /usr/lib/python3/dist-packages/oslo_messaging/_drivers/amqpdriver.py:360
2025-11-13 00:44:49.026 146866 DEBUG oslo_service.service [req-47f70822-222b-4ce2-97cf-396ba65f4238 - - - - -] database.sqlite_synchronous = True log_opt_values /usr/lib/python3/dist-packages/oslo_config/cfg.py:2609
2025-11-13 00:44:49.026 147285 DEBUG oslo_messaging._drivers.amqpdriver [-] Listener is running poll /usr/lib/python3/dist-packages/oslo_messaging/_drivers/amqpdriver.py:343
2025-11-13 00:44:49.027 147285 DEBUG oslo_messaging._drivers.amqpdriver [-] AMQPListener connection consume poll /usr/lib/python3/dist-packages/oslo_messaging/_drivers/amqpdriver.py:357
2025-11-13 00:44:49.027 146866 DEBUG oslo_service.service [req-47f70822-222b-4ce2-97cf-396ba65f4238 - - - - -] database.use_db_reconnect = False log_opt_values /usr/lib/python3/dist-packages/oslo_config/cfg.py:2609
2025-11-13 00:44:49.026 147286 DEBUG nova.service [req-851fbee0-8cce-47d8-a54e-4b3440f59d4e - - - - -] Join ServiceGroup membership for this service scheduler start /usr/lib/python3/dist-packages/nova/service.py:199
2025-11-13 00:44:49.027 146866 DEBUG oslo_service.service [req-47f70822-222b-4ce2-97cf-396ba65f4238 - - - - -] api_database.backend = sqlalchemy log_opt_values /usr/lib/python3/dist-packages/oslo_config/cfg.py:2609
2025-11-13 00:44:49.027 146866 DEBUG oslo_service.service [req-47f70822-222b-4ce2-97cf-396ba65f4238 - - - - -] api_database.connection = **** log_opt_values /usr/lib/python3/dist-packages/oslo_config/cfg.py:2609
2025-11-13 00:44:49.027 147286 DEBUG nova.servicegroup.drivers.db [req-851fbee0-8cce-47d8-a54e-4b3440f59d4e - - - - -] DB_Driver: join new ServiceGroup member juju-5096c1-0-lxd-7 to the scheduler group, service = join /usr/lib/python3/dist-packages/nova/servicegroup/drivers/db.py:44
2025-11-13 00:44:49.027 146866 DEBUG oslo_service.service [req-47f70822-222b-4ce2-97cf-396ba65f4238 - - - - -] api_database.connection_debug = 0 log_opt_values /usr/lib/python3/dist-packages/oslo_config/cfg.py:2609
2025-11-13 00:44:49.027 146866 DEBUG oslo_service.service [req-47f70822-222b-4ce2-97cf-396ba65f4238 - - - - -] api_database.connection_parameters = log_opt_values /usr/lib/python3/dist-packages/oslo_config/cfg.py:2609
2025-11-13 00:44:49.027 147286 DEBUG oslo_messaging._drivers.amqpdriver [-] AMQPListener connection timeout poll /usr/lib/python3/dist-packages/oslo_messaging/_drivers/amqpdriver.py:360
2025-11-13 00:44:49.027 146866 DEBUG oslo_service.service [req-47f70822-222b-4ce2-97cf-396ba65f4238 - - - - -] api_database.connection_recycle_time = 3600 log_opt_values /usr/lib/python3/dist-packages/oslo_config/cfg.py:2609
2025-11-13 00:44:49.028 147286 DEBUG oslo_messaging._drivers.amqpdriver [-] Listener is running poll /usr/lib/python3/dist-packages/oslo_messaging/_drivers/amqpdriver.py:343
2025-11-13 00:44:49.028 147286 DEBUG oslo_messaging._drivers.amqpdriver [-] AMQPListener connection consume poll /usr/lib/python3/dist-packages/oslo_messaging/_drivers/amqpdriver.py:357
2025-11-13 00:44:49.028 146866 DEBUG oslo_service.service [req-47f70822-222b-4ce2-97cf-396ba65f4238 - - - - -] api_database.connection_trace = False log_opt_values /usr/lib/python3/dist-packages/oslo_config/cfg.py:2609
2025-11-13 00:44:49.028 146866 DEBUG oslo_service.service [req-47f70822-222b-4ce2-97cf-396ba65f4238 - - - - -] api_database.db_inc_retry_interval = True log_opt_values /usr/lib/python3/dist-packages/oslo_config/cfg.py:2609
2025-11-13 00:44:49.028 146866 DEBUG oslo_service.service [req-47f70822-222b-4ce2-97cf-396ba65f4238 - - - - -] api_database.db_max_retries = 20 log_opt_values /usr/lib/python3/dist-packages/oslo_config/cfg.py:2609
2025-11-13 00:44:49.028 146866 DEBUG oslo_service.service [req-47f70822-222b-4ce2-97cf-396ba65f4238 - - - - -] api_database.db_max_retry_interval = 10 log_opt_values /usr/lib/python3/dist-packages/oslo_config/cfg.py:2609
2025-11-13 00:44:49.029 146866 DEBUG oslo_service.service [req-47f70822-222b-4ce2-97cf-396ba65f4238 - - - - -] api_database.db_retry_interval = 1 log_opt_values /usr/lib/python3/dist-packages/oslo_config/cfg.py:2609
2025-11-13 00:44:49.029 146866 DEBUG oslo_service.service [req-47f70822-222b-4ce2-97cf-396ba65f4238 - - - - -] api_database.max_overflow = 50 log_opt_values /usr/lib/python3/dist-packages/oslo_config/cfg.py:2609
2025-11-13 00:44:49.029 146866 DEBUG oslo_service.service [req-47f70822-222b-4ce2-97cf-396ba65f4238 - - - - -] api_database.max_pool_size = 4 log_opt_values /usr/lib/python3/dist-packages/oslo_config/cfg.py:2609
2025-11-13 00:44:49.029 146866 DEBUG oslo_service.service [req-47f70822-222b-4ce2-97cf-396ba65f4238 - - - - -] api_database.max_retries = 10 log_opt_values /usr/lib/python3/dist-packages/oslo_config/cfg.py:2609
2025-11-13 00:44:49.029 146866 DEBUG oslo_service.service [req-47f70822-222b-4ce2-97cf-396ba65f4238 - - - - -] api_database.mysql_enable_ndb = False log_opt_values /usr/lib/python3/dist-packages/oslo_config/cfg.py:2609
2025-11-13 00:44:49.030 146866 DEBUG oslo_service.service [req-47f70822-222b-4ce2-97cf-396ba65f4238 - - - - -] api_database.mysql_sql_mode = TRADITIONAL log_opt_values /usr/lib/python3/dist-packages/oslo_config/cfg.py:2609
2025-11-13 00:44:49.030 146866 DEBUG oslo_service.service [req-47f70822-222b-4ce2-97cf-396ba65f4238 - - - - -] api_database.pool_timeout = None log_opt_values /usr/lib/python3/dist-packages/oslo_config/cfg.py:2609
2025-11-13 00:44:49.030 146866 DEBUG oslo_service.service [req-47f70822-222b-4ce2-97cf-396ba65f4238 - - - - -] api_database.retry_interval = 10 log_opt_values /usr/lib/python3/dist-packages/oslo_config/cfg.py:2609
2025-11-13 00:44:49.030 146866 DEBUG oslo_service.service [req-47f70822-222b-4ce2-97cf-396ba65f4238 - - - - -] api_database.slave_connection = **** log_opt_values /usr/lib/python3/dist-packages/oslo_config/cfg.py:2609
2025-11-13 00:44:49.030 146866 DEBUG oslo_service.service [req-47f70822-222b-4ce2-97cf-396ba65f4238 - - - - -] api_database.sqlite_synchronous = True log_opt_values /usr/lib/python3/dist-packages/oslo_config/cfg.py:2609
2025-11-13 00:44:49.031 146866 DEBUG oslo_service.service [req-47f70822-222b-4ce2-97cf-396ba65f4238 - - - - -] devices.enabled_mdev_types = [] log_opt_values /usr/lib/python3/dist-packages/oslo_config/cfg.py:2609
2025-11-13 00:44:49.031 146866 DEBUG oslo_service.service [req-47f70822-222b-4ce2-97cf-396ba65f4238 - - - - -] ephemeral_storage_encryption.cipher = aes-xts-plain64 log_opt_values /usr/lib/python3/dist-packages/oslo_config/cfg.py:2609
2025-11-13 00:44:49.031 146866 DEBUG oslo_service.service [req-47f70822-222b-4ce2-97cf-396ba65f4238 - - - - -] ephemeral_storage_encryption.enabled = False log_opt_values /usr/lib/python3/dist-packages/oslo_config/cfg.py:2609
2025-11-13 00:44:49.031 146866 DEBUG oslo_service.service [req-47f70822-222b-4ce2-97cf-396ba65f4238 - - - - -] ephemeral_storage_encryption.key_size = 512 log_opt_values /usr/lib/python3/dist-packages/oslo_config/cfg.py:2609
2025-11-13 00:44:49.032 146866 WARNING oslo_config.cfg [req-47f70822-222b-4ce2-97cf-396ba65f4238 - - - - -] Deprecated: Option "api_servers" from group "glance" is deprecated for removal ( Support for image service configuration via standard keystoneauth1 Adapter options was added in the 17.0.0 Queens release. The api_servers option was retained temporarily to allow consumers time to cut over to a real load balancing solution. ). Its value may be silently ignored in the future.
2025-11-13 00:44:49.032 146866 DEBUG oslo_service.service [req-47f70822-222b-4ce2-97cf-396ba65f4238 - - - - -] glance.api_servers = ['http://252.19.236.236:9292'] log_opt_values /usr/lib/python3/dist-packages/oslo_config/cfg.py:2609
2025-11-13 00:44:49.032 146866 DEBUG oslo_service.service [req-47f70822-222b-4ce2-97cf-396ba65f4238 - - - - -] glance.cafile = None log_opt_values /usr/lib/python3/dist-packages/oslo_config/cfg.py:2609
2025-11-13 00:44:49.032 146866 DEBUG oslo_service.service [req-47f70822-222b-4ce2-97cf-396ba65f4238 - - - - -] glance.certfile = None log_opt_values /usr/lib/python3/dist-packages/oslo_config/cfg.py:2609
2025-11-13 00:44:49.032 146866 DEBUG oslo_service.service [req-47f70822-222b-4ce2-97cf-396ba65f4238 - - - - -] glance.collect_timing = False log_opt_values /usr/lib/python3/dist-packages/oslo_config/cfg.py:2609
2025-11-13 00:44:49.033 146866 DEBUG oslo_service.service [req-47f70822-222b-4ce2-97cf-396ba65f4238 - - - - -] glance.connect_retries = None log_opt_values /usr/lib/python3/dist-packages/oslo_config/cfg.py:2609
2025-11-13 00:44:49.033 146866 DEBUG oslo_service.service [req-47f70822-222b-4ce2-97cf-396ba65f4238 - - - - -] glance.connect_retry_delay = None log_opt_values /usr/lib/python3/dist-packages/oslo_config/cfg.py:2609
2025-11-13 00:44:49.033 146866 DEBUG oslo_service.service [req-47f70822-222b-4ce2-97cf-396ba65f4238 - - - - -] glance.debug = False log_opt_values /usr/lib/python3/dist-packages/oslo_config/cfg.py:2609
2025-11-13 00:44:49.033 146866 DEBUG oslo_service.service [req-47f70822-222b-4ce2-97cf-396ba65f4238 - - - - -] glance.default_trusted_certificate_ids = [] log_opt_values /usr/lib/python3/dist-packages/oslo_config/cfg.py:2609
2025-11-13 00:44:49.033 146866 DEBUG oslo_service.service [req-47f70822-222b-4ce2-97cf-396ba65f4238 - - - - -] glance.enable_certificate_validation = False log_opt_values /usr/lib/python3/dist-packages/oslo_config/cfg.py:2609
2025-11-13 00:44:49.034 146866 DEBUG oslo_service.service [req-47f70822-222b-4ce2-97cf-396ba65f4238 - - - - -] glance.enable_rbd_download = False log_opt_values /usr/lib/python3/dist-packages/oslo_config/cfg.py:2609
2025-11-13 00:44:49.034 146866 DEBUG oslo_service.service [req-47f70822-222b-4ce2-97cf-396ba65f4238 - - - - -] glance.endpoint_override = None log_opt_values /usr/lib/python3/dist-packages/oslo_config/cfg.py:2609
2025-11-13 00:44:49.034 146866 DEBUG oslo_service.service [req-47f70822-222b-4ce2-97cf-396ba65f4238 - - - - -] glance.insecure = False log_opt_values /usr/lib/python3/dist-packages/oslo_config/cfg.py:2609
2025-11-13 00:44:49.034 146866 DEBUG oslo_service.service [req-47f70822-222b-4ce2-97cf-396ba65f4238 - - - - -] glance.keyfile = None log_opt_values /usr/lib/python3/dist-packages/oslo_config/cfg.py:2609
2025-11-13 00:44:49.034 146866 DEBUG oslo_service.service [req-47f70822-222b-4ce2-97cf-396ba65f4238 - - - - -] glance.max_version = None log_opt_values /usr/lib/python3/dist-packages/oslo_config/cfg.py:2609
2025-11-13 00:44:49.034 146866 DEBUG oslo_service.service [req-47f70822-222b-4ce2-97cf-396ba65f4238 - - - - -] glance.min_version = None log_opt_values /usr/lib/python3/dist-packages/oslo_config/cfg.py:2609
2025-11-13 00:44:49.035 146866 DEBUG oslo_service.service [req-47f70822-222b-4ce2-97cf-396ba65f4238 - - - - -] glance.num_retries = 3 log_opt_values /usr/lib/python3/dist-packages/oslo_config/cfg.py:2609
2025-11-13 00:44:49.035 146866 DEBUG oslo_service.service [req-47f70822-222b-4ce2-97cf-396ba65f4238 - - - - -] glance.rbd_ceph_conf = log_opt_values /usr/lib/python3/dist-packages/oslo_config/cfg.py:2609
2025-11-13 00:44:49.035 146866 DEBUG oslo_service.service [req-47f70822-222b-4ce2-97cf-396ba65f4238 - - - - -] glance.rbd_connect_timeout = 5 log_opt_values /usr/lib/python3/dist-packages/oslo_config/cfg.py:2609
2025-11-13 00:44:49.035 146866 DEBUG oslo_service.service [req-47f70822-222b-4ce2-97cf-396ba65f4238 - - - - -] glance.rbd_pool = log_opt_values /usr/lib/python3/dist-packages/oslo_config/cfg.py:2609
2025-11-13 00:44:49.035 146866 DEBUG oslo_service.service [req-47f70822-222b-4ce2-97cf-396ba65f4238 - - - - -] glance.rbd_user = log_opt_values /usr/lib/python3/dist-packages/oslo_config/cfg.py:2609
2025-11-13 00:44:49.035 146866 DEBUG oslo_service.service [req-47f70822-222b-4ce2-97cf-396ba65f4238 - - - - -] glance.region_name = None log_opt_values /usr/lib/python3/dist-packages/oslo_config/cfg.py:2609
2025-11-13 00:44:49.036 146866 DEBUG oslo_service.service [req-47f70822-222b-4ce2-97cf-396ba65f4238 - - - - -] glance.service_name = None log_opt_values /usr/lib/python3/dist-packages/oslo_config/cfg.py:2609
2025-11-13 00:44:49.036 146866 DEBUG oslo_service.service [req-47f70822-222b-4ce2-97cf-396ba65f4238 - - - - -] glance.service_type = image log_opt_values /usr/lib/python3/dist-packages/oslo_config/cfg.py:2609
2025-11-13 00:44:49.036 146866 DEBUG oslo_service.service [req-47f70822-222b-4ce2-97cf-396ba65f4238 - - - - -] glance.split_loggers = False log_opt_values /usr/lib/python3/dist-packages/oslo_config/cfg.py:2609
2025-11-13 00:44:49.036 146866 DEBUG oslo_service.service [req-47f70822-222b-4ce2-97cf-396ba65f4238 - - - - -] glance.status_code_retries = None log_opt_values /usr/lib/python3/dist-packages/oslo_config/cfg.py:2609
2025-11-13 00:44:49.037 146866 DEBUG oslo_service.service [req-47f70822-222b-4ce2-97cf-396ba65f4238 - - - - -] glance.status_code_retry_delay = None log_opt_values /usr/lib/python3/dist-packages/oslo_config/cfg.py:2609
2025-11-13 00:44:49.037 146866 DEBUG oslo_service.service [req-47f70822-222b-4ce2-97cf-396ba65f4238 - - - - -] glance.timeout = None log_opt_values /usr/lib/python3/dist-packages/oslo_config/cfg.py:2609
2025-11-13 00:44:49.037 146866 DEBUG oslo_service.service [req-47f70822-222b-4ce2-97cf-396ba65f4238 - - - - -] glance.valid_interfaces = ['internal', 'public'] log_opt_values /usr/lib/python3/dist-packages/oslo_config/cfg.py:2609
2025-11-13 00:44:49.037 146866 DEBUG oslo_service.service [req-47f70822-222b-4ce2-97cf-396ba65f4238 - - - - -] glance.verify_glance_signatures = False log_opt_values /usr/lib/python3/dist-packages/oslo_config/cfg.py:2609
2025-11-13 00:44:49.037 146866 DEBUG oslo_service.service [req-47f70822-222b-4ce2-97cf-396ba65f4238 - - - - -] glance.version = None log_opt_values /usr/lib/python3/dist-packages/oslo_config/cfg.py:2609
2025-11-13 00:44:49.038 146866 DEBUG oslo_service.service [req-47f70822-222b-4ce2-97cf-396ba65f4238 - - - - -] guestfs.debug = False log_opt_values /usr/lib/python3/dist-packages/oslo_config/cfg.py:2609
2025-11-13 00:44:49.038 146866 DEBUG oslo_service.service [req-47f70822-222b-4ce2-97cf-396ba65f4238 - - - - -] hyperv.config_drive_cdrom = False log_opt_values /usr/lib/python3/dist-packages/oslo_config/cfg.py:2609
2025-11-13 00:44:49.038 146866 DEBUG oslo_service.service [req-47f70822-222b-4ce2-97cf-396ba65f4238 - - - - -] hyperv.config_drive_inject_password = False log_opt_values /usr/lib/python3/dist-packages/oslo_config/cfg.py:2609
2025-11-13 00:44:49.038 146866 DEBUG oslo_service.service [req-47f70822-222b-4ce2-97cf-396ba65f4238 - - - - -] hyperv.dynamic_memory_ratio = 1.0 log_opt_values /usr/lib/python3/dist-packages/oslo_config/cfg.py:2609
2025-11-13 00:44:49.038 146866 DEBUG oslo_service.service [req-47f70822-222b-4ce2-97cf-396ba65f4238 - - - - -] hyperv.enable_instance_metrics_collection = False log_opt_values /usr/lib/python3/dist-packages/oslo_config/cfg.py:2609
2025-11-13 00:44:49.038 146866 DEBUG oslo_service.service [req-47f70822-222b-4ce2-97cf-396ba65f4238 - - - - -] hyperv.enable_remotefx = False log_opt_values /usr/lib/python3/dist-packages/oslo_config/cfg.py:2609
2025-11-13 00:44:49.039 146866 DEBUG oslo_service.service [req-47f70822-222b-4ce2-97cf-396ba65f4238 - - - - -] hyperv.instances_path_share = log_opt_values /usr/lib/python3/dist-packages/oslo_config/cfg.py:2609
2025-11-13 00:44:49.039 146866 DEBUG oslo_service.service [req-47f70822-222b-4ce2-97cf-396ba65f4238 - - - - -] hyperv.iscsi_initiator_list = [] log_opt_values /usr/lib/python3/dist-packages/oslo_config/cfg.py:2609
2025-11-13 00:44:49.039 146866 DEBUG oslo_service.service [req-47f70822-222b-4ce2-97cf-396ba65f4238 - - - - -] hyperv.limit_cpu_features = False log_opt_values /usr/lib/python3/dist-packages/oslo_config/cfg.py:2609
2025-11-13 00:44:49.039 146866 DEBUG oslo_service.service [req-47f70822-222b-4ce2-97cf-396ba65f4238 - - - - -] hyperv.mounted_disk_query_retry_count = 10 log_opt_values /usr/lib/python3/dist-packages/oslo_config/cfg.py:2609
2025-11-13 00:44:49.039 146866 DEBUG oslo_service.service [req-47f70822-222b-4ce2-97cf-396ba65f4238 - - - - -] hyperv.mounted_disk_query_retry_interval = 5 log_opt_values /usr/lib/python3/dist-packages/oslo_config/cfg.py:2609
2025-11-13 00:44:49.040 146866 DEBUG oslo_service.service [req-47f70822-222b-4ce2-97cf-396ba65f4238 - - - - -] hyperv.power_state_check_timeframe = 60 log_opt_values /usr/lib/python3/dist-packages/oslo_config/cfg.py:2609
2025-11-13 00:44:49.040 146866 DEBUG oslo_service.service [req-47f70822-222b-4ce2-97cf-396ba65f4238 - - - - -] hyperv.power_state_event_polling_interval = 2 log_opt_values /usr/lib/python3/dist-packages/oslo_config/cfg.py:2609
2025-11-13 00:44:49.040 146866 DEBUG oslo_service.service [req-47f70822-222b-4ce2-97cf-396ba65f4238 - - - - -] hyperv.qemu_img_cmd = qemu-img.exe log_opt_values /usr/lib/python3/dist-packages/oslo_config/cfg.py:2609
2025-11-13 00:44:49.040 146866 DEBUG oslo_service.service [req-47f70822-222b-4ce2-97cf-396ba65f4238 - - - - -] hyperv.use_multipath_io = False log_opt_values /usr/lib/python3/dist-packages/oslo_config/cfg.py:2609
2025-11-13 00:44:49.040 146866 DEBUG oslo_service.service [req-47f70822-222b-4ce2-97cf-396ba65f4238 - - - - -] hyperv.volume_attach_retry_count = 10 log_opt_values /usr/lib/python3/dist-packages/oslo_config/cfg.py:2609
2025-11-13 00:44:49.040 146866 DEBUG oslo_service.service [req-47f70822-222b-4ce2-97cf-396ba65f4238 - - - - -] hyperv.volume_attach_retry_interval = 5 log_opt_values /usr/lib/python3/dist-packages/oslo_config/cfg.py:2609
2025-11-13 00:44:49.041 146866 DEBUG oslo_service.service [req-47f70822-222b-4ce2-97cf-396ba65f4238 - - - - -] hyperv.vswitch_name = None log_opt_values /usr/lib/python3/dist-packages/oslo_config/cfg.py:2609
2025-11-13 00:44:49.041 146866 DEBUG oslo_service.service [req-47f70822-222b-4ce2-97cf-396ba65f4238 - - - - -] hyperv.wait_soft_reboot_seconds = 60 log_opt_values /usr/lib/python3/dist-packages/oslo_config/cfg.py:2609
2025-11-13 00:44:49.041 146866 DEBUG oslo_service.service [req-47f70822-222b-4ce2-97cf-396ba65f4238 - - - - -] mks.enabled = False log_opt_values /usr/lib/python3/dist-packages/oslo_config/cfg.py:2609
2025-11-13 00:44:49.041 146866 DEBUG oslo_service.service [req-47f70822-222b-4ce2-97cf-396ba65f4238 - - - - -] mks.mksproxy_base_url = http://127.0.0.1:6090/ log_opt_values /usr/lib/python3/dist-packages/oslo_config/cfg.py:2609
2025-11-13 00:44:49.042 146866 DEBUG oslo_service.service [req-47f70822-222b-4ce2-97cf-396ba65f4238 - - - - -] image_cache.manager_interval = 2400 log_opt_values /usr/lib/python3/dist-packages/oslo_config/cfg.py:2609
2025-11-13 00:44:49.042 146866 DEBUG oslo_service.service [req-47f70822-222b-4ce2-97cf-396ba65f4238 - - - - -] image_cache.precache_concurrency = 1 log_opt_values /usr/lib/python3/dist-packages/oslo_config/cfg.py:2609
2025-11-13 00:44:49.042 146866 DEBUG oslo_service.service [req-47f70822-222b-4ce2-97cf-396ba65f4238 - - - - -] image_cache.remove_unused_base_images = True log_opt_values /usr/lib/python3/dist-packages/oslo_config/cfg.py:2609
2025-11-13 00:44:49.042 146866 DEBUG oslo_service.service [req-47f70822-222b-4ce2-97cf-396ba65f4238 - - - - -] image_cache.remove_unused_original_minimum_age_seconds = 86400 log_opt_values /usr/lib/python3/dist-packages/oslo_config/cfg.py:2609
2025-11-13 00:44:49.042 147288 DEBUG oslo_messaging._drivers.amqpdriver [-] Listener is running poll /usr/lib/python3/dist-packages/oslo_messaging/_drivers/amqpdriver.py:343
2025-11-13 00:44:49.043 146866 DEBUG oslo_service.service [req-47f70822-222b-4ce2-97cf-396ba65f4238 - - - - -] image_cache.remove_unused_resized_minimum_age_seconds = 3600 log_opt_values /usr/lib/python3/dist-packages/oslo_config/cfg.py:2609
2025-11-13 00:44:49.043 147288 DEBUG oslo_messaging._drivers.amqpdriver [-] AMQPListener connection consume poll /usr/lib/python3/dist-packages/oslo_messaging/_drivers/amqpdriver.py:357
2025-11-13 00:44:49.043 146866 DEBUG oslo_service.service [req-47f70822-222b-4ce2-97cf-396ba65f4238 - - - - -] image_cache.subdirectory_name = _base log_opt_values /usr/lib/python3/dist-packages/oslo_config/cfg.py:2609
2025-11-13 00:44:49.043 146866 DEBUG oslo_service.service [req-47f70822-222b-4ce2-97cf-396ba65f4238 - - - - -] ironic.api_max_retries = 60 log_opt_values /usr/lib/python3/dist-packages/oslo_config/cfg.py:2609
2025-11-13 00:44:49.043 146866 DEBUG oslo_service.service [req-47f70822-222b-4ce2-97cf-396ba65f4238 - - - - -] ironic.api_retry_interval = 2 log_opt_values /usr/lib/python3/dist-packages/oslo_config/cfg.py:2609
2025-11-13 00:44:49.043 146866 DEBUG oslo_service.service [req-47f70822-222b-4ce2-97cf-396ba65f4238 - - - - -] ironic.auth_section = None log_opt_values /usr/lib/python3/dist-packages/oslo_config/cfg.py:2609
2025-11-13 00:44:49.043 147288 DEBUG nova.service [req-8a29003c-b864-4565-8097-84201b7f4380 - - - - -] Join ServiceGroup membership for this service scheduler start /usr/lib/python3/dist-packages/nova/service.py:199
2025-11-13 00:44:49.043 146866 DEBUG oslo_service.service [req-47f70822-222b-4ce2-97cf-396ba65f4238 - - - - -] ironic.auth_type = None log_opt_values /usr/lib/python3/dist-packages/oslo_config/cfg.py:2609
2025-11-13 00:44:49.044 146866 DEBUG oslo_service.service [req-47f70822-222b-4ce2-97cf-396ba65f4238 - - - - -] ironic.cafile = None log_opt_values /usr/lib/python3/dist-packages/oslo_config/cfg.py:2609
2025-11-13 00:44:49.044 147288 DEBUG nova.servicegroup.drivers.db [req-8a29003c-b864-4565-8097-84201b7f4380 - - - - -] DB_Driver: join new ServiceGroup member juju-5096c1-0-lxd-7 to the scheduler group, service = join /usr/lib/python3/dist-packages/nova/servicegroup/drivers/db.py:44
2025-11-13 00:44:49.044 146866 DEBUG oslo_service.service [req-47f70822-222b-4ce2-97cf-396ba65f4238 - - - - -] ironic.certfile = None log_opt_values /usr/lib/python3/dist-packages/oslo_config/cfg.py:2609
2025-11-13 00:44:49.044 146866 DEBUG oslo_service.service [req-47f70822-222b-4ce2-97cf-396ba65f4238 - - - - -] ironic.collect_timing = False log_opt_values /usr/lib/python3/dist-packages/oslo_config/cfg.py:2609
2025-11-13 00:44:49.044 146866 DEBUG oslo_service.service [req-47f70822-222b-4ce2-97cf-396ba65f4238 - - - - -] ironic.connect_retries = None log_opt_values /usr/lib/python3/dist-packages/oslo_config/cfg.py:2609
2025-11-13 00:44:49.044 146866 DEBUG oslo_service.service [req-47f70822-222b-4ce2-97cf-396ba65f4238 - - - - -] ironic.connect_retry_delay = None log_opt_values /usr/lib/python3/dist-packages/oslo_config/cfg.py:2609
2025-11-13 00:44:49.045 146866 DEBUG oslo_service.service [req-47f70822-222b-4ce2-97cf-396ba65f4238 - - - - -] ironic.endpoint_override = None log_opt_values /usr/lib/python3/dist-packages/oslo_config/cfg.py:2609
2025-11-13 00:44:49.045 146866 DEBUG oslo_service.service [req-47f70822-222b-4ce2-97cf-396ba65f4238 - - - - -] ironic.insecure = False log_opt_values /usr/lib/python3/dist-packages/oslo_config/cfg.py:2609
2025-11-13 00:44:49.045 146866 DEBUG oslo_service.service [req-47f70822-222b-4ce2-97cf-396ba65f4238 - - - - -] ironic.keyfile = None log_opt_values /usr/lib/python3/dist-packages/oslo_config/cfg.py:2609
2025-11-13 00:44:49.045 146866 DEBUG oslo_service.service [req-47f70822-222b-4ce2-97cf-396ba65f4238 - - - - -] ironic.max_version = None log_opt_values /usr/lib/python3/dist-packages/oslo_config/cfg.py:2609
2025-11-13 00:44:49.045 146866 DEBUG oslo_service.service [req-47f70822-222b-4ce2-97cf-396ba65f4238 - - - - -] ironic.min_version = None log_opt_values /usr/lib/python3/dist-packages/oslo_config/cfg.py:2609
2025-11-13 00:44:49.045 146866 DEBUG oslo_service.service [req-47f70822-222b-4ce2-97cf-396ba65f4238 - - - - -] ironic.partition_key = None log_opt_values /usr/lib/python3/dist-packages/oslo_config/cfg.py:2609
2025-11-13 00:44:49.046 146866 DEBUG oslo_service.service [req-47f70822-222b-4ce2-97cf-396ba65f4238 - - - - -] ironic.peer_list = [] log_opt_values /usr/lib/python3/dist-packages/oslo_config/cfg.py:2609
2025-11-13 00:44:49.046 146866 DEBUG oslo_service.service [req-47f70822-222b-4ce2-97cf-396ba65f4238 - - - - -] ironic.region_name = None log_opt_values /usr/lib/python3/dist-packages/oslo_config/cfg.py:2609
2025-11-13 00:44:49.046 146866 DEBUG oslo_service.service [req-47f70822-222b-4ce2-97cf-396ba65f4238 - - - - -] ironic.serial_console_state_timeout = 10 log_opt_values /usr/lib/python3/dist-packages/oslo_config/cfg.py:2609
2025-11-13 00:44:49.046 147288 DEBUG oslo_messaging._drivers.amqpdriver [-] AMQPListener connection timeout poll /usr/lib/python3/dist-packages/oslo_messaging/_drivers/amqpdriver.py:360
2025-11-13 00:44:49.046 146866 DEBUG oslo_service.service [req-47f70822-222b-4ce2-97cf-396ba65f4238 - - - - -] ironic.service_name = None log_opt_values /usr/lib/python3/dist-packages/oslo_config/cfg.py:2609
2025-11-13 00:44:49.046 147288 DEBUG oslo_messaging._drivers.amqpdriver [-] Listener is running poll /usr/lib/python3/dist-packages/oslo_messaging/_drivers/amqpdriver.py:343
2025-11-13 00:44:49.046 146866 DEBUG oslo_service.service [req-47f70822-222b-4ce2-97cf-396ba65f4238 - - - - -] ironic.service_type = baremetal log_opt_values /usr/lib/python3/dist-packages/oslo_config/cfg.py:2609
2025-11-13 00:44:49.046 147288 DEBUG oslo_messaging._drivers.amqpdriver [-] AMQPListener connection consume poll /usr/lib/python3/dist-packages/oslo_messaging/_drivers/amqpdriver.py:357
2025-11-13 00:44:49.047 146866 DEBUG oslo_service.service [req-47f70822-222b-4ce2-97cf-396ba65f4238 - - - - -] ironic.split_loggers = False log_opt_values /usr/lib/python3/dist-packages/oslo_config/cfg.py:2609
2025-11-13 00:44:49.047 146866 DEBUG oslo_service.service [req-47f70822-222b-4ce2-97cf-396ba65f4238 - - - - -] ironic.status_code_retries = None log_opt_values /usr/lib/python3/dist-packages/oslo_config/cfg.py:2609
2025-11-13 00:44:49.047 146866 DEBUG oslo_service.service [req-47f70822-222b-4ce2-97cf-396ba65f4238 - - - - -] ironic.status_code_retry_delay = None log_opt_values /usr/lib/python3/dist-packages/oslo_config/cfg.py:2609
2025-11-13 00:44:49.047 146866 DEBUG oslo_service.service [req-47f70822-222b-4ce2-97cf-396ba65f4238 - - - - -] ironic.timeout = None log_opt_values /usr/lib/python3/dist-packages/oslo_config/cfg.py:2609
2025-11-13 00:44:49.047 146866 DEBUG oslo_service.service [req-47f70822-222b-4ce2-97cf-396ba65f4238 - - - - -] ironic.valid_interfaces = ['internal', 'public'] log_opt_values /usr/lib/python3/dist-packages/oslo_config/cfg.py:2609
2025-11-13 00:44:49.047 146866 DEBUG oslo_service.service [req-47f70822-222b-4ce2-97cf-396ba65f4238 - - - - -] ironic.version = None log_opt_values /usr/lib/python3/dist-packages/oslo_config/cfg.py:2609
2025-11-13 00:44:49.048 146866 DEBUG oslo_service.service [req-47f70822-222b-4ce2-97cf-396ba65f4238 - - - - -] key_manager.backend = barbican log_opt_values /usr/lib/python3/dist-packages/oslo_config/cfg.py:2609
2025-11-13 00:44:49.048 146866 DEBUG oslo_service.service [req-47f70822-222b-4ce2-97cf-396ba65f4238 - - - - -] key_manager.fixed_key = **** log_opt_values /usr/lib/python3/dist-packages/oslo_config/cfg.py:2609
