2025-11-13 00:44:03.683 131469 DEBUG oslo_service.service [req-efaee437-318c-428f-bdda-f6959139143e - - - - -] spice.enabled = False log_opt_values /usr/lib/python3/dist-packages/oslo_config/cfg.py:2609
2025-11-13 00:44:03.684 131469 DEBUG oslo_service.service [req-efaee437-318c-428f-bdda-f6959139143e - - - - -] spice.html5proxy_base_url = http://127.0.0.1:6082/spice_auto.html log_opt_values /usr/lib/python3/dist-packages/oslo_config/cfg.py:2609
2025-11-13 00:44:03.684 131469 DEBUG oslo_service.service [req-efaee437-318c-428f-bdda-f6959139143e - - - - -] spice.html5proxy_host = 0.0.0.0 log_opt_values /usr/lib/python3/dist-packages/oslo_config/cfg.py:2609
2025-11-13 00:44:03.684 131469 DEBUG oslo_service.service [req-efaee437-318c-428f-bdda-f6959139143e - - - - -] spice.html5proxy_port = 6082 log_opt_values /usr/lib/python3/dist-packages/oslo_config/cfg.py:2609
2025-11-13 00:44:03.684 131469 DEBUG oslo_service.service [req-efaee437-318c-428f-bdda-f6959139143e - - - - -] spice.server_listen = 127.0.0.1 log_opt_values /usr/lib/python3/dist-packages/oslo_config/cfg.py:2609
2025-11-13 00:44:03.685 131469 DEBUG oslo_service.service [req-efaee437-318c-428f-bdda-f6959139143e - - - - -] spice.server_proxyclient_address = 127.0.0.1 log_opt_values /usr/lib/python3/dist-packages/oslo_config/cfg.py:2609
2025-11-13 00:44:03.685 131469 DEBUG oslo_service.service [req-efaee437-318c-428f-bdda-f6959139143e - - - - -] upgrade_levels.baseapi = None log_opt_values /usr/lib/python3/dist-packages/oslo_config/cfg.py:2609
2025-11-13 00:44:03.685 131469 DEBUG oslo_service.service [req-efaee437-318c-428f-bdda-f6959139143e - - - - -] upgrade_levels.cert = None log_opt_values /usr/lib/python3/dist-packages/oslo_config/cfg.py:2609
2025-11-13 00:44:03.685 131469 DEBUG oslo_service.service [req-efaee437-318c-428f-bdda-f6959139143e - - - - -] upgrade_levels.compute = auto log_opt_values /usr/lib/python3/dist-packages/oslo_config/cfg.py:2609
2025-11-13 00:44:03.685 131469 DEBUG oslo_service.service [req-efaee437-318c-428f-bdda-f6959139143e - - - - -] upgrade_levels.conductor = None log_opt_values /usr/lib/python3/dist-packages/oslo_config/cfg.py:2609
2025-11-13 00:44:03.686 131469 DEBUG oslo_service.service [req-efaee437-318c-428f-bdda-f6959139143e - - - - -] upgrade_levels.scheduler = None log_opt_values /usr/lib/python3/dist-packages/oslo_config/cfg.py:2609
2025-11-13 00:44:03.686 131469 DEBUG oslo_service.service [req-efaee437-318c-428f-bdda-f6959139143e - - - - -] vendordata_dynamic_auth.auth_section = None log_opt_values /usr/lib/python3/dist-packages/oslo_config/cfg.py:2609
2025-11-13 00:44:03.686 131469 DEBUG oslo_service.service [req-efaee437-318c-428f-bdda-f6959139143e - - - - -] vendordata_dynamic_auth.auth_type = None log_opt_values /usr/lib/python3/dist-packages/oslo_config/cfg.py:2609
2025-11-13 00:44:03.686 131469 DEBUG oslo_service.service [req-efaee437-318c-428f-bdda-f6959139143e - - - - -] vendordata_dynamic_auth.cafile = None log_opt_values /usr/lib/python3/dist-packages/oslo_config/cfg.py:2609
2025-11-13 00:44:03.686 131469 DEBUG oslo_service.service [req-efaee437-318c-428f-bdda-f6959139143e - - - - -] vendordata_dynamic_auth.certfile = None log_opt_values /usr/lib/python3/dist-packages/oslo_config/cfg.py:2609
2025-11-13 00:44:03.687 131469 DEBUG oslo_service.service [req-efaee437-318c-428f-bdda-f6959139143e - - - - -] vendordata_dynamic_auth.collect_timing = False log_opt_values /usr/lib/python3/dist-packages/oslo_config/cfg.py:2609
2025-11-13 00:44:03.687 131469 DEBUG oslo_service.service [req-efaee437-318c-428f-bdda-f6959139143e - - - - -] vendordata_dynamic_auth.insecure = False log_opt_values /usr/lib/python3/dist-packages/oslo_config/cfg.py:2609
2025-11-13 00:44:03.687 131469 DEBUG oslo_service.service [req-efaee437-318c-428f-bdda-f6959139143e - - - - -] vendordata_dynamic_auth.keyfile = None log_opt_values /usr/lib/python3/dist-packages/oslo_config/cfg.py:2609
2025-11-13 00:44:03.687 131469 DEBUG oslo_service.service [req-efaee437-318c-428f-bdda-f6959139143e - - - - -] vendordata_dynamic_auth.split_loggers = False log_opt_values /usr/lib/python3/dist-packages/oslo_config/cfg.py:2609
2025-11-13 00:44:03.687 131469 DEBUG oslo_service.service [req-efaee437-318c-428f-bdda-f6959139143e - - - - -] vendordata_dynamic_auth.timeout = None log_opt_values /usr/lib/python3/dist-packages/oslo_config/cfg.py:2609
2025-11-13 00:44:03.688 131469 DEBUG oslo_service.service [req-efaee437-318c-428f-bdda-f6959139143e - - - - -] vmware.api_retry_count = 10 log_opt_values /usr/lib/python3/dist-packages/oslo_config/cfg.py:2609
2025-11-13 00:44:03.688 131469 DEBUG oslo_service.service [req-efaee437-318c-428f-bdda-f6959139143e - - - - -] vmware.ca_file = None log_opt_values /usr/lib/python3/dist-packages/oslo_config/cfg.py:2609
2025-11-13 00:44:03.688 131469 DEBUG oslo_service.service [req-efaee437-318c-428f-bdda-f6959139143e - - - - -] vmware.cache_prefix = None log_opt_values /usr/lib/python3/dist-packages/oslo_config/cfg.py:2609
2025-11-13 00:44:03.688 131469 DEBUG oslo_service.service [req-efaee437-318c-428f-bdda-f6959139143e - - - - -] vmware.cluster_name = None log_opt_values /usr/lib/python3/dist-packages/oslo_config/cfg.py:2609
2025-11-13 00:44:03.688 131469 DEBUG oslo_service.service [req-efaee437-318c-428f-bdda-f6959139143e - - - - -] vmware.connection_pool_size = 10 log_opt_values /usr/lib/python3/dist-packages/oslo_config/cfg.py:2609
2025-11-13 00:44:03.689 131469 DEBUG oslo_service.service [req-efaee437-318c-428f-bdda-f6959139143e - - - - -] vmware.console_delay_seconds = None log_opt_values /usr/lib/python3/dist-packages/oslo_config/cfg.py:2609
2025-11-13 00:44:03.689 131469 DEBUG oslo_service.service [req-efaee437-318c-428f-bdda-f6959139143e - - - - -] vmware.datastore_regex = None log_opt_values /usr/lib/python3/dist-packages/oslo_config/cfg.py:2609
2025-11-13 00:44:03.689 131469 DEBUG oslo_service.service [req-efaee437-318c-428f-bdda-f6959139143e - - - - -] vmware.host_ip = None log_opt_values /usr/lib/python3/dist-packages/oslo_config/cfg.py:2609
2025-11-13 00:44:03.689 131469 DEBUG oslo_service.service [req-efaee437-318c-428f-bdda-f6959139143e - - - - -] vmware.host_password = **** log_opt_values /usr/lib/python3/dist-packages/oslo_config/cfg.py:2609
2025-11-13 00:44:03.689 132201 DEBUG nova.service [req-f7b2ddfb-cbdf-46b8-a27b-a358445cb84e - - - - -] Creating RPC server for service scheduler start /usr/lib/python3/dist-packages/nova/service.py:182
2025-11-13 00:44:03.689 131469 DEBUG oslo_service.service [req-efaee437-318c-428f-bdda-f6959139143e - - - - -] vmware.host_port = 443 log_opt_values /usr/lib/python3/dist-packages/oslo_config/cfg.py:2609
2025-11-13 00:44:03.689 131469 DEBUG oslo_service.service [req-efaee437-318c-428f-bdda-f6959139143e - - - - -] vmware.host_username = None log_opt_values /usr/lib/python3/dist-packages/oslo_config/cfg.py:2609
2025-11-13 00:44:03.690 131469 DEBUG oslo_service.service [req-efaee437-318c-428f-bdda-f6959139143e - - - - -] vmware.insecure = False log_opt_values /usr/lib/python3/dist-packages/oslo_config/cfg.py:2609
2025-11-13 00:44:03.690 131469 DEBUG oslo_service.service [req-efaee437-318c-428f-bdda-f6959139143e - - - - -] vmware.integration_bridge = None log_opt_values /usr/lib/python3/dist-packages/oslo_config/cfg.py:2609
2025-11-13 00:44:03.690 131469 DEBUG oslo_service.service [req-efaee437-318c-428f-bdda-f6959139143e - - - - -] vmware.maximum_objects = 100 log_opt_values /usr/lib/python3/dist-packages/oslo_config/cfg.py:2609
2025-11-13 00:44:03.690 131469 DEBUG oslo_service.service [req-efaee437-318c-428f-bdda-f6959139143e - - - - -] vmware.pbm_default_policy = None log_opt_values /usr/lib/python3/dist-packages/oslo_config/cfg.py:2609
2025-11-13 00:44:03.690 131469 DEBUG oslo_service.service [req-efaee437-318c-428f-bdda-f6959139143e - - - - -] vmware.pbm_enabled = False log_opt_values /usr/lib/python3/dist-packages/oslo_config/cfg.py:2609
2025-11-13 00:44:03.691 131469 DEBUG oslo_service.service [req-efaee437-318c-428f-bdda-f6959139143e - - - - -] vmware.pbm_wsdl_location = None log_opt_values /usr/lib/python3/dist-packages/oslo_config/cfg.py:2609
2025-11-13 00:44:03.691 131469 DEBUG oslo_service.service [req-efaee437-318c-428f-bdda-f6959139143e - - - - -] vmware.serial_log_dir = /opt/vmware/vspc log_opt_values /usr/lib/python3/dist-packages/oslo_config/cfg.py:2609
2025-11-13 00:44:03.691 131469 DEBUG oslo_service.service [req-efaee437-318c-428f-bdda-f6959139143e - - - - -] vmware.serial_port_proxy_uri = None log_opt_values /usr/lib/python3/dist-packages/oslo_config/cfg.py:2609
2025-11-13 00:44:03.691 131469 DEBUG oslo_service.service [req-efaee437-318c-428f-bdda-f6959139143e - - - - -] vmware.serial_port_service_uri = None log_opt_values /usr/lib/python3/dist-packages/oslo_config/cfg.py:2609
2025-11-13 00:44:03.691 131469 DEBUG oslo_service.service [req-efaee437-318c-428f-bdda-f6959139143e - - - - -] vmware.task_poll_interval = 0.5 log_opt_values /usr/lib/python3/dist-packages/oslo_config/cfg.py:2609
2025-11-13 00:44:03.692 131469 DEBUG oslo_service.service [req-efaee437-318c-428f-bdda-f6959139143e - - - - -] vmware.use_linked_clone = True log_opt_values /usr/lib/python3/dist-packages/oslo_config/cfg.py:2609
2025-11-13 00:44:03.692 131469 DEBUG oslo_service.service [req-efaee437-318c-428f-bdda-f6959139143e - - - - -] vmware.vnc_keymap = en-us log_opt_values /usr/lib/python3/dist-packages/oslo_config/cfg.py:2609
2025-11-13 00:44:03.692 131469 DEBUG oslo_service.service [req-efaee437-318c-428f-bdda-f6959139143e - - - - -] vmware.vnc_port = 5900 log_opt_values /usr/lib/python3/dist-packages/oslo_config/cfg.py:2609
2025-11-13 00:44:03.692 131469 DEBUG oslo_service.service [req-efaee437-318c-428f-bdda-f6959139143e - - - - -] vmware.vnc_port_total = 10000 log_opt_values /usr/lib/python3/dist-packages/oslo_config/cfg.py:2609
2025-11-13 00:44:03.692 131469 DEBUG oslo_service.service [req-efaee437-318c-428f-bdda-f6959139143e - - - - -] vnc.auth_schemes = ['none'] log_opt_values /usr/lib/python3/dist-packages/oslo_config/cfg.py:2609
2025-11-13 00:44:03.693 131469 DEBUG oslo_service.service [req-efaee437-318c-428f-bdda-f6959139143e - - - - -] vnc.enabled = True log_opt_values /usr/lib/python3/dist-packages/oslo_config/cfg.py:2609
2025-11-13 00:44:03.693 131469 DEBUG oslo_service.service [req-efaee437-318c-428f-bdda-f6959139143e - - - - -] vnc.novncproxy_base_url = http://127.0.0.1:6080/vnc_auto.html log_opt_values /usr/lib/python3/dist-packages/oslo_config/cfg.py:2609
2025-11-13 00:44:03.694 131469 DEBUG oslo_service.service [req-efaee437-318c-428f-bdda-f6959139143e - - - - -] vnc.novncproxy_host = 0.0.0.0 log_opt_values /usr/lib/python3/dist-packages/oslo_config/cfg.py:2609
2025-11-13 00:44:03.694 131469 DEBUG oslo_service.service [req-efaee437-318c-428f-bdda-f6959139143e - - - - -] vnc.novncproxy_port = 6080 log_opt_values /usr/lib/python3/dist-packages/oslo_config/cfg.py:2609
2025-11-13 00:44:03.694 131469 DEBUG oslo_service.service [req-efaee437-318c-428f-bdda-f6959139143e - - - - -] vnc.server_listen = 127.0.0.1 log_opt_values /usr/lib/python3/dist-packages/oslo_config/cfg.py:2609
2025-11-13 00:44:03.694 131469 DEBUG oslo_service.service [req-efaee437-318c-428f-bdda-f6959139143e - - - - -] vnc.server_proxyclient_address = 127.0.0.1 log_opt_values /usr/lib/python3/dist-packages/oslo_config/cfg.py:2609
2025-11-13 00:44:03.695 131469 DEBUG oslo_service.service [req-efaee437-318c-428f-bdda-f6959139143e - - - - -] vnc.vencrypt_ca_certs = None log_opt_values /usr/lib/python3/dist-packages/oslo_config/cfg.py:2609
2025-11-13 00:44:03.695 131469 DEBUG oslo_service.service [req-efaee437-318c-428f-bdda-f6959139143e - - - - -] vnc.vencrypt_client_cert = None log_opt_values /usr/lib/python3/dist-packages/oslo_config/cfg.py:2609
2025-11-13 00:44:03.695 131469 DEBUG oslo_service.service [req-efaee437-318c-428f-bdda-f6959139143e - - - - -] vnc.vencrypt_client_key = None log_opt_values /usr/lib/python3/dist-packages/oslo_config/cfg.py:2609
2025-11-13 00:44:03.696 131469 DEBUG oslo_service.service [req-efaee437-318c-428f-bdda-f6959139143e - - - - -] workarounds.disable_compute_service_check_for_ffu = False log_opt_values /usr/lib/python3/dist-packages/oslo_config/cfg.py:2609
2025-11-13 00:44:03.696 131469 DEBUG oslo_service.service [req-efaee437-318c-428f-bdda-f6959139143e - - - - -] workarounds.disable_deep_image_inspection = False log_opt_values /usr/lib/python3/dist-packages/oslo_config/cfg.py:2609
2025-11-13 00:44:03.696 131469 DEBUG oslo_service.service [req-efaee437-318c-428f-bdda-f6959139143e - - - - -] workarounds.disable_fallback_pcpu_query = False log_opt_values /usr/lib/python3/dist-packages/oslo_config/cfg.py:2609
2025-11-13 00:44:03.696 132202 DEBUG oslo_messaging._drivers.amqpdriver [-] Listener is running poll /usr/lib/python3/dist-packages/oslo_messaging/_drivers/amqpdriver.py:343
2025-11-13 00:44:03.696 131469 DEBUG oslo_service.service [req-efaee437-318c-428f-bdda-f6959139143e - - - - -] workarounds.disable_group_policy_check_upcall = False log_opt_values /usr/lib/python3/dist-packages/oslo_config/cfg.py:2609
2025-11-13 00:44:03.697 132202 DEBUG oslo_messaging._drivers.amqpdriver [-] AMQPListener connection consume poll /usr/lib/python3/dist-packages/oslo_messaging/_drivers/amqpdriver.py:357
2025-11-13 00:44:03.697 131469 DEBUG oslo_service.service [req-efaee437-318c-428f-bdda-f6959139143e - - - - -] workarounds.disable_libvirt_livesnapshot = False log_opt_values /usr/lib/python3/dist-packages/oslo_config/cfg.py:2609
2025-11-13 00:44:03.697 131469 DEBUG oslo_service.service [req-efaee437-318c-428f-bdda-f6959139143e - - - - -] workarounds.disable_rootwrap = False log_opt_values /usr/lib/python3/dist-packages/oslo_config/cfg.py:2609
2025-11-13 00:44:03.697 131469 DEBUG oslo_service.service [req-efaee437-318c-428f-bdda-f6959139143e - - - - -] workarounds.enable_numa_live_migration = False log_opt_values /usr/lib/python3/dist-packages/oslo_config/cfg.py:2609
2025-11-13 00:44:03.697 131469 DEBUG oslo_service.service [req-efaee437-318c-428f-bdda-f6959139143e - - - - -] workarounds.enable_qemu_monitor_announce_self = False log_opt_values /usr/lib/python3/dist-packages/oslo_config/cfg.py:2609
2025-11-13 00:44:03.697 132202 DEBUG nova.service [req-5c63fb70-2da9-4adb-b993-aa9b0dced6aa - - - - -] Join ServiceGroup membership for this service scheduler start /usr/lib/python3/dist-packages/nova/service.py:199
2025-11-13 00:44:03.698 131469 DEBUG oslo_service.service [req-efaee437-318c-428f-bdda-f6959139143e - - - - -] workarounds.ensure_libvirt_rbd_instance_dir_cleanup = False log_opt_values /usr/lib/python3/dist-packages/oslo_config/cfg.py:2609
2025-11-13 00:44:03.698 132202 DEBUG nova.servicegroup.drivers.db [req-5c63fb70-2da9-4adb-b993-aa9b0dced6aa - - - - -] DB_Driver: join new ServiceGroup member juju-5096c1-0-lxd-7 to the scheduler group, service = join /usr/lib/python3/dist-packages/nova/servicegroup/drivers/db.py:44
2025-11-13 00:44:03.698 131469 DEBUG oslo_service.service [req-efaee437-318c-428f-bdda-f6959139143e - - - - -] workarounds.handle_virt_lifecycle_events = True log_opt_values /usr/lib/python3/dist-packages/oslo_config/cfg.py:2609
2025-11-13 00:44:03.698 131469 DEBUG oslo_service.service [req-efaee437-318c-428f-bdda-f6959139143e - - - - -] workarounds.libvirt_disable_apic = False log_opt_values /usr/lib/python3/dist-packages/oslo_config/cfg.py:2609
2025-11-13 00:44:03.698 131469 DEBUG oslo_service.service [req-efaee437-318c-428f-bdda-f6959139143e - - - - -] workarounds.never_download_image_if_on_rbd = False log_opt_values /usr/lib/python3/dist-packages/oslo_config/cfg.py:2609
2025-11-13 00:44:03.699 131469 DEBUG oslo_service.service [req-efaee437-318c-428f-bdda-f6959139143e - - - - -] workarounds.reserve_disk_resource_for_image_cache = False log_opt_values /usr/lib/python3/dist-packages/oslo_config/cfg.py:2609
2025-11-13 00:44:03.699 131469 DEBUG oslo_service.service [req-efaee437-318c-428f-bdda-f6959139143e - - - - -] workarounds.skip_cpu_compare_at_startup = False log_opt_values /usr/lib/python3/dist-packages/oslo_config/cfg.py:2609
2025-11-13 00:44:03.699 131469 DEBUG oslo_service.service [req-efaee437-318c-428f-bdda-f6959139143e - - - - -] workarounds.skip_cpu_compare_on_dest = False log_opt_values /usr/lib/python3/dist-packages/oslo_config/cfg.py:2609
2025-11-13 00:44:03.699 131469 DEBUG oslo_service.service [req-efaee437-318c-428f-bdda-f6959139143e - - - - -] workarounds.skip_hypervisor_version_check_on_lm = False log_opt_values /usr/lib/python3/dist-packages/oslo_config/cfg.py:2609
2025-11-13 00:44:03.699 131469 DEBUG oslo_service.service [req-efaee437-318c-428f-bdda-f6959139143e - - - - -] workarounds.unified_limits_count_pcpu_as_vcpu = False log_opt_values /usr/lib/python3/dist-packages/oslo_config/cfg.py:2609
2025-11-13 00:44:03.700 131469 DEBUG oslo_service.service [req-efaee437-318c-428f-bdda-f6959139143e - - - - -] workarounds.wait_for_vif_plugged_event_during_hard_reboot = [] log_opt_values /usr/lib/python3/dist-packages/oslo_config/cfg.py:2609
2025-11-13 00:44:03.700 131469 DEBUG oslo_service.service [req-efaee437-318c-428f-bdda-f6959139143e - - - - -] wsgi.api_paste_config = /etc/nova/api-paste.ini log_opt_values /usr/lib/python3/dist-packages/oslo_config/cfg.py:2609
2025-11-13 00:44:03.700 131469 DEBUG oslo_service.service [req-efaee437-318c-428f-bdda-f6959139143e - - - - -] wsgi.client_socket_timeout = 900 log_opt_values /usr/lib/python3/dist-packages/oslo_config/cfg.py:2609
2025-11-13 00:44:03.701 131469 DEBUG oslo_service.service [req-efaee437-318c-428f-bdda-f6959139143e - - - - -] wsgi.default_pool_size = 1000 log_opt_values /usr/lib/python3/dist-packages/oslo_config/cfg.py:2609
2025-11-13 00:44:03.700 132202 DEBUG oslo_messaging._drivers.amqpdriver [-] AMQPListener connection timeout poll /usr/lib/python3/dist-packages/oslo_messaging/_drivers/amqpdriver.py:360
2025-11-13 00:44:03.701 131469 DEBUG oslo_service.service [req-efaee437-318c-428f-bdda-f6959139143e - - - - -] wsgi.keep_alive = True log_opt_values /usr/lib/python3/dist-packages/oslo_config/cfg.py:2609
2025-11-13 00:44:03.701 132202 DEBUG oslo_messaging._drivers.amqpdriver [-] Listener is running poll /usr/lib/python3/dist-packages/oslo_messaging/_drivers/amqpdriver.py:343
2025-11-13 00:44:03.701 132202 DEBUG oslo_messaging._drivers.amqpdriver [-] AMQPListener connection consume poll /usr/lib/python3/dist-packages/oslo_messaging/_drivers/amqpdriver.py:357
2025-11-13 00:44:03.701 131469 DEBUG oslo_service.service [req-efaee437-318c-428f-bdda-f6959139143e - - - - -] wsgi.max_header_line = 16384 log_opt_values /usr/lib/python3/dist-packages/oslo_config/cfg.py:2609
2025-11-13 00:44:03.701 131469 DEBUG oslo_service.service [req-efaee437-318c-428f-bdda-f6959139143e - - - - -] wsgi.secure_proxy_ssl_header = None log_opt_values /usr/lib/python3/dist-packages/oslo_config/cfg.py:2609
2025-11-13 00:44:03.702 131469 DEBUG oslo_service.service [req-efaee437-318c-428f-bdda-f6959139143e - - - - -] wsgi.ssl_ca_file = None log_opt_values /usr/lib/python3/dist-packages/oslo_config/cfg.py:2609
2025-11-13 00:44:03.702 131469 DEBUG oslo_service.service [req-efaee437-318c-428f-bdda-f6959139143e - - - - -] wsgi.ssl_cert_file = None log_opt_values /usr/lib/python3/dist-packages/oslo_config/cfg.py:2609
2025-11-13 00:44:03.702 131469 DEBUG oslo_service.service [req-efaee437-318c-428f-bdda-f6959139143e - - - - -] wsgi.ssl_key_file = None log_opt_values /usr/lib/python3/dist-packages/oslo_config/cfg.py:2609
2025-11-13 00:44:03.702 131469 DEBUG oslo_service.service [req-efaee437-318c-428f-bdda-f6959139143e - - - - -] wsgi.tcp_keepidle = 600 log_opt_values /usr/lib/python3/dist-packages/oslo_config/cfg.py:2609
2025-11-13 00:44:03.703 131469 DEBUG oslo_service.service [req-efaee437-318c-428f-bdda-f6959139143e - - - - -] wsgi.wsgi_log_format = %(client_ip)s "%(request_line)s" status: %(status_code)s len: %(body_length)s time: %(wall_seconds).7f log_opt_values /usr/lib/python3/dist-packages/oslo_config/cfg.py:2609
2025-11-13 00:44:03.703 131469 DEBUG oslo_service.service [req-efaee437-318c-428f-bdda-f6959139143e - - - - -] zvm.ca_file = None log_opt_values /usr/lib/python3/dist-packages/oslo_config/cfg.py:2609
2025-11-13 00:44:03.703 131469 DEBUG oslo_service.service [req-efaee437-318c-428f-bdda-f6959139143e - - - - -] zvm.cloud_connector_url = None log_opt_values /usr/lib/python3/dist-packages/oslo_config/cfg.py:2609
2025-11-13 00:44:03.703 131469 DEBUG oslo_service.service [req-efaee437-318c-428f-bdda-f6959139143e - - - - -] zvm.image_tmp_path = /var/lib/nova/images log_opt_values /usr/lib/python3/dist-packages/oslo_config/cfg.py:2609
2025-11-13 00:44:03.704 131469 DEBUG oslo_service.service [req-efaee437-318c-428f-bdda-f6959139143e - - - - -] zvm.reachable_timeout = 300 log_opt_values /usr/lib/python3/dist-packages/oslo_config/cfg.py:2609
2025-11-13 00:44:03.704 131469 DEBUG oslo_service.service [req-efaee437-318c-428f-bdda-f6959139143e - - - - -] oslo_messaging_metrics.metrics_buffer_size = 1000 log_opt_values /usr/lib/python3/dist-packages/oslo_config/cfg.py:2609
2025-11-13 00:44:03.704 131469 DEBUG oslo_service.service [req-efaee437-318c-428f-bdda-f6959139143e - - - - -] oslo_messaging_metrics.metrics_enabled = False log_opt_values /usr/lib/python3/dist-packages/oslo_config/cfg.py:2609
2025-11-13 00:44:03.705 131469 DEBUG oslo_service.service [req-efaee437-318c-428f-bdda-f6959139143e - - - - -] oslo_messaging_metrics.metrics_process_name = log_opt_values /usr/lib/python3/dist-packages/oslo_config/cfg.py:2609
2025-11-13 00:44:03.705 131469 DEBUG oslo_service.service [req-efaee437-318c-428f-bdda-f6959139143e - - - - -] oslo_messaging_metrics.metrics_socket_file = /var/tmp/metrics_collector.sock log_opt_values /usr/lib/python3/dist-packages/oslo_config/cfg.py:2609
2025-11-13 00:44:03.705 131469 DEBUG oslo_service.service [req-efaee437-318c-428f-bdda-f6959139143e - - - - -] oslo_messaging_metrics.metrics_thread_stop_timeout = 10 log_opt_values /usr/lib/python3/dist-packages/oslo_config/cfg.py:2609
2025-11-13 00:44:03.705 131469 DEBUG oslo_service.service [req-efaee437-318c-428f-bdda-f6959139143e - - - - -] oslo_policy.enforce_new_defaults = False log_opt_values /usr/lib/python3/dist-packages/oslo_config/cfg.py:2609
2025-11-13 00:44:03.706 131469 DEBUG oslo_service.service [req-efaee437-318c-428f-bdda-f6959139143e - - - - -] oslo_policy.enforce_scope = False log_opt_values /usr/lib/python3/dist-packages/oslo_config/cfg.py:2609
2025-11-13 00:44:03.706 131469 DEBUG oslo_service.service [req-efaee437-318c-428f-bdda-f6959139143e - - - - -] oslo_policy.policy_default_rule = default log_opt_values /usr/lib/python3/dist-packages/oslo_config/cfg.py:2609
2025-11-13 00:44:03.706 131469 DEBUG oslo_service.service [req-efaee437-318c-428f-bdda-f6959139143e - - - - -] oslo_policy.policy_dirs = ['policy.d'] log_opt_values /usr/lib/python3/dist-packages/oslo_config/cfg.py:2609
2025-11-13 00:44:03.707 131469 DEBUG oslo_service.service [req-efaee437-318c-428f-bdda-f6959139143e - - - - -] oslo_policy.policy_file = policy.yaml log_opt_values /usr/lib/python3/dist-packages/oslo_config/cfg.py:2609
2025-11-13 00:44:03.707 131469 DEBUG oslo_service.service [req-efaee437-318c-428f-bdda-f6959139143e - - - - -] oslo_policy.remote_content_type = application/x-www-form-urlencoded log_opt_values /usr/lib/python3/dist-packages/oslo_config/cfg.py:2609
2025-11-13 00:44:03.707 131469 DEBUG oslo_service.service [req-efaee437-318c-428f-bdda-f6959139143e - - - - -] oslo_policy.remote_ssl_ca_crt_file = None log_opt_values /usr/lib/python3/dist-packages/oslo_config/cfg.py:2609
2025-11-13 00:44:03.707 131469 DEBUG oslo_service.service [req-efaee437-318c-428f-bdda-f6959139143e - - - - -] oslo_policy.remote_ssl_client_crt_file = None log_opt_values /usr/lib/python3/dist-packages/oslo_config/cfg.py:2609
2025-11-13 00:44:03.708 131469 DEBUG oslo_service.service [req-efaee437-318c-428f-bdda-f6959139143e - - - - -] oslo_policy.remote_ssl_client_key_file = None log_opt_values /usr/lib/python3/dist-packages/oslo_config/cfg.py:2609
2025-11-13 00:44:03.708 131469 DEBUG oslo_service.service [req-efaee437-318c-428f-bdda-f6959139143e - - - - -] oslo_policy.remote_ssl_verify_server_crt = False log_opt_values /usr/lib/python3/dist-packages/oslo_config/cfg.py:2609
2025-11-13 00:44:03.708 131469 DEBUG oslo_service.service [req-efaee437-318c-428f-bdda-f6959139143e - - - - -] oslo_versionedobjects.fatal_exception_format_errors = False log_opt_values /usr/lib/python3/dist-packages/oslo_config/cfg.py:2609
2025-11-13 00:44:03.709 131469 DEBUG oslo_service.service [req-efaee437-318c-428f-bdda-f6959139143e - - - - -] oslo_middleware.http_basic_auth_user_file = /etc/htpasswd log_opt_values /usr/lib/python3/dist-packages/oslo_config/cfg.py:2609
2025-11-13 00:44:03.709 131469 DEBUG oslo_service.service [req-efaee437-318c-428f-bdda-f6959139143e - - - - -] profiler.connection_string = messaging:// log_opt_values /usr/lib/python3/dist-packages/oslo_config/cfg.py:2609
2025-11-13 00:44:03.709 131469 DEBUG oslo_service.service [req-efaee437-318c-428f-bdda-f6959139143e - - - - -] profiler.enabled = False log_opt_values /usr/lib/python3/dist-packages/oslo_config/cfg.py:2609
2025-11-13 00:44:03.710 131469 DEBUG oslo_service.service [req-efaee437-318c-428f-bdda-f6959139143e - - - - -] profiler.es_doc_type = notification log_opt_values /usr/lib/python3/dist-packages/oslo_config/cfg.py:2609
2025-11-13 00:44:03.710 131469 DEBUG oslo_service.service [req-efaee437-318c-428f-bdda-f6959139143e - - - - -] profiler.es_scroll_size = 10000 log_opt_values /usr/lib/python3/dist-packages/oslo_config/cfg.py:2609
2025-11-13 00:44:03.710 131469 DEBUG oslo_service.service [req-efaee437-318c-428f-bdda-f6959139143e - - - - -] profiler.es_scroll_time = 2m log_opt_values /usr/lib/python3/dist-packages/oslo_config/cfg.py:2609
2025-11-13 00:44:03.710 131469 DEBUG oslo_service.service [req-efaee437-318c-428f-bdda-f6959139143e - - - - -] profiler.filter_error_trace = False log_opt_values /usr/lib/python3/dist-packages/oslo_config/cfg.py:2609
2025-11-13 00:44:03.711 131469 DEBUG oslo_service.service [req-efaee437-318c-428f-bdda-f6959139143e - - - - -] profiler.hmac_keys = SECRET_KEY log_opt_values /usr/lib/python3/dist-packages/oslo_config/cfg.py:2609
2025-11-13 00:44:03.711 131469 DEBUG oslo_service.service [req-efaee437-318c-428f-bdda-f6959139143e - - - - -] profiler.sentinel_service_name = mymaster log_opt_values /usr/lib/python3/dist-packages/oslo_config/cfg.py:2609
2025-11-13 00:44:03.711 131469 DEBUG oslo_service.service [req-efaee437-318c-428f-bdda-f6959139143e - - - - -] profiler.socket_timeout = 0.1 log_opt_values /usr/lib/python3/dist-packages/oslo_config/cfg.py:2609
2025-11-13 00:44:03.712 131469 DEBUG oslo_service.service [req-efaee437-318c-428f-bdda-f6959139143e - - - - -] profiler.trace_sqlalchemy = False log_opt_values /usr/lib/python3/dist-packages/oslo_config/cfg.py:2609
2025-11-13 00:44:03.712 131469 DEBUG oslo_service.service [req-efaee437-318c-428f-bdda-f6959139143e - - - - -] remote_debug.host = None log_opt_values /usr/lib/python3/dist-packages/oslo_config/cfg.py:2609
2025-11-13 00:44:03.712 131469 DEBUG oslo_service.service [req-efaee437-318c-428f-bdda-f6959139143e - - - - -] remote_debug.port = None log_opt_values /usr/lib/python3/dist-packages/oslo_config/cfg.py:2609
2025-11-13 00:44:03.712 131469 DEBUG oslo_service.service [req-efaee437-318c-428f-bdda-f6959139143e - - - - -] oslo_messaging_rabbit.amqp_auto_delete = False log_opt_values /usr/lib/python3/dist-packages/oslo_config/cfg.py:2609
2025-11-13 00:44:03.713 131469 DEBUG oslo_service.service [req-efaee437-318c-428f-bdda-f6959139143e - - - - -] oslo_messaging_rabbit.amqp_durable_queues = False log_opt_values /usr/lib/python3/dist-packages/oslo_config/cfg.py:2609
2025-11-13 00:44:03.713 131469 DEBUG oslo_service.service [req-efaee437-318c-428f-bdda-f6959139143e - - - - -] oslo_messaging_rabbit.conn_pool_min_size = 2 log_opt_values /usr/lib/python3/dist-packages/oslo_config/cfg.py:2609
2025-11-13 00:44:03.713 131469 DEBUG oslo_service.service [req-efaee437-318c-428f-bdda-f6959139143e - - - - -] oslo_messaging_rabbit.conn_pool_ttl = 1200 log_opt_values /usr/lib/python3/dist-packages/oslo_config/cfg.py:2609
2025-11-13 00:44:03.713 131469 DEBUG oslo_service.service [req-efaee437-318c-428f-bdda-f6959139143e - - - - -] oslo_messaging_rabbit.direct_mandatory_flag = True log_opt_values /usr/lib/python3/dist-packages/oslo_config/cfg.py:2609
2025-11-13 00:44:03.714 131469 DEBUG oslo_service.service [req-efaee437-318c-428f-bdda-f6959139143e - - - - -] oslo_messaging_rabbit.enable_cancel_on_failover = False log_opt_values /usr/lib/python3/dist-packages/oslo_config/cfg.py:2609
2025-11-13 00:44:03.714 131469 DEBUG oslo_service.service [req-efaee437-318c-428f-bdda-f6959139143e - - - - -] oslo_messaging_rabbit.heartbeat_in_pthread = False log_opt_values /usr/lib/python3/dist-packages/oslo_config/cfg.py:2609
2025-11-13 00:44:03.714 131469 DEBUG oslo_service.service [req-efaee437-318c-428f-bdda-f6959139143e - - - - -] oslo_messaging_rabbit.heartbeat_rate = 2 log_opt_values /usr/lib/python3/dist-packages/oslo_config/cfg.py:2609
2025-11-13 00:44:03.714 131469 DEBUG oslo_service.service [req-efaee437-318c-428f-bdda-f6959139143e - - - - -] oslo_messaging_rabbit.heartbeat_timeout_threshold = 60 log_opt_values /usr/lib/python3/dist-packages/oslo_config/cfg.py:2609
2025-11-13 00:44:03.715 131469 DEBUG oslo_service.service [req-efaee437-318c-428f-bdda-f6959139143e - - - - -] oslo_messaging_rabbit.kombu_compression = None log_opt_values /usr/lib/python3/dist-packages/oslo_config/cfg.py:2609
2025-11-13 00:44:03.715 131469 DEBUG oslo_service.service [req-efaee437-318c-428f-bdda-f6959139143e - - - - -] oslo_messaging_rabbit.kombu_failover_strategy = round-robin log_opt_values /usr/lib/python3/dist-packages/oslo_config/cfg.py:2609
2025-11-13 00:44:03.715 131469 DEBUG oslo_service.service [req-efaee437-318c-428f-bdda-f6959139143e - - - - -] oslo_messaging_rabbit.kombu_missing_consumer_retry_timeout = 60 log_opt_values /usr/lib/python3/dist-packages/oslo_config/cfg.py:2609
2025-11-13 00:44:03.715 132201 DEBUG oslo_messaging._drivers.amqpdriver [-] Listener is running poll /usr/lib/python3/dist-packages/oslo_messaging/_drivers/amqpdriver.py:343
2025-11-13 00:44:03.715 132201 DEBUG oslo_messaging._drivers.amqpdriver [-] AMQPListener connection consume poll /usr/lib/python3/dist-packages/oslo_messaging/_drivers/amqpdriver.py:357
2025-11-13 00:44:03.716 131469 DEBUG oslo_service.service [req-efaee437-318c-428f-bdda-f6959139143e - - - - -] oslo_messaging_rabbit.kombu_reconnect_delay = 1.0 log_opt_values /usr/lib/python3/dist-packages/oslo_config/cfg.py:2609
2025-11-13 00:44:03.716 131469 DEBUG oslo_service.service [req-efaee437-318c-428f-bdda-f6959139143e - - - - -] oslo_messaging_rabbit.rabbit_ha_queues = False log_opt_values /usr/lib/python3/dist-packages/oslo_config/cfg.py:2609
2025-11-13 00:44:03.716 131469 DEBUG oslo_service.service [req-efaee437-318c-428f-bdda-f6959139143e - - - - -] oslo_messaging_rabbit.rabbit_interval_max = 30 log_opt_values /usr/lib/python3/dist-packages/oslo_config/cfg.py:2609
2025-11-13 00:44:03.716 131469 DEBUG oslo_service.service [req-efaee437-318c-428f-bdda-f6959139143e - - - - -] oslo_messaging_rabbit.rabbit_login_method = AMQPLAIN log_opt_values /usr/lib/python3/dist-packages/oslo_config/cfg.py:2609
2025-11-13 00:44:03.717 131469 DEBUG oslo_service.service [req-efaee437-318c-428f-bdda-f6959139143e - - - - -] oslo_messaging_rabbit.rabbit_qos_prefetch_count = 0 log_opt_values /usr/lib/python3/dist-packages/oslo_config/cfg.py:2609
2025-11-13 00:44:03.717 132201 DEBUG nova.service [req-f7b2ddfb-cbdf-46b8-a27b-a358445cb84e - - - - -] Join ServiceGroup membership for this service scheduler start /usr/lib/python3/dist-packages/nova/service.py:199
2025-11-13 00:44:03.717 131469 DEBUG oslo_service.service [req-efaee437-318c-428f-bdda-f6959139143e - - - - -] oslo_messaging_rabbit.rabbit_quorum_queue = False log_opt_values /usr/lib/python3/dist-packages/oslo_config/cfg.py:2609
2025-11-13 00:44:03.717 131469 DEBUG oslo_service.service [req-efaee437-318c-428f-bdda-f6959139143e - - - - -] oslo_messaging_rabbit.rabbit_retry_backoff = 2 log_opt_values /usr/lib/python3/dist-packages/oslo_config/cfg.py:2609
2025-11-13 00:44:03.717 132201 DEBUG nova.servicegroup.drivers.db [req-f7b2ddfb-cbdf-46b8-a27b-a358445cb84e - - - - -] DB_Driver: join new ServiceGroup member juju-5096c1-0-lxd-7 to the scheduler group, service = join /usr/lib/python3/dist-packages/nova/servicegroup/drivers/db.py:44
2025-11-13 00:44:03.717 131469 DEBUG oslo_service.service [req-efaee437-318c-428f-bdda-f6959139143e - - - - -] oslo_messaging_rabbit.rabbit_retry_interval = 1 log_opt_values /usr/lib/python3/dist-packages/oslo_config/cfg.py:2609
2025-11-13 00:44:03.718 131469 DEBUG oslo_service.service [req-efaee437-318c-428f-bdda-f6959139143e - - - - -] oslo_messaging_rabbit.rabbit_transient_queues_ttl = 1800 log_opt_values /usr/lib/python3/dist-packages/oslo_config/cfg.py:2609
2025-11-13 00:44:03.718 131469 DEBUG oslo_service.service [req-efaee437-318c-428f-bdda-f6959139143e - - - - -] oslo_messaging_rabbit.rpc_conn_pool_size = 30 log_opt_values /usr/lib/python3/dist-packages/oslo_config/cfg.py:2609
2025-11-13 00:44:03.718 131469 DEBUG oslo_service.service [req-efaee437-318c-428f-bdda-f6959139143e - - - - -] oslo_messaging_rabbit.ssl = False log_opt_values /usr/lib/python3/dist-packages/oslo_config/cfg.py:2609
2025-11-13 00:44:03.719 131469 DEBUG oslo_service.service [req-efaee437-318c-428f-bdda-f6959139143e - - - - -] oslo_messaging_rabbit.ssl_ca_file = log_opt_values /usr/lib/python3/dist-packages/oslo_config/cfg.py:2609
2025-11-13 00:44:03.719 131469 DEBUG oslo_service.service [req-efaee437-318c-428f-bdda-f6959139143e - - - - -] oslo_messaging_rabbit.ssl_cert_file = log_opt_values /usr/lib/python3/dist-packages/oslo_config/cfg.py:2609
2025-11-13 00:44:03.719 131469 DEBUG oslo_service.service [req-efaee437-318c-428f-bdda-f6959139143e - - - - -] oslo_messaging_rabbit.ssl_key_file = log_opt_values /usr/lib/python3/dist-packages/oslo_config/cfg.py:2609
2025-11-13 00:44:03.719 131469 DEBUG oslo_service.service [req-efaee437-318c-428f-bdda-f6959139143e - - - - -] oslo_messaging_rabbit.ssl_version = log_opt_values /usr/lib/python3/dist-packages/oslo_config/cfg.py:2609
2025-11-13 00:44:03.720 132201 DEBUG oslo_messaging._drivers.amqpdriver [-] AMQPListener connection timeout poll /usr/lib/python3/dist-packages/oslo_messaging/_drivers/amqpdriver.py:360
2025-11-13 00:44:03.720 131469 DEBUG oslo_service.service [req-efaee437-318c-428f-bdda-f6959139143e - - - - -] oslo_messaging_notifications.driver = ['messagingv2'] log_opt_values /usr/lib/python3/dist-packages/oslo_config/cfg.py:2609
2025-11-13 00:44:03.720 132201 DEBUG oslo_messaging._drivers.amqpdriver [-] Listener is running poll /usr/lib/python3/dist-packages/oslo_messaging/_drivers/amqpdriver.py:343
2025-11-13 00:44:03.720 132201 DEBUG oslo_messaging._drivers.amqpdriver [-] AMQPListener connection consume poll /usr/lib/python3/dist-packages/oslo_messaging/_drivers/amqpdriver.py:357
2025-11-13 00:44:03.720 131469 DEBUG oslo_service.service [req-efaee437-318c-428f-bdda-f6959139143e - - - - -] oslo_messaging_notifications.retry = -1 log_opt_values /usr/lib/python3/dist-packages/oslo_config/cfg.py:2609
2025-11-13 00:44:03.720 131469 DEBUG oslo_service.service [req-efaee437-318c-428f-bdda-f6959139143e - - - - -] oslo_messaging_notifications.topics = ['notifications'] log_opt_values /usr/lib/python3/dist-packages/oslo_config/cfg.py:2609
2025-11-13 00:44:03.721 131469 DEBUG oslo_service.service [req-efaee437-318c-428f-bdda-f6959139143e - - - - -] oslo_messaging_notifications.transport_url = **** log_opt_values /usr/lib/python3/dist-packages/oslo_config/cfg.py:2609
2025-11-13 00:44:03.721 131469 DEBUG oslo_service.service [req-efaee437-318c-428f-bdda-f6959139143e - - - - -] oslo_limit.auth_section = None log_opt_values /usr/lib/python3/dist-packages/oslo_config/cfg.py:2609
2025-11-13 00:44:03.721 131469 DEBUG oslo_service.service [req-efaee437-318c-428f-bdda-f6959139143e - - - - -] oslo_limit.auth_type = None log_opt_values /usr/lib/python3/dist-packages/oslo_config/cfg.py:2609
2025-11-13 00:44:03.722 131469 DEBUG oslo_service.service [req-efaee437-318c-428f-bdda-f6959139143e - - - - -] oslo_limit.cafile = None log_opt_values /usr/lib/python3/dist-packages/oslo_config/cfg.py:2609
2025-11-13 00:44:03.722 131469 DEBUG oslo_service.service [req-efaee437-318c-428f-bdda-f6959139143e - - - - -] oslo_limit.certfile = None log_opt_values /usr/lib/python3/dist-packages/oslo_config/cfg.py:2609
2025-11-13 00:44:03.722 131469 DEBUG oslo_service.service [req-efaee437-318c-428f-bdda-f6959139143e - - - - -] oslo_limit.collect_timing = False log_opt_values /usr/lib/python3/dist-packages/oslo_config/cfg.py:2609
2025-11-13 00:44:03.722 131469 DEBUG oslo_service.service [req-efaee437-318c-428f-bdda-f6959139143e - - - - -] oslo_limit.connect_retries = None log_opt_values /usr/lib/python3/dist-packages/oslo_config/cfg.py:2609
2025-11-13 00:44:03.723 131469 DEBUG oslo_service.service [req-efaee437-318c-428f-bdda-f6959139143e - - - - -] oslo_limit.connect_retry_delay = None log_opt_values /usr/lib/python3/dist-packages/oslo_config/cfg.py:2609
2025-11-13 00:44:03.723 131469 DEBUG oslo_service.service [req-efaee437-318c-428f-bdda-f6959139143e - - - - -] oslo_limit.endpoint_id = None log_opt_values /usr/lib/python3/dist-packages/oslo_config/cfg.py:2609
2025-11-13 00:44:03.723 131469 DEBUG oslo_service.service [req-efaee437-318c-428f-bdda-f6959139143e - - - - -] oslo_limit.endpoint_override = None log_opt_values /usr/lib/python3/dist-packages/oslo_config/cfg.py:2609
2025-11-13 00:44:03.723 131469 DEBUG oslo_service.service [req-efaee437-318c-428f-bdda-f6959139143e - - - - -] oslo_limit.insecure = False log_opt_values /usr/lib/python3/dist-packages/oslo_config/cfg.py:2609
2025-11-13 00:44:03.724 131469 DEBUG oslo_service.service [req-efaee437-318c-428f-bdda-f6959139143e - - - - -] oslo_limit.keyfile = None log_opt_values /usr/lib/python3/dist-packages/oslo_config/cfg.py:2609
2025-11-13 00:44:03.724 131469 DEBUG oslo_service.service [req-efaee437-318c-428f-bdda-f6959139143e - - - - -] oslo_limit.max_version = None log_opt_values /usr/lib/python3/dist-packages/oslo_config/cfg.py:2609
2025-11-13 00:44:03.724 131469 DEBUG oslo_service.service [req-efaee437-318c-428f-bdda-f6959139143e - - - - -] oslo_limit.min_version = None log_opt_values /usr/lib/python3/dist-packages/oslo_config/cfg.py:2609
2025-11-13 00:44:03.724 131469 DEBUG oslo_service.service [req-efaee437-318c-428f-bdda-f6959139143e - - - - -] oslo_limit.region_name = None log_opt_values /usr/lib/python3/dist-packages/oslo_config/cfg.py:2609
2025-11-13 00:44:03.725 131469 DEBUG oslo_service.service [req-efaee437-318c-428f-bdda-f6959139143e - - - - -] oslo_limit.service_name = None log_opt_values /usr/lib/python3/dist-packages/oslo_config/cfg.py:2609
2025-11-13 00:44:03.725 131469 DEBUG oslo_service.service [req-efaee437-318c-428f-bdda-f6959139143e - - - - -] oslo_limit.service_type = None log_opt_values /usr/lib/python3/dist-packages/oslo_config/cfg.py:2609
2025-11-13 00:44:03.725 131469 DEBUG oslo_service.service [req-efaee437-318c-428f-bdda-f6959139143e - - - - -] oslo_limit.split_loggers = False log_opt_values /usr/lib/python3/dist-packages/oslo_config/cfg.py:2609
2025-11-13 00:44:03.726 131469 DEBUG oslo_service.service [req-efaee437-318c-428f-bdda-f6959139143e - - - - -] oslo_limit.status_code_retries = None log_opt_values /usr/lib/python3/dist-packages/oslo_config/cfg.py:2609
2025-11-13 00:44:03.726 131469 DEBUG oslo_service.service [req-efaee437-318c-428f-bdda-f6959139143e - - - - -] oslo_limit.status_code_retry_delay = None log_opt_values /usr/lib/python3/dist-packages/oslo_config/cfg.py:2609
2025-11-13 00:44:03.726 131469 DEBUG oslo_service.service [req-efaee437-318c-428f-bdda-f6959139143e - - - - -] oslo_limit.timeout = None log_opt_values /usr/lib/python3/dist-packages/oslo_config/cfg.py:2609
2025-11-13 00:44:03.726 131469 DEBUG oslo_service.service [req-efaee437-318c-428f-bdda-f6959139143e - - - - -] oslo_limit.valid_interfaces = None log_opt_values /usr/lib/python3/dist-packages/oslo_config/cfg.py:2609
2025-11-13 00:44:03.727 131469 DEBUG oslo_service.service [req-efaee437-318c-428f-bdda-f6959139143e - - - - -] oslo_limit.version = None log_opt_values /usr/lib/python3/dist-packages/oslo_config/cfg.py:2609
2025-11-13 00:44:03.727 131469 DEBUG oslo_service.service [req-efaee437-318c-428f-bdda-f6959139143e - - - - -] oslo_reports.file_event_handler = None log_opt_values /usr/lib/python3/dist-packages/oslo_config/cfg.py:2609
2025-11-13 00:44:03.727 131469 DEBUG oslo_service.service [req-efaee437-318c-428f-bdda-f6959139143e - - - - -] oslo_reports.file_event_handler_interval = 1 log_opt_values /usr/lib/python3/dist-packages/oslo_config/cfg.py:2609
2025-11-13 00:44:03.727 131469 DEBUG oslo_service.service [req-efaee437-318c-428f-bdda-f6959139143e - - - - -] oslo_reports.log_dir = None log_opt_values /usr/lib/python3/dist-packages/oslo_config/cfg.py:2609
2025-11-13 00:44:03.727 131469 DEBUG oslo_service.service [req-efaee437-318c-428f-bdda-f6959139143e - - - - -] ******************************************************************************** log_opt_values /usr/lib/python3/dist-packages/oslo_config/cfg.py:2613
2025-11-13 00:44:04.595 132200 DEBUG oslo_messaging._drivers.amqpdriver [-] AMQPListener connection timeout poll /usr/lib/python3/dist-packages/oslo_messaging/_drivers/amqpdriver.py:360
2025-11-13 00:44:04.595 132200 DEBUG oslo_messaging._drivers.amqpdriver [-] Listener is running poll /usr/lib/python3/dist-packages/oslo_messaging/_drivers/amqpdriver.py:343
2025-11-13 00:44:04.595 132200 DEBUG oslo_messaging._drivers.amqpdriver [-] AMQPListener connection consume poll /usr/lib/python3/dist-packages/oslo_messaging/_drivers/amqpdriver.py:357
2025-11-13 00:44:04.608 132199 DEBUG oslo_messaging._drivers.amqpdriver [-] AMQPListener connection timeout poll /usr/lib/python3/dist-packages/oslo_messaging/_drivers/amqpdriver.py:360
2025-11-13 00:44:04.609 132199 DEBUG oslo_messaging._drivers.amqpdriver [-] Listener is running poll /usr/lib/python3/dist-packages/oslo_messaging/_drivers/amqpdriver.py:343
2025-11-13 00:44:04.609 132199 DEBUG oslo_messaging._drivers.amqpdriver [-] AMQPListener connection consume poll /usr/lib/python3/dist-packages/oslo_messaging/_drivers/amqpdriver.py:357
2025-11-13 00:44:04.703 132202 DEBUG oslo_messaging._drivers.amqpdriver [-] AMQPListener connection timeout poll /usr/lib/python3/dist-packages/oslo_messaging/_drivers/amqpdriver.py:360
2025-11-13 00:44:04.704 132202 DEBUG oslo_messaging._drivers.amqpdriver [-] Listener is running poll /usr/lib/python3/dist-packages/oslo_messaging/_drivers/amqpdriver.py:343
2025-11-13 00:44:04.704 132202 DEBUG oslo_messaging._drivers.amqpdriver [-] AMQPListener connection consume poll /usr/lib/python3/dist-packages/oslo_messaging/_drivers/amqpdriver.py:357
2025-11-13 00:44:04.722 132201 DEBUG oslo_messaging._drivers.amqpdriver [-] AMQPListener connection timeout poll /usr/lib/python3/dist-packages/oslo_messaging/_drivers/amqpdriver.py:360
2025-11-13 00:44:04.722 132201 DEBUG oslo_messaging._drivers.amqpdriver [-] Listener is running poll /usr/lib/python3/dist-packages/oslo_messaging/_drivers/amqpdriver.py:343
2025-11-13 00:44:04.722 132201 DEBUG oslo_messaging._drivers.amqpdriver [-] AMQPListener connection consume poll /usr/lib/python3/dist-packages/oslo_messaging/_drivers/amqpdriver.py:357
2025-11-13 00:44:06.598 132200 DEBUG oslo_messaging._drivers.amqpdriver [-] AMQPListener connection timeout poll /usr/lib/python3/dist-packages/oslo_messaging/_drivers/amqpdriver.py:360
2025-11-13 00:44:06.598 132200 DEBUG oslo_messaging._drivers.amqpdriver [-] Listener is running poll /usr/lib/python3/dist-packages/oslo_messaging/_drivers/amqpdriver.py:343
2025-11-13 00:44:06.598 132200 DEBUG oslo_messaging._drivers.amqpdriver [-] AMQPListener connection consume poll /usr/lib/python3/dist-packages/oslo_messaging/_drivers/amqpdriver.py:357
2025-11-13 00:44:06.611 132199 DEBUG oslo_messaging._drivers.amqpdriver [-] AMQPListener connection timeout poll /usr/lib/python3/dist-packages/oslo_messaging/_drivers/amqpdriver.py:360
2025-11-13 00:44:06.612 132199 DEBUG oslo_messaging._drivers.amqpdriver [-] Listener is running poll /usr/lib/python3/dist-packages/oslo_messaging/_drivers/amqpdriver.py:343
2025-11-13 00:44:06.612 132199 DEBUG oslo_messaging._drivers.amqpdriver [-] AMQPListener connection consume poll /usr/lib/python3/dist-packages/oslo_messaging/_drivers/amqpdriver.py:357
2025-11-13 00:44:06.707 132202 DEBUG oslo_messaging._drivers.amqpdriver [-] AMQPListener connection timeout poll /usr/lib/python3/dist-packages/oslo_messaging/_drivers/amqpdriver.py:360
2025-11-13 00:44:06.707 132202 DEBUG oslo_messaging._drivers.amqpdriver [-] Listener is running poll /usr/lib/python3/dist-packages/oslo_messaging/_drivers/amqpdriver.py:343
2025-11-13 00:44:06.707 132202 DEBUG oslo_messaging._drivers.amqpdriver [-] AMQPListener connection consume poll /usr/lib/python3/dist-packages/oslo_messaging/_drivers/amqpdriver.py:357
2025-11-13 00:44:06.725 132201 DEBUG oslo_messaging._drivers.amqpdriver [-] AMQPListener connection timeout poll /usr/lib/python3/dist-packages/oslo_messaging/_drivers/amqpdriver.py:360
2025-11-13 00:44:06.725 132201 DEBUG oslo_messaging._drivers.amqpdriver [-] Listener is running poll /usr/lib/python3/dist-packages/oslo_messaging/_drivers/amqpdriver.py:343
2025-11-13 00:44:06.725 132201 DEBUG oslo_messaging._drivers.amqpdriver [-] AMQPListener connection consume poll /usr/lib/python3/dist-packages/oslo_messaging/_drivers/amqpdriver.py:357
2025-11-13 00:44:10.600 132200 DEBUG oslo_messaging._drivers.amqpdriver [-] AMQPListener connection timeout poll /usr/lib/python3/dist-packages/oslo_messaging/_drivers/amqpdriver.py:360
2025-11-13 00:44:10.600 132200 DEBUG oslo_messaging._drivers.amqpdriver [-] Listener is running poll /usr/lib/python3/dist-packages/oslo_messaging/_drivers/amqpdriver.py:343
2025-11-13 00:44:10.600 132200 DEBUG oslo_messaging._drivers.amqpdriver [-] AMQPListener connection consume poll /usr/lib/python3/dist-packages/oslo_messaging/_drivers/amqpdriver.py:357
2025-11-13 00:44:10.614 132199 DEBUG oslo_messaging._drivers.amqpdriver [-] AMQPListener connection timeout poll /usr/lib/python3/dist-packages/oslo_messaging/_drivers/amqpdriver.py:360
2025-11-13 00:44:10.614 132199 DEBUG oslo_messaging._drivers.amqpdriver [-] Listener is running poll /usr/lib/python3/dist-packages/oslo_messaging/_drivers/amqpdriver.py:343
2025-11-13 00:44:10.614 132199 DEBUG oslo_messaging._drivers.amqpdriver [-] AMQPListener connection consume poll /usr/lib/python3/dist-packages/oslo_messaging/_drivers/amqpdriver.py:357
2025-11-13 00:44:10.710 132202 DEBUG oslo_messaging._drivers.amqpdriver [-] AMQPListener connection timeout poll /usr/lib/python3/dist-packages/oslo_messaging/_drivers/amqpdriver.py:360
2025-11-13 00:44:10.710 132202 DEBUG oslo_messaging._drivers.amqpdriver [-] Listener is running poll /usr/lib/python3/dist-packages/oslo_messaging/_drivers/amqpdriver.py:343
2025-11-13 00:44:10.710 132202 DEBUG oslo_messaging._drivers.amqpdriver [-] AMQPListener connection consume poll /usr/lib/python3/dist-packages/oslo_messaging/_drivers/amqpdriver.py:357
2025-11-13 00:44:10.730 132201 DEBUG oslo_messaging._drivers.amqpdriver [-] AMQPListener connection timeout poll /usr/lib/python3/dist-packages/oslo_messaging/_drivers/amqpdriver.py:360
2025-11-13 00:44:10.730 132201 DEBUG oslo_messaging._drivers.amqpdriver [-] Listener is running poll /usr/lib/python3/dist-packages/oslo_messaging/_drivers/amqpdriver.py:343
2025-11-13 00:44:10.730 132201 DEBUG oslo_messaging._drivers.amqpdriver [-] AMQPListener connection consume poll /usr/lib/python3/dist-packages/oslo_messaging/_drivers/amqpdriver.py:357
2025-11-13 00:44:18.601 132200 DEBUG oslo_messaging._drivers.amqpdriver [-] AMQPListener connection timeout poll /usr/lib/python3/dist-packages/oslo_messaging/_drivers/amqpdriver.py:360
2025-11-13 00:44:18.602 132200 DEBUG oslo_messaging._drivers.amqpdriver [-] Listener is running poll /usr/lib/python3/dist-packages/oslo_messaging/_drivers/amqpdriver.py:343
2025-11-13 00:44:18.602 132200 DEBUG oslo_messaging._drivers.amqpdriver [-] AMQPListener connection consume poll /usr/lib/python3/dist-packages/oslo_messaging/_drivers/amqpdriver.py:357
2025-11-13 00:44:18.617 132199 DEBUG oslo_messaging._drivers.amqpdriver [-] AMQPListener connection timeout poll /usr/lib/python3/dist-packages/oslo_messaging/_drivers/amqpdriver.py:360
2025-11-13 00:44:18.618 132199 DEBUG oslo_messaging._drivers.amqpdriver [-] Listener is running poll /usr/lib/python3/dist-packages/oslo_messaging/_drivers/amqpdriver.py:343
2025-11-13 00:44:18.618 132199 DEBUG oslo_messaging._drivers.amqpdriver [-] AMQPListener connection consume poll /usr/lib/python3/dist-packages/oslo_messaging/_drivers/amqpdriver.py:357
2025-11-13 00:44:18.712 132202 DEBUG oslo_messaging._drivers.amqpdriver [-] AMQPListener connection timeout poll /usr/lib/python3/dist-packages/oslo_messaging/_drivers/amqpdriver.py:360
2025-11-13 00:44:18.712 132202 DEBUG oslo_messaging._drivers.amqpdriver [-] Listener is running poll /usr/lib/python3/dist-packages/oslo_messaging/_drivers/amqpdriver.py:343
2025-11-13 00:44:18.712 132202 DEBUG oslo_messaging._drivers.amqpdriver [-] AMQPListener connection consume poll /usr/lib/python3/dist-packages/oslo_messaging/_drivers/amqpdriver.py:357
2025-11-13 00:44:18.731 132201 DEBUG oslo_messaging._drivers.amqpdriver [-] AMQPListener connection timeout poll /usr/lib/python3/dist-packages/oslo_messaging/_drivers/amqpdriver.py:360
2025-11-13 00:44:18.731 132201 DEBUG oslo_messaging._drivers.amqpdriver [-] Listener is running poll /usr/lib/python3/dist-packages/oslo_messaging/_drivers/amqpdriver.py:343
