2025-11-13 00:44:49.589 147315 DEBUG oslo_messaging._drivers.amqpdriver [-] Listener is running poll /usr/lib/python3/dist-packages/oslo_messaging/_drivers/amqpdriver.py:343
2025-11-13 00:44:49.590 146878 DEBUG oslo_service.service [req-23fb19dc-70d4-4513-b1f9-5896473a8769 - - - - -] cinder.catalog_info = volumev3::publicURL log_opt_values /usr/lib/python3/dist-packages/oslo_config/cfg.py:2609
2025-11-13 00:44:49.590 147315 DEBUG oslo_messaging._drivers.amqpdriver [-] AMQPListener connection consume poll /usr/lib/python3/dist-packages/oslo_messaging/_drivers/amqpdriver.py:357
2025-11-13 00:44:49.590 146878 DEBUG oslo_service.service [req-23fb19dc-70d4-4513-b1f9-5896473a8769 - - - - -] cinder.certfile = None log_opt_values /usr/lib/python3/dist-packages/oslo_config/cfg.py:2609
2025-11-13 00:44:49.590 146878 DEBUG oslo_service.service [req-23fb19dc-70d4-4513-b1f9-5896473a8769 - - - - -] cinder.collect_timing = False log_opt_values /usr/lib/python3/dist-packages/oslo_config/cfg.py:2609
2025-11-13 00:44:49.590 146878 DEBUG oslo_service.service [req-23fb19dc-70d4-4513-b1f9-5896473a8769 - - - - -] cinder.cross_az_attach = True log_opt_values /usr/lib/python3/dist-packages/oslo_config/cfg.py:2609
2025-11-13 00:44:49.590 147315 DEBUG nova.service [req-79883b09-5b54-41c9-be7c-ceb6057ec036 - - - - -] Join ServiceGroup membership for this service conductor start /usr/lib/python3/dist-packages/nova/service.py:199
2025-11-13 00:44:49.591 146878 DEBUG oslo_service.service [req-23fb19dc-70d4-4513-b1f9-5896473a8769 - - - - -] cinder.debug = False log_opt_values /usr/lib/python3/dist-packages/oslo_config/cfg.py:2609
2025-11-13 00:44:49.591 147315 DEBUG nova.servicegroup.drivers.db [req-79883b09-5b54-41c9-be7c-ceb6057ec036 - - - - -] DB_Driver: join new ServiceGroup member juju-5096c1-0-lxd-7 to the conductor group, service = join /usr/lib/python3/dist-packages/nova/servicegroup/drivers/db.py:44
2025-11-13 00:44:49.591 146878 DEBUG oslo_service.service [req-23fb19dc-70d4-4513-b1f9-5896473a8769 - - - - -] cinder.endpoint_template = None log_opt_values /usr/lib/python3/dist-packages/oslo_config/cfg.py:2609
2025-11-13 00:44:49.591 146878 DEBUG oslo_service.service [req-23fb19dc-70d4-4513-b1f9-5896473a8769 - - - - -] cinder.http_retries = 3 log_opt_values /usr/lib/python3/dist-packages/oslo_config/cfg.py:2609
2025-11-13 00:44:49.591 146878 DEBUG oslo_service.service [req-23fb19dc-70d4-4513-b1f9-5896473a8769 - - - - -] cinder.insecure = False log_opt_values /usr/lib/python3/dist-packages/oslo_config/cfg.py:2609
2025-11-13 00:44:49.591 146878 DEBUG oslo_service.service [req-23fb19dc-70d4-4513-b1f9-5896473a8769 - - - - -] cinder.keyfile = None log_opt_values /usr/lib/python3/dist-packages/oslo_config/cfg.py:2609
2025-11-13 00:44:49.592 147315 DEBUG oslo_messaging._drivers.amqpdriver [-] received message msg_id: ababf85d29ff41dd841559784efbb277 reply to reply_de4352ed4d604b62a5d015f58856d715 __call__ /usr/lib/python3/dist-packages/oslo_messaging/_drivers/amqpdriver.py:320
2025-11-13 00:44:49.592 146878 DEBUG oslo_service.service [req-23fb19dc-70d4-4513-b1f9-5896473a8769 - - - - -] cinder.os_region_name = None log_opt_values /usr/lib/python3/dist-packages/oslo_config/cfg.py:2609
2025-11-13 00:44:49.593 146878 DEBUG oslo_service.service [req-23fb19dc-70d4-4513-b1f9-5896473a8769 - - - - -] cinder.split_loggers = False log_opt_values /usr/lib/python3/dist-packages/oslo_config/cfg.py:2609
2025-11-13 00:44:49.593 146878 DEBUG oslo_service.service [req-23fb19dc-70d4-4513-b1f9-5896473a8769 - - - - -] cinder.timeout = None log_opt_values /usr/lib/python3/dist-packages/oslo_config/cfg.py:2609
2025-11-13 00:44:49.593 146878 DEBUG oslo_service.service [req-23fb19dc-70d4-4513-b1f9-5896473a8769 - - - - -] compute.consecutive_build_service_disable_threshold = 10 log_opt_values /usr/lib/python3/dist-packages/oslo_config/cfg.py:2609
2025-11-13 00:44:49.594 146878 DEBUG oslo_service.service [req-23fb19dc-70d4-4513-b1f9-5896473a8769 - - - - -] compute.cpu_dedicated_set = None log_opt_values /usr/lib/python3/dist-packages/oslo_config/cfg.py:2609
2025-11-13 00:44:49.594 147315 DEBUG oslo_messaging._drivers.amqpdriver [-] AMQPListener connection timeout poll /usr/lib/python3/dist-packages/oslo_messaging/_drivers/amqpdriver.py:360
2025-11-13 00:44:49.595 147315 DEBUG oslo_messaging._drivers.amqpdriver [-] Listener is running poll /usr/lib/python3/dist-packages/oslo_messaging/_drivers/amqpdriver.py:343
2025-11-13 00:44:49.595 147315 DEBUG oslo_messaging._drivers.amqpdriver [-] Poll the incoming message with unique_id: 59106d3c0fc54f308d8c1ccbfd2325ab poll /usr/lib/python3/dist-packages/oslo_messaging/_drivers/amqpdriver.py:346
2025-11-13 00:44:49.594 146878 DEBUG oslo_service.service [req-23fb19dc-70d4-4513-b1f9-5896473a8769 - - - - -] compute.cpu_shared_set = None log_opt_values /usr/lib/python3/dist-packages/oslo_config/cfg.py:2609
2025-11-13 00:44:49.595 147316 DEBUG oslo_messaging._drivers.amqpdriver [-] Listener is running poll /usr/lib/python3/dist-packages/oslo_messaging/_drivers/amqpdriver.py:343
2025-11-13 00:44:49.595 147315 DEBUG oslo_messaging._drivers.amqpdriver [-] Listener is running poll /usr/lib/python3/dist-packages/oslo_messaging/_drivers/amqpdriver.py:343
2025-11-13 00:44:49.595 147316 DEBUG oslo_messaging._drivers.amqpdriver [-] AMQPListener connection consume poll /usr/lib/python3/dist-packages/oslo_messaging/_drivers/amqpdriver.py:357
2025-11-13 00:44:49.596 147315 DEBUG oslo_messaging._drivers.amqpdriver [-] AMQPListener connection consume poll /usr/lib/python3/dist-packages/oslo_messaging/_drivers/amqpdriver.py:357
2025-11-13 00:44:49.596 146878 DEBUG oslo_service.service [req-23fb19dc-70d4-4513-b1f9-5896473a8769 - - - - -] compute.image_type_exclude_list = [] log_opt_values /usr/lib/python3/dist-packages/oslo_config/cfg.py:2609
2025-11-13 00:44:49.596 147316 DEBUG nova.service [req-4dbb8713-7f52-40b5-abd1-67c21507a265 - - - - -] Join ServiceGroup membership for this service conductor start /usr/lib/python3/dist-packages/nova/service.py:199
2025-11-13 00:44:49.597 146878 DEBUG oslo_service.service [req-23fb19dc-70d4-4513-b1f9-5896473a8769 - - - - -] compute.live_migration_wait_for_vif_plug = True log_opt_values /usr/lib/python3/dist-packages/oslo_config/cfg.py:2609
2025-11-13 00:44:49.597 147316 DEBUG nova.servicegroup.drivers.db [req-4dbb8713-7f52-40b5-abd1-67c21507a265 - - - - -] DB_Driver: join new ServiceGroup member juju-5096c1-0-lxd-7 to the conductor group, service = join /usr/lib/python3/dist-packages/nova/servicegroup/drivers/db.py:44
2025-11-13 00:44:49.598 146878 DEBUG oslo_service.service [req-23fb19dc-70d4-4513-b1f9-5896473a8769 - - - - -] compute.max_concurrent_disk_ops = 0 log_opt_values /usr/lib/python3/dist-packages/oslo_config/cfg.py:2609
2025-11-13 00:44:49.598 146878 DEBUG oslo_service.service [req-23fb19dc-70d4-4513-b1f9-5896473a8769 - - - - -] compute.max_disk_devices_to_attach = -1 log_opt_values /usr/lib/python3/dist-packages/oslo_config/cfg.py:2609
2025-11-13 00:44:49.600 146878 DEBUG oslo_service.service [req-23fb19dc-70d4-4513-b1f9-5896473a8769 - - - - -] compute.packing_host_numa_cells_allocation_strategy = True log_opt_values /usr/lib/python3/dist-packages/oslo_config/cfg.py:2609
2025-11-13 00:44:49.600 146878 DEBUG oslo_service.service [req-23fb19dc-70d4-4513-b1f9-5896473a8769 - - - - -] compute.provider_config_location = /etc/nova/provider_config/ log_opt_values /usr/lib/python3/dist-packages/oslo_config/cfg.py:2609
2025-11-13 00:44:49.602 146878 DEBUG oslo_service.service [req-23fb19dc-70d4-4513-b1f9-5896473a8769 - - - - -] compute.resource_provider_association_refresh = 300 log_opt_values /usr/lib/python3/dist-packages/oslo_config/cfg.py:2609
2025-11-13 00:44:49.602 146878 DEBUG oslo_service.service [req-23fb19dc-70d4-4513-b1f9-5896473a8769 - - - - -] compute.shutdown_retry_interval = 10 log_opt_values /usr/lib/python3/dist-packages/oslo_config/cfg.py:2609
2025-11-13 00:44:49.602 147316 DEBUG oslo_messaging._drivers.amqpdriver [-] AMQPListener connection timeout poll /usr/lib/python3/dist-packages/oslo_messaging/_drivers/amqpdriver.py:360
2025-11-13 00:44:49.602 147316 DEBUG oslo_messaging._drivers.amqpdriver [-] Listener is running poll /usr/lib/python3/dist-packages/oslo_messaging/_drivers/amqpdriver.py:343
2025-11-13 00:44:49.603 147316 DEBUG oslo_messaging._drivers.amqpdriver [-] AMQPListener connection consume poll /usr/lib/python3/dist-packages/oslo_messaging/_drivers/amqpdriver.py:357
2025-11-13 00:44:49.602 146878 DEBUG oslo_service.service [req-23fb19dc-70d4-4513-b1f9-5896473a8769 - - - - -] compute.vmdk_allowed_types = ['streamOptimized', 'monolithicSparse'] log_opt_values /usr/lib/python3/dist-packages/oslo_config/cfg.py:2609
2025-11-13 00:44:49.605 147318 DEBUG oslo_messaging._drivers.amqpdriver [-] Listener is running poll /usr/lib/python3/dist-packages/oslo_messaging/_drivers/amqpdriver.py:343
2025-11-13 00:44:49.605 146878 DEBUG oslo_service.service [req-23fb19dc-70d4-4513-b1f9-5896473a8769 - - - - -] conductor.workers = 4 log_opt_values /usr/lib/python3/dist-packages/oslo_config/cfg.py:2609
2025-11-13 00:44:49.605 147318 DEBUG oslo_messaging._drivers.amqpdriver [-] AMQPListener connection consume poll /usr/lib/python3/dist-packages/oslo_messaging/_drivers/amqpdriver.py:357
2025-11-13 00:44:49.605 146878 DEBUG oslo_service.service [req-23fb19dc-70d4-4513-b1f9-5896473a8769 - - - - -] console.allowed_origins = [] log_opt_values /usr/lib/python3/dist-packages/oslo_config/cfg.py:2609
2025-11-13 00:44:49.606 147318 DEBUG nova.service [req-816df900-7a94-407d-8bb9-48cff3589283 - - - - -] Join ServiceGroup membership for this service conductor start /usr/lib/python3/dist-packages/nova/service.py:199
2025-11-13 00:44:49.606 146878 DEBUG oslo_service.service [req-23fb19dc-70d4-4513-b1f9-5896473a8769 - - - - -] console.ssl_ciphers = None log_opt_values /usr/lib/python3/dist-packages/oslo_config/cfg.py:2609
2025-11-13 00:44:49.606 147318 DEBUG nova.servicegroup.drivers.db [req-816df900-7a94-407d-8bb9-48cff3589283 - - - - -] DB_Driver: join new ServiceGroup member juju-5096c1-0-lxd-7 to the conductor group, service = join /usr/lib/python3/dist-packages/nova/servicegroup/drivers/db.py:44
2025-11-13 00:44:49.606 146878 DEBUG oslo_service.service [req-23fb19dc-70d4-4513-b1f9-5896473a8769 - - - - -] console.ssl_minimum_version = default log_opt_values /usr/lib/python3/dist-packages/oslo_config/cfg.py:2609
2025-11-13 00:44:49.606 146878 DEBUG oslo_service.service [req-23fb19dc-70d4-4513-b1f9-5896473a8769 - - - - -] consoleauth.token_ttl = 600 log_opt_values /usr/lib/python3/dist-packages/oslo_config/cfg.py:2609
2025-11-13 00:44:49.606 147317 DEBUG oslo_messaging._drivers.amqpdriver [-] Listener is running poll /usr/lib/python3/dist-packages/oslo_messaging/_drivers/amqpdriver.py:343
2025-11-13 00:44:49.607 147317 DEBUG oslo_messaging._drivers.amqpdriver [-] AMQPListener connection consume poll /usr/lib/python3/dist-packages/oslo_messaging/_drivers/amqpdriver.py:357
2025-11-13 00:44:49.607 146878 DEBUG oslo_service.service [req-23fb19dc-70d4-4513-b1f9-5896473a8769 - - - - -] cyborg.cafile = None log_opt_values /usr/lib/python3/dist-packages/oslo_config/cfg.py:2609
2025-11-13 00:44:49.607 146878 DEBUG oslo_service.service [req-23fb19dc-70d4-4513-b1f9-5896473a8769 - - - - -] cyborg.certfile = None log_opt_values /usr/lib/python3/dist-packages/oslo_config/cfg.py:2609
2025-11-13 00:44:49.608 146878 DEBUG oslo_service.service [req-23fb19dc-70d4-4513-b1f9-5896473a8769 - - - - -] cyborg.collect_timing = False log_opt_values /usr/lib/python3/dist-packages/oslo_config/cfg.py:2609
2025-11-13 00:44:49.608 146878 DEBUG oslo_service.service [req-23fb19dc-70d4-4513-b1f9-5896473a8769 - - - - -] cyborg.connect_retries = None log_opt_values /usr/lib/python3/dist-packages/oslo_config/cfg.py:2609
2025-11-13 00:44:49.608 146878 DEBUG oslo_service.service [req-23fb19dc-70d4-4513-b1f9-5896473a8769 - - - - -] cyborg.connect_retry_delay = None log_opt_values /usr/lib/python3/dist-packages/oslo_config/cfg.py:2609
2025-11-13 00:44:49.608 147317 DEBUG nova.service [req-e74490d5-e39b-4fdc-af0f-6420c1b0f0af - - - - -] Join ServiceGroup membership for this service conductor start /usr/lib/python3/dist-packages/nova/service.py:199
2025-11-13 00:44:49.608 146878 DEBUG oslo_service.service [req-23fb19dc-70d4-4513-b1f9-5896473a8769 - - - - -] cyborg.endpoint_override = None log_opt_values /usr/lib/python3/dist-packages/oslo_config/cfg.py:2609
2025-11-13 00:44:49.609 146878 DEBUG oslo_service.service [req-23fb19dc-70d4-4513-b1f9-5896473a8769 - - - - -] cyborg.insecure = False log_opt_values /usr/lib/python3/dist-packages/oslo_config/cfg.py:2609
2025-11-13 00:44:49.609 147318 DEBUG oslo_messaging._drivers.amqpdriver [-] AMQPListener connection timeout poll /usr/lib/python3/dist-packages/oslo_messaging/_drivers/amqpdriver.py:360
2025-11-13 00:44:49.609 147317 DEBUG nova.servicegroup.drivers.db [req-e74490d5-e39b-4fdc-af0f-6420c1b0f0af - - - - -] DB_Driver: join new ServiceGroup member juju-5096c1-0-lxd-7 to the conductor group, service = join /usr/lib/python3/dist-packages/nova/servicegroup/drivers/db.py:44
2025-11-13 00:44:49.609 146878 DEBUG oslo_service.service [req-23fb19dc-70d4-4513-b1f9-5896473a8769 - - - - -] cyborg.keyfile = None log_opt_values /usr/lib/python3/dist-packages/oslo_config/cfg.py:2609
2025-11-13 00:44:49.609 147318 DEBUG oslo_messaging._drivers.amqpdriver [-] Listener is running poll /usr/lib/python3/dist-packages/oslo_messaging/_drivers/amqpdriver.py:343
2025-11-13 00:44:49.609 146878 DEBUG oslo_service.service [req-23fb19dc-70d4-4513-b1f9-5896473a8769 - - - - -] cyborg.max_version = None log_opt_values /usr/lib/python3/dist-packages/oslo_config/cfg.py:2609
2025-11-13 00:44:49.609 147318 DEBUG oslo_messaging._drivers.amqpdriver [-] AMQPListener connection consume poll /usr/lib/python3/dist-packages/oslo_messaging/_drivers/amqpdriver.py:357
2025-11-13 00:44:49.609 146878 DEBUG oslo_service.service [req-23fb19dc-70d4-4513-b1f9-5896473a8769 - - - - -] cyborg.min_version = None log_opt_values /usr/lib/python3/dist-packages/oslo_config/cfg.py:2609
2025-11-13 00:44:49.609 146878 DEBUG oslo_service.service [req-23fb19dc-70d4-4513-b1f9-5896473a8769 - - - - -] cyborg.region_name = None log_opt_values /usr/lib/python3/dist-packages/oslo_config/cfg.py:2609
2025-11-13 00:44:49.610 146878 DEBUG oslo_service.service [req-23fb19dc-70d4-4513-b1f9-5896473a8769 - - - - -] cyborg.service_name = None log_opt_values /usr/lib/python3/dist-packages/oslo_config/cfg.py:2609
2025-11-13 00:44:49.610 146878 DEBUG oslo_service.service [req-23fb19dc-70d4-4513-b1f9-5896473a8769 - - - - -] cyborg.service_type = accelerator log_opt_values /usr/lib/python3/dist-packages/oslo_config/cfg.py:2609
2025-11-13 00:44:49.610 146878 DEBUG oslo_service.service [req-23fb19dc-70d4-4513-b1f9-5896473a8769 - - - - -] cyborg.split_loggers = False log_opt_values /usr/lib/python3/dist-packages/oslo_config/cfg.py:2609
2025-11-13 00:44:49.610 146878 DEBUG oslo_service.service [req-23fb19dc-70d4-4513-b1f9-5896473a8769 - - - - -] cyborg.status_code_retries = None log_opt_values /usr/lib/python3/dist-packages/oslo_config/cfg.py:2609
2025-11-13 00:44:49.610 146878 DEBUG oslo_service.service [req-23fb19dc-70d4-4513-b1f9-5896473a8769 - - - - -] cyborg.status_code_retry_delay = None log_opt_values /usr/lib/python3/dist-packages/oslo_config/cfg.py:2609
2025-11-13 00:44:49.611 146878 DEBUG oslo_service.service [req-23fb19dc-70d4-4513-b1f9-5896473a8769 - - - - -] cyborg.timeout = None log_opt_values /usr/lib/python3/dist-packages/oslo_config/cfg.py:2609
2025-11-13 00:44:49.611 146878 DEBUG oslo_service.service [req-23fb19dc-70d4-4513-b1f9-5896473a8769 - - - - -] cyborg.valid_interfaces = ['internal', 'public'] log_opt_values /usr/lib/python3/dist-packages/oslo_config/cfg.py:2609
2025-11-13 00:44:49.611 146878 DEBUG oslo_service.service [req-23fb19dc-70d4-4513-b1f9-5896473a8769 - - - - -] cyborg.version = None log_opt_values /usr/lib/python3/dist-packages/oslo_config/cfg.py:2609
2025-11-13 00:44:49.611 147317 DEBUG oslo_messaging._drivers.amqpdriver [-] AMQPListener connection timeout poll /usr/lib/python3/dist-packages/oslo_messaging/_drivers/amqpdriver.py:360
2025-11-13 00:44:49.611 146878 DEBUG oslo_service.service [req-23fb19dc-70d4-4513-b1f9-5896473a8769 - - - - -] database.backend = sqlalchemy log_opt_values /usr/lib/python3/dist-packages/oslo_config/cfg.py:2609
2025-11-13 00:44:49.611 147317 DEBUG oslo_messaging._drivers.amqpdriver [-] Listener is running poll /usr/lib/python3/dist-packages/oslo_messaging/_drivers/amqpdriver.py:343
2025-11-13 00:44:49.611 146878 DEBUG oslo_service.service [req-23fb19dc-70d4-4513-b1f9-5896473a8769 - - - - -] database.connection = **** log_opt_values /usr/lib/python3/dist-packages/oslo_config/cfg.py:2609
2025-11-13 00:44:49.611 147317 DEBUG oslo_messaging._drivers.amqpdriver [-] AMQPListener connection consume poll /usr/lib/python3/dist-packages/oslo_messaging/_drivers/amqpdriver.py:357
2025-11-13 00:44:49.612 146878 DEBUG oslo_service.service [req-23fb19dc-70d4-4513-b1f9-5896473a8769 - - - - -] database.connection_debug = 0 log_opt_values /usr/lib/python3/dist-packages/oslo_config/cfg.py:2609
2025-11-13 00:44:49.612 146878 DEBUG oslo_service.service [req-23fb19dc-70d4-4513-b1f9-5896473a8769 - - - - -] database.connection_parameters = log_opt_values /usr/lib/python3/dist-packages/oslo_config/cfg.py:2609
2025-11-13 00:44:49.612 146878 DEBUG oslo_service.service [req-23fb19dc-70d4-4513-b1f9-5896473a8769 - - - - -] database.connection_recycle_time = 3600 log_opt_values /usr/lib/python3/dist-packages/oslo_config/cfg.py:2609
2025-11-13 00:44:49.612 146878 DEBUG oslo_service.service [req-23fb19dc-70d4-4513-b1f9-5896473a8769 - - - - -] database.connection_trace = False log_opt_values /usr/lib/python3/dist-packages/oslo_config/cfg.py:2609
2025-11-13 00:44:49.612 146878 DEBUG oslo_service.service [req-23fb19dc-70d4-4513-b1f9-5896473a8769 - - - - -] database.db_inc_retry_interval = True log_opt_values /usr/lib/python3/dist-packages/oslo_config/cfg.py:2609
2025-11-13 00:44:49.612 146878 DEBUG oslo_service.service [req-23fb19dc-70d4-4513-b1f9-5896473a8769 - - - - -] database.db_max_retries = 20 log_opt_values /usr/lib/python3/dist-packages/oslo_config/cfg.py:2609
2025-11-13 00:44:49.613 146878 DEBUG oslo_service.service [req-23fb19dc-70d4-4513-b1f9-5896473a8769 - - - - -] database.db_max_retry_interval = 10 log_opt_values /usr/lib/python3/dist-packages/oslo_config/cfg.py:2609
2025-11-13 00:44:49.613 146878 DEBUG oslo_service.service [req-23fb19dc-70d4-4513-b1f9-5896473a8769 - - - - -] database.db_retry_interval = 1 log_opt_values /usr/lib/python3/dist-packages/oslo_config/cfg.py:2609
2025-11-13 00:44:49.613 146878 DEBUG oslo_service.service [req-23fb19dc-70d4-4513-b1f9-5896473a8769 - - - - -] database.max_overflow = 50 log_opt_values /usr/lib/python3/dist-packages/oslo_config/cfg.py:2609
2025-11-13 00:44:49.613 146878 DEBUG oslo_service.service [req-23fb19dc-70d4-4513-b1f9-5896473a8769 - - - - -] database.max_pool_size = 4 log_opt_values /usr/lib/python3/dist-packages/oslo_config/cfg.py:2609
2025-11-13 00:44:49.613 146878 DEBUG oslo_service.service [req-23fb19dc-70d4-4513-b1f9-5896473a8769 - - - - -] database.max_retries = 10 log_opt_values /usr/lib/python3/dist-packages/oslo_config/cfg.py:2609
2025-11-13 00:44:49.614 146878 DEBUG oslo_service.service [req-23fb19dc-70d4-4513-b1f9-5896473a8769 - - - - -] database.mysql_enable_ndb = False log_opt_values /usr/lib/python3/dist-packages/oslo_config/cfg.py:2609
2025-11-13 00:44:49.614 146878 DEBUG oslo_service.service [req-23fb19dc-70d4-4513-b1f9-5896473a8769 - - - - -] database.mysql_sql_mode = TRADITIONAL log_opt_values /usr/lib/python3/dist-packages/oslo_config/cfg.py:2609
2025-11-13 00:44:49.614 146878 DEBUG oslo_service.service [req-23fb19dc-70d4-4513-b1f9-5896473a8769 - - - - -] database.pool_timeout = None log_opt_values /usr/lib/python3/dist-packages/oslo_config/cfg.py:2609
2025-11-13 00:44:49.614 146878 DEBUG oslo_service.service [req-23fb19dc-70d4-4513-b1f9-5896473a8769 - - - - -] database.retry_interval = 10 log_opt_values /usr/lib/python3/dist-packages/oslo_config/cfg.py:2609
2025-11-13 00:44:49.614 146878 DEBUG oslo_service.service [req-23fb19dc-70d4-4513-b1f9-5896473a8769 - - - - -] database.slave_connection = **** log_opt_values /usr/lib/python3/dist-packages/oslo_config/cfg.py:2609
2025-11-13 00:44:49.614 146878 DEBUG oslo_service.service [req-23fb19dc-70d4-4513-b1f9-5896473a8769 - - - - -] database.sqlite_synchronous = True log_opt_values /usr/lib/python3/dist-packages/oslo_config/cfg.py:2609
2025-11-13 00:44:49.615 146878 DEBUG oslo_service.service [req-23fb19dc-70d4-4513-b1f9-5896473a8769 - - - - -] database.use_db_reconnect = False log_opt_values /usr/lib/python3/dist-packages/oslo_config/cfg.py:2609
2025-11-13 00:44:49.615 146878 DEBUG oslo_service.service [req-23fb19dc-70d4-4513-b1f9-5896473a8769 - - - - -] api_database.backend = sqlalchemy log_opt_values /usr/lib/python3/dist-packages/oslo_config/cfg.py:2609
2025-11-13 00:44:49.615 146878 DEBUG oslo_service.service [req-23fb19dc-70d4-4513-b1f9-5896473a8769 - - - - -] api_database.connection = **** log_opt_values /usr/lib/python3/dist-packages/oslo_config/cfg.py:2609
2025-11-13 00:44:49.617 146878 DEBUG oslo_service.service [req-23fb19dc-70d4-4513-b1f9-5896473a8769 - - - - -] api_database.connection_debug = 0 log_opt_values /usr/lib/python3/dist-packages/oslo_config/cfg.py:2609
2025-11-13 00:44:49.617 146878 DEBUG oslo_service.service [req-23fb19dc-70d4-4513-b1f9-5896473a8769 - - - - -] api_database.connection_parameters = log_opt_values /usr/lib/python3/dist-packages/oslo_config/cfg.py:2609
2025-11-13 00:44:49.617 146878 DEBUG oslo_service.service [req-23fb19dc-70d4-4513-b1f9-5896473a8769 - - - - -] api_database.connection_recycle_time = 3600 log_opt_values /usr/lib/python3/dist-packages/oslo_config/cfg.py:2609
2025-11-13 00:44:49.617 146878 DEBUG oslo_service.service [req-23fb19dc-70d4-4513-b1f9-5896473a8769 - - - - -] api_database.connection_trace = False log_opt_values /usr/lib/python3/dist-packages/oslo_config/cfg.py:2609
2025-11-13 00:44:49.617 146878 DEBUG oslo_service.service [req-23fb19dc-70d4-4513-b1f9-5896473a8769 - - - - -] api_database.db_inc_retry_interval = True log_opt_values /usr/lib/python3/dist-packages/oslo_config/cfg.py:2609
2025-11-13 00:44:49.618 146878 DEBUG oslo_service.service [req-23fb19dc-70d4-4513-b1f9-5896473a8769 - - - - -] api_database.db_max_retries = 20 log_opt_values /usr/lib/python3/dist-packages/oslo_config/cfg.py:2609
2025-11-13 00:44:49.618 146878 DEBUG oslo_service.service [req-23fb19dc-70d4-4513-b1f9-5896473a8769 - - - - -] api_database.db_max_retry_interval = 10 log_opt_values /usr/lib/python3/dist-packages/oslo_config/cfg.py:2609
2025-11-13 00:44:49.618 146878 DEBUG oslo_service.service [req-23fb19dc-70d4-4513-b1f9-5896473a8769 - - - - -] api_database.db_retry_interval = 1 log_opt_values /usr/lib/python3/dist-packages/oslo_config/cfg.py:2609
2025-11-13 00:44:49.618 146878 DEBUG oslo_service.service [req-23fb19dc-70d4-4513-b1f9-5896473a8769 - - - - -] api_database.max_overflow = 50 log_opt_values /usr/lib/python3/dist-packages/oslo_config/cfg.py:2609
2025-11-13 00:44:49.618 146878 DEBUG oslo_service.service [req-23fb19dc-70d4-4513-b1f9-5896473a8769 - - - - -] api_database.max_pool_size = 4 log_opt_values /usr/lib/python3/dist-packages/oslo_config/cfg.py:2609
2025-11-13 00:44:49.618 146878 DEBUG oslo_service.service [req-23fb19dc-70d4-4513-b1f9-5896473a8769 - - - - -] api_database.max_retries = 10 log_opt_values /usr/lib/python3/dist-packages/oslo_config/cfg.py:2609
2025-11-13 00:44:49.619 146878 DEBUG oslo_service.service [req-23fb19dc-70d4-4513-b1f9-5896473a8769 - - - - -] api_database.mysql_enable_ndb = False log_opt_values /usr/lib/python3/dist-packages/oslo_config/cfg.py:2609
2025-11-13 00:44:49.620 146878 DEBUG oslo_service.service [req-23fb19dc-70d4-4513-b1f9-5896473a8769 - - - - -] api_database.mysql_sql_mode = TRADITIONAL log_opt_values /usr/lib/python3/dist-packages/oslo_config/cfg.py:2609
2025-11-13 00:44:49.620 146878 DEBUG oslo_service.service [req-23fb19dc-70d4-4513-b1f9-5896473a8769 - - - - -] api_database.pool_timeout = None log_opt_values /usr/lib/python3/dist-packages/oslo_config/cfg.py:2609
2025-11-13 00:44:49.620 146878 DEBUG oslo_service.service [req-23fb19dc-70d4-4513-b1f9-5896473a8769 - - - - -] api_database.retry_interval = 10 log_opt_values /usr/lib/python3/dist-packages/oslo_config/cfg.py:2609
2025-11-13 00:44:49.620 146878 DEBUG oslo_service.service [req-23fb19dc-70d4-4513-b1f9-5896473a8769 - - - - -] api_database.slave_connection = **** log_opt_values /usr/lib/python3/dist-packages/oslo_config/cfg.py:2609
2025-11-13 00:44:49.620 146878 DEBUG oslo_service.service [req-23fb19dc-70d4-4513-b1f9-5896473a8769 - - - - -] api_database.sqlite_synchronous = True log_opt_values /usr/lib/python3/dist-packages/oslo_config/cfg.py:2609
2025-11-13 00:44:49.621 146878 DEBUG oslo_service.service [req-23fb19dc-70d4-4513-b1f9-5896473a8769 - - - - -] devices.enabled_mdev_types = [] log_opt_values /usr/lib/python3/dist-packages/oslo_config/cfg.py:2609
2025-11-13 00:44:49.621 146878 DEBUG oslo_service.service [req-23fb19dc-70d4-4513-b1f9-5896473a8769 - - - - -] ephemeral_storage_encryption.cipher = aes-xts-plain64 log_opt_values /usr/lib/python3/dist-packages/oslo_config/cfg.py:2609
2025-11-13 00:44:49.621 146878 DEBUG oslo_service.service [req-23fb19dc-70d4-4513-b1f9-5896473a8769 - - - - -] ephemeral_storage_encryption.enabled = False log_opt_values /usr/lib/python3/dist-packages/oslo_config/cfg.py:2609
2025-11-13 00:44:49.621 146878 DEBUG oslo_service.service [req-23fb19dc-70d4-4513-b1f9-5896473a8769 - - - - -] ephemeral_storage_encryption.key_size = 512 log_opt_values /usr/lib/python3/dist-packages/oslo_config/cfg.py:2609
2025-11-13 00:44:49.622 146878 WARNING oslo_config.cfg [req-23fb19dc-70d4-4513-b1f9-5896473a8769 - - - - -] Deprecated: Option "api_servers" from group "glance" is deprecated for removal ( Support for image service configuration via standard keystoneauth1 Adapter options was added in the 17.0.0 Queens release. The api_servers option was retained temporarily to allow consumers time to cut over to a real load balancing solution. ). Its value may be silently ignored in the future.
2025-11-13 00:44:49.622 146878 DEBUG oslo_service.service [req-23fb19dc-70d4-4513-b1f9-5896473a8769 - - - - -] glance.api_servers = ['http://252.19.236.236:9292'] log_opt_values /usr/lib/python3/dist-packages/oslo_config/cfg.py:2609
2025-11-13 00:44:49.623 146878 DEBUG oslo_service.service [req-23fb19dc-70d4-4513-b1f9-5896473a8769 - - - - -] glance.cafile = None log_opt_values /usr/lib/python3/dist-packages/oslo_config/cfg.py:2609
2025-11-13 00:44:49.624 146878 DEBUG oslo_service.service [req-23fb19dc-70d4-4513-b1f9-5896473a8769 - - - - -] glance.certfile = None log_opt_values /usr/lib/python3/dist-packages/oslo_config/cfg.py:2609
2025-11-13 00:44:49.624 146878 DEBUG oslo_service.service [req-23fb19dc-70d4-4513-b1f9-5896473a8769 - - - - -] glance.collect_timing = False log_opt_values /usr/lib/python3/dist-packages/oslo_config/cfg.py:2609
2025-11-13 00:44:49.624 146878 DEBUG oslo_service.service [req-23fb19dc-70d4-4513-b1f9-5896473a8769 - - - - -] glance.connect_retries = None log_opt_values /usr/lib/python3/dist-packages/oslo_config/cfg.py:2609
2025-11-13 00:44:49.624 146878 DEBUG oslo_service.service [req-23fb19dc-70d4-4513-b1f9-5896473a8769 - - - - -] glance.connect_retry_delay = None log_opt_values /usr/lib/python3/dist-packages/oslo_config/cfg.py:2609
2025-11-13 00:44:49.624 146878 DEBUG oslo_service.service [req-23fb19dc-70d4-4513-b1f9-5896473a8769 - - - - -] glance.debug = False log_opt_values /usr/lib/python3/dist-packages/oslo_config/cfg.py:2609
2025-11-13 00:44:49.625 146878 DEBUG oslo_service.service [req-23fb19dc-70d4-4513-b1f9-5896473a8769 - - - - -] glance.default_trusted_certificate_ids = [] log_opt_values /usr/lib/python3/dist-packages/oslo_config/cfg.py:2609
2025-11-13 00:44:49.625 146878 DEBUG oslo_service.service [req-23fb19dc-70d4-4513-b1f9-5896473a8769 - - - - -] glance.enable_certificate_validation = False log_opt_values /usr/lib/python3/dist-packages/oslo_config/cfg.py:2609
2025-11-13 00:44:49.625 146878 DEBUG oslo_service.service [req-23fb19dc-70d4-4513-b1f9-5896473a8769 - - - - -] glance.enable_rbd_download = False log_opt_values /usr/lib/python3/dist-packages/oslo_config/cfg.py:2609
2025-11-13 00:44:49.626 146878 DEBUG oslo_service.service [req-23fb19dc-70d4-4513-b1f9-5896473a8769 - - - - -] glance.endpoint_override = None log_opt_values /usr/lib/python3/dist-packages/oslo_config/cfg.py:2609
2025-11-13 00:44:49.626 146878 DEBUG oslo_service.service [req-23fb19dc-70d4-4513-b1f9-5896473a8769 - - - - -] glance.insecure = False log_opt_values /usr/lib/python3/dist-packages/oslo_config/cfg.py:2609
2025-11-13 00:44:49.626 146878 DEBUG oslo_service.service [req-23fb19dc-70d4-4513-b1f9-5896473a8769 - - - - -] glance.keyfile = None log_opt_values /usr/lib/python3/dist-packages/oslo_config/cfg.py:2609
2025-11-13 00:44:49.627 146878 DEBUG oslo_service.service [req-23fb19dc-70d4-4513-b1f9-5896473a8769 - - - - -] glance.max_version = None log_opt_values /usr/lib/python3/dist-packages/oslo_config/cfg.py:2609
2025-11-13 00:44:49.626 147315 DEBUG oslo_messaging._drivers.amqpdriver [req-74a49bfa-52fc-44b4-93ff-798e2ec867f9 - - - - -] sending reply msg_id: ababf85d29ff41dd841559784efbb277 reply queue: reply_de4352ed4d604b62a5d015f58856d715 time elapsed: 0.03391491299998961s _send_reply /usr/lib/python3/dist-packages/oslo_messaging/_drivers/amqpdriver.py:118
2025-11-13 00:44:49.627 146878 DEBUG oslo_service.service [req-23fb19dc-70d4-4513-b1f9-5896473a8769 - - - - -] glance.min_version = None log_opt_values /usr/lib/python3/dist-packages/oslo_config/cfg.py:2609
2025-11-13 00:44:49.627 146878 DEBUG oslo_service.service [req-23fb19dc-70d4-4513-b1f9-5896473a8769 - - - - -] glance.num_retries = 3 log_opt_values /usr/lib/python3/dist-packages/oslo_config/cfg.py:2609
2025-11-13 00:44:49.627 146878 DEBUG oslo_service.service [req-23fb19dc-70d4-4513-b1f9-5896473a8769 - - - - -] glance.rbd_ceph_conf = log_opt_values /usr/lib/python3/dist-packages/oslo_config/cfg.py:2609
2025-11-13 00:44:49.627 146878 DEBUG oslo_service.service [req-23fb19dc-70d4-4513-b1f9-5896473a8769 - - - - -] glance.rbd_connect_timeout = 5 log_opt_values /usr/lib/python3/dist-packages/oslo_config/cfg.py:2609
2025-11-13 00:44:49.627 146878 DEBUG oslo_service.service [req-23fb19dc-70d4-4513-b1f9-5896473a8769 - - - - -] glance.rbd_pool = log_opt_values /usr/lib/python3/dist-packages/oslo_config/cfg.py:2609
2025-11-13 00:44:49.628 146878 DEBUG oslo_service.service [req-23fb19dc-70d4-4513-b1f9-5896473a8769 - - - - -] glance.rbd_user = log_opt_values /usr/lib/python3/dist-packages/oslo_config/cfg.py:2609
2025-11-13 00:44:49.628 146878 DEBUG oslo_service.service [req-23fb19dc-70d4-4513-b1f9-5896473a8769 - - - - -] glance.region_name = None log_opt_values /usr/lib/python3/dist-packages/oslo_config/cfg.py:2609
2025-11-13 00:44:49.628 146878 DEBUG oslo_service.service [req-23fb19dc-70d4-4513-b1f9-5896473a8769 - - - - -] glance.service_name = None log_opt_values /usr/lib/python3/dist-packages/oslo_config/cfg.py:2609
2025-11-13 00:44:49.628 146878 DEBUG oslo_service.service [req-23fb19dc-70d4-4513-b1f9-5896473a8769 - - - - -] glance.service_type = image log_opt_values /usr/lib/python3/dist-packages/oslo_config/cfg.py:2609
2025-11-13 00:44:49.628 146878 DEBUG oslo_service.service [req-23fb19dc-70d4-4513-b1f9-5896473a8769 - - - - -] glance.split_loggers = False log_opt_values /usr/lib/python3/dist-packages/oslo_config/cfg.py:2609
2025-11-13 00:44:49.628 146878 DEBUG oslo_service.service [req-23fb19dc-70d4-4513-b1f9-5896473a8769 - - - - -] glance.status_code_retries = None log_opt_values /usr/lib/python3/dist-packages/oslo_config/cfg.py:2609
2025-11-13 00:44:49.629 146878 DEBUG oslo_service.service [req-23fb19dc-70d4-4513-b1f9-5896473a8769 - - - - -] glance.status_code_retry_delay = None log_opt_values /usr/lib/python3/dist-packages/oslo_config/cfg.py:2609
2025-11-13 00:44:49.629 146878 DEBUG oslo_service.service [req-23fb19dc-70d4-4513-b1f9-5896473a8769 - - - - -] glance.timeout = None log_opt_values /usr/lib/python3/dist-packages/oslo_config/cfg.py:2609
2025-11-13 00:44:49.629 146878 DEBUG oslo_service.service [req-23fb19dc-70d4-4513-b1f9-5896473a8769 - - - - -] glance.valid_interfaces = ['internal', 'public'] log_opt_values /usr/lib/python3/dist-packages/oslo_config/cfg.py:2609
2025-11-13 00:44:49.629 146878 DEBUG oslo_service.service [req-23fb19dc-70d4-4513-b1f9-5896473a8769 - - - - -] glance.verify_glance_signatures = False log_opt_values /usr/lib/python3/dist-packages/oslo_config/cfg.py:2609
2025-11-13 00:44:49.630 146878 DEBUG oslo_service.service [req-23fb19dc-70d4-4513-b1f9-5896473a8769 - - - - -] glance.version = None log_opt_values /usr/lib/python3/dist-packages/oslo_config/cfg.py:2609
2025-11-13 00:44:49.630 146878 DEBUG oslo_service.service [req-23fb19dc-70d4-4513-b1f9-5896473a8769 - - - - -] guestfs.debug = False log_opt_values /usr/lib/python3/dist-packages/oslo_config/cfg.py:2609
2025-11-13 00:44:49.630 146878 DEBUG oslo_service.service [req-23fb19dc-70d4-4513-b1f9-5896473a8769 - - - - -] hyperv.config_drive_cdrom = False log_opt_values /usr/lib/python3/dist-packages/oslo_config/cfg.py:2609
2025-11-13 00:44:49.630 146878 DEBUG oslo_service.service [req-23fb19dc-70d4-4513-b1f9-5896473a8769 - - - - -] hyperv.config_drive_inject_password = False log_opt_values /usr/lib/python3/dist-packages/oslo_config/cfg.py:2609
2025-11-13 00:44:49.631 146878 DEBUG oslo_service.service [req-23fb19dc-70d4-4513-b1f9-5896473a8769 - - - - -] hyperv.dynamic_memory_ratio = 1.0 log_opt_values /usr/lib/python3/dist-packages/oslo_config/cfg.py:2609
2025-11-13 00:44:49.631 146878 DEBUG oslo_service.service [req-23fb19dc-70d4-4513-b1f9-5896473a8769 - - - - -] hyperv.enable_instance_metrics_collection = False log_opt_values /usr/lib/python3/dist-packages/oslo_config/cfg.py:2609
2025-11-13 00:44:49.631 146878 DEBUG oslo_service.service [req-23fb19dc-70d4-4513-b1f9-5896473a8769 - - - - -] hyperv.enable_remotefx = False log_opt_values /usr/lib/python3/dist-packages/oslo_config/cfg.py:2609
2025-11-13 00:44:49.631 146878 DEBUG oslo_service.service [req-23fb19dc-70d4-4513-b1f9-5896473a8769 - - - - -] hyperv.instances_path_share = log_opt_values /usr/lib/python3/dist-packages/oslo_config/cfg.py:2609
2025-11-13 00:44:49.631 146878 DEBUG oslo_service.service [req-23fb19dc-70d4-4513-b1f9-5896473a8769 - - - - -] hyperv.iscsi_initiator_list = [] log_opt_values /usr/lib/python3/dist-packages/oslo_config/cfg.py:2609
2025-11-13 00:44:49.631 146878 DEBUG oslo_service.service [req-23fb19dc-70d4-4513-b1f9-5896473a8769 - - - - -] hyperv.limit_cpu_features = False log_opt_values /usr/lib/python3/dist-packages/oslo_config/cfg.py:2609
2025-11-13 00:44:49.632 146878 DEBUG oslo_service.service [req-23fb19dc-70d4-4513-b1f9-5896473a8769 - - - - -] hyperv.mounted_disk_query_retry_count = 10 log_opt_values /usr/lib/python3/dist-packages/oslo_config/cfg.py:2609
2025-11-13 00:44:49.632 146878 DEBUG oslo_service.service [req-23fb19dc-70d4-4513-b1f9-5896473a8769 - - - - -] hyperv.mounted_disk_query_retry_interval = 5 log_opt_values /usr/lib/python3/dist-packages/oslo_config/cfg.py:2609
2025-11-13 00:44:49.632 146878 DEBUG oslo_service.service [req-23fb19dc-70d4-4513-b1f9-5896473a8769 - - - - -] hyperv.power_state_check_timeframe = 60 log_opt_values /usr/lib/python3/dist-packages/oslo_config/cfg.py:2609
2025-11-13 00:44:49.632 146878 DEBUG oslo_service.service [req-23fb19dc-70d4-4513-b1f9-5896473a8769 - - - - -] hyperv.power_state_event_polling_interval = 2 log_opt_values /usr/lib/python3/dist-packages/oslo_config/cfg.py:2609
2025-11-13 00:44:49.632 146878 DEBUG oslo_service.service [req-23fb19dc-70d4-4513-b1f9-5896473a8769 - - - - -] hyperv.qemu_img_cmd = qemu-img.exe log_opt_values /usr/lib/python3/dist-packages/oslo_config/cfg.py:2609
2025-11-13 00:44:49.632 146878 DEBUG oslo_service.service [req-23fb19dc-70d4-4513-b1f9-5896473a8769 - - - - -] hyperv.use_multipath_io = False log_opt_values /usr/lib/python3/dist-packages/oslo_config/cfg.py:2609
2025-11-13 00:44:49.633 146878 DEBUG oslo_service.service [req-23fb19dc-70d4-4513-b1f9-5896473a8769 - - - - -] hyperv.volume_attach_retry_count = 10 log_opt_values /usr/lib/python3/dist-packages/oslo_config/cfg.py:2609
2025-11-13 00:44:49.633 146878 DEBUG oslo_service.service [req-23fb19dc-70d4-4513-b1f9-5896473a8769 - - - - -] hyperv.volume_attach_retry_interval = 5 log_opt_values /usr/lib/python3/dist-packages/oslo_config/cfg.py:2609
2025-11-13 00:44:49.633 146878 DEBUG oslo_service.service [req-23fb19dc-70d4-4513-b1f9-5896473a8769 - - - - -] hyperv.vswitch_name = None log_opt_values /usr/lib/python3/dist-packages/oslo_config/cfg.py:2609
2025-11-13 00:44:49.633 146878 DEBUG oslo_service.service [req-23fb19dc-70d4-4513-b1f9-5896473a8769 - - - - -] hyperv.wait_soft_reboot_seconds = 60 log_opt_values /usr/lib/python3/dist-packages/oslo_config/cfg.py:2609
2025-11-13 00:44:49.633 146878 DEBUG oslo_service.service [req-23fb19dc-70d4-4513-b1f9-5896473a8769 - - - - -] mks.enabled = False log_opt_values /usr/lib/python3/dist-packages/oslo_config/cfg.py:2609
2025-11-13 00:44:49.634 146878 DEBUG oslo_service.service [req-23fb19dc-70d4-4513-b1f9-5896473a8769 - - - - -] mks.mksproxy_base_url = http://127.0.0.1:6090/ log_opt_values /usr/lib/python3/dist-packages/oslo_config/cfg.py:2609
2025-11-13 00:44:49.634 146878 DEBUG oslo_service.service [req-23fb19dc-70d4-4513-b1f9-5896473a8769 - - - - -] image_cache.manager_interval = 2400 log_opt_values /usr/lib/python3/dist-packages/oslo_config/cfg.py:2609
2025-11-13 00:44:49.634 146878 DEBUG oslo_service.service [req-23fb19dc-70d4-4513-b1f9-5896473a8769 - - - - -] image_cache.precache_concurrency = 1 log_opt_values /usr/lib/python3/dist-packages/oslo_config/cfg.py:2609
2025-11-13 00:44:49.635 146878 DEBUG oslo_service.service [req-23fb19dc-70d4-4513-b1f9-5896473a8769 - - - - -] image_cache.remove_unused_base_images = True log_opt_values /usr/lib/python3/dist-packages/oslo_config/cfg.py:2609
2025-11-13 00:44:49.635 146878 DEBUG oslo_service.service [req-23fb19dc-70d4-4513-b1f9-5896473a8769 - - - - -] image_cache.remove_unused_original_minimum_age_seconds = 86400 log_opt_values /usr/lib/python3/dist-packages/oslo_config/cfg.py:2609
2025-11-13 00:44:49.635 146878 DEBUG oslo_service.service [req-23fb19dc-70d4-4513-b1f9-5896473a8769 - - - - -] image_cache.remove_unused_resized_minimum_age_seconds = 3600 log_opt_values /usr/lib/python3/dist-packages/oslo_config/cfg.py:2609
2025-11-13 00:44:49.635 146878 DEBUG oslo_service.service [req-23fb19dc-70d4-4513-b1f9-5896473a8769 - - - - -] image_cache.subdirectory_name = _base log_opt_values /usr/lib/python3/dist-packages/oslo_config/cfg.py:2609
2025-11-13 00:44:49.635 146878 DEBUG oslo_service.service [req-23fb19dc-70d4-4513-b1f9-5896473a8769 - - - - -] ironic.api_max_retries = 60 log_opt_values /usr/lib/python3/dist-packages/oslo_config/cfg.py:2609
2025-11-13 00:44:49.636 146878 DEBUG oslo_service.service [req-23fb19dc-70d4-4513-b1f9-5896473a8769 - - - - -] ironic.api_retry_interval = 2 log_opt_values /usr/lib/python3/dist-packages/oslo_config/cfg.py:2609
2025-11-13 00:44:49.636 146878 DEBUG oslo_service.service [req-23fb19dc-70d4-4513-b1f9-5896473a8769 - - - - -] ironic.auth_section = None log_opt_values /usr/lib/python3/dist-packages/oslo_config/cfg.py:2609
2025-11-13 00:44:49.636 146878 DEBUG oslo_service.service [req-23fb19dc-70d4-4513-b1f9-5896473a8769 - - - - -] ironic.auth_type = None log_opt_values /usr/lib/python3/dist-packages/oslo_config/cfg.py:2609
2025-11-13 00:44:49.636 146878 DEBUG oslo_service.service [req-23fb19dc-70d4-4513-b1f9-5896473a8769 - - - - -] ironic.cafile = None log_opt_values /usr/lib/python3/dist-packages/oslo_config/cfg.py:2609
2025-11-13 00:44:49.636 146878 DEBUG oslo_service.service [req-23fb19dc-70d4-4513-b1f9-5896473a8769 - - - - -] ironic.certfile = None log_opt_values /usr/lib/python3/dist-packages/oslo_config/cfg.py:2609
2025-11-13 00:44:49.636 146878 DEBUG oslo_service.service [req-23fb19dc-70d4-4513-b1f9-5896473a8769 - - - - -] ironic.collect_timing = False log_opt_values /usr/lib/python3/dist-packages/oslo_config/cfg.py:2609
2025-11-13 00:44:49.637 146878 DEBUG oslo_service.service [req-23fb19dc-70d4-4513-b1f9-5896473a8769 - - - - -] ironic.connect_retries = None log_opt_values /usr/lib/python3/dist-packages/oslo_config/cfg.py:2609
2025-11-13 00:44:49.637 146878 DEBUG oslo_service.service [req-23fb19dc-70d4-4513-b1f9-5896473a8769 - - - - -] ironic.connect_retry_delay = None log_opt_values /usr/lib/python3/dist-packages/oslo_config/cfg.py:2609
2025-11-13 00:44:49.637 146878 DEBUG oslo_service.service [req-23fb19dc-70d4-4513-b1f9-5896473a8769 - - - - -] ironic.endpoint_override = None log_opt_values /usr/lib/python3/dist-packages/oslo_config/cfg.py:2609
2025-11-13 00:44:49.637 146878 DEBUG oslo_service.service [req-23fb19dc-70d4-4513-b1f9-5896473a8769 - - - - -] ironic.insecure = False log_opt_values /usr/lib/python3/dist-packages/oslo_config/cfg.py:2609
2025-11-13 00:44:49.637 146878 DEBUG oslo_service.service [req-23fb19dc-70d4-4513-b1f9-5896473a8769 - - - - -] ironic.keyfile = None log_opt_values /usr/lib/python3/dist-packages/oslo_config/cfg.py:2609
2025-11-13 00:44:49.638 146878 DEBUG oslo_service.service [req-23fb19dc-70d4-4513-b1f9-5896473a8769 - - - - -] ironic.max_version = None log_opt_values /usr/lib/python3/dist-packages/oslo_config/cfg.py:2609
2025-11-13 00:44:49.638 146878 DEBUG oslo_service.service [req-23fb19dc-70d4-4513-b1f9-5896473a8769 - - - - -] ironic.min_version = None log_opt_values /usr/lib/python3/dist-packages/oslo_config/cfg.py:2609
2025-11-13 00:44:49.638 146878 DEBUG oslo_service.service [req-23fb19dc-70d4-4513-b1f9-5896473a8769 - - - - -] ironic.partition_key = None log_opt_values /usr/lib/python3/dist-packages/oslo_config/cfg.py:2609
2025-11-13 00:44:49.638 146878 DEBUG oslo_service.service [req-23fb19dc-70d4-4513-b1f9-5896473a8769 - - - - -] ironic.peer_list = [] log_opt_values /usr/lib/python3/dist-packages/oslo_config/cfg.py:2609
2025-11-13 00:44:49.638 146878 DEBUG oslo_service.service [req-23fb19dc-70d4-4513-b1f9-5896473a8769 - - - - -] ironic.region_name = None log_opt_values /usr/lib/python3/dist-packages/oslo_config/cfg.py:2609
2025-11-13 00:44:49.638 146878 DEBUG oslo_service.service [req-23fb19dc-70d4-4513-b1f9-5896473a8769 - - - - -] ironic.serial_console_state_timeout = 10 log_opt_values /usr/lib/python3/dist-packages/oslo_config/cfg.py:2609
2025-11-13 00:44:49.639 146878 DEBUG oslo_service.service [req-23fb19dc-70d4-4513-b1f9-5896473a8769 - - - - -] ironic.service_name = None log_opt_values /usr/lib/python3/dist-packages/oslo_config/cfg.py:2609
2025-11-13 00:44:49.639 146878 DEBUG oslo_service.service [req-23fb19dc-70d4-4513-b1f9-5896473a8769 - - - - -] ironic.service_type = baremetal log_opt_values /usr/lib/python3/dist-packages/oslo_config/cfg.py:2609
2025-11-13 00:44:49.639 146878 DEBUG oslo_service.service [req-23fb19dc-70d4-4513-b1f9-5896473a8769 - - - - -] ironic.split_loggers = False log_opt_values /usr/lib/python3/dist-packages/oslo_config/cfg.py:2609
2025-11-13 00:44:49.639 146878 DEBUG oslo_service.service [req-23fb19dc-70d4-4513-b1f9-5896473a8769 - - - - -] ironic.status_code_retries = None log_opt_values /usr/lib/python3/dist-packages/oslo_config/cfg.py:2609
2025-11-13 00:44:49.639 146878 DEBUG oslo_service.service [req-23fb19dc-70d4-4513-b1f9-5896473a8769 - - - - -] ironic.status_code_retry_delay = None log_opt_values /usr/lib/python3/dist-packages/oslo_config/cfg.py:2609
2025-11-13 00:44:49.639 146878 DEBUG oslo_service.service [req-23fb19dc-70d4-4513-b1f9-5896473a8769 - - - - -] ironic.timeout = None log_opt_values /usr/lib/python3/dist-packages/oslo_config/cfg.py:2609
2025-11-13 00:44:49.640 146878 DEBUG oslo_service.service [req-23fb19dc-70d4-4513-b1f9-5896473a8769 - - - - -] ironic.valid_interfaces = ['internal', 'public'] log_opt_values /usr/lib/python3/dist-packages/oslo_config/cfg.py:2609
2025-11-13 00:44:49.640 146878 DEBUG oslo_service.service [req-23fb19dc-70d4-4513-b1f9-5896473a8769 - - - - -] ironic.version = None log_opt_values /usr/lib/python3/dist-packages/oslo_config/cfg.py:2609
2025-11-13 00:44:49.640 146878 DEBUG oslo_service.service [req-23fb19dc-70d4-4513-b1f9-5896473a8769 - - - - -] key_manager.backend = barbican log_opt_values /usr/lib/python3/dist-packages/oslo_config/cfg.py:2609
2025-11-13 00:44:49.640 146878 DEBUG oslo_service.service [req-23fb19dc-70d4-4513-b1f9-5896473a8769 - - - - -] key_manager.fixed_key = **** log_opt_values /usr/lib/python3/dist-packages/oslo_config/cfg.py:2609
2025-11-13 00:44:49.640 146878 DEBUG oslo_service.service [req-23fb19dc-70d4-4513-b1f9-5896473a8769 - - - - -] barbican.auth_endpoint = http://localhost/identity/v3 log_opt_values /usr/lib/python3/dist-packages/oslo_config/cfg.py:2609
2025-11-13 00:44:49.641 146878 DEBUG oslo_service.service [req-23fb19dc-70d4-4513-b1f9-5896473a8769 - - - - -] barbican.barbican_api_version = None log_opt_values /usr/lib/python3/dist-packages/oslo_config/cfg.py:2609
2025-11-13 00:44:49.641 146878 DEBUG oslo_service.service [req-23fb19dc-70d4-4513-b1f9-5896473a8769 - - - - -] barbican.barbican_endpoint = None log_opt_values /usr/lib/python3/dist-packages/oslo_config/cfg.py:2609
2025-11-13 00:44:49.641 146878 DEBUG oslo_service.service [req-23fb19dc-70d4-4513-b1f9-5896473a8769 - - - - -] barbican.barbican_endpoint_type = public log_opt_values /usr/lib/python3/dist-packages/oslo_config/cfg.py:2609
2025-11-13 00:44:49.641 146878 DEBUG oslo_service.service [req-23fb19dc-70d4-4513-b1f9-5896473a8769 - - - - -] barbican.barbican_region_name = None log_opt_values /usr/lib/python3/dist-packages/oslo_config/cfg.py:2609
2025-11-13 00:44:49.641 146878 DEBUG oslo_service.service [req-23fb19dc-70d4-4513-b1f9-5896473a8769 - - - - -] barbican.cafile = None log_opt_values /usr/lib/python3/dist-packages/oslo_config/cfg.py:2609
2025-11-13 00:44:49.642 146878 DEBUG oslo_service.service [req-23fb19dc-70d4-4513-b1f9-5896473a8769 - - - - -] barbican.certfile = None log_opt_values /usr/lib/python3/dist-packages/oslo_config/cfg.py:2609
2025-11-13 00:44:49.642 146878 DEBUG oslo_service.service [req-23fb19dc-70d4-4513-b1f9-5896473a8769 - - - - -] barbican.collect_timing = False log_opt_values /usr/lib/python3/dist-packages/oslo_config/cfg.py:2609
2025-11-13 00:44:49.642 146878 DEBUG oslo_service.service [req-23fb19dc-70d4-4513-b1f9-5896473a8769 - - - - -] barbican.insecure = False log_opt_values /usr/lib/python3/dist-packages/oslo_config/cfg.py:2609
2025-11-13 00:44:49.642 146878 DEBUG oslo_service.service [req-23fb19dc-70d4-4513-b1f9-5896473a8769 - - - - -] barbican.keyfile = None log_opt_values /usr/lib/python3/dist-packages/oslo_config/cfg.py:2609
2025-11-13 00:44:49.642 146878 DEBUG oslo_service.service [req-23fb19dc-70d4-4513-b1f9-5896473a8769 - - - - -] barbican.number_of_retries = 60 log_opt_values /usr/lib/python3/dist-packages/oslo_config/cfg.py:2609
2025-11-13 00:44:49.642 146878 DEBUG oslo_service.service [req-23fb19dc-70d4-4513-b1f9-5896473a8769 - - - - -] barbican.retry_delay = 1 log_opt_values /usr/lib/python3/dist-packages/oslo_config/cfg.py:2609
2025-11-13 00:44:49.643 146878 DEBUG oslo_service.service [req-23fb19dc-70d4-4513-b1f9-5896473a8769 - - - - -] barbican.send_service_user_token = False log_opt_values /usr/lib/python3/dist-packages/oslo_config/cfg.py:2609
2025-11-13 00:44:49.643 146878 DEBUG oslo_service.service [req-23fb19dc-70d4-4513-b1f9-5896473a8769 - - - - -] barbican.split_loggers = False log_opt_values /usr/lib/python3/dist-packages/oslo_config/cfg.py:2609
2025-11-13 00:44:49.643 146878 DEBUG oslo_service.service [req-23fb19dc-70d4-4513-b1f9-5896473a8769 - - - - -] barbican.timeout = None log_opt_values /usr/lib/python3/dist-packages/oslo_config/cfg.py:2609
2025-11-13 00:44:49.643 146878 DEBUG oslo_service.service [req-23fb19dc-70d4-4513-b1f9-5896473a8769 - - - - -] barbican.verify_ssl = True log_opt_values /usr/lib/python3/dist-packages/oslo_config/cfg.py:2609
2025-11-13 00:44:49.643 146878 DEBUG oslo_service.service [req-23fb19dc-70d4-4513-b1f9-5896473a8769 - - - - -] barbican.verify_ssl_path = None log_opt_values /usr/lib/python3/dist-packages/oslo_config/cfg.py:2609
2025-11-13 00:44:49.644 146878 DEBUG oslo_service.service [req-23fb19dc-70d4-4513-b1f9-5896473a8769 - - - - -] barbican_service_user.auth_section = None log_opt_values /usr/lib/python3/dist-packages/oslo_config/cfg.py:2609
2025-11-13 00:44:49.644 146878 DEBUG oslo_service.service [req-23fb19dc-70d4-4513-b1f9-5896473a8769 - - - - -] barbican_service_user.auth_type = None log_opt_values /usr/lib/python3/dist-packages/oslo_config/cfg.py:2609
2025-11-13 00:44:49.644 146878 DEBUG oslo_service.service [req-23fb19dc-70d4-4513-b1f9-5896473a8769 - - - - -] barbican_service_user.cafile = None log_opt_values /usr/lib/python3/dist-packages/oslo_config/cfg.py:2609
2025-11-13 00:44:49.644 146878 DEBUG oslo_service.service [req-23fb19dc-70d4-4513-b1f9-5896473a8769 - - - - -] barbican_service_user.certfile = None log_opt_values /usr/lib/python3/dist-packages/oslo_config/cfg.py:2609
2025-11-13 00:44:49.644 146878 DEBUG oslo_service.service [req-23fb19dc-70d4-4513-b1f9-5896473a8769 - - - - -] barbican_service_user.collect_timing = False log_opt_values /usr/lib/python3/dist-packages/oslo_config/cfg.py:2609
2025-11-13 00:44:49.644 146878 DEBUG oslo_service.service [req-23fb19dc-70d4-4513-b1f9-5896473a8769 - - - - -] barbican_service_user.insecure = False log_opt_values /usr/lib/python3/dist-packages/oslo_config/cfg.py:2609
2025-11-13 00:44:49.645 146878 DEBUG oslo_service.service [req-23fb19dc-70d4-4513-b1f9-5896473a8769 - - - - -] barbican_service_user.keyfile = None log_opt_values /usr/lib/python3/dist-packages/oslo_config/cfg.py:2609
