2025-11-06 00:39:50.898 120640 DEBUG oslo_messaging._drivers.amqpdriver [-] Listener is running poll /usr/lib/python3/dist-packages/oslo_messaging/_drivers/amqpdriver.py:343
2025-11-06 00:39:50.899 120640 DEBUG oslo_messaging._drivers.amqpdriver [-] AMQPListener connection consume poll /usr/lib/python3/dist-packages/oslo_messaging/_drivers/amqpdriver.py:357
2025-11-06 00:39:50.901 120640 DEBUG oslo_concurrency.lockutils [req-5ebc259f-a6d0-4e3b-8ab2-738d336cf9c0 - - - - -] Lock "037da9de-afb6-45e9-abaa-909cfd62d6ef" acquired by "nova.context.set_target_cell..get_or_set_cached_cell_and_set_connections" :: waited 0.000s inner /usr/lib/python3/dist-packages/oslo_concurrency/lockutils.py:386
2025-11-06 00:39:50.903 120640 DEBUG oslo_concurrency.lockutils [req-5ebc259f-a6d0-4e3b-8ab2-738d336cf9c0 - - - - -] Lock "037da9de-afb6-45e9-abaa-909cfd62d6ef" "released" by "nova.context.set_target_cell..get_or_set_cached_cell_and_set_connections" :: held 0.002s inner /usr/lib/python3/dist-packages/oslo_concurrency/lockutils.py:400
2025-11-06 00:39:50.905 120642 DEBUG oslo_messaging._drivers.amqpdriver [-] AMQPListener connection timeout poll /usr/lib/python3/dist-packages/oslo_messaging/_drivers/amqpdriver.py:360
2025-11-06 00:39:50.905 120641 DEBUG oslo_messaging._drivers.amqpdriver [-] AMQPListener connection timeout poll /usr/lib/python3/dist-packages/oslo_messaging/_drivers/amqpdriver.py:360
2025-11-06 00:39:50.905 120642 DEBUG oslo_messaging._drivers.amqpdriver [-] Listener is running poll /usr/lib/python3/dist-packages/oslo_messaging/_drivers/amqpdriver.py:343
2025-11-06 00:39:50.905 120641 DEBUG oslo_messaging._drivers.amqpdriver [-] Listener is running poll /usr/lib/python3/dist-packages/oslo_messaging/_drivers/amqpdriver.py:343
2025-11-06 00:39:50.905 120642 DEBUG oslo_messaging._drivers.amqpdriver [-] AMQPListener connection consume poll /usr/lib/python3/dist-packages/oslo_messaging/_drivers/amqpdriver.py:357
2025-11-06 00:39:50.905 120641 DEBUG oslo_messaging._drivers.amqpdriver [-] AMQPListener connection consume poll /usr/lib/python3/dist-packages/oslo_messaging/_drivers/amqpdriver.py:357
2025-11-06 00:39:50.906 120643 DEBUG oslo_messaging._drivers.amqpdriver [-] AMQPListener connection timeout poll /usr/lib/python3/dist-packages/oslo_messaging/_drivers/amqpdriver.py:360
2025-11-06 00:39:50.906 120643 DEBUG oslo_messaging._drivers.amqpdriver [-] Listener is running poll /usr/lib/python3/dist-packages/oslo_messaging/_drivers/amqpdriver.py:343
2025-11-06 00:39:50.906 120643 DEBUG oslo_messaging._drivers.amqpdriver [-] AMQPListener connection consume poll /usr/lib/python3/dist-packages/oslo_messaging/_drivers/amqpdriver.py:357
2025-11-06 00:39:50.908 120640 DEBUG oslo_db.sqlalchemy.engines [req-5ebc259f-a6d0-4e3b-8ab2-738d336cf9c0 - - - - -] MySQL server mode set to STRICT_TRANS_TABLES,STRICT_ALL_TABLES,NO_ZERO_IN_DATE,NO_ZERO_DATE,ERROR_FOR_DIVISION_BY_ZERO,TRADITIONAL,NO_ENGINE_SUBSTITUTION _check_effective_sql_mode /usr/lib/python3/dist-packages/oslo_db/sqlalchemy/engines.py:314
2025-11-06 00:39:52.901 120640 DEBUG oslo_messaging._drivers.amqpdriver [-] AMQPListener connection timeout poll /usr/lib/python3/dist-packages/oslo_messaging/_drivers/amqpdriver.py:360
2025-11-06 00:39:52.901 120640 DEBUG oslo_messaging._drivers.amqpdriver [-] Listener is running poll /usr/lib/python3/dist-packages/oslo_messaging/_drivers/amqpdriver.py:343
2025-11-06 00:39:52.901 120640 DEBUG oslo_messaging._drivers.amqpdriver [-] AMQPListener connection consume poll /usr/lib/python3/dist-packages/oslo_messaging/_drivers/amqpdriver.py:357
2025-11-06 00:39:52.906 120642 DEBUG oslo_messaging._drivers.amqpdriver [-] AMQPListener connection timeout poll /usr/lib/python3/dist-packages/oslo_messaging/_drivers/amqpdriver.py:360
2025-11-06 00:39:52.906 120642 DEBUG oslo_messaging._drivers.amqpdriver [-] Listener is running poll /usr/lib/python3/dist-packages/oslo_messaging/_drivers/amqpdriver.py:343
2025-11-06 00:39:52.906 120642 DEBUG oslo_messaging._drivers.amqpdriver [-] AMQPListener connection consume poll /usr/lib/python3/dist-packages/oslo_messaging/_drivers/amqpdriver.py:357
2025-11-06 00:39:52.908 120641 DEBUG oslo_messaging._drivers.amqpdriver [-] AMQPListener connection timeout poll /usr/lib/python3/dist-packages/oslo_messaging/_drivers/amqpdriver.py:360
2025-11-06 00:39:52.908 120641 DEBUG oslo_messaging._drivers.amqpdriver [-] Listener is running poll /usr/lib/python3/dist-packages/oslo_messaging/_drivers/amqpdriver.py:343
2025-11-06 00:39:52.909 120641 DEBUG oslo_messaging._drivers.amqpdriver [-] AMQPListener connection consume poll /usr/lib/python3/dist-packages/oslo_messaging/_drivers/amqpdriver.py:357
2025-11-06 00:39:52.909 120643 DEBUG oslo_messaging._drivers.amqpdriver [-] AMQPListener connection timeout poll /usr/lib/python3/dist-packages/oslo_messaging/_drivers/amqpdriver.py:360
2025-11-06 00:39:52.909 120643 DEBUG oslo_messaging._drivers.amqpdriver [-] Listener is running poll /usr/lib/python3/dist-packages/oslo_messaging/_drivers/amqpdriver.py:343
2025-11-06 00:39:52.909 120643 DEBUG oslo_messaging._drivers.amqpdriver [-] AMQPListener connection consume poll /usr/lib/python3/dist-packages/oslo_messaging/_drivers/amqpdriver.py:357
2025-11-06 00:39:56.905 120640 DEBUG oslo_messaging._drivers.amqpdriver [-] AMQPListener connection timeout poll /usr/lib/python3/dist-packages/oslo_messaging/_drivers/amqpdriver.py:360
2025-11-06 00:39:56.905 120640 DEBUG oslo_messaging._drivers.amqpdriver [-] Listener is running poll /usr/lib/python3/dist-packages/oslo_messaging/_drivers/amqpdriver.py:343
2025-11-06 00:39:56.905 120640 DEBUG oslo_messaging._drivers.amqpdriver [-] AMQPListener connection consume poll /usr/lib/python3/dist-packages/oslo_messaging/_drivers/amqpdriver.py:357
2025-11-06 00:39:56.909 120642 DEBUG oslo_messaging._drivers.amqpdriver [-] AMQPListener connection timeout poll /usr/lib/python3/dist-packages/oslo_messaging/_drivers/amqpdriver.py:360
2025-11-06 00:39:56.910 120642 DEBUG oslo_messaging._drivers.amqpdriver [-] Listener is running poll /usr/lib/python3/dist-packages/oslo_messaging/_drivers/amqpdriver.py:343
2025-11-06 00:39:56.910 120642 DEBUG oslo_messaging._drivers.amqpdriver [-] AMQPListener connection consume poll /usr/lib/python3/dist-packages/oslo_messaging/_drivers/amqpdriver.py:357
2025-11-06 00:39:56.910 120641 DEBUG oslo_messaging._drivers.amqpdriver [-] AMQPListener connection timeout poll /usr/lib/python3/dist-packages/oslo_messaging/_drivers/amqpdriver.py:360
2025-11-06 00:39:56.910 120641 DEBUG oslo_messaging._drivers.amqpdriver [-] Listener is running poll /usr/lib/python3/dist-packages/oslo_messaging/_drivers/amqpdriver.py:343
2025-11-06 00:39:56.910 120641 DEBUG oslo_messaging._drivers.amqpdriver [-] AMQPListener connection consume poll /usr/lib/python3/dist-packages/oslo_messaging/_drivers/amqpdriver.py:357
2025-11-06 00:39:56.910 120643 DEBUG oslo_messaging._drivers.amqpdriver [-] AMQPListener connection timeout poll /usr/lib/python3/dist-packages/oslo_messaging/_drivers/amqpdriver.py:360
2025-11-06 00:39:56.911 120643 DEBUG oslo_messaging._drivers.amqpdriver [-] Listener is running poll /usr/lib/python3/dist-packages/oslo_messaging/_drivers/amqpdriver.py:343
2025-11-06 00:39:56.911 120643 DEBUG oslo_messaging._drivers.amqpdriver [-] AMQPListener connection consume poll /usr/lib/python3/dist-packages/oslo_messaging/_drivers/amqpdriver.py:357
2025-11-06 00:40:00.904 120642 DEBUG oslo_service.periodic_task [req-d82b9175-cced-415e-a5bc-9a51da7d797e - - - - -] Running periodic task SchedulerManager._discover_hosts_in_cells run_periodic_tasks /usr/lib/python3/dist-packages/oslo_service/periodic_task.py:210
2025-11-06 00:40:00.905 120642 DEBUG oslo_db.sqlalchemy.engines [req-d82b9175-cced-415e-a5bc-9a51da7d797e - - - - -] Parent process 119341 forked (120642) with an open database connection, which is being discarded and recreated. checkout /usr/lib/python3/dist-packages/oslo_db/sqlalchemy/engines.py:413
2025-11-06 00:40:00.915 120642 DEBUG oslo_concurrency.lockutils [req-d82b9175-cced-415e-a5bc-9a51da7d797e - - - - -] Lock "037da9de-afb6-45e9-abaa-909cfd62d6ef" acquired by "nova.context.set_target_cell..get_or_set_cached_cell_and_set_connections" :: waited 0.000s inner /usr/lib/python3/dist-packages/oslo_concurrency/lockutils.py:386
2025-11-06 00:40:00.917 120642 DEBUG oslo_concurrency.lockutils [req-d82b9175-cced-415e-a5bc-9a51da7d797e - - - - -] Lock "037da9de-afb6-45e9-abaa-909cfd62d6ef" "released" by "nova.context.set_target_cell..get_or_set_cached_cell_and_set_connections" :: held 0.002s inner /usr/lib/python3/dist-packages/oslo_concurrency/lockutils.py:400
2025-11-06 00:40:00.923 120642 DEBUG oslo_db.sqlalchemy.engines [req-d82b9175-cced-415e-a5bc-9a51da7d797e - - - - -] MySQL server mode set to STRICT_TRANS_TABLES,STRICT_ALL_TABLES,NO_ZERO_IN_DATE,NO_ZERO_DATE,ERROR_FOR_DIVISION_BY_ZERO,TRADITIONAL,NO_ENGINE_SUBSTITUTION _check_effective_sql_mode /usr/lib/python3/dist-packages/oslo_db/sqlalchemy/engines.py:314
2025-11-06 00:40:04.906 120640 DEBUG oslo_messaging._drivers.amqpdriver [-] AMQPListener connection timeout poll /usr/lib/python3/dist-packages/oslo_messaging/_drivers/amqpdriver.py:360
2025-11-06 00:40:04.906 120640 DEBUG oslo_messaging._drivers.amqpdriver [-] Listener is running poll /usr/lib/python3/dist-packages/oslo_messaging/_drivers/amqpdriver.py:343
2025-11-06 00:40:04.906 120640 DEBUG oslo_messaging._drivers.amqpdriver [-] AMQPListener connection consume poll /usr/lib/python3/dist-packages/oslo_messaging/_drivers/amqpdriver.py:357
2025-11-06 00:40:04.911 120642 DEBUG oslo_messaging._drivers.amqpdriver [-] AMQPListener connection timeout poll /usr/lib/python3/dist-packages/oslo_messaging/_drivers/amqpdriver.py:360
2025-11-06 00:40:04.911 120642 DEBUG oslo_messaging._drivers.amqpdriver [-] Listener is running poll /usr/lib/python3/dist-packages/oslo_messaging/_drivers/amqpdriver.py:343
2025-11-06 00:40:04.911 120641 DEBUG oslo_messaging._drivers.amqpdriver [-] AMQPListener connection timeout poll /usr/lib/python3/dist-packages/oslo_messaging/_drivers/amqpdriver.py:360
2025-11-06 00:40:04.911 120642 DEBUG oslo_messaging._drivers.amqpdriver [-] AMQPListener connection consume poll /usr/lib/python3/dist-packages/oslo_messaging/_drivers/amqpdriver.py:357
2025-11-06 00:40:04.911 120641 DEBUG oslo_messaging._drivers.amqpdriver [-] Listener is running poll /usr/lib/python3/dist-packages/oslo_messaging/_drivers/amqpdriver.py:343
2025-11-06 00:40:04.912 120641 DEBUG oslo_messaging._drivers.amqpdriver [-] AMQPListener connection consume poll /usr/lib/python3/dist-packages/oslo_messaging/_drivers/amqpdriver.py:357
2025-11-06 00:40:04.913 120643 DEBUG oslo_messaging._drivers.amqpdriver [-] AMQPListener connection timeout poll /usr/lib/python3/dist-packages/oslo_messaging/_drivers/amqpdriver.py:360
2025-11-06 00:40:04.913 120643 DEBUG oslo_messaging._drivers.amqpdriver [-] Listener is running poll /usr/lib/python3/dist-packages/oslo_messaging/_drivers/amqpdriver.py:343
2025-11-06 00:40:04.914 120643 DEBUG oslo_messaging._drivers.amqpdriver [-] AMQPListener connection consume poll /usr/lib/python3/dist-packages/oslo_messaging/_drivers/amqpdriver.py:357
2025-11-06 00:40:11.909 120641 DEBUG oslo_service.periodic_task [req-cac68a57-2209-468d-9d45-f86654552f90 - - - - -] Running periodic task SchedulerManager._discover_hosts_in_cells run_periodic_tasks /usr/lib/python3/dist-packages/oslo_service/periodic_task.py:210
2025-11-06 00:40:11.910 120641 DEBUG oslo_db.sqlalchemy.engines [req-cac68a57-2209-468d-9d45-f86654552f90 - - - - -] Parent process 119341 forked (120641) with an open database connection, which is being discarded and recreated. checkout /usr/lib/python3/dist-packages/oslo_db/sqlalchemy/engines.py:413
2025-11-06 00:40:11.917 120641 DEBUG oslo_concurrency.lockutils [req-cac68a57-2209-468d-9d45-f86654552f90 - - - - -] Lock "037da9de-afb6-45e9-abaa-909cfd62d6ef" acquired by "nova.context.set_target_cell..get_or_set_cached_cell_and_set_connections" :: waited 0.000s inner /usr/lib/python3/dist-packages/oslo_concurrency/lockutils.py:386
2025-11-06 00:40:11.919 120641 DEBUG oslo_concurrency.lockutils [req-cac68a57-2209-468d-9d45-f86654552f90 - - - - -] Lock "037da9de-afb6-45e9-abaa-909cfd62d6ef" "released" by "nova.context.set_target_cell..get_or_set_cached_cell_and_set_connections" :: held 0.002s inner /usr/lib/python3/dist-packages/oslo_concurrency/lockutils.py:400
2025-11-06 00:40:11.925 120641 DEBUG oslo_db.sqlalchemy.engines [req-cac68a57-2209-468d-9d45-f86654552f90 - - - - -] MySQL server mode set to STRICT_TRANS_TABLES,STRICT_ALL_TABLES,NO_ZERO_IN_DATE,NO_ZERO_DATE,ERROR_FOR_DIVISION_BY_ZERO,TRADITIONAL,NO_ENGINE_SUBSTITUTION _check_effective_sql_mode /usr/lib/python3/dist-packages/oslo_db/sqlalchemy/engines.py:314
2025-11-06 00:40:20.921 120640 DEBUG oslo_service.periodic_task [req-5ebc259f-a6d0-4e3b-8ab2-738d336cf9c0 - - - - -] Running periodic task SchedulerManager._discover_hosts_in_cells run_periodic_tasks /usr/lib/python3/dist-packages/oslo_service/periodic_task.py:210
2025-11-06 00:40:20.925 120640 DEBUG oslo_concurrency.lockutils [req-83248bd8-7446-4c4f-8c7a-51fe6efa432e - - - - -] Lock "037da9de-afb6-45e9-abaa-909cfd62d6ef" acquired by "nova.context.set_target_cell..get_or_set_cached_cell_and_set_connections" :: waited 0.000s inner /usr/lib/python3/dist-packages/oslo_concurrency/lockutils.py:386
2025-11-06 00:40:20.926 120640 DEBUG oslo_concurrency.lockutils [req-83248bd8-7446-4c4f-8c7a-51fe6efa432e - - - - -] Lock "037da9de-afb6-45e9-abaa-909cfd62d6ef" "released" by "nova.context.set_target_cell..get_or_set_cached_cell_and_set_connections" :: held 0.001s inner /usr/lib/python3/dist-packages/oslo_concurrency/lockutils.py:400
2025-11-06 00:40:28.902 120643 DEBUG oslo_service.periodic_task [req-ec4746ac-2353-40be-bd0e-1a14e7439305 - - - - -] Running periodic task SchedulerManager._discover_hosts_in_cells run_periodic_tasks /usr/lib/python3/dist-packages/oslo_service/periodic_task.py:210
2025-11-06 00:40:28.903 120643 DEBUG oslo_db.sqlalchemy.engines [req-ec4746ac-2353-40be-bd0e-1a14e7439305 - - - - -] Parent process 119341 forked (120643) with an open database connection, which is being discarded and recreated. checkout /usr/lib/python3/dist-packages/oslo_db/sqlalchemy/engines.py:413
2025-11-06 00:40:28.910 120643 DEBUG oslo_concurrency.lockutils [req-ec4746ac-2353-40be-bd0e-1a14e7439305 - - - - -] Lock "037da9de-afb6-45e9-abaa-909cfd62d6ef" acquired by "nova.context.set_target_cell..get_or_set_cached_cell_and_set_connections" :: waited 0.000s inner /usr/lib/python3/dist-packages/oslo_concurrency/lockutils.py:386
2025-11-06 00:40:28.912 120643 DEBUG oslo_concurrency.lockutils [req-ec4746ac-2353-40be-bd0e-1a14e7439305 - - - - -] Lock "037da9de-afb6-45e9-abaa-909cfd62d6ef" "released" by "nova.context.set_target_cell..get_or_set_cached_cell_and_set_connections" :: held 0.002s inner /usr/lib/python3/dist-packages/oslo_concurrency/lockutils.py:400
2025-11-06 00:40:28.918 120643 DEBUG oslo_db.sqlalchemy.engines [req-ec4746ac-2353-40be-bd0e-1a14e7439305 - - - - -] MySQL server mode set to STRICT_TRANS_TABLES,STRICT_ALL_TABLES,NO_ZERO_IN_DATE,NO_ZERO_DATE,ERROR_FOR_DIVISION_BY_ZERO,TRADITIONAL,NO_ENGINE_SUBSTITUTION _check_effective_sql_mode /usr/lib/python3/dist-packages/oslo_db/sqlalchemy/engines.py:314
2025-11-06 00:40:30.944 120642 DEBUG oslo_service.periodic_task [req-d82b9175-cced-415e-a5bc-9a51da7d797e - - - - -] Running periodic task SchedulerManager._discover_hosts_in_cells run_periodic_tasks /usr/lib/python3/dist-packages/oslo_service/periodic_task.py:210
2025-11-06 00:40:30.949 120642 DEBUG oslo_concurrency.lockutils [req-36ef49e8-6b48-4a76-81f4-d482f7cc23dd - - - - -] Lock "037da9de-afb6-45e9-abaa-909cfd62d6ef" acquired by "nova.context.set_target_cell..get_or_set_cached_cell_and_set_connections" :: waited 0.000s inner /usr/lib/python3/dist-packages/oslo_concurrency/lockutils.py:386
2025-11-06 00:40:30.949 120642 DEBUG oslo_concurrency.lockutils [req-36ef49e8-6b48-4a76-81f4-d482f7cc23dd - - - - -] Lock "037da9de-afb6-45e9-abaa-909cfd62d6ef" "released" by "nova.context.set_target_cell..get_or_set_cached_cell_and_set_connections" :: held 0.000s inner /usr/lib/python3/dist-packages/oslo_concurrency/lockutils.py:400
2025-11-06 00:40:34.881 120640 DEBUG oslo_messaging._drivers.amqpdriver [-] AMQPListener connection timeout poll /usr/lib/python3/dist-packages/oslo_messaging/_drivers/amqpdriver.py:360
2025-11-06 00:40:34.881 120640 DEBUG oslo_messaging._drivers.amqpdriver [-] Listener is running poll /usr/lib/python3/dist-packages/oslo_messaging/_drivers/amqpdriver.py:343
2025-11-06 00:40:34.881 120640 DEBUG oslo_messaging._drivers.amqpdriver [-] AMQPListener connection consume poll /usr/lib/python3/dist-packages/oslo_messaging/_drivers/amqpdriver.py:357
2025-11-06 00:40:34.886 120642 DEBUG oslo_messaging._drivers.amqpdriver [-] AMQPListener connection timeout poll /usr/lib/python3/dist-packages/oslo_messaging/_drivers/amqpdriver.py:360
2025-11-06 00:40:34.886 120642 DEBUG oslo_messaging._drivers.amqpdriver [-] Listener is running poll /usr/lib/python3/dist-packages/oslo_messaging/_drivers/amqpdriver.py:343
2025-11-06 00:40:34.887 120642 DEBUG oslo_messaging._drivers.amqpdriver [-] AMQPListener connection consume poll /usr/lib/python3/dist-packages/oslo_messaging/_drivers/amqpdriver.py:357
2025-11-06 00:40:34.893 120643 DEBUG oslo_messaging._drivers.amqpdriver [-] AMQPListener connection timeout poll /usr/lib/python3/dist-packages/oslo_messaging/_drivers/amqpdriver.py:360
2025-11-06 00:40:34.893 120641 DEBUG oslo_messaging._drivers.amqpdriver [-] AMQPListener connection timeout poll /usr/lib/python3/dist-packages/oslo_messaging/_drivers/amqpdriver.py:360
2025-11-06 00:40:34.893 120643 DEBUG oslo_messaging._drivers.amqpdriver [-] Listener is running poll /usr/lib/python3/dist-packages/oslo_messaging/_drivers/amqpdriver.py:343
2025-11-06 00:40:34.893 120641 DEBUG oslo_messaging._drivers.amqpdriver [-] Listener is running poll /usr/lib/python3/dist-packages/oslo_messaging/_drivers/amqpdriver.py:343
2025-11-06 00:40:34.893 120643 DEBUG oslo_messaging._drivers.amqpdriver [-] AMQPListener connection consume poll /usr/lib/python3/dist-packages/oslo_messaging/_drivers/amqpdriver.py:357
2025-11-06 00:40:34.893 120641 DEBUG oslo_messaging._drivers.amqpdriver [-] AMQPListener connection consume poll /usr/lib/python3/dist-packages/oslo_messaging/_drivers/amqpdriver.py:357
2025-11-06 00:40:41.945 120641 DEBUG oslo_service.periodic_task [req-cac68a57-2209-468d-9d45-f86654552f90 - - - - -] Running periodic task SchedulerManager._discover_hosts_in_cells run_periodic_tasks /usr/lib/python3/dist-packages/oslo_service/periodic_task.py:210
2025-11-06 00:40:41.950 120641 DEBUG oslo_concurrency.lockutils [req-d49bfc69-39a6-4f41-bf5b-78721d075eaf - - - - -] Lock "037da9de-afb6-45e9-abaa-909cfd62d6ef" acquired by "nova.context.set_target_cell..get_or_set_cached_cell_and_set_connections" :: waited 0.000s inner /usr/lib/python3/dist-packages/oslo_concurrency/lockutils.py:386
2025-11-06 00:40:41.950 120641 DEBUG oslo_concurrency.lockutils [req-d49bfc69-39a6-4f41-bf5b-78721d075eaf - - - - -] Lock "037da9de-afb6-45e9-abaa-909cfd62d6ef" "released" by "nova.context.set_target_cell..get_or_set_cached_cell_and_set_connections" :: held 0.000s inner /usr/lib/python3/dist-packages/oslo_concurrency/lockutils.py:400
2025-11-06 00:40:50.932 120640 DEBUG oslo_service.periodic_task [req-83248bd8-7446-4c4f-8c7a-51fe6efa432e - - - - -] Running periodic task SchedulerManager._discover_hosts_in_cells run_periodic_tasks /usr/lib/python3/dist-packages/oslo_service/periodic_task.py:210
2025-11-06 00:40:50.936 120640 DEBUG oslo_concurrency.lockutils [req-f577ec85-c673-4a18-91ce-77e8e09a3f23 - - - - -] Lock "037da9de-afb6-45e9-abaa-909cfd62d6ef" acquired by "nova.context.set_target_cell..get_or_set_cached_cell_and_set_connections" :: waited 0.000s inner /usr/lib/python3/dist-packages/oslo_concurrency/lockutils.py:386
2025-11-06 00:40:50.937 120640 DEBUG oslo_concurrency.lockutils [req-f577ec85-c673-4a18-91ce-77e8e09a3f23 - - - - -] Lock "037da9de-afb6-45e9-abaa-909cfd62d6ef" "released" by "nova.context.set_target_cell..get_or_set_cached_cell_and_set_connections" :: held 0.000s inner /usr/lib/python3/dist-packages/oslo_concurrency/lockutils.py:400
2025-11-06 00:40:58.934 120643 DEBUG oslo_service.periodic_task [req-ec4746ac-2353-40be-bd0e-1a14e7439305 - - - - -] Running periodic task SchedulerManager._discover_hosts_in_cells run_periodic_tasks /usr/lib/python3/dist-packages/oslo_service/periodic_task.py:210
2025-11-06 00:40:58.938 120643 DEBUG oslo_concurrency.lockutils [req-d503394d-0add-4cd9-a309-9ed6461d6e4e - - - - -] Lock "037da9de-afb6-45e9-abaa-909cfd62d6ef" acquired by "nova.context.set_target_cell..get_or_set_cached_cell_and_set_connections" :: waited 0.000s inner /usr/lib/python3/dist-packages/oslo_concurrency/lockutils.py:386
2025-11-06 00:40:58.939 120643 DEBUG oslo_concurrency.lockutils [req-d503394d-0add-4cd9-a309-9ed6461d6e4e - - - - -] Lock "037da9de-afb6-45e9-abaa-909cfd62d6ef" "released" by "nova.context.set_target_cell..get_or_set_cached_cell_and_set_connections" :: held 0.000s inner /usr/lib/python3/dist-packages/oslo_concurrency/lockutils.py:400
2025-11-06 00:40:58.990 119341 INFO oslo_service.service [req-b698c848-ac8f-4f90-889c-0d91bccbabbe - - - - -] Caught SIGTERM, stopping children
2025-11-06 00:40:58.990 119341 DEBUG oslo_concurrency.lockutils [req-b698c848-ac8f-4f90-889c-0d91bccbabbe - - - - -] Acquired lock "singleton_lock" lock /usr/lib/python3/dist-packages/oslo_concurrency/lockutils.py:294
2025-11-06 00:40:58.991 119341 DEBUG oslo_concurrency.lockutils [req-b698c848-ac8f-4f90-889c-0d91bccbabbe - - - - -] Releasing lock "singleton_lock" lock /usr/lib/python3/dist-packages/oslo_concurrency/lockutils.py:312
2025-11-06 00:40:58.991 119341 DEBUG oslo_service.service [req-b698c848-ac8f-4f90-889c-0d91bccbabbe - - - - -] Stop services. stop /usr/lib/python3/dist-packages/oslo_service/service.py:695
2025-11-06 00:40:58.991 119341 DEBUG oslo_service.service [req-b698c848-ac8f-4f90-889c-0d91bccbabbe - - - - -] Killing children. stop /usr/lib/python3/dist-packages/oslo_service/service.py:700
2025-11-06 00:40:58.992 119341 INFO oslo_service.service [req-b698c848-ac8f-4f90-889c-0d91bccbabbe - - - - -] Waiting on 4 children to exit
2025-11-06 00:40:58.997 119341 INFO oslo_service.service [req-b698c848-ac8f-4f90-889c-0d91bccbabbe - - - - -] Child 120643 killed by signal 15
2025-11-06 00:40:58.998 119341 INFO oslo_service.service [req-b698c848-ac8f-4f90-889c-0d91bccbabbe - - - - -] Child 120642 killed by signal 15
2025-11-06 00:40:58.998 119341 INFO oslo_service.service [req-b698c848-ac8f-4f90-889c-0d91bccbabbe - - - - -] Child 120641 killed by signal 15
2025-11-06 00:40:59.004 119341 INFO oslo_service.service [req-b698c848-ac8f-4f90-889c-0d91bccbabbe - - - - -] Child 120640 killed by signal 15
2025-11-06 00:41:01.276 124751 DEBUG oslo_db.sqlalchemy.engines [req-cef77eee-2145-48a8-bd9a-3c066cd1d9fe - - - - -] MySQL server mode set to STRICT_TRANS_TABLES,STRICT_ALL_TABLES,NO_ZERO_IN_DATE,NO_ZERO_DATE,ERROR_FOR_DIVISION_BY_ZERO,TRADITIONAL,NO_ENGINE_SUBSTITUTION _check_effective_sql_mode /usr/lib/python3/dist-packages/oslo_db/sqlalchemy/engines.py:314
2025-11-06 00:41:01.313 124751 DEBUG nova.scheduler.host_manager [req-cef77eee-2145-48a8-bd9a-3c066cd1d9fe - - - - -] Found 1 cells: 037da9de-afb6-45e9-abaa-909cfd62d6ef refresh_cells_caches /usr/lib/python3/dist-packages/nova/scheduler/host_manager.py:730
2025-11-06 00:41:01.314 124751 DEBUG nova.scheduler.host_manager [req-cef77eee-2145-48a8-bd9a-3c066cd1d9fe - - - - -] Found 0 disabled cells: refresh_cells_caches /usr/lib/python3/dist-packages/nova/scheduler/host_manager.py:742
2025-11-06 00:41:01.319 124751 WARNING nova.scheduler.filters.availability_zone_filter [req-cef77eee-2145-48a8-bd9a-3c066cd1d9fe - - - - -] The 'AvailabilityZoneFilter' is deprecated since the 24.0.0 (Xena) release. Since the 18.0.0 (Rocky) release, nova has supported mapping AZs to placement aggregates. The feature is enabled by the 'query_placement_for_availability_zone' config option and is now enabled by default. As such, the 'AvailabilityZoneFilter' is no longer required. Nova is currently configured to use both placement and the AvailabilityZoneFilter for AZ enforcement.
2025-11-06 00:41:01.409 124751 DEBUG nova.scheduler.host_manager [req-cef77eee-2145-48a8-bd9a-3c066cd1d9fe - - - - -] START:_async_init_instance_info _async_init_instance_info /usr/lib/python3/dist-packages/nova/scheduler/host_manager.py:411
2025-11-06 00:41:01.412 124751 DEBUG oslo_concurrency.lockutils [req-25118780-43bf-401a-9ef6-7140f7dfe038 - - - - -] Lock "037da9de-afb6-45e9-abaa-909cfd62d6ef" acquired by "nova.context.set_target_cell..get_or_set_cached_cell_and_set_connections" :: waited 0.000s inner /usr/lib/python3/dist-packages/oslo_concurrency/lockutils.py:386
2025-11-06 00:41:01.414 124751 DEBUG oslo_concurrency.lockutils [req-25118780-43bf-401a-9ef6-7140f7dfe038 - - - - -] Lock "037da9de-afb6-45e9-abaa-909cfd62d6ef" "released" by "nova.context.set_target_cell..get_or_set_cached_cell_and_set_connections" :: held 0.002s inner /usr/lib/python3/dist-packages/oslo_concurrency/lockutils.py:400
2025-11-06 00:41:01.419 124751 DEBUG oslo_db.sqlalchemy.engines [req-25118780-43bf-401a-9ef6-7140f7dfe038 - - - - -] MySQL server mode set to STRICT_TRANS_TABLES,STRICT_ALL_TABLES,NO_ZERO_IN_DATE,NO_ZERO_DATE,ERROR_FOR_DIVISION_BY_ZERO,TRADITIONAL,NO_ENGINE_SUBSTITUTION _check_effective_sql_mode /usr/lib/python3/dist-packages/oslo_db/sqlalchemy/engines.py:314
2025-11-06 00:41:01.431 124751 DEBUG nova.scheduler.host_manager [req-25118780-43bf-401a-9ef6-7140f7dfe038 - - - - -] Total number of compute nodes: 0 _async_init_instance_info /usr/lib/python3/dist-packages/nova/scheduler/host_manager.py:424
2025-11-06 00:41:01.432 124751 DEBUG oslo_concurrency.lockutils [req-25118780-43bf-401a-9ef6-7140f7dfe038 - - - - -] Lock "037da9de-afb6-45e9-abaa-909cfd62d6ef" acquired by "nova.context.set_target_cell..get_or_set_cached_cell_and_set_connections" :: waited 0.000s inner /usr/lib/python3/dist-packages/oslo_concurrency/lockutils.py:386
2025-11-06 00:41:01.432 124751 DEBUG oslo_concurrency.lockutils [req-25118780-43bf-401a-9ef6-7140f7dfe038 - - - - -] Lock "037da9de-afb6-45e9-abaa-909cfd62d6ef" "released" by "nova.context.set_target_cell..get_or_set_cached_cell_and_set_connections" :: held 0.000s inner /usr/lib/python3/dist-packages/oslo_concurrency/lockutils.py:400
2025-11-06 00:41:01.489 124751 DEBUG nova.scheduler.host_manager [req-25118780-43bf-401a-9ef6-7140f7dfe038 - - - - -] Adding 0 instances for hosts 10-20 _async_init_instance_info /usr/lib/python3/dist-packages/nova/scheduler/host_manager.py:443
2025-11-06 00:41:01.490 124751 DEBUG nova.scheduler.host_manager [req-25118780-43bf-401a-9ef6-7140f7dfe038 - - - - -] END:_async_init_instance_info _async_init_instance_info /usr/lib/python3/dist-packages/nova/scheduler/host_manager.py:454
2025-11-06 00:41:03.329 124751 DEBUG nova.context [req-cef77eee-2145-48a8-bd9a-3c066cd1d9fe - - - - -] Found 2 cells: 00000000-0000-0000-0000-000000000000(cell0),037da9de-afb6-45e9-abaa-909cfd62d6ef(cell1) load_cells /usr/lib/python3/dist-packages/nova/context.py:464
2025-11-06 00:41:03.330 124751 DEBUG oslo_concurrency.lockutils [req-e0946f8a-c850-455d-bcc7-dcff85fb7adb - - - - -] Lock "00000000-0000-0000-0000-000000000000" acquired by "nova.context.set_target_cell..get_or_set_cached_cell_and_set_connections" :: waited 0.000s inner /usr/lib/python3/dist-packages/oslo_concurrency/lockutils.py:386
2025-11-06 00:41:03.331 124751 DEBUG oslo_concurrency.lockutils [req-e0946f8a-c850-455d-bcc7-dcff85fb7adb - - - - -] Lock "00000000-0000-0000-0000-000000000000" "released" by "nova.context.set_target_cell..get_or_set_cached_cell_and_set_connections" :: held 0.001s inner /usr/lib/python3/dist-packages/oslo_concurrency/lockutils.py:400
2025-11-06 00:41:03.332 124751 DEBUG oslo_concurrency.lockutils [req-e0946f8a-c850-455d-bcc7-dcff85fb7adb - - - - -] Lock "037da9de-afb6-45e9-abaa-909cfd62d6ef" acquired by "nova.context.set_target_cell..get_or_set_cached_cell_and_set_connections" :: waited 0.000s inner /usr/lib/python3/dist-packages/oslo_concurrency/lockutils.py:386
2025-11-06 00:41:03.332 124751 DEBUG oslo_concurrency.lockutils [req-e0946f8a-c850-455d-bcc7-dcff85fb7adb - - - - -] Lock "037da9de-afb6-45e9-abaa-909cfd62d6ef" "released" by "nova.context.set_target_cell..get_or_set_cached_cell_and_set_connections" :: held 0.000s inner /usr/lib/python3/dist-packages/oslo_concurrency/lockutils.py:400
2025-11-06 00:41:03.342 124751 DEBUG oslo_db.sqlalchemy.engines [req-e0946f8a-c850-455d-bcc7-dcff85fb7adb - - - - -] MySQL server mode set to STRICT_TRANS_TABLES,STRICT_ALL_TABLES,NO_ZERO_IN_DATE,NO_ZERO_DATE,ERROR_FOR_DIVISION_BY_ZERO,TRADITIONAL,NO_ENGINE_SUBSTITUTION _check_effective_sql_mode /usr/lib/python3/dist-packages/oslo_db/sqlalchemy/engines.py:314
2025-11-06 00:41:03.351 124751 DEBUG oslo_concurrency.lockutils [req-e0946f8a-c850-455d-bcc7-dcff85fb7adb - - - - -] Acquired lock "singleton_lock" lock /usr/lib/python3/dist-packages/oslo_concurrency/lockutils.py:294
2025-11-06 00:41:03.352 124751 DEBUG oslo_concurrency.lockutils [req-e0946f8a-c850-455d-bcc7-dcff85fb7adb - - - - -] Releasing lock "singleton_lock" lock /usr/lib/python3/dist-packages/oslo_concurrency/lockutils.py:312
2025-11-06 00:41:03.352 124751 INFO oslo_service.service [req-e0946f8a-c850-455d-bcc7-dcff85fb7adb - - - - -] Starting 4 workers
2025-11-06 00:41:03.356 124751 DEBUG oslo_service.service [req-e0946f8a-c850-455d-bcc7-dcff85fb7adb - - - - -] Started child 125058 _start_child /usr/lib/python3/dist-packages/oslo_service/service.py:575
2025-11-06 00:41:03.361 125058 INFO nova.service [-] Starting scheduler node (version 25.2.1)
2025-11-06 00:41:03.361 124751 DEBUG oslo_service.service [req-e0946f8a-c850-455d-bcc7-dcff85fb7adb - - - - -] Started child 125059 _start_child /usr/lib/python3/dist-packages/oslo_service/service.py:575
2025-11-06 00:41:03.366 124751 DEBUG oslo_service.service [req-e0946f8a-c850-455d-bcc7-dcff85fb7adb - - - - -] Started child 125060 _start_child /usr/lib/python3/dist-packages/oslo_service/service.py:575
2025-11-06 00:41:03.368 125059 INFO nova.service [-] Starting scheduler node (version 25.2.1)
2025-11-06 00:41:03.371 125060 INFO nova.service [-] Starting scheduler node (version 25.2.1)
2025-11-06 00:41:03.371 124751 DEBUG oslo_service.service [req-e0946f8a-c850-455d-bcc7-dcff85fb7adb - - - - -] Started child 125061 _start_child /usr/lib/python3/dist-packages/oslo_service/service.py:575
2025-11-06 00:41:03.373 124751 DEBUG oslo_service.service [req-e0946f8a-c850-455d-bcc7-dcff85fb7adb - - - - -] Full set of CONF: wait /usr/lib/python3/dist-packages/oslo_service/service.py:649
2025-11-06 00:41:03.374 124751 DEBUG oslo_service.service [req-e0946f8a-c850-455d-bcc7-dcff85fb7adb - - - - -] ******************************************************************************** log_opt_values /usr/lib/python3/dist-packages/oslo_config/cfg.py:2589
2025-11-06 00:41:03.374 124751 DEBUG oslo_service.service [req-e0946f8a-c850-455d-bcc7-dcff85fb7adb - - - - -] Configuration options gathered from: log_opt_values /usr/lib/python3/dist-packages/oslo_config/cfg.py:2590
2025-11-06 00:41:03.374 124751 DEBUG oslo_service.service [req-e0946f8a-c850-455d-bcc7-dcff85fb7adb - - - - -] command line args: ['--config-file=/etc/nova/nova.conf', '--log-file=/var/log/nova/nova-scheduler.log'] log_opt_values /usr/lib/python3/dist-packages/oslo_config/cfg.py:2591
2025-11-06 00:41:03.374 124751 DEBUG oslo_service.service [req-e0946f8a-c850-455d-bcc7-dcff85fb7adb - - - - -] config files: ['/etc/nova/nova.conf'] log_opt_values /usr/lib/python3/dist-packages/oslo_config/cfg.py:2592
2025-11-06 00:41:03.376 124751 DEBUG oslo_service.service [req-e0946f8a-c850-455d-bcc7-dcff85fb7adb - - - - -] ================================================================================ log_opt_values /usr/lib/python3/dist-packages/oslo_config/cfg.py:2594
2025-11-06 00:41:03.376 124751 DEBUG oslo_service.service [req-e0946f8a-c850-455d-bcc7-dcff85fb7adb - - - - -] allow_resize_to_same_host = False log_opt_values /usr/lib/python3/dist-packages/oslo_config/cfg.py:2602
2025-11-06 00:41:03.377 124751 DEBUG oslo_service.service [req-e0946f8a-c850-455d-bcc7-dcff85fb7adb - - - - -] arq_binding_timeout = 300 log_opt_values /usr/lib/python3/dist-packages/oslo_config/cfg.py:2602
2025-11-06 00:41:03.378 124751 DEBUG oslo_service.service [req-e0946f8a-c850-455d-bcc7-dcff85fb7adb - - - - -] block_device_allocate_retries = 60 log_opt_values /usr/lib/python3/dist-packages/oslo_config/cfg.py:2602
2025-11-06 00:41:03.378 124751 DEBUG oslo_service.service [req-e0946f8a-c850-455d-bcc7-dcff85fb7adb - - - - -] block_device_allocate_retries_interval = 3 log_opt_values /usr/lib/python3/dist-packages/oslo_config/cfg.py:2602
2025-11-06 00:41:03.377 125058 DEBUG oslo_db.sqlalchemy.engines [req-e0ac1fa4-56a0-476a-915c-cec650302dd2 - - - - -] MySQL server mode set to STRICT_TRANS_TABLES,STRICT_ALL_TABLES,NO_ZERO_IN_DATE,NO_ZERO_DATE,ERROR_FOR_DIVISION_BY_ZERO,TRADITIONAL,NO_ENGINE_SUBSTITUTION _check_effective_sql_mode /usr/lib/python3/dist-packages/oslo_db/sqlalchemy/engines.py:314
2025-11-06 00:41:03.378 124751 DEBUG oslo_service.service [req-e0946f8a-c850-455d-bcc7-dcff85fb7adb - - - - -] cert = self.pem log_opt_values /usr/lib/python3/dist-packages/oslo_config/cfg.py:2602
2025-11-06 00:41:03.379 124751 DEBUG oslo_service.service [req-e0946f8a-c850-455d-bcc7-dcff85fb7adb - - - - -] compute_driver = libvirt.LibvirtDriver log_opt_values /usr/lib/python3/dist-packages/oslo_config/cfg.py:2602
2025-11-06 00:41:03.379 124751 DEBUG oslo_service.service [req-e0946f8a-c850-455d-bcc7-dcff85fb7adb - - - - -] compute_monitors = [] log_opt_values /usr/lib/python3/dist-packages/oslo_config/cfg.py:2602
2025-11-06 00:41:03.379 124751 DEBUG oslo_service.service [req-e0946f8a-c850-455d-bcc7-dcff85fb7adb - - - - -] config_dir = [] log_opt_values /usr/lib/python3/dist-packages/oslo_config/cfg.py:2602
2025-11-06 00:41:03.380 124751 DEBUG oslo_service.service [req-e0946f8a-c850-455d-bcc7-dcff85fb7adb - - - - -] config_drive_format = iso9660 log_opt_values /usr/lib/python3/dist-packages/oslo_config/cfg.py:2602
2025-11-06 00:41:03.380 124751 DEBUG oslo_service.service [req-e0946f8a-c850-455d-bcc7-dcff85fb7adb - - - - -] config_file = ['/etc/nova/nova.conf'] log_opt_values /usr/lib/python3/dist-packages/oslo_config/cfg.py:2602
2025-11-06 00:41:03.381 124751 DEBUG oslo_service.service [req-e0946f8a-c850-455d-bcc7-dcff85fb7adb - - - - -] config_source = [] log_opt_values /usr/lib/python3/dist-packages/oslo_config/cfg.py:2602
2025-11-06 00:41:03.381 124751 DEBUG oslo_service.service [req-e0946f8a-c850-455d-bcc7-dcff85fb7adb - - - - -] console_host = juju-85bed8-0-lxd-7 log_opt_values /usr/lib/python3/dist-packages/oslo_config/cfg.py:2602
2025-11-06 00:41:03.382 124751 DEBUG oslo_service.service [req-e0946f8a-c850-455d-bcc7-dcff85fb7adb - - - - -] control_exchange = nova log_opt_values /usr/lib/python3/dist-packages/oslo_config/cfg.py:2602
2025-11-06 00:41:03.382 125061 INFO nova.service [-] Starting scheduler node (version 25.2.1)
2025-11-06 00:41:03.382 124751 DEBUG oslo_service.service [req-e0946f8a-c850-455d-bcc7-dcff85fb7adb - - - - -] cpu_allocation_ratio = 2.0 log_opt_values /usr/lib/python3/dist-packages/oslo_config/cfg.py:2602
2025-11-06 00:41:03.382 124751 DEBUG oslo_service.service [req-e0946f8a-c850-455d-bcc7-dcff85fb7adb - - - - -] daemon = False log_opt_values /usr/lib/python3/dist-packages/oslo_config/cfg.py:2602
2025-11-06 00:41:03.383 124751 DEBUG oslo_service.service [req-e0946f8a-c850-455d-bcc7-dcff85fb7adb - - - - -] debug = True log_opt_values /usr/lib/python3/dist-packages/oslo_config/cfg.py:2602
2025-11-06 00:41:03.383 124751 DEBUG oslo_service.service [req-e0946f8a-c850-455d-bcc7-dcff85fb7adb - - - - -] default_access_ip_network_name = None log_opt_values /usr/lib/python3/dist-packages/oslo_config/cfg.py:2602
2025-11-06 00:41:03.383 124751 DEBUG oslo_service.service [req-e0946f8a-c850-455d-bcc7-dcff85fb7adb - - - - -] default_availability_zone = nova log_opt_values /usr/lib/python3/dist-packages/oslo_config/cfg.py:2602
2025-11-06 00:41:03.383 124751 DEBUG oslo_service.service [req-e0946f8a-c850-455d-bcc7-dcff85fb7adb - - - - -] default_ephemeral_format = None log_opt_values /usr/lib/python3/dist-packages/oslo_config/cfg.py:2602
2025-11-06 00:41:03.383 124751 DEBUG oslo_service.service [req-e0946f8a-c850-455d-bcc7-dcff85fb7adb - - - - -] default_log_levels = ['amqp=WARN', 'amqplib=WARN', 'boto=WARN', 'qpid=WARN', 'sqlalchemy=WARN', 'suds=INFO', 'oslo.messaging=INFO', 'oslo_messaging=DEBUG', 'iso8601=WARN', 'requests.packages.urllib3.connectionpool=WARN', 'urllib3.connectionpool=WARN', 'websocket=WARN', 'requests.packages.urllib3.util.retry=WARN', 'urllib3.util.retry=WARN', 'keystonemiddleware=WARN', 'routes.middleware=WARN', 'stevedore=WARN', 'taskflow=WARN', 'keystoneauth=WARN', 'oslo.cache=INFO', 'dogpile.core.dogpile=INFO', 'glanceclient=WARN', 'oslo.privsep.daemon=INFO'] log_opt_values /usr/lib/python3/dist-packages/oslo_config/cfg.py:2602
2025-11-06 00:41:03.384 124751 DEBUG oslo_service.service [req-e0946f8a-c850-455d-bcc7-dcff85fb7adb - - - - -] default_schedule_zone = None log_opt_values /usr/lib/python3/dist-packages/oslo_config/cfg.py:2602
2025-11-06 00:41:03.384 124751 DEBUG oslo_service.service [req-e0946f8a-c850-455d-bcc7-dcff85fb7adb - - - - -] disk_allocation_ratio = 1.0 log_opt_values /usr/lib/python3/dist-packages/oslo_config/cfg.py:2602
2025-11-06 00:41:03.384 124751 DEBUG oslo_service.service [req-e0946f8a-c850-455d-bcc7-dcff85fb7adb - - - - -] enable_new_services = True log_opt_values /usr/lib/python3/dist-packages/oslo_config/cfg.py:2602
2025-11-06 00:41:03.385 124751 DEBUG oslo_service.service [req-e0946f8a-c850-455d-bcc7-dcff85fb7adb - - - - -] enabled_apis = ['osapi_compute', 'metadata'] log_opt_values /usr/lib/python3/dist-packages/oslo_config/cfg.py:2602
2025-11-06 00:41:03.384 125059 DEBUG oslo_db.sqlalchemy.engines [req-c0d9a881-1bef-4e39-a637-08d38de01732 - - - - -] MySQL server mode set to STRICT_TRANS_TABLES,STRICT_ALL_TABLES,NO_ZERO_IN_DATE,NO_ZERO_DATE,ERROR_FOR_DIVISION_BY_ZERO,TRADITIONAL,NO_ENGINE_SUBSTITUTION _check_effective_sql_mode /usr/lib/python3/dist-packages/oslo_db/sqlalchemy/engines.py:314
2025-11-06 00:41:03.385 124751 DEBUG oslo_service.service [req-e0946f8a-c850-455d-bcc7-dcff85fb7adb - - - - -] enabled_ssl_apis = [] log_opt_values /usr/lib/python3/dist-packages/oslo_config/cfg.py:2602
2025-11-06 00:41:03.385 124751 DEBUG oslo_service.service [req-e0946f8a-c850-455d-bcc7-dcff85fb7adb - - - - -] fatal_deprecations = False log_opt_values /usr/lib/python3/dist-packages/oslo_config/cfg.py:2602
2025-11-06 00:41:03.386 124751 DEBUG oslo_service.service [req-e0946f8a-c850-455d-bcc7-dcff85fb7adb - - - - -] flat_injected = False log_opt_values /usr/lib/python3/dist-packages/oslo_config/cfg.py:2602
2025-11-06 00:41:03.386 124751 DEBUG oslo_service.service [req-e0946f8a-c850-455d-bcc7-dcff85fb7adb - - - - -] force_config_drive = False log_opt_values /usr/lib/python3/dist-packages/oslo_config/cfg.py:2602
2025-11-06 00:41:03.387 124751 DEBUG oslo_service.service [req-e0946f8a-c850-455d-bcc7-dcff85fb7adb - - - - -] force_raw_images = True log_opt_values /usr/lib/python3/dist-packages/oslo_config/cfg.py:2602
2025-11-06 00:41:03.387 124751 DEBUG oslo_service.service [req-e0946f8a-c850-455d-bcc7-dcff85fb7adb - - - - -] graceful_shutdown_timeout = 60 log_opt_values /usr/lib/python3/dist-packages/oslo_config/cfg.py:2602
2025-11-06 00:41:03.387 124751 DEBUG oslo_service.service [req-e0946f8a-c850-455d-bcc7-dcff85fb7adb - - - - -] heal_instance_info_cache_interval = 60 log_opt_values /usr/lib/python3/dist-packages/oslo_config/cfg.py:2602
2025-11-06 00:41:03.387 124751 DEBUG oslo_service.service [req-e0946f8a-c850-455d-bcc7-dcff85fb7adb - - - - -] host = juju-85bed8-0-lxd-7 log_opt_values /usr/lib/python3/dist-packages/oslo_config/cfg.py:2602
2025-11-06 00:41:03.388 124751 DEBUG oslo_service.service [req-e0946f8a-c850-455d-bcc7-dcff85fb7adb - - - - -] initial_cpu_allocation_ratio = 16.0 log_opt_values /usr/lib/python3/dist-packages/oslo_config/cfg.py:2602
2025-11-06 00:41:03.389 124751 DEBUG oslo_service.service [req-e0946f8a-c850-455d-bcc7-dcff85fb7adb - - - - -] initial_disk_allocation_ratio = 1.0 log_opt_values /usr/lib/python3/dist-packages/oslo_config/cfg.py:2602
2025-11-06 00:41:03.389 124751 DEBUG oslo_service.service [req-e0946f8a-c850-455d-bcc7-dcff85fb7adb - - - - -] initial_ram_allocation_ratio = 1.5 log_opt_values /usr/lib/python3/dist-packages/oslo_config/cfg.py:2602
2025-11-06 00:41:03.390 124751 DEBUG oslo_service.service [req-e0946f8a-c850-455d-bcc7-dcff85fb7adb - - - - -] injected_network_template = /usr/lib/python3/dist-packages/nova/virt/interfaces.template log_opt_values /usr/lib/python3/dist-packages/oslo_config/cfg.py:2602
2025-11-06 00:41:03.390 124751 DEBUG oslo_service.service [req-e0946f8a-c850-455d-bcc7-dcff85fb7adb - - - - -] instance_build_timeout = 0 log_opt_values /usr/lib/python3/dist-packages/oslo_config/cfg.py:2602
2025-11-06 00:41:03.391 124751 DEBUG oslo_service.service [req-e0946f8a-c850-455d-bcc7-dcff85fb7adb - - - - -] instance_delete_interval = 300 log_opt_values /usr/lib/python3/dist-packages/oslo_config/cfg.py:2602
2025-11-06 00:41:03.391 124751 DEBUG oslo_service.service [req-e0946f8a-c850-455d-bcc7-dcff85fb7adb - - - - -] instance_format = [instance: %(uuid)s] log_opt_values /usr/lib/python3/dist-packages/oslo_config/cfg.py:2602
2025-11-06 00:41:03.391 124751 DEBUG oslo_service.service [req-e0946f8a-c850-455d-bcc7-dcff85fb7adb - - - - -] instance_name_template = instance-%08x log_opt_values /usr/lib/python3/dist-packages/oslo_config/cfg.py:2602
2025-11-06 00:41:03.392 124751 DEBUG oslo_service.service [req-e0946f8a-c850-455d-bcc7-dcff85fb7adb - - - - -] instance_usage_audit = False log_opt_values /usr/lib/python3/dist-packages/oslo_config/cfg.py:2602
2025-11-06 00:41:03.392 124751 DEBUG oslo_service.service [req-e0946f8a-c850-455d-bcc7-dcff85fb7adb - - - - -] instance_usage_audit_period = month log_opt_values /usr/lib/python3/dist-packages/oslo_config/cfg.py:2602
2025-11-06 00:41:03.392 124751 DEBUG oslo_service.service [req-e0946f8a-c850-455d-bcc7-dcff85fb7adb - - - - -] instance_uuid_format = [instance: %(uuid)s] log_opt_values /usr/lib/python3/dist-packages/oslo_config/cfg.py:2602
2025-11-06 00:41:03.392 124751 DEBUG oslo_service.service [req-e0946f8a-c850-455d-bcc7-dcff85fb7adb - - - - -] instances_path = /var/lib/nova/instances log_opt_values /usr/lib/python3/dist-packages/oslo_config/cfg.py:2602
2025-11-06 00:41:03.393 124751 DEBUG oslo_service.service [req-e0946f8a-c850-455d-bcc7-dcff85fb7adb - - - - -] internal_service_availability_zone = internal log_opt_values /usr/lib/python3/dist-packages/oslo_config/cfg.py:2602
2025-11-06 00:41:03.393 124751 DEBUG oslo_service.service [req-e0946f8a-c850-455d-bcc7-dcff85fb7adb - - - - -] key = None log_opt_values /usr/lib/python3/dist-packages/oslo_config/cfg.py:2602
2025-11-06 00:41:03.393 124751 DEBUG oslo_service.service [req-e0946f8a-c850-455d-bcc7-dcff85fb7adb - - - - -] live_migration_retry_count = 30 log_opt_values /usr/lib/python3/dist-packages/oslo_config/cfg.py:2602
2025-11-06 00:41:03.394 124751 DEBUG oslo_service.service [req-e0946f8a-c850-455d-bcc7-dcff85fb7adb - - - - -] log_config_append = None log_opt_values /usr/lib/python3/dist-packages/oslo_config/cfg.py:2602
2025-11-06 00:41:03.394 124751 DEBUG oslo_service.service [req-e0946f8a-c850-455d-bcc7-dcff85fb7adb - - - - -] log_date_format = %Y-%m-%d %H:%M:%S log_opt_values /usr/lib/python3/dist-packages/oslo_config/cfg.py:2602
2025-11-06 00:41:03.394 124751 DEBUG oslo_service.service [req-e0946f8a-c850-455d-bcc7-dcff85fb7adb - - - - -] log_dir = /var/log/nova log_opt_values /usr/lib/python3/dist-packages/oslo_config/cfg.py:2602
2025-11-06 00:41:03.395 124751 DEBUG oslo_service.service [req-e0946f8a-c850-455d-bcc7-dcff85fb7adb - - - - -] log_file = /var/log/nova/nova-scheduler.log log_opt_values /usr/lib/python3/dist-packages/oslo_config/cfg.py:2602
2025-11-06 00:41:03.395 124751 DEBUG oslo_service.service [req-e0946f8a-c850-455d-bcc7-dcff85fb7adb - - - - -] log_options = True log_opt_values /usr/lib/python3/dist-packages/oslo_config/cfg.py:2602
2025-11-06 00:41:03.395 124751 DEBUG oslo_service.service [req-e0946f8a-c850-455d-bcc7-dcff85fb7adb - - - - -] log_rotate_interval = 1 log_opt_values /usr/lib/python3/dist-packages/oslo_config/cfg.py:2602
2025-11-06 00:41:03.395 124751 DEBUG oslo_service.service [req-e0946f8a-c850-455d-bcc7-dcff85fb7adb - - - - -] log_rotate_interval_type = days log_opt_values /usr/lib/python3/dist-packages/oslo_config/cfg.py:2602
2025-11-06 00:41:03.396 124751 DEBUG oslo_service.service [req-e0946f8a-c850-455d-bcc7-dcff85fb7adb - - - - -] log_rotation_type = none log_opt_values /usr/lib/python3/dist-packages/oslo_config/cfg.py:2602
2025-11-06 00:41:03.396 124751 DEBUG oslo_service.service [req-e0946f8a-c850-455d-bcc7-dcff85fb7adb - - - - -] logging_context_format_string = %(asctime)s.%(msecs)03d %(process)d %(levelname)s %(name)s [%(request_id)s %(user_identity)s] %(instance)s%(message)s log_opt_values /usr/lib/python3/dist-packages/oslo_config/cfg.py:2602
2025-11-06 00:41:03.396 124751 DEBUG oslo_service.service [req-e0946f8a-c850-455d-bcc7-dcff85fb7adb - - - - -] logging_debug_format_suffix = %(funcName)s %(pathname)s:%(lineno)d log_opt_values /usr/lib/python3/dist-packages/oslo_config/cfg.py:2602
2025-11-06 00:41:03.397 124751 DEBUG oslo_service.service [req-e0946f8a-c850-455d-bcc7-dcff85fb7adb - - - - -] logging_default_format_string = %(asctime)s.%(msecs)03d %(process)d %(levelname)s %(name)s [-] %(instance)s%(message)s log_opt_values /usr/lib/python3/dist-packages/oslo_config/cfg.py:2602
2025-11-06 00:41:03.396 125061 DEBUG oslo_db.sqlalchemy.engines [req-9d61a1ec-7086-4b10-bc06-2934d5731eca - - - - -] MySQL server mode set to STRICT_TRANS_TABLES,STRICT_ALL_TABLES,NO_ZERO_IN_DATE,NO_ZERO_DATE,ERROR_FOR_DIVISION_BY_ZERO,TRADITIONAL,NO_ENGINE_SUBSTITUTION _check_effective_sql_mode /usr/lib/python3/dist-packages/oslo_db/sqlalchemy/engines.py:314
2025-11-06 00:41:03.397 124751 DEBUG oslo_service.service [req-e0946f8a-c850-455d-bcc7-dcff85fb7adb - - - - -] logging_exception_prefix = %(asctime)s.%(msecs)03d %(process)d ERROR %(name)s %(instance)s log_opt_values /usr/lib/python3/dist-packages/oslo_config/cfg.py:2602
2025-11-06 00:41:03.397 124751 DEBUG oslo_service.service [req-e0946f8a-c850-455d-bcc7-dcff85fb7adb - - - - -] logging_user_identity_format = %(user)s %(project)s %(domain)s %(user_domain)s %(project_domain)s log_opt_values /usr/lib/python3/dist-packages/oslo_config/cfg.py:2602
2025-11-06 00:41:03.397 124751 DEBUG oslo_service.service [req-e0946f8a-c850-455d-bcc7-dcff85fb7adb - - - - -] long_rpc_timeout = 1800 log_opt_values /usr/lib/python3/dist-packages/oslo_config/cfg.py:2602
2025-11-06 00:41:03.398 124751 DEBUG oslo_service.service [req-e0946f8a-c850-455d-bcc7-dcff85fb7adb - - - - -] max_concurrent_builds = 10 log_opt_values /usr/lib/python3/dist-packages/oslo_config/cfg.py:2602
2025-11-06 00:41:03.398 124751 DEBUG oslo_service.service [req-e0946f8a-c850-455d-bcc7-dcff85fb7adb - - - - -] max_concurrent_live_migrations = 1 log_opt_values /usr/lib/python3/dist-packages/oslo_config/cfg.py:2602
2025-11-06 00:41:03.398 124751 DEBUG oslo_service.service [req-e0946f8a-c850-455d-bcc7-dcff85fb7adb - - - - -] max_concurrent_snapshots = 5 log_opt_values /usr/lib/python3/dist-packages/oslo_config/cfg.py:2602
2025-11-06 00:41:03.399 124751 DEBUG oslo_service.service [req-e0946f8a-c850-455d-bcc7-dcff85fb7adb - - - - -] max_local_block_devices = 3 log_opt_values /usr/lib/python3/dist-packages/oslo_config/cfg.py:2602
2025-11-06 00:41:03.399 124751 DEBUG oslo_service.service [req-e0946f8a-c850-455d-bcc7-dcff85fb7adb - - - - -] max_logfile_count = 30 log_opt_values /usr/lib/python3/dist-packages/oslo_config/cfg.py:2602
2025-11-06 00:41:03.400 124751 DEBUG oslo_service.service [req-e0946f8a-c850-455d-bcc7-dcff85fb7adb - - - - -] max_logfile_size_mb = 200 log_opt_values /usr/lib/python3/dist-packages/oslo_config/cfg.py:2602
2025-11-06 00:41:03.400 124751 DEBUG oslo_service.service [req-e0946f8a-c850-455d-bcc7-dcff85fb7adb - - - - -] maximum_instance_delete_attempts = 5 log_opt_values /usr/lib/python3/dist-packages/oslo_config/cfg.py:2602
2025-11-06 00:41:03.400 124751 DEBUG oslo_service.service [req-e0946f8a-c850-455d-bcc7-dcff85fb7adb - - - - -] metadata_listen = 0.0.0.0 log_opt_values /usr/lib/python3/dist-packages/oslo_config/cfg.py:2602
2025-11-06 00:41:03.400 125058 DEBUG nova.service [req-e0ac1fa4-56a0-476a-915c-cec650302dd2 - - - - -] Creating RPC server for service scheduler start /usr/lib/python3/dist-packages/nova/service.py:182
2025-11-06 00:41:03.401 124751 DEBUG oslo_service.service [req-e0946f8a-c850-455d-bcc7-dcff85fb7adb - - - - -] metadata_listen_port = 8765 log_opt_values /usr/lib/python3/dist-packages/oslo_config/cfg.py:2602
2025-11-06 00:41:03.406 124751 DEBUG oslo_service.service [req-e0946f8a-c850-455d-bcc7-dcff85fb7adb - - - - -] metadata_workers = None log_opt_values /usr/lib/python3/dist-packages/oslo_config/cfg.py:2602
2025-11-06 00:41:03.406 124751 DEBUG oslo_service.service [req-e0946f8a-c850-455d-bcc7-dcff85fb7adb - - - - -] migrate_max_retries = -1 log_opt_values /usr/lib/python3/dist-packages/oslo_config/cfg.py:2602
2025-11-06 00:41:03.406 124751 DEBUG oslo_service.service [req-e0946f8a-c850-455d-bcc7-dcff85fb7adb - - - - -] mkisofs_cmd = genisoimage log_opt_values /usr/lib/python3/dist-packages/oslo_config/cfg.py:2602
