2025-11-06 00:41:03.406 124751 DEBUG oslo_service.service [req-e0946f8a-c850-455d-bcc7-dcff85fb7adb - - - - -] my_block_storage_ip = 252.141.171.25 log_opt_values /usr/lib/python3/dist-packages/oslo_config/cfg.py:2602
2025-11-06 00:41:03.407 124751 DEBUG oslo_service.service [req-e0946f8a-c850-455d-bcc7-dcff85fb7adb - - - - -] my_ip = 252.141.171.25 log_opt_values /usr/lib/python3/dist-packages/oslo_config/cfg.py:2602
2025-11-06 00:41:03.407 124751 DEBUG oslo_service.service [req-e0946f8a-c850-455d-bcc7-dcff85fb7adb - - - - -] network_allocate_retries = 0 log_opt_values /usr/lib/python3/dist-packages/oslo_config/cfg.py:2602
2025-11-06 00:41:03.407 124751 DEBUG oslo_service.service [req-e0946f8a-c850-455d-bcc7-dcff85fb7adb - - - - -] non_inheritable_image_properties = ['cache_in_nova', 'bittorrent'] log_opt_values /usr/lib/python3/dist-packages/oslo_config/cfg.py:2602
2025-11-06 00:41:03.408 124751 DEBUG oslo_service.service [req-e0946f8a-c850-455d-bcc7-dcff85fb7adb - - - - -] osapi_compute_listen = 0.0.0.0 log_opt_values /usr/lib/python3/dist-packages/oslo_config/cfg.py:2602
2025-11-06 00:41:03.408 124751 DEBUG oslo_service.service [req-e0946f8a-c850-455d-bcc7-dcff85fb7adb - - - - -] osapi_compute_listen_port = 8764 log_opt_values /usr/lib/python3/dist-packages/oslo_config/cfg.py:2602
2025-11-06 00:41:03.408 124751 DEBUG oslo_service.service [req-e0946f8a-c850-455d-bcc7-dcff85fb7adb - - - - -] osapi_compute_unique_server_name_scope = log_opt_values /usr/lib/python3/dist-packages/oslo_config/cfg.py:2602
2025-11-06 00:41:03.409 124751 DEBUG oslo_service.service [req-e0946f8a-c850-455d-bcc7-dcff85fb7adb - - - - -] osapi_compute_workers = 4 log_opt_values /usr/lib/python3/dist-packages/oslo_config/cfg.py:2602
2025-11-06 00:41:03.409 124751 DEBUG oslo_service.service [req-e0946f8a-c850-455d-bcc7-dcff85fb7adb - - - - -] password_length = 12 log_opt_values /usr/lib/python3/dist-packages/oslo_config/cfg.py:2602
2025-11-06 00:41:03.409 124751 DEBUG oslo_service.service [req-e0946f8a-c850-455d-bcc7-dcff85fb7adb - - - - -] periodic_enable = True log_opt_values /usr/lib/python3/dist-packages/oslo_config/cfg.py:2602
2025-11-06 00:41:03.410 124751 DEBUG oslo_service.service [req-e0946f8a-c850-455d-bcc7-dcff85fb7adb - - - - -] periodic_fuzzy_delay = 60 log_opt_values /usr/lib/python3/dist-packages/oslo_config/cfg.py:2602
2025-11-06 00:41:03.410 124751 DEBUG oslo_service.service [req-e0946f8a-c850-455d-bcc7-dcff85fb7adb - - - - -] pointer_model = usbtablet log_opt_values /usr/lib/python3/dist-packages/oslo_config/cfg.py:2602
2025-11-06 00:41:03.410 124751 DEBUG oslo_service.service [req-e0946f8a-c850-455d-bcc7-dcff85fb7adb - - - - -] preallocate_images = none log_opt_values /usr/lib/python3/dist-packages/oslo_config/cfg.py:2602
2025-11-06 00:41:03.410 124751 DEBUG oslo_service.service [req-e0946f8a-c850-455d-bcc7-dcff85fb7adb - - - - -] publish_errors = False log_opt_values /usr/lib/python3/dist-packages/oslo_config/cfg.py:2602
2025-11-06 00:41:03.410 124751 DEBUG oslo_service.service [req-e0946f8a-c850-455d-bcc7-dcff85fb7adb - - - - -] pybasedir = /usr/lib/python3/dist-packages log_opt_values /usr/lib/python3/dist-packages/oslo_config/cfg.py:2602
2025-11-06 00:41:03.411 124751 DEBUG oslo_service.service [req-e0946f8a-c850-455d-bcc7-dcff85fb7adb - - - - -] ram_allocation_ratio = 0.98 log_opt_values /usr/lib/python3/dist-packages/oslo_config/cfg.py:2602
2025-11-06 00:41:03.411 124751 DEBUG oslo_service.service [req-e0946f8a-c850-455d-bcc7-dcff85fb7adb - - - - -] rate_limit_burst = 0 log_opt_values /usr/lib/python3/dist-packages/oslo_config/cfg.py:2602
2025-11-06 00:41:03.411 124751 DEBUG oslo_service.service [req-e0946f8a-c850-455d-bcc7-dcff85fb7adb - - - - -] rate_limit_except_level = CRITICAL log_opt_values /usr/lib/python3/dist-packages/oslo_config/cfg.py:2602
2025-11-06 00:41:03.412 124751 DEBUG oslo_service.service [req-e0946f8a-c850-455d-bcc7-dcff85fb7adb - - - - -] rate_limit_interval = 0 log_opt_values /usr/lib/python3/dist-packages/oslo_config/cfg.py:2602
2025-11-06 00:41:03.413 124751 DEBUG oslo_service.service [req-e0946f8a-c850-455d-bcc7-dcff85fb7adb - - - - -] reboot_timeout = 0 log_opt_values /usr/lib/python3/dist-packages/oslo_config/cfg.py:2602
2025-11-06 00:41:03.413 124751 DEBUG oslo_service.service [req-e0946f8a-c850-455d-bcc7-dcff85fb7adb - - - - -] reclaim_instance_interval = 0 log_opt_values /usr/lib/python3/dist-packages/oslo_config/cfg.py:2602
2025-11-06 00:41:03.414 125059 DEBUG nova.service [req-c0d9a881-1bef-4e39-a637-08d38de01732 - - - - -] Creating RPC server for service scheduler start /usr/lib/python3/dist-packages/nova/service.py:182
2025-11-06 00:41:03.413 124751 DEBUG oslo_service.service [req-e0946f8a-c850-455d-bcc7-dcff85fb7adb - - - - -] record = None log_opt_values /usr/lib/python3/dist-packages/oslo_config/cfg.py:2602
2025-11-06 00:41:03.419 125061 DEBUG nova.service [req-9d61a1ec-7086-4b10-bc06-2934d5731eca - - - - -] Creating RPC server for service scheduler start /usr/lib/python3/dist-packages/nova/service.py:182
2025-11-06 00:41:03.418 124751 DEBUG oslo_service.service [req-e0946f8a-c850-455d-bcc7-dcff85fb7adb - - - - -] report_interval = 10 log_opt_values /usr/lib/python3/dist-packages/oslo_config/cfg.py:2602
2025-11-06 00:41:03.421 124751 DEBUG oslo_service.service [req-e0946f8a-c850-455d-bcc7-dcff85fb7adb - - - - -] rescue_timeout = 0 log_opt_values /usr/lib/python3/dist-packages/oslo_config/cfg.py:2602
2025-11-06 00:41:03.421 125060 DEBUG oslo_db.sqlalchemy.engines [req-9a5e5af1-baec-4a8f-bca5-a22fb7da0492 - - - - -] MySQL server mode set to STRICT_TRANS_TABLES,STRICT_ALL_TABLES,NO_ZERO_IN_DATE,NO_ZERO_DATE,ERROR_FOR_DIVISION_BY_ZERO,TRADITIONAL,NO_ENGINE_SUBSTITUTION _check_effective_sql_mode /usr/lib/python3/dist-packages/oslo_db/sqlalchemy/engines.py:314
2025-11-06 00:41:03.421 124751 DEBUG oslo_service.service [req-e0946f8a-c850-455d-bcc7-dcff85fb7adb - - - - -] reserved_host_cpus = 0 log_opt_values /usr/lib/python3/dist-packages/oslo_config/cfg.py:2602
2025-11-06 00:41:03.422 124751 DEBUG oslo_service.service [req-e0946f8a-c850-455d-bcc7-dcff85fb7adb - - - - -] reserved_host_disk_mb = 0 log_opt_values /usr/lib/python3/dist-packages/oslo_config/cfg.py:2602
2025-11-06 00:41:03.422 124751 DEBUG oslo_service.service [req-e0946f8a-c850-455d-bcc7-dcff85fb7adb - - - - -] reserved_host_memory_mb = 512 log_opt_values /usr/lib/python3/dist-packages/oslo_config/cfg.py:2602
2025-11-06 00:41:03.423 124751 DEBUG oslo_service.service [req-e0946f8a-c850-455d-bcc7-dcff85fb7adb - - - - -] reserved_huge_pages = None log_opt_values /usr/lib/python3/dist-packages/oslo_config/cfg.py:2602
2025-11-06 00:41:03.423 124751 DEBUG oslo_service.service [req-e0946f8a-c850-455d-bcc7-dcff85fb7adb - - - - -] resize_confirm_window = 0 log_opt_values /usr/lib/python3/dist-packages/oslo_config/cfg.py:2602
2025-11-06 00:41:03.423 124751 DEBUG oslo_service.service [req-e0946f8a-c850-455d-bcc7-dcff85fb7adb - - - - -] resize_fs_using_block_device = False log_opt_values /usr/lib/python3/dist-packages/oslo_config/cfg.py:2602
2025-11-06 00:41:03.424 124751 DEBUG oslo_service.service [req-e0946f8a-c850-455d-bcc7-dcff85fb7adb - - - - -] resume_guests_state_on_host_boot = False log_opt_values /usr/lib/python3/dist-packages/oslo_config/cfg.py:2602
2025-11-06 00:41:03.424 124751 DEBUG oslo_service.service [req-e0946f8a-c850-455d-bcc7-dcff85fb7adb - - - - -] rootwrap_config = /etc/nova/rootwrap.conf log_opt_values /usr/lib/python3/dist-packages/oslo_config/cfg.py:2602
2025-11-06 00:41:03.424 124751 DEBUG oslo_service.service [req-e0946f8a-c850-455d-bcc7-dcff85fb7adb - - - - -] run_external_periodic_tasks = True log_opt_values /usr/lib/python3/dist-packages/oslo_config/cfg.py:2602
2025-11-06 00:41:03.424 124751 DEBUG oslo_service.service [req-e0946f8a-c850-455d-bcc7-dcff85fb7adb - - - - -] running_deleted_instance_action = reap log_opt_values /usr/lib/python3/dist-packages/oslo_config/cfg.py:2602
2025-11-06 00:41:03.424 124751 DEBUG oslo_service.service [req-e0946f8a-c850-455d-bcc7-dcff85fb7adb - - - - -] running_deleted_instance_poll_interval = 1800 log_opt_values /usr/lib/python3/dist-packages/oslo_config/cfg.py:2602
2025-11-06 00:41:03.424 124751 DEBUG oslo_service.service [req-e0946f8a-c850-455d-bcc7-dcff85fb7adb - - - - -] running_deleted_instance_timeout = 0 log_opt_values /usr/lib/python3/dist-packages/oslo_config/cfg.py:2602
2025-11-06 00:41:03.427 124751 DEBUG oslo_service.service [req-e0946f8a-c850-455d-bcc7-dcff85fb7adb - - - - -] scheduler_instance_sync_interval = 120 log_opt_values /usr/lib/python3/dist-packages/oslo_config/cfg.py:2602
2025-11-06 00:41:03.427 124751 DEBUG oslo_service.service [req-e0946f8a-c850-455d-bcc7-dcff85fb7adb - - - - -] service_down_time = 60 log_opt_values /usr/lib/python3/dist-packages/oslo_config/cfg.py:2602
2025-11-06 00:41:03.428 124751 DEBUG oslo_service.service [req-e0946f8a-c850-455d-bcc7-dcff85fb7adb - - - - -] servicegroup_driver = db log_opt_values /usr/lib/python3/dist-packages/oslo_config/cfg.py:2602
2025-11-06 00:41:03.428 124751 DEBUG oslo_service.service [req-e0946f8a-c850-455d-bcc7-dcff85fb7adb - - - - -] shelved_offload_time = 0 log_opt_values /usr/lib/python3/dist-packages/oslo_config/cfg.py:2602
2025-11-06 00:41:03.428 124751 DEBUG oslo_service.service [req-e0946f8a-c850-455d-bcc7-dcff85fb7adb - - - - -] shelved_poll_interval = 3600 log_opt_values /usr/lib/python3/dist-packages/oslo_config/cfg.py:2602
2025-11-06 00:41:03.429 124751 DEBUG oslo_service.service [req-e0946f8a-c850-455d-bcc7-dcff85fb7adb - - - - -] shutdown_timeout = 60 log_opt_values /usr/lib/python3/dist-packages/oslo_config/cfg.py:2602
2025-11-06 00:41:03.430 124751 DEBUG oslo_service.service [req-e0946f8a-c850-455d-bcc7-dcff85fb7adb - - - - -] source_is_ipv6 = False log_opt_values /usr/lib/python3/dist-packages/oslo_config/cfg.py:2602
2025-11-06 00:41:03.430 124751 DEBUG oslo_service.service [req-e0946f8a-c850-455d-bcc7-dcff85fb7adb - - - - -] ssl_only = False log_opt_values /usr/lib/python3/dist-packages/oslo_config/cfg.py:2602
2025-11-06 00:41:03.430 124751 DEBUG oslo_service.service [req-e0946f8a-c850-455d-bcc7-dcff85fb7adb - - - - -] state_path = /var/lib/nova log_opt_values /usr/lib/python3/dist-packages/oslo_config/cfg.py:2602
2025-11-06 00:41:03.430 124751 DEBUG oslo_service.service [req-e0946f8a-c850-455d-bcc7-dcff85fb7adb - - - - -] sync_power_state_interval = 600 log_opt_values /usr/lib/python3/dist-packages/oslo_config/cfg.py:2602
2025-11-06 00:41:03.430 124751 DEBUG oslo_service.service [req-e0946f8a-c850-455d-bcc7-dcff85fb7adb - - - - -] sync_power_state_pool_size = 1000 log_opt_values /usr/lib/python3/dist-packages/oslo_config/cfg.py:2602
2025-11-06 00:41:03.430 124751 DEBUG oslo_service.service [req-e0946f8a-c850-455d-bcc7-dcff85fb7adb - - - - -] syslog_log_facility = LOG_USER log_opt_values /usr/lib/python3/dist-packages/oslo_config/cfg.py:2602
2025-11-06 00:41:03.431 124751 DEBUG oslo_service.service [req-e0946f8a-c850-455d-bcc7-dcff85fb7adb - - - - -] tempdir = None log_opt_values /usr/lib/python3/dist-packages/oslo_config/cfg.py:2602
2025-11-06 00:41:03.431 124751 DEBUG oslo_service.service [req-e0946f8a-c850-455d-bcc7-dcff85fb7adb - - - - -] timeout_nbd = 10 log_opt_values /usr/lib/python3/dist-packages/oslo_config/cfg.py:2602
2025-11-06 00:41:03.433 124751 DEBUG oslo_service.service [req-e0946f8a-c850-455d-bcc7-dcff85fb7adb - - - - -] transport_url = **** log_opt_values /usr/lib/python3/dist-packages/oslo_config/cfg.py:2602
2025-11-06 00:41:03.434 124751 DEBUG oslo_service.service [req-e0946f8a-c850-455d-bcc7-dcff85fb7adb - - - - -] update_resources_interval = 0 log_opt_values /usr/lib/python3/dist-packages/oslo_config/cfg.py:2602
2025-11-06 00:41:03.435 124751 DEBUG oslo_service.service [req-e0946f8a-c850-455d-bcc7-dcff85fb7adb - - - - -] use_cow_images = True log_opt_values /usr/lib/python3/dist-packages/oslo_config/cfg.py:2602
2025-11-06 00:41:03.436 124751 DEBUG oslo_service.service [req-e0946f8a-c850-455d-bcc7-dcff85fb7adb - - - - -] use_eventlog = False log_opt_values /usr/lib/python3/dist-packages/oslo_config/cfg.py:2602
2025-11-06 00:41:03.436 125058 DEBUG oslo_messaging._drivers.amqpdriver [-] Listener is running poll /usr/lib/python3/dist-packages/oslo_messaging/_drivers/amqpdriver.py:343
2025-11-06 00:41:03.437 125058 DEBUG oslo_messaging._drivers.amqpdriver [-] AMQPListener connection consume poll /usr/lib/python3/dist-packages/oslo_messaging/_drivers/amqpdriver.py:357
2025-11-06 00:41:03.436 124751 DEBUG oslo_service.service [req-e0946f8a-c850-455d-bcc7-dcff85fb7adb - - - - -] use_journal = False log_opt_values /usr/lib/python3/dist-packages/oslo_config/cfg.py:2602
2025-11-06 00:41:03.437 125058 DEBUG nova.service [req-e0ac1fa4-56a0-476a-915c-cec650302dd2 - - - - -] Join ServiceGroup membership for this service scheduler start /usr/lib/python3/dist-packages/nova/service.py:199
2025-11-06 00:41:03.438 124751 DEBUG oslo_service.service [req-e0946f8a-c850-455d-bcc7-dcff85fb7adb - - - - -] use_json = False log_opt_values /usr/lib/python3/dist-packages/oslo_config/cfg.py:2602
2025-11-06 00:41:03.440 124751 DEBUG oslo_service.service [req-e0946f8a-c850-455d-bcc7-dcff85fb7adb - - - - -] use_rootwrap_daemon = False log_opt_values /usr/lib/python3/dist-packages/oslo_config/cfg.py:2602
2025-11-06 00:41:03.440 124751 DEBUG oslo_service.service [req-e0946f8a-c850-455d-bcc7-dcff85fb7adb - - - - -] use_stderr = False log_opt_values /usr/lib/python3/dist-packages/oslo_config/cfg.py:2602
2025-11-06 00:41:03.440 124751 DEBUG oslo_service.service [req-e0946f8a-c850-455d-bcc7-dcff85fb7adb - - - - -] use_syslog = False log_opt_values /usr/lib/python3/dist-packages/oslo_config/cfg.py:2602
2025-11-06 00:41:03.441 125059 DEBUG oslo_messaging._drivers.amqpdriver [-] Listener is running poll /usr/lib/python3/dist-packages/oslo_messaging/_drivers/amqpdriver.py:343
2025-11-06 00:41:03.438 125058 DEBUG nova.servicegroup.drivers.db [req-e0ac1fa4-56a0-476a-915c-cec650302dd2 - - - - -] DB_Driver: join new ServiceGroup member juju-85bed8-0-lxd-7 to the scheduler group, service = join /usr/lib/python3/dist-packages/nova/servicegroup/drivers/db.py:44
2025-11-06 00:41:03.441 124751 DEBUG oslo_service.service [req-e0946f8a-c850-455d-bcc7-dcff85fb7adb - - - - -] vcpu_pin_set = None log_opt_values /usr/lib/python3/dist-packages/oslo_config/cfg.py:2602
2025-11-06 00:41:03.441 125059 DEBUG oslo_messaging._drivers.amqpdriver [-] AMQPListener connection consume poll /usr/lib/python3/dist-packages/oslo_messaging/_drivers/amqpdriver.py:357
2025-11-06 00:41:03.441 124751 DEBUG oslo_service.service [req-e0946f8a-c850-455d-bcc7-dcff85fb7adb - - - - -] vif_plugging_is_fatal = True log_opt_values /usr/lib/python3/dist-packages/oslo_config/cfg.py:2602
2025-11-06 00:41:03.442 125059 DEBUG nova.service [req-c0d9a881-1bef-4e39-a637-08d38de01732 - - - - -] Join ServiceGroup membership for this service scheduler start /usr/lib/python3/dist-packages/nova/service.py:199
2025-11-06 00:41:03.442 125059 DEBUG nova.servicegroup.drivers.db [req-c0d9a881-1bef-4e39-a637-08d38de01732 - - - - -] DB_Driver: join new ServiceGroup member juju-85bed8-0-lxd-7 to the scheduler group, service = join /usr/lib/python3/dist-packages/nova/servicegroup/drivers/db.py:44
2025-11-06 00:41:03.442 124751 DEBUG oslo_service.service [req-e0946f8a-c850-455d-bcc7-dcff85fb7adb - - - - -] vif_plugging_timeout = 300 log_opt_values /usr/lib/python3/dist-packages/oslo_config/cfg.py:2602
2025-11-06 00:41:03.443 124751 DEBUG oslo_service.service [req-e0946f8a-c850-455d-bcc7-dcff85fb7adb - - - - -] virt_mkfs = [] log_opt_values /usr/lib/python3/dist-packages/oslo_config/cfg.py:2602
2025-11-06 00:41:03.444 124751 DEBUG oslo_service.service [req-e0946f8a-c850-455d-bcc7-dcff85fb7adb - - - - -] volume_usage_poll_interval = 0 log_opt_values /usr/lib/python3/dist-packages/oslo_config/cfg.py:2602
2025-11-06 00:41:03.444 124751 DEBUG oslo_service.service [req-e0946f8a-c850-455d-bcc7-dcff85fb7adb - - - - -] watch_log_file = False log_opt_values /usr/lib/python3/dist-packages/oslo_config/cfg.py:2602
2025-11-06 00:41:03.445 125059 DEBUG oslo_messaging._drivers.amqpdriver [-] AMQPListener connection timeout poll /usr/lib/python3/dist-packages/oslo_messaging/_drivers/amqpdriver.py:360
2025-11-06 00:41:03.445 124751 DEBUG oslo_service.service [req-e0946f8a-c850-455d-bcc7-dcff85fb7adb - - - - -] web = /usr/share/spice-html5 log_opt_values /usr/lib/python3/dist-packages/oslo_config/cfg.py:2602
2025-11-06 00:41:03.445 125059 DEBUG oslo_messaging._drivers.amqpdriver [-] Listener is running poll /usr/lib/python3/dist-packages/oslo_messaging/_drivers/amqpdriver.py:343
2025-11-06 00:41:03.445 125058 DEBUG oslo_messaging._drivers.amqpdriver [-] AMQPListener connection timeout poll /usr/lib/python3/dist-packages/oslo_messaging/_drivers/amqpdriver.py:360
2025-11-06 00:41:03.445 125059 DEBUG oslo_messaging._drivers.amqpdriver [-] AMQPListener connection consume poll /usr/lib/python3/dist-packages/oslo_messaging/_drivers/amqpdriver.py:357
2025-11-06 00:41:03.445 125058 DEBUG oslo_messaging._drivers.amqpdriver [-] Listener is running poll /usr/lib/python3/dist-packages/oslo_messaging/_drivers/amqpdriver.py:343
2025-11-06 00:41:03.445 124751 DEBUG oslo_service.service [req-e0946f8a-c850-455d-bcc7-dcff85fb7adb - - - - -] oslo_concurrency.disable_process_locking = False log_opt_values /usr/lib/python3/dist-packages/oslo_config/cfg.py:2609
2025-11-06 00:41:03.445 125058 DEBUG oslo_messaging._drivers.amqpdriver [-] AMQPListener connection consume poll /usr/lib/python3/dist-packages/oslo_messaging/_drivers/amqpdriver.py:357
2025-11-06 00:41:03.445 124751 DEBUG oslo_service.service [req-e0946f8a-c850-455d-bcc7-dcff85fb7adb - - - - -] oslo_concurrency.lock_path = /var/lock/nova log_opt_values /usr/lib/python3/dist-packages/oslo_config/cfg.py:2609
2025-11-06 00:41:03.448 124751 WARNING oslo_config.cfg [req-e0946f8a-c850-455d-bcc7-dcff85fb7adb - - - - -] Deprecated: Option "auth_strategy" from group "api" is deprecated for removal ( The only non-default choice, ``noauth2``, is for internal development and testing purposes only and should not be used in deployments. This option and its middleware, NoAuthMiddleware[V2_18], will be removed in a future release. ). Its value may be silently ignored in the future.
2025-11-06 00:41:03.448 124751 DEBUG oslo_service.service [req-e0946f8a-c850-455d-bcc7-dcff85fb7adb - - - - -] api.auth_strategy = keystone log_opt_values /usr/lib/python3/dist-packages/oslo_config/cfg.py:2609
2025-11-06 00:41:03.448 124751 DEBUG oslo_service.service [req-e0946f8a-c850-455d-bcc7-dcff85fb7adb - - - - -] api.compute_link_prefix = None log_opt_values /usr/lib/python3/dist-packages/oslo_config/cfg.py:2609
2025-11-06 00:41:03.449 124751 DEBUG oslo_service.service [req-e0946f8a-c850-455d-bcc7-dcff85fb7adb - - - - -] api.config_drive_skip_versions = 1.0 2007-01-19 2007-03-01 2007-08-29 2007-10-10 2007-12-15 2008-02-01 2008-09-01 log_opt_values /usr/lib/python3/dist-packages/oslo_config/cfg.py:2609
2025-11-06 00:41:03.449 124751 DEBUG oslo_service.service [req-e0946f8a-c850-455d-bcc7-dcff85fb7adb - - - - -] api.dhcp_domain = novalocal log_opt_values /usr/lib/python3/dist-packages/oslo_config/cfg.py:2609
2025-11-06 00:41:03.449 124751 DEBUG oslo_service.service [req-e0946f8a-c850-455d-bcc7-dcff85fb7adb - - - - -] api.enable_instance_password = True log_opt_values /usr/lib/python3/dist-packages/oslo_config/cfg.py:2609
2025-11-06 00:41:03.449 124751 DEBUG oslo_service.service [req-e0946f8a-c850-455d-bcc7-dcff85fb7adb - - - - -] api.glance_link_prefix = None log_opt_values /usr/lib/python3/dist-packages/oslo_config/cfg.py:2609
2025-11-06 00:41:03.450 124751 DEBUG oslo_service.service [req-e0946f8a-c850-455d-bcc7-dcff85fb7adb - - - - -] api.instance_list_cells_batch_fixed_size = 100 log_opt_values /usr/lib/python3/dist-packages/oslo_config/cfg.py:2609
2025-11-06 00:41:03.450 124751 DEBUG oslo_service.service [req-e0946f8a-c850-455d-bcc7-dcff85fb7adb - - - - -] api.instance_list_cells_batch_strategy = distributed log_opt_values /usr/lib/python3/dist-packages/oslo_config/cfg.py:2609
2025-11-06 00:41:03.450 124751 DEBUG oslo_service.service [req-e0946f8a-c850-455d-bcc7-dcff85fb7adb - - - - -] api.instance_list_per_project_cells = False log_opt_values /usr/lib/python3/dist-packages/oslo_config/cfg.py:2609
2025-11-06 00:41:03.450 125060 DEBUG nova.service [req-9a5e5af1-baec-4a8f-bca5-a22fb7da0492 - - - - -] Creating RPC server for service scheduler start /usr/lib/python3/dist-packages/nova/service.py:182
2025-11-06 00:41:03.450 124751 DEBUG oslo_service.service [req-e0946f8a-c850-455d-bcc7-dcff85fb7adb - - - - -] api.list_records_by_skipping_down_cells = True log_opt_values /usr/lib/python3/dist-packages/oslo_config/cfg.py:2609
2025-11-06 00:41:03.450 124751 DEBUG oslo_service.service [req-e0946f8a-c850-455d-bcc7-dcff85fb7adb - - - - -] api.local_metadata_per_cell = False log_opt_values /usr/lib/python3/dist-packages/oslo_config/cfg.py:2609
2025-11-06 00:41:03.451 124751 DEBUG oslo_service.service [req-e0946f8a-c850-455d-bcc7-dcff85fb7adb - - - - -] api.max_limit = 1000 log_opt_values /usr/lib/python3/dist-packages/oslo_config/cfg.py:2609
2025-11-06 00:41:03.451 124751 DEBUG oslo_service.service [req-e0946f8a-c850-455d-bcc7-dcff85fb7adb - - - - -] api.metadata_cache_expiration = 15 log_opt_values /usr/lib/python3/dist-packages/oslo_config/cfg.py:2609
2025-11-06 00:41:03.451 124751 DEBUG oslo_service.service [req-e0946f8a-c850-455d-bcc7-dcff85fb7adb - - - - -] api.neutron_default_tenant_id = default log_opt_values /usr/lib/python3/dist-packages/oslo_config/cfg.py:2609
2025-11-06 00:41:03.451 124751 DEBUG oslo_service.service [req-e0946f8a-c850-455d-bcc7-dcff85fb7adb - - - - -] api.use_forwarded_for = False log_opt_values /usr/lib/python3/dist-packages/oslo_config/cfg.py:2609
2025-11-06 00:41:03.452 124751 DEBUG oslo_service.service [req-e0946f8a-c850-455d-bcc7-dcff85fb7adb - - - - -] api.use_neutron_default_nets = False log_opt_values /usr/lib/python3/dist-packages/oslo_config/cfg.py:2609
2025-11-06 00:41:03.452 124751 DEBUG oslo_service.service [req-e0946f8a-c850-455d-bcc7-dcff85fb7adb - - - - -] api.vendordata_dynamic_connect_timeout = 5 log_opt_values /usr/lib/python3/dist-packages/oslo_config/cfg.py:2609
2025-11-06 00:41:03.452 124751 DEBUG oslo_service.service [req-e0946f8a-c850-455d-bcc7-dcff85fb7adb - - - - -] api.vendordata_dynamic_failure_fatal = False log_opt_values /usr/lib/python3/dist-packages/oslo_config/cfg.py:2609
2025-11-06 00:41:03.452 124751 DEBUG oslo_service.service [req-e0946f8a-c850-455d-bcc7-dcff85fb7adb - - - - -] api.vendordata_dynamic_read_timeout = 5 log_opt_values /usr/lib/python3/dist-packages/oslo_config/cfg.py:2609
2025-11-06 00:41:03.453 124751 DEBUG oslo_service.service [req-e0946f8a-c850-455d-bcc7-dcff85fb7adb - - - - -] api.vendordata_dynamic_ssl_certfile = log_opt_values /usr/lib/python3/dist-packages/oslo_config/cfg.py:2609
2025-11-06 00:41:03.453 124751 DEBUG oslo_service.service [req-e0946f8a-c850-455d-bcc7-dcff85fb7adb - - - - -] api.vendordata_dynamic_targets = [] log_opt_values /usr/lib/python3/dist-packages/oslo_config/cfg.py:2609
2025-11-06 00:41:03.453 124751 DEBUG oslo_service.service [req-e0946f8a-c850-455d-bcc7-dcff85fb7adb - - - - -] api.vendordata_jsonfile_path = None log_opt_values /usr/lib/python3/dist-packages/oslo_config/cfg.py:2609
2025-11-06 00:41:03.453 124751 DEBUG oslo_service.service [req-e0946f8a-c850-455d-bcc7-dcff85fb7adb - - - - -] api.vendordata_providers = ['StaticJSON'] log_opt_values /usr/lib/python3/dist-packages/oslo_config/cfg.py:2609
2025-11-06 00:41:03.454 124751 DEBUG oslo_service.service [req-e0946f8a-c850-455d-bcc7-dcff85fb7adb - - - - -] cache.backend = dogpile.cache.null log_opt_values /usr/lib/python3/dist-packages/oslo_config/cfg.py:2609
2025-11-06 00:41:03.454 124751 DEBUG oslo_service.service [req-e0946f8a-c850-455d-bcc7-dcff85fb7adb - - - - -] cache.backend_argument = **** log_opt_values /usr/lib/python3/dist-packages/oslo_config/cfg.py:2609
2025-11-06 00:41:03.455 124751 DEBUG oslo_service.service [req-e0946f8a-c850-455d-bcc7-dcff85fb7adb - - - - -] cache.config_prefix = cache.oslo log_opt_values /usr/lib/python3/dist-packages/oslo_config/cfg.py:2609
2025-11-06 00:41:03.455 124751 DEBUG oslo_service.service [req-e0946f8a-c850-455d-bcc7-dcff85fb7adb - - - - -] cache.debug_cache_backend = False log_opt_values /usr/lib/python3/dist-packages/oslo_config/cfg.py:2609
2025-11-06 00:41:03.455 124751 DEBUG oslo_service.service [req-e0946f8a-c850-455d-bcc7-dcff85fb7adb - - - - -] cache.enabled = False log_opt_values /usr/lib/python3/dist-packages/oslo_config/cfg.py:2609
2025-11-06 00:41:03.455 124751 DEBUG oslo_service.service [req-e0946f8a-c850-455d-bcc7-dcff85fb7adb - - - - -] cache.expiration_time = 600 log_opt_values /usr/lib/python3/dist-packages/oslo_config/cfg.py:2609
2025-11-06 00:41:03.456 124751 DEBUG oslo_service.service [req-e0946f8a-c850-455d-bcc7-dcff85fb7adb - - - - -] cache.memcache_dead_retry = 300 log_opt_values /usr/lib/python3/dist-packages/oslo_config/cfg.py:2609
2025-11-06 00:41:03.456 124751 DEBUG oslo_service.service [req-e0946f8a-c850-455d-bcc7-dcff85fb7adb - - - - -] cache.memcache_pool_connection_get_timeout = 10 log_opt_values /usr/lib/python3/dist-packages/oslo_config/cfg.py:2609
2025-11-06 00:41:03.456 124751 DEBUG oslo_service.service [req-e0946f8a-c850-455d-bcc7-dcff85fb7adb - - - - -] cache.memcache_pool_flush_on_reconnect = False log_opt_values /usr/lib/python3/dist-packages/oslo_config/cfg.py:2609
2025-11-06 00:41:03.456 124751 DEBUG oslo_service.service [req-e0946f8a-c850-455d-bcc7-dcff85fb7adb - - - - -] cache.memcache_pool_maxsize = 10 log_opt_values /usr/lib/python3/dist-packages/oslo_config/cfg.py:2609
2025-11-06 00:41:03.457 124751 DEBUG oslo_service.service [req-e0946f8a-c850-455d-bcc7-dcff85fb7adb - - - - -] cache.memcache_pool_unused_timeout = 60 log_opt_values /usr/lib/python3/dist-packages/oslo_config/cfg.py:2609
2025-11-06 00:41:03.457 124751 DEBUG oslo_service.service [req-e0946f8a-c850-455d-bcc7-dcff85fb7adb - - - - -] cache.memcache_servers = ['localhost:11211'] log_opt_values /usr/lib/python3/dist-packages/oslo_config/cfg.py:2609
2025-11-06 00:41:03.457 124751 DEBUG oslo_service.service [req-e0946f8a-c850-455d-bcc7-dcff85fb7adb - - - - -] cache.memcache_socket_timeout = 1.0 log_opt_values /usr/lib/python3/dist-packages/oslo_config/cfg.py:2609
2025-11-06 00:41:03.457 124751 DEBUG oslo_service.service [req-e0946f8a-c850-455d-bcc7-dcff85fb7adb - - - - -] cache.proxies = [] log_opt_values /usr/lib/python3/dist-packages/oslo_config/cfg.py:2609
2025-11-06 00:41:03.458 124751 DEBUG oslo_service.service [req-e0946f8a-c850-455d-bcc7-dcff85fb7adb - - - - -] cache.tls_allowed_ciphers = None log_opt_values /usr/lib/python3/dist-packages/oslo_config/cfg.py:2609
2025-11-06 00:41:03.458 124751 DEBUG oslo_service.service [req-e0946f8a-c850-455d-bcc7-dcff85fb7adb - - - - -] cache.tls_cafile = None log_opt_values /usr/lib/python3/dist-packages/oslo_config/cfg.py:2609
2025-11-06 00:41:03.458 124751 DEBUG oslo_service.service [req-e0946f8a-c850-455d-bcc7-dcff85fb7adb - - - - -] cache.tls_certfile = None log_opt_values /usr/lib/python3/dist-packages/oslo_config/cfg.py:2609
2025-11-06 00:41:03.458 124751 DEBUG oslo_service.service [req-e0946f8a-c850-455d-bcc7-dcff85fb7adb - - - - -] cache.tls_enabled = False log_opt_values /usr/lib/python3/dist-packages/oslo_config/cfg.py:2609
2025-11-06 00:41:03.458 124751 DEBUG oslo_service.service [req-e0946f8a-c850-455d-bcc7-dcff85fb7adb - - - - -] cache.tls_keyfile = None log_opt_values /usr/lib/python3/dist-packages/oslo_config/cfg.py:2609
2025-11-06 00:41:03.459 124751 DEBUG oslo_service.service [req-e0946f8a-c850-455d-bcc7-dcff85fb7adb - - - - -] cinder.auth_section = None log_opt_values /usr/lib/python3/dist-packages/oslo_config/cfg.py:2609
2025-11-06 00:41:03.459 124751 DEBUG oslo_service.service [req-e0946f8a-c850-455d-bcc7-dcff85fb7adb - - - - -] cinder.auth_type = None log_opt_values /usr/lib/python3/dist-packages/oslo_config/cfg.py:2609
2025-11-06 00:41:03.459 124751 DEBUG oslo_service.service [req-e0946f8a-c850-455d-bcc7-dcff85fb7adb - - - - -] cinder.cafile = None log_opt_values /usr/lib/python3/dist-packages/oslo_config/cfg.py:2609
2025-11-06 00:41:03.459 124751 DEBUG oslo_service.service [req-e0946f8a-c850-455d-bcc7-dcff85fb7adb - - - - -] cinder.catalog_info = volumev3::publicURL log_opt_values /usr/lib/python3/dist-packages/oslo_config/cfg.py:2609
2025-11-06 00:41:03.460 124751 DEBUG oslo_service.service [req-e0946f8a-c850-455d-bcc7-dcff85fb7adb - - - - -] cinder.certfile = None log_opt_values /usr/lib/python3/dist-packages/oslo_config/cfg.py:2609
2025-11-06 00:41:03.460 124751 DEBUG oslo_service.service [req-e0946f8a-c850-455d-bcc7-dcff85fb7adb - - - - -] cinder.collect_timing = False log_opt_values /usr/lib/python3/dist-packages/oslo_config/cfg.py:2609
2025-11-06 00:41:03.460 124751 DEBUG oslo_service.service [req-e0946f8a-c850-455d-bcc7-dcff85fb7adb - - - - -] cinder.cross_az_attach = True log_opt_values /usr/lib/python3/dist-packages/oslo_config/cfg.py:2609
2025-11-06 00:41:03.460 124751 DEBUG oslo_service.service [req-e0946f8a-c850-455d-bcc7-dcff85fb7adb - - - - -] cinder.debug = False log_opt_values /usr/lib/python3/dist-packages/oslo_config/cfg.py:2609
2025-11-06 00:41:03.460 124751 DEBUG oslo_service.service [req-e0946f8a-c850-455d-bcc7-dcff85fb7adb - - - - -] cinder.endpoint_template = None log_opt_values /usr/lib/python3/dist-packages/oslo_config/cfg.py:2609
2025-11-06 00:41:03.461 124751 DEBUG oslo_service.service [req-e0946f8a-c850-455d-bcc7-dcff85fb7adb - - - - -] cinder.http_retries = 3 log_opt_values /usr/lib/python3/dist-packages/oslo_config/cfg.py:2609
2025-11-06 00:41:03.461 124751 DEBUG oslo_service.service [req-e0946f8a-c850-455d-bcc7-dcff85fb7adb - - - - -] cinder.insecure = False log_opt_values /usr/lib/python3/dist-packages/oslo_config/cfg.py:2609
2025-11-06 00:41:03.461 124751 DEBUG oslo_service.service [req-e0946f8a-c850-455d-bcc7-dcff85fb7adb - - - - -] cinder.keyfile = None log_opt_values /usr/lib/python3/dist-packages/oslo_config/cfg.py:2609
2025-11-06 00:41:03.461 124751 DEBUG oslo_service.service [req-e0946f8a-c850-455d-bcc7-dcff85fb7adb - - - - -] cinder.os_region_name = None log_opt_values /usr/lib/python3/dist-packages/oslo_config/cfg.py:2609
2025-11-06 00:41:03.461 124751 DEBUG oslo_service.service [req-e0946f8a-c850-455d-bcc7-dcff85fb7adb - - - - -] cinder.split_loggers = False log_opt_values /usr/lib/python3/dist-packages/oslo_config/cfg.py:2609
2025-11-06 00:41:03.461 124751 DEBUG oslo_service.service [req-e0946f8a-c850-455d-bcc7-dcff85fb7adb - - - - -] cinder.timeout = None log_opt_values /usr/lib/python3/dist-packages/oslo_config/cfg.py:2609
2025-11-06 00:41:03.462 124751 DEBUG oslo_service.service [req-e0946f8a-c850-455d-bcc7-dcff85fb7adb - - - - -] compute.consecutive_build_service_disable_threshold = 10 log_opt_values /usr/lib/python3/dist-packages/oslo_config/cfg.py:2609
2025-11-06 00:41:03.462 124751 DEBUG oslo_service.service [req-e0946f8a-c850-455d-bcc7-dcff85fb7adb - - - - -] compute.cpu_dedicated_set = None log_opt_values /usr/lib/python3/dist-packages/oslo_config/cfg.py:2609
2025-11-06 00:41:03.462 124751 DEBUG oslo_service.service [req-e0946f8a-c850-455d-bcc7-dcff85fb7adb - - - - -] compute.cpu_shared_set = None log_opt_values /usr/lib/python3/dist-packages/oslo_config/cfg.py:2609
2025-11-06 00:41:03.462 124751 DEBUG oslo_service.service [req-e0946f8a-c850-455d-bcc7-dcff85fb7adb - - - - -] compute.image_type_exclude_list = [] log_opt_values /usr/lib/python3/dist-packages/oslo_config/cfg.py:2609
2025-11-06 00:41:03.462 125061 DEBUG oslo_messaging._drivers.amqpdriver [-] Listener is running poll /usr/lib/python3/dist-packages/oslo_messaging/_drivers/amqpdriver.py:343
2025-11-06 00:41:03.462 125061 DEBUG oslo_messaging._drivers.amqpdriver [-] AMQPListener connection consume poll /usr/lib/python3/dist-packages/oslo_messaging/_drivers/amqpdriver.py:357
2025-11-06 00:41:03.462 124751 DEBUG oslo_service.service [req-e0946f8a-c850-455d-bcc7-dcff85fb7adb - - - - -] compute.live_migration_wait_for_vif_plug = True log_opt_values /usr/lib/python3/dist-packages/oslo_config/cfg.py:2609
2025-11-06 00:41:03.463 124751 DEBUG oslo_service.service [req-e0946f8a-c850-455d-bcc7-dcff85fb7adb - - - - -] compute.max_concurrent_disk_ops = 0 log_opt_values /usr/lib/python3/dist-packages/oslo_config/cfg.py:2609
2025-11-06 00:41:03.463 124751 DEBUG oslo_service.service [req-e0946f8a-c850-455d-bcc7-dcff85fb7adb - - - - -] compute.max_disk_devices_to_attach = -1 log_opt_values /usr/lib/python3/dist-packages/oslo_config/cfg.py:2609
2025-11-06 00:41:03.463 124751 DEBUG oslo_service.service [req-e0946f8a-c850-455d-bcc7-dcff85fb7adb - - - - -] compute.packing_host_numa_cells_allocation_strategy = True log_opt_values /usr/lib/python3/dist-packages/oslo_config/cfg.py:2609
2025-11-06 00:41:03.463 125061 DEBUG nova.service [req-9d61a1ec-7086-4b10-bc06-2934d5731eca - - - - -] Join ServiceGroup membership for this service scheduler start /usr/lib/python3/dist-packages/nova/service.py:199
2025-11-06 00:41:03.463 124751 DEBUG oslo_service.service [req-e0946f8a-c850-455d-bcc7-dcff85fb7adb - - - - -] compute.provider_config_location = /etc/nova/provider_config/ log_opt_values /usr/lib/python3/dist-packages/oslo_config/cfg.py:2609
2025-11-06 00:41:03.463 124751 DEBUG oslo_service.service [req-e0946f8a-c850-455d-bcc7-dcff85fb7adb - - - - -] compute.resource_provider_association_refresh = 300 log_opt_values /usr/lib/python3/dist-packages/oslo_config/cfg.py:2609
2025-11-06 00:41:03.463 125061 DEBUG nova.servicegroup.drivers.db [req-9d61a1ec-7086-4b10-bc06-2934d5731eca - - - - -] DB_Driver: join new ServiceGroup member juju-85bed8-0-lxd-7 to the scheduler group, service = join /usr/lib/python3/dist-packages/nova/servicegroup/drivers/db.py:44
2025-11-06 00:41:03.463 124751 DEBUG oslo_service.service [req-e0946f8a-c850-455d-bcc7-dcff85fb7adb - - - - -] compute.shutdown_retry_interval = 10 log_opt_values /usr/lib/python3/dist-packages/oslo_config/cfg.py:2609
2025-11-06 00:41:03.464 124751 DEBUG oslo_service.service [req-e0946f8a-c850-455d-bcc7-dcff85fb7adb - - - - -] compute.vmdk_allowed_types = ['streamOptimized', 'monolithicSparse'] log_opt_values /usr/lib/python3/dist-packages/oslo_config/cfg.py:2609
2025-11-06 00:41:03.464 124751 DEBUG oslo_service.service [req-e0946f8a-c850-455d-bcc7-dcff85fb7adb - - - - -] conductor.workers = 4 log_opt_values /usr/lib/python3/dist-packages/oslo_config/cfg.py:2609
2025-11-06 00:41:03.464 124751 DEBUG oslo_service.service [req-e0946f8a-c850-455d-bcc7-dcff85fb7adb - - - - -] console.allowed_origins = [] log_opt_values /usr/lib/python3/dist-packages/oslo_config/cfg.py:2609
2025-11-06 00:41:03.465 124751 DEBUG oslo_service.service [req-e0946f8a-c850-455d-bcc7-dcff85fb7adb - - - - -] console.ssl_ciphers = None log_opt_values /usr/lib/python3/dist-packages/oslo_config/cfg.py:2609
2025-11-06 00:41:03.465 124751 DEBUG oslo_service.service [req-e0946f8a-c850-455d-bcc7-dcff85fb7adb - - - - -] console.ssl_minimum_version = default log_opt_values /usr/lib/python3/dist-packages/oslo_config/cfg.py:2609
2025-11-06 00:41:03.465 124751 DEBUG oslo_service.service [req-e0946f8a-c850-455d-bcc7-dcff85fb7adb - - - - -] consoleauth.token_ttl = 600 log_opt_values /usr/lib/python3/dist-packages/oslo_config/cfg.py:2609
2025-11-06 00:41:03.465 124751 DEBUG oslo_service.service [req-e0946f8a-c850-455d-bcc7-dcff85fb7adb - - - - -] cyborg.cafile = None log_opt_values /usr/lib/python3/dist-packages/oslo_config/cfg.py:2609
2025-11-06 00:41:03.466 124751 DEBUG oslo_service.service [req-e0946f8a-c850-455d-bcc7-dcff85fb7adb - - - - -] cyborg.certfile = None log_opt_values /usr/lib/python3/dist-packages/oslo_config/cfg.py:2609
2025-11-06 00:41:03.466 125061 DEBUG oslo_messaging._drivers.amqpdriver [-] AMQPListener connection timeout poll /usr/lib/python3/dist-packages/oslo_messaging/_drivers/amqpdriver.py:360
2025-11-06 00:41:03.466 124751 DEBUG oslo_service.service [req-e0946f8a-c850-455d-bcc7-dcff85fb7adb - - - - -] cyborg.collect_timing = False log_opt_values /usr/lib/python3/dist-packages/oslo_config/cfg.py:2609
2025-11-06 00:41:03.466 124751 DEBUG oslo_service.service [req-e0946f8a-c850-455d-bcc7-dcff85fb7adb - - - - -] cyborg.connect_retries = None log_opt_values /usr/lib/python3/dist-packages/oslo_config/cfg.py:2609
2025-11-06 00:41:03.466 124751 DEBUG oslo_service.service [req-e0946f8a-c850-455d-bcc7-dcff85fb7adb - - - - -] cyborg.connect_retry_delay = None log_opt_values /usr/lib/python3/dist-packages/oslo_config/cfg.py:2609
2025-11-06 00:41:03.467 124751 DEBUG oslo_service.service [req-e0946f8a-c850-455d-bcc7-dcff85fb7adb - - - - -] cyborg.endpoint_override = None log_opt_values /usr/lib/python3/dist-packages/oslo_config/cfg.py:2609
2025-11-06 00:41:03.467 125061 DEBUG oslo_messaging._drivers.amqpdriver [-] Listener is running poll /usr/lib/python3/dist-packages/oslo_messaging/_drivers/amqpdriver.py:343
2025-11-06 00:41:03.467 125061 DEBUG oslo_messaging._drivers.amqpdriver [-] AMQPListener connection consume poll /usr/lib/python3/dist-packages/oslo_messaging/_drivers/amqpdriver.py:357
2025-11-06 00:41:03.467 124751 DEBUG oslo_service.service [req-e0946f8a-c850-455d-bcc7-dcff85fb7adb - - - - -] cyborg.insecure = False log_opt_values /usr/lib/python3/dist-packages/oslo_config/cfg.py:2609
2025-11-06 00:41:03.467 124751 DEBUG oslo_service.service [req-e0946f8a-c850-455d-bcc7-dcff85fb7adb - - - - -] cyborg.keyfile = None log_opt_values /usr/lib/python3/dist-packages/oslo_config/cfg.py:2609
2025-11-06 00:41:03.467 124751 DEBUG oslo_service.service [req-e0946f8a-c850-455d-bcc7-dcff85fb7adb - - - - -] cyborg.max_version = None log_opt_values /usr/lib/python3/dist-packages/oslo_config/cfg.py:2609
2025-11-06 00:41:03.467 124751 DEBUG oslo_service.service [req-e0946f8a-c850-455d-bcc7-dcff85fb7adb - - - - -] cyborg.min_version = None log_opt_values /usr/lib/python3/dist-packages/oslo_config/cfg.py:2609
2025-11-06 00:41:03.467 124751 DEBUG oslo_service.service [req-e0946f8a-c850-455d-bcc7-dcff85fb7adb - - - - -] cyborg.region_name = None log_opt_values /usr/lib/python3/dist-packages/oslo_config/cfg.py:2609
2025-11-06 00:41:03.468 124751 DEBUG oslo_service.service [req-e0946f8a-c850-455d-bcc7-dcff85fb7adb - - - - -] cyborg.service_name = None log_opt_values /usr/lib/python3/dist-packages/oslo_config/cfg.py:2609
2025-11-06 00:41:03.468 124751 DEBUG oslo_service.service [req-e0946f8a-c850-455d-bcc7-dcff85fb7adb - - - - -] cyborg.service_type = accelerator log_opt_values /usr/lib/python3/dist-packages/oslo_config/cfg.py:2609
2025-11-06 00:41:03.468 124751 DEBUG oslo_service.service [req-e0946f8a-c850-455d-bcc7-dcff85fb7adb - - - - -] cyborg.split_loggers = False log_opt_values /usr/lib/python3/dist-packages/oslo_config/cfg.py:2609
2025-11-06 00:41:03.468 124751 DEBUG oslo_service.service [req-e0946f8a-c850-455d-bcc7-dcff85fb7adb - - - - -] cyborg.status_code_retries = None log_opt_values /usr/lib/python3/dist-packages/oslo_config/cfg.py:2609
2025-11-06 00:41:03.468 124751 DEBUG oslo_service.service [req-e0946f8a-c850-455d-bcc7-dcff85fb7adb - - - - -] cyborg.status_code_retry_delay = None log_opt_values /usr/lib/python3/dist-packages/oslo_config/cfg.py:2609
2025-11-06 00:41:03.469 124751 DEBUG oslo_service.service [req-e0946f8a-c850-455d-bcc7-dcff85fb7adb - - - - -] cyborg.timeout = None log_opt_values /usr/lib/python3/dist-packages/oslo_config/cfg.py:2609
2025-11-06 00:41:03.469 124751 DEBUG oslo_service.service [req-e0946f8a-c850-455d-bcc7-dcff85fb7adb - - - - -] cyborg.valid_interfaces = ['internal', 'public'] log_opt_values /usr/lib/python3/dist-packages/oslo_config/cfg.py:2609
2025-11-06 00:41:03.469 124751 DEBUG oslo_service.service [req-e0946f8a-c850-455d-bcc7-dcff85fb7adb - - - - -] cyborg.version = None log_opt_values /usr/lib/python3/dist-packages/oslo_config/cfg.py:2609
2025-11-06 00:41:03.469 124751 DEBUG oslo_service.service [req-e0946f8a-c850-455d-bcc7-dcff85fb7adb - - - - -] database.backend = sqlalchemy log_opt_values /usr/lib/python3/dist-packages/oslo_config/cfg.py:2609
2025-11-06 00:41:03.470 124751 DEBUG oslo_service.service [req-e0946f8a-c850-455d-bcc7-dcff85fb7adb - - - - -] database.connection = **** log_opt_values /usr/lib/python3/dist-packages/oslo_config/cfg.py:2609
2025-11-06 00:41:03.470 124751 DEBUG oslo_service.service [req-e0946f8a-c850-455d-bcc7-dcff85fb7adb - - - - -] database.connection_debug = 0 log_opt_values /usr/lib/python3/dist-packages/oslo_config/cfg.py:2609
2025-11-06 00:41:03.470 124751 DEBUG oslo_service.service [req-e0946f8a-c850-455d-bcc7-dcff85fb7adb - - - - -] database.connection_parameters = log_opt_values /usr/lib/python3/dist-packages/oslo_config/cfg.py:2609
2025-11-06 00:41:03.470 124751 DEBUG oslo_service.service [req-e0946f8a-c850-455d-bcc7-dcff85fb7adb - - - - -] database.connection_recycle_time = 3600 log_opt_values /usr/lib/python3/dist-packages/oslo_config/cfg.py:2609
2025-11-06 00:41:03.471 124751 DEBUG oslo_service.service [req-e0946f8a-c850-455d-bcc7-dcff85fb7adb - - - - -] database.connection_trace = False log_opt_values /usr/lib/python3/dist-packages/oslo_config/cfg.py:2609
2025-11-06 00:41:03.471 124751 DEBUG oslo_service.service [req-e0946f8a-c850-455d-bcc7-dcff85fb7adb - - - - -] database.db_inc_retry_interval = True log_opt_values /usr/lib/python3/dist-packages/oslo_config/cfg.py:2609
2025-11-06 00:41:03.471 124751 DEBUG oslo_service.service [req-e0946f8a-c850-455d-bcc7-dcff85fb7adb - - - - -] database.db_max_retries = 20 log_opt_values /usr/lib/python3/dist-packages/oslo_config/cfg.py:2609
2025-11-06 00:41:03.471 124751 DEBUG oslo_service.service [req-e0946f8a-c850-455d-bcc7-dcff85fb7adb - - - - -] database.db_max_retry_interval = 10 log_opt_values /usr/lib/python3/dist-packages/oslo_config/cfg.py:2609
2025-11-06 00:41:03.471 124751 DEBUG oslo_service.service [req-e0946f8a-c850-455d-bcc7-dcff85fb7adb - - - - -] database.db_retry_interval = 1 log_opt_values /usr/lib/python3/dist-packages/oslo_config/cfg.py:2609
2025-11-06 00:41:03.471 124751 DEBUG oslo_service.service [req-e0946f8a-c850-455d-bcc7-dcff85fb7adb - - - - -] database.max_overflow = 50 log_opt_values /usr/lib/python3/dist-packages/oslo_config/cfg.py:2609
2025-11-06 00:41:03.472 124751 DEBUG oslo_service.service [req-e0946f8a-c850-455d-bcc7-dcff85fb7adb - - - - -] database.max_pool_size = 4 log_opt_values /usr/lib/python3/dist-packages/oslo_config/cfg.py:2609
2025-11-06 00:41:03.472 124751 DEBUG oslo_service.service [req-e0946f8a-c850-455d-bcc7-dcff85fb7adb - - - - -] database.max_retries = 10 log_opt_values /usr/lib/python3/dist-packages/oslo_config/cfg.py:2609
2025-11-06 00:41:03.473 124751 DEBUG oslo_service.service [req-e0946f8a-c850-455d-bcc7-dcff85fb7adb - - - - -] database.mysql_enable_ndb = False log_opt_values /usr/lib/python3/dist-packages/oslo_config/cfg.py:2609
2025-11-06 00:41:03.473 124751 DEBUG oslo_service.service [req-e0946f8a-c850-455d-bcc7-dcff85fb7adb - - - - -] database.mysql_sql_mode = TRADITIONAL log_opt_values /usr/lib/python3/dist-packages/oslo_config/cfg.py:2609
2025-11-06 00:41:03.473 124751 DEBUG oslo_service.service [req-e0946f8a-c850-455d-bcc7-dcff85fb7adb - - - - -] database.pool_timeout = None log_opt_values /usr/lib/python3/dist-packages/oslo_config/cfg.py:2609
2025-11-06 00:41:03.473 124751 DEBUG oslo_service.service [req-e0946f8a-c850-455d-bcc7-dcff85fb7adb - - - - -] database.retry_interval = 10 log_opt_values /usr/lib/python3/dist-packages/oslo_config/cfg.py:2609
2025-11-06 00:41:03.473 124751 DEBUG oslo_service.service [req-e0946f8a-c850-455d-bcc7-dcff85fb7adb - - - - -] database.slave_connection = **** log_opt_values /usr/lib/python3/dist-packages/oslo_config/cfg.py:2609
2025-11-06 00:41:03.474 124751 DEBUG oslo_service.service [req-e0946f8a-c850-455d-bcc7-dcff85fb7adb - - - - -] database.sqlite_synchronous = True log_opt_values /usr/lib/python3/dist-packages/oslo_config/cfg.py:2609
2025-11-06 00:41:03.474 124751 DEBUG oslo_service.service [req-e0946f8a-c850-455d-bcc7-dcff85fb7adb - - - - -] database.use_db_reconnect = False log_opt_values /usr/lib/python3/dist-packages/oslo_config/cfg.py:2609
2025-11-06 00:41:03.474 124751 DEBUG oslo_service.service [req-e0946f8a-c850-455d-bcc7-dcff85fb7adb - - - - -] api_database.backend = sqlalchemy log_opt_values /usr/lib/python3/dist-packages/oslo_config/cfg.py:2609
2025-11-06 00:41:03.475 124751 DEBUG oslo_service.service [req-e0946f8a-c850-455d-bcc7-dcff85fb7adb - - - - -] api_database.connection = **** log_opt_values /usr/lib/python3/dist-packages/oslo_config/cfg.py:2609
2025-11-06 00:41:03.475 124751 DEBUG oslo_service.service [req-e0946f8a-c850-455d-bcc7-dcff85fb7adb - - - - -] api_database.connection_debug = 0 log_opt_values /usr/lib/python3/dist-packages/oslo_config/cfg.py:2609
2025-11-06 00:41:03.475 125060 DEBUG oslo_messaging._drivers.amqpdriver [-] Listener is running poll /usr/lib/python3/dist-packages/oslo_messaging/_drivers/amqpdriver.py:343
2025-11-06 00:41:03.475 125060 DEBUG oslo_messaging._drivers.amqpdriver [-] AMQPListener connection consume poll /usr/lib/python3/dist-packages/oslo_messaging/_drivers/amqpdriver.py:357
2025-11-06 00:41:03.475 124751 DEBUG oslo_service.service [req-e0946f8a-c850-455d-bcc7-dcff85fb7adb - - - - -] api_database.connection_parameters = log_opt_values /usr/lib/python3/dist-packages/oslo_config/cfg.py:2609
2025-11-06 00:41:03.475 124751 DEBUG oslo_service.service [req-e0946f8a-c850-455d-bcc7-dcff85fb7adb - - - - -] api_database.connection_recycle_time = 3600 log_opt_values /usr/lib/python3/dist-packages/oslo_config/cfg.py:2609
2025-11-06 00:41:03.475 124751 DEBUG oslo_service.service [req-e0946f8a-c850-455d-bcc7-dcff85fb7adb - - - - -] api_database.connection_trace = False log_opt_values /usr/lib/python3/dist-packages/oslo_config/cfg.py:2609
2025-11-06 00:41:03.476 124751 DEBUG oslo_service.service [req-e0946f8a-c850-455d-bcc7-dcff85fb7adb - - - - -] api_database.db_inc_retry_interval = True log_opt_values /usr/lib/python3/dist-packages/oslo_config/cfg.py:2609
2025-11-06 00:41:03.475 125060 DEBUG nova.service [req-9a5e5af1-baec-4a8f-bca5-a22fb7da0492 - - - - -] Join ServiceGroup membership for this service scheduler start /usr/lib/python3/dist-packages/nova/service.py:199
2025-11-06 00:41:03.476 124751 DEBUG oslo_service.service [req-e0946f8a-c850-455d-bcc7-dcff85fb7adb - - - - -] api_database.db_max_retries = 20 log_opt_values /usr/lib/python3/dist-packages/oslo_config/cfg.py:2609
2025-11-06 00:41:03.476 125060 DEBUG nova.servicegroup.drivers.db [req-9a5e5af1-baec-4a8f-bca5-a22fb7da0492 - - - - -] DB_Driver: join new ServiceGroup member juju-85bed8-0-lxd-7 to the scheduler group, service = join /usr/lib/python3/dist-packages/nova/servicegroup/drivers/db.py:44
2025-11-06 00:41:03.476 124751 DEBUG oslo_service.service [req-e0946f8a-c850-455d-bcc7-dcff85fb7adb - - - - -] api_database.db_max_retry_interval = 10 log_opt_values /usr/lib/python3/dist-packages/oslo_config/cfg.py:2609
2025-11-06 00:41:03.476 124751 DEBUG oslo_service.service [req-e0946f8a-c850-455d-bcc7-dcff85fb7adb - - - - -] api_database.db_retry_interval = 1 log_opt_values /usr/lib/python3/dist-packages/oslo_config/cfg.py:2609
2025-11-06 00:41:03.476 124751 DEBUG oslo_service.service [req-e0946f8a-c850-455d-bcc7-dcff85fb7adb - - - - -] api_database.max_overflow = 50 log_opt_values /usr/lib/python3/dist-packages/oslo_config/cfg.py:2609
2025-11-06 00:41:03.477 124751 DEBUG oslo_service.service [req-e0946f8a-c850-455d-bcc7-dcff85fb7adb - - - - -] api_database.max_pool_size = 4 log_opt_values /usr/lib/python3/dist-packages/oslo_config/cfg.py:2609
2025-11-06 00:41:03.477 124751 DEBUG oslo_service.service [req-e0946f8a-c850-455d-bcc7-dcff85fb7adb - - - - -] api_database.max_retries = 10 log_opt_values /usr/lib/python3/dist-packages/oslo_config/cfg.py:2609
2025-11-06 00:41:03.477 124751 DEBUG oslo_service.service [req-e0946f8a-c850-455d-bcc7-dcff85fb7adb - - - - -] api_database.mysql_enable_ndb = False log_opt_values /usr/lib/python3/dist-packages/oslo_config/cfg.py:2609
2025-11-06 00:41:03.477 124751 DEBUG oslo_service.service [req-e0946f8a-c850-455d-bcc7-dcff85fb7adb - - - - -] api_database.mysql_sql_mode = TRADITIONAL log_opt_values /usr/lib/python3/dist-packages/oslo_config/cfg.py:2609
2025-11-06 00:41:03.477 124751 DEBUG oslo_service.service [req-e0946f8a-c850-455d-bcc7-dcff85fb7adb - - - - -] api_database.pool_timeout = None log_opt_values /usr/lib/python3/dist-packages/oslo_config/cfg.py:2609
2025-11-06 00:41:03.477 124751 DEBUG oslo_service.service [req-e0946f8a-c850-455d-bcc7-dcff85fb7adb - - - - -] api_database.retry_interval = 10 log_opt_values /usr/lib/python3/dist-packages/oslo_config/cfg.py:2609
2025-11-06 00:41:03.478 124751 DEBUG oslo_service.service [req-e0946f8a-c850-455d-bcc7-dcff85fb7adb - - - - -] api_database.slave_connection = **** log_opt_values /usr/lib/python3/dist-packages/oslo_config/cfg.py:2609
2025-11-06 00:41:03.478 124751 DEBUG oslo_service.service [req-e0946f8a-c850-455d-bcc7-dcff85fb7adb - - - - -] api_database.sqlite_synchronous = True log_opt_values /usr/lib/python3/dist-packages/oslo_config/cfg.py:2609
2025-11-06 00:41:03.478 124751 DEBUG oslo_service.service [req-e0946f8a-c850-455d-bcc7-dcff85fb7adb - - - - -] devices.enabled_mdev_types = [] log_opt_values /usr/lib/python3/dist-packages/oslo_config/cfg.py:2609
2025-11-06 00:41:03.478 124751 DEBUG oslo_service.service [req-e0946f8a-c850-455d-bcc7-dcff85fb7adb - - - - -] ephemeral_storage_encryption.cipher = aes-xts-plain64 log_opt_values /usr/lib/python3/dist-packages/oslo_config/cfg.py:2609
2025-11-06 00:41:03.478 125060 DEBUG oslo_messaging._drivers.amqpdriver [-] AMQPListener connection timeout poll /usr/lib/python3/dist-packages/oslo_messaging/_drivers/amqpdriver.py:360
2025-11-06 00:41:03.478 125060 DEBUG oslo_messaging._drivers.amqpdriver [-] Listener is running poll /usr/lib/python3/dist-packages/oslo_messaging/_drivers/amqpdriver.py:343
