2025-11-06 01:52:44.382 7 DEBUG oslo_service.service [-] ml2_type_gre.tunnel_id_ranges = [] log_opt_values /var/lib/kolla/venv/lib/python3.6/site-packages/oslo_config/cfg.py:2611
2025-11-06 01:52:44.382 7 DEBUG oslo_service.service [-] ml2_type_vlan.network_vlan_ranges = [] log_opt_values /var/lib/kolla/venv/lib/python3.6/site-packages/oslo_config/cfg.py:2611
2025-11-06 01:52:44.382 7 DEBUG oslo_service.service [-] ml2_type_vxlan.vni_ranges = [] log_opt_values /var/lib/kolla/venv/lib/python3.6/site-packages/oslo_config/cfg.py:2611
2025-11-06 01:52:44.382 7 DEBUG oslo_service.service [-] ml2_type_vxlan.vxlan_group = None log_opt_values /var/lib/kolla/venv/lib/python3.6/site-packages/oslo_config/cfg.py:2611
2025-11-06 01:52:44.382 7 DEBUG oslo_service.service [-] database.backend = sqlalchemy log_opt_values /var/lib/kolla/venv/lib/python3.6/site-packages/oslo_config/cfg.py:2611
2025-11-06 01:52:44.382 7 DEBUG oslo_service.service [-] database.connection = **** log_opt_values /var/lib/kolla/venv/lib/python3.6/site-packages/oslo_config/cfg.py:2611
2025-11-06 01:52:44.382 7 DEBUG oslo_service.service [-] database.connection_debug = 0 log_opt_values /var/lib/kolla/venv/lib/python3.6/site-packages/oslo_config/cfg.py:2611
2025-11-06 01:52:44.382 7 DEBUG oslo_service.service [-] database.connection_parameters = log_opt_values /var/lib/kolla/venv/lib/python3.6/site-packages/oslo_config/cfg.py:2611
2025-11-06 01:52:44.382 7 DEBUG oslo_service.service [-] database.connection_recycle_time = 10 log_opt_values /var/lib/kolla/venv/lib/python3.6/site-packages/oslo_config/cfg.py:2611
2025-11-06 01:52:44.382 7 DEBUG oslo_service.service [-] database.connection_trace = False log_opt_values /var/lib/kolla/venv/lib/python3.6/site-packages/oslo_config/cfg.py:2611
2025-11-06 01:52:44.382 7 DEBUG oslo_service.service [-] database.db_inc_retry_interval = True log_opt_values /var/lib/kolla/venv/lib/python3.6/site-packages/oslo_config/cfg.py:2611
2025-11-06 01:52:44.382 7 DEBUG oslo_service.service [-] database.db_max_retries = 20 log_opt_values /var/lib/kolla/venv/lib/python3.6/site-packages/oslo_config/cfg.py:2611
2025-11-06 01:52:44.382 7 DEBUG oslo_service.service [-] database.db_max_retry_interval = 10 log_opt_values /var/lib/kolla/venv/lib/python3.6/site-packages/oslo_config/cfg.py:2611
2025-11-06 01:52:44.383 7 DEBUG oslo_service.service [-] database.db_retry_interval = 1 log_opt_values /var/lib/kolla/venv/lib/python3.6/site-packages/oslo_config/cfg.py:2611
2025-11-06 01:52:44.383 7 DEBUG oslo_service.service [-] database.max_overflow = 50 log_opt_values /var/lib/kolla/venv/lib/python3.6/site-packages/oslo_config/cfg.py:2611
2025-11-06 01:52:44.383 7 DEBUG oslo_service.service [-] database.max_pool_size = 1 log_opt_values /var/lib/kolla/venv/lib/python3.6/site-packages/oslo_config/cfg.py:2611
2025-11-06 01:52:44.383 7 DEBUG oslo_service.service [-] database.max_retries = -1 log_opt_values /var/lib/kolla/venv/lib/python3.6/site-packages/oslo_config/cfg.py:2611
2025-11-06 01:52:44.383 7 DEBUG oslo_service.service [-] database.mysql_enable_ndb = False log_opt_values /var/lib/kolla/venv/lib/python3.6/site-packages/oslo_config/cfg.py:2611
2025-11-06 01:52:44.383 7 DEBUG oslo_service.service [-] database.mysql_sql_mode = TRADITIONAL log_opt_values /var/lib/kolla/venv/lib/python3.6/site-packages/oslo_config/cfg.py:2611
2025-11-06 01:52:44.383 7 DEBUG oslo_service.service [-] database.pool_timeout = None log_opt_values /var/lib/kolla/venv/lib/python3.6/site-packages/oslo_config/cfg.py:2611
2025-11-06 01:52:44.383 7 DEBUG oslo_service.service [-] database.retry_interval = 10 log_opt_values /var/lib/kolla/venv/lib/python3.6/site-packages/oslo_config/cfg.py:2611
2025-11-06 01:52:44.383 7 DEBUG oslo_service.service [-] database.slave_connection = **** log_opt_values /var/lib/kolla/venv/lib/python3.6/site-packages/oslo_config/cfg.py:2611
2025-11-06 01:52:44.383 7 DEBUG oslo_service.service [-] database.sqlite_synchronous = True log_opt_values /var/lib/kolla/venv/lib/python3.6/site-packages/oslo_config/cfg.py:2611
2025-11-06 01:52:44.383 7 DEBUG oslo_service.service [-] database.use_db_reconnect = False log_opt_values /var/lib/kolla/venv/lib/python3.6/site-packages/oslo_config/cfg.py:2611
2025-11-06 01:52:44.383 7 DEBUG oslo_service.service [-] ******************************************************************************** log_opt_values /var/lib/kolla/venv/lib/python3.6/site-packages/oslo_config/cfg.py:2613
2025-11-06 01:52:45.666 22 DEBUG neutron.wsgi [-] (22) accepted ('10.0.0.249', 41814) server /var/lib/kolla/venv/lib/python3.6/site-packages/eventlet/wsgi.py:1004
2025-11-06 01:52:45.673 22 INFO neutron.wsgi [-] 10.0.0.249 "GET / HTTP/1.1" status: 200 len: 228 time: 0.0053763
2025-11-06 01:52:48.444 24 DEBUG neutron.api.rpc.handlers.dhcp_rpc [req-d5b95806-faaa-41b0-a84a-bc497d13cb9e - - - - -] get_active_networks_info from cn-jenkins-deploy-platform-ansible-os-4661-1 get_active_networks_info /var/lib/kolla/venv/lib/python3.6/site-packages/neutron/api/rpc/handlers/dhcp_rpc.py:159
2025-11-06 01:52:48.475 26 DEBUG neutron_lib.callbacks.manager [req-5202301d-2bfc-426b-87c1-0fe7c0d8b8a2 - - - - -] Publish callbacks ['neutron.services.segments.db._update_segment_host_mapping_for_agent-8768634699840', 'neutron.services.l3_router.l3_router_plugin.DVRResourceOperationHandler.create_fip_agent_gw_ports-599485'] for agent (05038205-7f47-4138-82a7-f3846a9f2bc7), after_create _notify_loop /var/lib/kolla/venv/lib/python3.6/site-packages/neutron_lib/callbacks/manager.py:177
2025-11-06 01:52:48.486 24 DEBUG neutron.scheduler.dhcp_agent_scheduler [req-d5b95806-faaa-41b0-a84a-bc497d13cb9e - - - - -] No non-hosted networks auto_schedule_networks /var/lib/kolla/venv/lib/python3.6/site-packages/neutron/scheduler/dhcp_agent_scheduler.py:60
2025-11-06 01:53:06.170 27 DEBUG neutron_lib.callbacks.manager [req-cc0b1da4-27e6-4e5a-9677-0b61a9929580 - - - - -] Publish callbacks ['neutron.services.segments.db._update_segment_host_mapping_for_agent-8768634699840', 'neutron.services.l3_router.l3_router_plugin.DVRResourceOperationHandler.create_fip_agent_gw_ports-599485'] for agent (2206316d-a588-4261-a62b-681526629680), after_create _notify_loop /var/lib/kolla/venv/lib/python3.6/site-packages/neutron_lib/callbacks/manager.py:177
2025-11-06 01:53:15.721 22 DEBUG neutron.wsgi [-] (22) accepted ('10.0.0.249', 33450) server /var/lib/kolla/venv/lib/python3.6/site-packages/eventlet/wsgi.py:1004
2025-11-06 01:53:15.725 22 INFO neutron.wsgi [-] 10.0.0.249 "GET / HTTP/1.1" status: 200 len: 228 time: 0.0032563
2025-11-06 01:53:18.455 28 DEBUG neutron_lib.callbacks.manager [req-c311b4f2-80d4-4f1c-8ebe-06f58cbbfa54 - - - - -] Publish callbacks ['neutron.services.segments.db._update_segment_host_mapping_for_agent-8768634699840', 'neutron.plugins.ml2.plugin.Ml2Plugin._retry_binding_revived_agents-3995667'] for agent (05038205-7f47-4138-82a7-f3846a9f2bc7), after_update _notify_loop /var/lib/kolla/venv/lib/python3.6/site-packages/neutron_lib/callbacks/manager.py:177
2025-11-06 01:53:36.140 24 DEBUG neutron_lib.callbacks.manager [req-cc0b1da4-27e6-4e5a-9677-0b61a9929580 - - - - -] Publish callbacks ['neutron.services.segments.db._update_segment_host_mapping_for_agent-8768634699840', 'neutron.plugins.ml2.plugin.Ml2Plugin._retry_binding_revived_agents-3995667'] for agent (2206316d-a588-4261-a62b-681526629680), after_update _notify_loop /var/lib/kolla/venv/lib/python3.6/site-packages/neutron_lib/callbacks/manager.py:177
2025-11-06 01:53:43.341 29 DEBUG neutron.db.agents_db [req-ed5c17da-e974-4e8c-972f-421895f6ffc9 - - - - -] Agent healthcheck: found 2 active agents agent_health_check /var/lib/kolla/venv/lib/python3.6/site-packages/neutron/db/agents_db.py:318
2025-11-06 01:53:45.768 22 DEBUG neutron.wsgi [-] (22) accepted ('10.0.0.249', 44528) server /var/lib/kolla/venv/lib/python3.6/site-packages/eventlet/wsgi.py:1004
2025-11-06 01:53:45.771 22 INFO neutron.wsgi [-] 10.0.0.249 "GET / HTTP/1.1" status: 200 len: 228 time: 0.0027919
2025-11-06 01:53:48.461 23 DEBUG neutron_lib.callbacks.manager [req-422c7885-bab2-4802-8ad1-32b47c8a9d3e - - - - -] Publish callbacks ['neutron.services.segments.db._update_segment_host_mapping_for_agent-8768634699840', 'neutron.plugins.ml2.plugin.Ml2Plugin._retry_binding_revived_agents-3995667'] for agent (05038205-7f47-4138-82a7-f3846a9f2bc7), after_update _notify_loop /var/lib/kolla/venv/lib/python3.6/site-packages/neutron_lib/callbacks/manager.py:177
2025-11-06 01:54:06.155 25 DEBUG neutron_lib.callbacks.manager [req-cc0b1da4-27e6-4e5a-9677-0b61a9929580 - - - - -] Publish callbacks ['neutron.services.segments.db._update_segment_host_mapping_for_agent-8768634699840', 'neutron.plugins.ml2.plugin.Ml2Plugin._retry_binding_revived_agents-3995667'] for agent (2206316d-a588-4261-a62b-681526629680), after_update _notify_loop /var/lib/kolla/venv/lib/python3.6/site-packages/neutron_lib/callbacks/manager.py:177
2025-11-06 01:54:15.819 22 DEBUG neutron.wsgi [-] (22) accepted ('10.0.0.249', 49802) server /var/lib/kolla/venv/lib/python3.6/site-packages/eventlet/wsgi.py:1004
2025-11-06 01:54:15.823 22 INFO neutron.wsgi [-] 10.0.0.249 "GET / HTTP/1.1" status: 200 len: 228 time: 0.0031374
2025-11-06 01:54:18.446 26 DEBUG neutron_lib.callbacks.manager [req-c27abe81-bae6-40b2-a286-a1cf1a0bb615 - - - - -] Publish callbacks ['neutron.services.segments.db._update_segment_host_mapping_for_agent-8768634699840', 'neutron.plugins.ml2.plugin.Ml2Plugin._retry_binding_revived_agents-3995667'] for agent (05038205-7f47-4138-82a7-f3846a9f2bc7), after_update _notify_loop /var/lib/kolla/venv/lib/python3.6/site-packages/neutron_lib/callbacks/manager.py:177
2025-11-06 01:54:20.339 29 DEBUG neutron.db.agents_db [req-ed5c17da-e974-4e8c-972f-421895f6ffc9 - - - - -] Agent healthcheck: found 2 active agents agent_health_check /var/lib/kolla/venv/lib/python3.6/site-packages/neutron/db/agents_db.py:318
2025-11-06 01:54:36.141 27 DEBUG neutron_lib.callbacks.manager [req-cc0b1da4-27e6-4e5a-9677-0b61a9929580 - - - - -] Publish callbacks ['neutron.services.segments.db._update_segment_host_mapping_for_agent-8768634699840', 'neutron.plugins.ml2.plugin.Ml2Plugin._retry_binding_revived_agents-3995667'] for agent (2206316d-a588-4261-a62b-681526629680), after_update _notify_loop /var/lib/kolla/venv/lib/python3.6/site-packages/neutron_lib/callbacks/manager.py:177
2025-11-06 01:54:45.866 22 DEBUG neutron.wsgi [-] (22) accepted ('10.0.0.249', 51120) server /var/lib/kolla/venv/lib/python3.6/site-packages/eventlet/wsgi.py:1004
2025-11-06 01:54:45.870 22 INFO neutron.wsgi [-] 10.0.0.249 "GET / HTTP/1.1" status: 200 len: 228 time: 0.0026305
2025-11-06 01:54:48.449 28 DEBUG neutron_lib.callbacks.manager [req-c0f7525e-b41a-47a9-89f8-8d5b82bcf4e1 - - - - -] Publish callbacks ['neutron.services.segments.db._update_segment_host_mapping_for_agent-8768634699840', 'neutron.plugins.ml2.plugin.Ml2Plugin._retry_binding_revived_agents-3995667'] for agent (05038205-7f47-4138-82a7-f3846a9f2bc7), after_update _notify_loop /var/lib/kolla/venv/lib/python3.6/site-packages/neutron_lib/callbacks/manager.py:177
2025-11-06 01:54:57.340 29 DEBUG neutron.db.agents_db [req-ed5c17da-e974-4e8c-972f-421895f6ffc9 - - - - -] Agent healthcheck: found 2 active agents agent_health_check /var/lib/kolla/venv/lib/python3.6/site-packages/neutron/db/agents_db.py:318
2025-11-06 01:55:06.143 24 DEBUG neutron_lib.callbacks.manager [req-cc0b1da4-27e6-4e5a-9677-0b61a9929580 - - - - -] Publish callbacks ['neutron.services.segments.db._update_segment_host_mapping_for_agent-8768634699840', 'neutron.plugins.ml2.plugin.Ml2Plugin._retry_binding_revived_agents-3995667'] for agent (2206316d-a588-4261-a62b-681526629680), after_update _notify_loop /var/lib/kolla/venv/lib/python3.6/site-packages/neutron_lib/callbacks/manager.py:177
2025-11-06 01:55:15.917 22 DEBUG neutron.wsgi [-] (22) accepted ('10.0.0.249', 41966) server /var/lib/kolla/venv/lib/python3.6/site-packages/eventlet/wsgi.py:1004
2025-11-06 01:55:15.925 22 INFO neutron.wsgi [-] 10.0.0.249 "GET / HTTP/1.1" status: 200 len: 228 time: 0.0079563
2025-11-06 01:55:18.446 23 DEBUG neutron_lib.callbacks.manager [req-7b4d34ad-d10a-4299-8dba-c50dc01484c9 - - - - -] Publish callbacks ['neutron.services.segments.db._update_segment_host_mapping_for_agent-8768634699840', 'neutron.plugins.ml2.plugin.Ml2Plugin._retry_binding_revived_agents-3995667'] for agent (05038205-7f47-4138-82a7-f3846a9f2bc7), after_update _notify_loop /var/lib/kolla/venv/lib/python3.6/site-packages/neutron_lib/callbacks/manager.py:177
2025-11-06 01:55:34.344 29 DEBUG neutron.db.agents_db [req-ed5c17da-e974-4e8c-972f-421895f6ffc9 - - - - -] Agent healthcheck: found 2 active agents agent_health_check /var/lib/kolla/venv/lib/python3.6/site-packages/neutron/db/agents_db.py:318
2025-11-06 01:55:36.149 25 DEBUG neutron_lib.callbacks.manager [req-cc0b1da4-27e6-4e5a-9677-0b61a9929580 - - - - -] Publish callbacks ['neutron.services.segments.db._update_segment_host_mapping_for_agent-8768634699840', 'neutron.plugins.ml2.plugin.Ml2Plugin._retry_binding_revived_agents-3995667'] for agent (2206316d-a588-4261-a62b-681526629680), after_update _notify_loop /var/lib/kolla/venv/lib/python3.6/site-packages/neutron_lib/callbacks/manager.py:177
2025-11-06 01:55:45.973 22 DEBUG neutron.wsgi [-] (22) accepted ('10.0.0.249', 58204) server /var/lib/kolla/venv/lib/python3.6/site-packages/eventlet/wsgi.py:1004
2025-11-06 01:55:45.976 22 INFO neutron.wsgi [-] 10.0.0.249 "GET / HTTP/1.1" status: 200 len: 228 time: 0.0026355
2025-11-06 01:55:48.443 26 DEBUG neutron_lib.callbacks.manager [req-aeb94b23-07aa-457e-b0d0-796ef28b90f2 - - - - -] Publish callbacks ['neutron.services.segments.db._update_segment_host_mapping_for_agent-8768634699840', 'neutron.plugins.ml2.plugin.Ml2Plugin._retry_binding_revived_agents-3995667'] for agent (05038205-7f47-4138-82a7-f3846a9f2bc7), after_update _notify_loop /var/lib/kolla/venv/lib/python3.6/site-packages/neutron_lib/callbacks/manager.py:177
2025-11-06 01:56:06.148 27 DEBUG neutron_lib.callbacks.manager [req-cc0b1da4-27e6-4e5a-9677-0b61a9929580 - - - - -] Publish callbacks ['neutron.services.segments.db._update_segment_host_mapping_for_agent-8768634699840', 'neutron.plugins.ml2.plugin.Ml2Plugin._retry_binding_revived_agents-3995667'] for agent (2206316d-a588-4261-a62b-681526629680), after_update _notify_loop /var/lib/kolla/venv/lib/python3.6/site-packages/neutron_lib/callbacks/manager.py:177
2025-11-06 01:56:11.344 29 DEBUG neutron.db.agents_db [req-ed5c17da-e974-4e8c-972f-421895f6ffc9 - - - - -] Agent healthcheck: found 2 active agents agent_health_check /var/lib/kolla/venv/lib/python3.6/site-packages/neutron/db/agents_db.py:318
2025-11-06 01:56:16.024 22 DEBUG neutron.wsgi [-] (22) accepted ('10.0.0.249', 50016) server /var/lib/kolla/venv/lib/python3.6/site-packages/eventlet/wsgi.py:1004
2025-11-06 01:56:16.027 22 INFO neutron.wsgi [-] 10.0.0.249 "GET / HTTP/1.1" status: 200 len: 228 time: 0.0028591
2025-11-06 01:56:18.440 28 DEBUG neutron_lib.callbacks.manager [req-4f9eb8f4-757e-4276-b0e0-ead8ab1d8132 - - - - -] Publish callbacks ['neutron.services.segments.db._update_segment_host_mapping_for_agent-8768634699840', 'neutron.plugins.ml2.plugin.Ml2Plugin._retry_binding_revived_agents-3995667'] for agent (05038205-7f47-4138-82a7-f3846a9f2bc7), after_update _notify_loop /var/lib/kolla/venv/lib/python3.6/site-packages/neutron_lib/callbacks/manager.py:177
2025-11-06 01:56:36.240 24 DEBUG neutron_lib.callbacks.manager [req-cc0b1da4-27e6-4e5a-9677-0b61a9929580 - - - - -] Publish callbacks ['neutron.services.segments.db._update_segment_host_mapping_for_agent-8768634699840', 'neutron.plugins.ml2.plugin.Ml2Plugin._retry_binding_revived_agents-3995667'] for agent (2206316d-a588-4261-a62b-681526629680), after_update _notify_loop /var/lib/kolla/venv/lib/python3.6/site-packages/neutron_lib/callbacks/manager.py:177
2025-11-06 01:56:46.073 22 DEBUG neutron.wsgi [-] (22) accepted ('10.0.0.249', 58728) server /var/lib/kolla/venv/lib/python3.6/site-packages/eventlet/wsgi.py:1004
2025-11-06 01:56:46.076 22 INFO neutron.wsgi [-] 10.0.0.249 "GET / HTTP/1.1" status: 200 len: 228 time: 0.0025735
2025-11-06 01:56:48.344 29 DEBUG neutron.db.agents_db [req-ed5c17da-e974-4e8c-972f-421895f6ffc9 - - - - -] Agent healthcheck: found 2 active agents agent_health_check /var/lib/kolla/venv/lib/python3.6/site-packages/neutron/db/agents_db.py:318
2025-11-06 01:56:48.439 23 DEBUG neutron_lib.callbacks.manager [req-b9793cff-9a13-430d-9bee-33b3d703e556 - - - - -] Publish callbacks ['neutron.services.segments.db._update_segment_host_mapping_for_agent-8768634699840', 'neutron.plugins.ml2.plugin.Ml2Plugin._retry_binding_revived_agents-3995667'] for agent (05038205-7f47-4138-82a7-f3846a9f2bc7), after_update _notify_loop /var/lib/kolla/venv/lib/python3.6/site-packages/neutron_lib/callbacks/manager.py:177
2025-11-06 01:57:06.154 25 DEBUG neutron_lib.callbacks.manager [req-cc0b1da4-27e6-4e5a-9677-0b61a9929580 - - - - -] Publish callbacks ['neutron.services.segments.db._update_segment_host_mapping_for_agent-8768634699840', 'neutron.plugins.ml2.plugin.Ml2Plugin._retry_binding_revived_agents-3995667'] for agent (2206316d-a588-4261-a62b-681526629680), after_update _notify_loop /var/lib/kolla/venv/lib/python3.6/site-packages/neutron_lib/callbacks/manager.py:177
2025-11-06 01:57:16.122 22 DEBUG neutron.wsgi [-] (22) accepted ('10.0.0.249', 36518) server /var/lib/kolla/venv/lib/python3.6/site-packages/eventlet/wsgi.py:1004
2025-11-06 01:57:16.127 22 INFO neutron.wsgi [-] 10.0.0.249 "GET / HTTP/1.1" status: 200 len: 228 time: 0.0041633
2025-11-06 01:57:18.455 26 DEBUG neutron_lib.callbacks.manager [req-23498492-f5ae-4781-98c7-97a81802225a - - - - -] Publish callbacks ['neutron.services.segments.db._update_segment_host_mapping_for_agent-8768634699840', 'neutron.plugins.ml2.plugin.Ml2Plugin._retry_binding_revived_agents-3995667'] for agent (05038205-7f47-4138-82a7-f3846a9f2bc7), after_update _notify_loop /var/lib/kolla/venv/lib/python3.6/site-packages/neutron_lib/callbacks/manager.py:177
2025-11-06 01:57:25.352 29 DEBUG neutron.db.agents_db [req-ed5c17da-e974-4e8c-972f-421895f6ffc9 - - - - -] Agent healthcheck: found 2 active agents agent_health_check /var/lib/kolla/venv/lib/python3.6/site-packages/neutron/db/agents_db.py:318
2025-11-06 01:57:36.157 27 DEBUG neutron_lib.callbacks.manager [req-cc0b1da4-27e6-4e5a-9677-0b61a9929580 - - - - -] Publish callbacks ['neutron.services.segments.db._update_segment_host_mapping_for_agent-8768634699840', 'neutron.plugins.ml2.plugin.Ml2Plugin._retry_binding_revived_agents-3995667'] for agent (2206316d-a588-4261-a62b-681526629680), after_update _notify_loop /var/lib/kolla/venv/lib/python3.6/site-packages/neutron_lib/callbacks/manager.py:177
2025-11-06 01:57:46.171 22 DEBUG neutron.wsgi [-] (22) accepted ('10.0.0.249', 43074) server /var/lib/kolla/venv/lib/python3.6/site-packages/eventlet/wsgi.py:1004
2025-11-06 01:57:46.175 22 INFO neutron.wsgi [-] 10.0.0.249 "GET / HTTP/1.1" status: 200 len: 228 time: 0.0028815
2025-11-06 01:57:48.435 28 DEBUG neutron_lib.callbacks.manager [req-b9501d4c-e1a2-4cc0-a876-e68b63f30806 - - - - -] Publish callbacks ['neutron.services.segments.db._update_segment_host_mapping_for_agent-8768634699840', 'neutron.plugins.ml2.plugin.Ml2Plugin._retry_binding_revived_agents-3995667'] for agent (05038205-7f47-4138-82a7-f3846a9f2bc7), after_update _notify_loop /var/lib/kolla/venv/lib/python3.6/site-packages/neutron_lib/callbacks/manager.py:177
2025-11-06 01:58:02.353 29 DEBUG neutron.db.agents_db [req-ed5c17da-e974-4e8c-972f-421895f6ffc9 - - - - -] Agent healthcheck: found 2 active agents agent_health_check /var/lib/kolla/venv/lib/python3.6/site-packages/neutron/db/agents_db.py:318
2025-11-06 01:58:06.158 24 DEBUG neutron_lib.callbacks.manager [req-cc0b1da4-27e6-4e5a-9677-0b61a9929580 - - - - -] Publish callbacks ['neutron.services.segments.db._update_segment_host_mapping_for_agent-8768634699840', 'neutron.plugins.ml2.plugin.Ml2Plugin._retry_binding_revived_agents-3995667'] for agent (2206316d-a588-4261-a62b-681526629680), after_update _notify_loop /var/lib/kolla/venv/lib/python3.6/site-packages/neutron_lib/callbacks/manager.py:177
2025-11-06 01:58:16.227 22 DEBUG neutron.wsgi [-] (22) accepted ('10.0.0.249', 56868) server /var/lib/kolla/venv/lib/python3.6/site-packages/eventlet/wsgi.py:1004
2025-11-06 01:58:16.231 22 INFO neutron.wsgi [-] 10.0.0.249 "GET / HTTP/1.1" status: 200 len: 228 time: 0.0025792
2025-11-06 01:58:18.434 23 DEBUG neutron_lib.callbacks.manager [req-2f8d8c91-7469-4258-b80e-2702ca3eed95 - - - - -] Publish callbacks ['neutron.services.segments.db._update_segment_host_mapping_for_agent-8768634699840', 'neutron.plugins.ml2.plugin.Ml2Plugin._retry_binding_revived_agents-3995667'] for agent (05038205-7f47-4138-82a7-f3846a9f2bc7), after_update _notify_loop /var/lib/kolla/venv/lib/python3.6/site-packages/neutron_lib/callbacks/manager.py:177
2025-11-06 01:58:36.164 25 DEBUG neutron_lib.callbacks.manager [req-cc0b1da4-27e6-4e5a-9677-0b61a9929580 - - - - -] Publish callbacks ['neutron.services.segments.db._update_segment_host_mapping_for_agent-8768634699840', 'neutron.plugins.ml2.plugin.Ml2Plugin._retry_binding_revived_agents-3995667'] for agent (2206316d-a588-4261-a62b-681526629680), after_update _notify_loop /var/lib/kolla/venv/lib/python3.6/site-packages/neutron_lib/callbacks/manager.py:177
2025-11-06 01:58:39.352 29 DEBUG neutron.db.agents_db [req-ed5c17da-e974-4e8c-972f-421895f6ffc9 - - - - -] Agent healthcheck: found 2 active agents agent_health_check /var/lib/kolla/venv/lib/python3.6/site-packages/neutron/db/agents_db.py:318
2025-11-06 01:58:46.277 22 DEBUG neutron.wsgi [-] (22) accepted ('10.0.0.249', 37298) server /var/lib/kolla/venv/lib/python3.6/site-packages/eventlet/wsgi.py:1004
2025-11-06 01:58:46.281 22 INFO neutron.wsgi [-] 10.0.0.249 "GET / HTTP/1.1" status: 200 len: 228 time: 0.0026670
2025-11-06 01:58:48.433 26 DEBUG neutron_lib.callbacks.manager [req-ee9fe38c-fbcc-4bfc-bde7-a2a4d4d87893 - - - - -] Publish callbacks ['neutron.services.segments.db._update_segment_host_mapping_for_agent-8768634699840', 'neutron.plugins.ml2.plugin.Ml2Plugin._retry_binding_revived_agents-3995667'] for agent (05038205-7f47-4138-82a7-f3846a9f2bc7), after_update _notify_loop /var/lib/kolla/venv/lib/python3.6/site-packages/neutron_lib/callbacks/manager.py:177
2025-11-06 01:59:06.161 27 DEBUG neutron_lib.callbacks.manager [req-cc0b1da4-27e6-4e5a-9677-0b61a9929580 - - - - -] Publish callbacks ['neutron.services.segments.db._update_segment_host_mapping_for_agent-8768634699840', 'neutron.plugins.ml2.plugin.Ml2Plugin._retry_binding_revived_agents-3995667'] for agent (2206316d-a588-4261-a62b-681526629680), after_update _notify_loop /var/lib/kolla/venv/lib/python3.6/site-packages/neutron_lib/callbacks/manager.py:177
2025-11-06 01:59:16.327 22 DEBUG neutron.wsgi [-] (22) accepted ('10.0.0.249', 33284) server /var/lib/kolla/venv/lib/python3.6/site-packages/eventlet/wsgi.py:1004
2025-11-06 01:59:16.331 22 INFO neutron.wsgi [-] 10.0.0.249 "GET / HTTP/1.1" status: 200 len: 228 time: 0.0035112
2025-11-06 01:59:16.350 29 DEBUG neutron.db.agents_db [req-ed5c17da-e974-4e8c-972f-421895f6ffc9 - - - - -] Agent healthcheck: found 2 active agents agent_health_check /var/lib/kolla/venv/lib/python3.6/site-packages/neutron/db/agents_db.py:318
2025-11-06 01:59:18.899 28 DEBUG neutron_lib.callbacks.manager [req-4e01f884-6b89-4720-b861-0a6ed8daf991 - - - - -] Publish callbacks ['neutron.services.segments.db._update_segment_host_mapping_for_agent-8768634699840', 'neutron.plugins.ml2.plugin.Ml2Plugin._retry_binding_revived_agents-3995667'] for agent (05038205-7f47-4138-82a7-f3846a9f2bc7), after_update _notify_loop /var/lib/kolla/venv/lib/python3.6/site-packages/neutron_lib/callbacks/manager.py:177
2025-11-06 01:59:36.165 24 DEBUG neutron_lib.callbacks.manager [req-cc0b1da4-27e6-4e5a-9677-0b61a9929580 - - - - -] Publish callbacks ['neutron.services.segments.db._update_segment_host_mapping_for_agent-8768634699840', 'neutron.plugins.ml2.plugin.Ml2Plugin._retry_binding_revived_agents-3995667'] for agent (2206316d-a588-4261-a62b-681526629680), after_update _notify_loop /var/lib/kolla/venv/lib/python3.6/site-packages/neutron_lib/callbacks/manager.py:177
2025-11-06 01:59:46.381 22 DEBUG neutron.wsgi [-] (22) accepted ('10.0.0.249', 42730) server /var/lib/kolla/venv/lib/python3.6/site-packages/eventlet/wsgi.py:1004
2025-11-06 01:59:46.387 22 INFO neutron.wsgi [-] 10.0.0.249 "GET / HTTP/1.1" status: 200 len: 228 time: 0.0039086
2025-11-06 01:59:48.427 23 DEBUG neutron_lib.callbacks.manager [req-f7ba3986-3157-4329-835c-c066c7f75cdf - - - - -] Publish callbacks ['neutron.services.segments.db._update_segment_host_mapping_for_agent-8768634699840', 'neutron.plugins.ml2.plugin.Ml2Plugin._retry_binding_revived_agents-3995667'] for agent (05038205-7f47-4138-82a7-f3846a9f2bc7), after_update _notify_loop /var/lib/kolla/venv/lib/python3.6/site-packages/neutron_lib/callbacks/manager.py:177
2025-11-06 01:59:53.350 29 DEBUG neutron.db.agents_db [req-ed5c17da-e974-4e8c-972f-421895f6ffc9 - - - - -] Agent healthcheck: found 2 active agents agent_health_check /var/lib/kolla/venv/lib/python3.6/site-packages/neutron/db/agents_db.py:318
2025-11-06 02:00:06.167 25 DEBUG neutron_lib.callbacks.manager [req-cc0b1da4-27e6-4e5a-9677-0b61a9929580 - - - - -] Publish callbacks ['neutron.services.segments.db._update_segment_host_mapping_for_agent-8768634699840', 'neutron.plugins.ml2.plugin.Ml2Plugin._retry_binding_revived_agents-3995667'] for agent (2206316d-a588-4261-a62b-681526629680), after_update _notify_loop /var/lib/kolla/venv/lib/python3.6/site-packages/neutron_lib/callbacks/manager.py:177
2025-11-06 02:00:16.433 22 DEBUG neutron.wsgi [-] (22) accepted ('10.0.0.249', 45482) server /var/lib/kolla/venv/lib/python3.6/site-packages/eventlet/wsgi.py:1004
2025-11-06 02:00:16.437 22 INFO neutron.wsgi [-] 10.0.0.249 "GET / HTTP/1.1" status: 200 len: 228 time: 0.0029581
2025-11-06 02:00:18.426 26 DEBUG neutron_lib.callbacks.manager [req-db01fb44-e53f-4b3f-8e0d-91e35f6210ff - - - - -] Publish callbacks ['neutron.services.segments.db._update_segment_host_mapping_for_agent-8768634699840', 'neutron.plugins.ml2.plugin.Ml2Plugin._retry_binding_revived_agents-3995667'] for agent (05038205-7f47-4138-82a7-f3846a9f2bc7), after_update _notify_loop /var/lib/kolla/venv/lib/python3.6/site-packages/neutron_lib/callbacks/manager.py:177
2025-11-06 02:00:30.350 29 DEBUG neutron.db.agents_db [req-ed5c17da-e974-4e8c-972f-421895f6ffc9 - - - - -] Agent healthcheck: found 2 active agents agent_health_check /var/lib/kolla/venv/lib/python3.6/site-packages/neutron/db/agents_db.py:318
2025-11-06 02:00:36.171 27 DEBUG neutron_lib.callbacks.manager [req-cc0b1da4-27e6-4e5a-9677-0b61a9929580 - - - - -] Publish callbacks ['neutron.services.segments.db._update_segment_host_mapping_for_agent-8768634699840', 'neutron.plugins.ml2.plugin.Ml2Plugin._retry_binding_revived_agents-3995667'] for agent (2206316d-a588-4261-a62b-681526629680), after_update _notify_loop /var/lib/kolla/venv/lib/python3.6/site-packages/neutron_lib/callbacks/manager.py:177
2025-11-06 02:00:46.483 22 DEBUG neutron.wsgi [-] (22) accepted ('10.0.0.249', 49510) server /var/lib/kolla/venv/lib/python3.6/site-packages/eventlet/wsgi.py:1004
2025-11-06 02:00:46.487 22 INFO neutron.wsgi [-] 10.0.0.249 "GET / HTTP/1.1" status: 200 len: 228 time: 0.0027230
2025-11-06 02:00:48.431 28 DEBUG neutron_lib.callbacks.manager [req-24c53add-e8f0-4de2-b9e4-223f100381af - - - - -] Publish callbacks ['neutron.services.segments.db._update_segment_host_mapping_for_agent-8768634699840', 'neutron.plugins.ml2.plugin.Ml2Plugin._retry_binding_revived_agents-3995667'] for agent (05038205-7f47-4138-82a7-f3846a9f2bc7), after_update _notify_loop /var/lib/kolla/venv/lib/python3.6/site-packages/neutron_lib/callbacks/manager.py:177
2025-11-06 02:01:06.173 24 DEBUG neutron_lib.callbacks.manager [req-cc0b1da4-27e6-4e5a-9677-0b61a9929580 - - - - -] Publish callbacks ['neutron.services.segments.db._update_segment_host_mapping_for_agent-8768634699840', 'neutron.plugins.ml2.plugin.Ml2Plugin._retry_binding_revived_agents-3995667'] for agent (2206316d-a588-4261-a62b-681526629680), after_update _notify_loop /var/lib/kolla/venv/lib/python3.6/site-packages/neutron_lib/callbacks/manager.py:177
2025-11-06 02:01:07.348 29 DEBUG neutron.db.agents_db [req-ed5c17da-e974-4e8c-972f-421895f6ffc9 - - - - -] Agent healthcheck: found 2 active agents agent_health_check /var/lib/kolla/venv/lib/python3.6/site-packages/neutron/db/agents_db.py:318
2025-11-06 02:01:16.539 22 DEBUG neutron.wsgi [-] (22) accepted ('10.0.0.249', 37790) server /var/lib/kolla/venv/lib/python3.6/site-packages/eventlet/wsgi.py:1004
2025-11-06 02:01:16.543 22 INFO neutron.wsgi [-] 10.0.0.249 "GET / HTTP/1.1" status: 200 len: 228 time: 0.0032496
2025-11-06 02:01:18.433 23 DEBUG neutron_lib.callbacks.manager [req-f6d20bf1-2d3d-41fb-83a2-83c67a5948f0 - - - - -] Publish callbacks ['neutron.services.segments.db._update_segment_host_mapping_for_agent-8768634699840', 'neutron.plugins.ml2.plugin.Ml2Plugin._retry_binding_revived_agents-3995667'] for agent (05038205-7f47-4138-82a7-f3846a9f2bc7), after_update _notify_loop /var/lib/kolla/venv/lib/python3.6/site-packages/neutron_lib/callbacks/manager.py:177
2025-11-06 02:01:36.176 25 DEBUG neutron_lib.callbacks.manager [req-cc0b1da4-27e6-4e5a-9677-0b61a9929580 - - - - -] Publish callbacks ['neutron.services.segments.db._update_segment_host_mapping_for_agent-8768634699840', 'neutron.plugins.ml2.plugin.Ml2Plugin._retry_binding_revived_agents-3995667'] for agent (2206316d-a588-4261-a62b-681526629680), after_update _notify_loop /var/lib/kolla/venv/lib/python3.6/site-packages/neutron_lib/callbacks/manager.py:177
2025-11-06 02:01:39.597 7 INFO oslo_service.service [-] Caught SIGTERM, stopping children
2025-11-06 02:01:39.598 7 DEBUG oslo_concurrency.lockutils [-] Acquired lock "singleton_lock" lock /var/lib/kolla/venv/lib/python3.6/site-packages/oslo_concurrency/lockutils.py:294
2025-11-06 02:01:39.598 7 DEBUG oslo_concurrency.lockutils [-] Releasing lock "singleton_lock" lock /var/lib/kolla/venv/lib/python3.6/site-packages/oslo_concurrency/lockutils.py:312
2025-11-06 02:01:39.598 7 DEBUG oslo_service.service [-] Stop services. stop /var/lib/kolla/venv/lib/python3.6/site-packages/oslo_service/service.py:695
2025-11-06 02:01:39.599 7 DEBUG neutron.service [-] calling RpcWorker stop() stop /var/lib/kolla/venv/lib/python3.6/site-packages/neutron/service.py:138
2025-11-06 02:01:39.599 7 DEBUG neutron.service [-] calling RpcWorker stop() stop /var/lib/kolla/venv/lib/python3.6/site-packages/neutron/service.py:138
2025-11-06 02:01:39.599 7 DEBUG oslo_service.service [-] Killing children. stop /var/lib/kolla/venv/lib/python3.6/site-packages/oslo_service/service.py:700
2025-11-06 02:01:39.599 7 INFO oslo_service.service [-] Waiting on 8 children to exit
2025-11-06 02:01:39.599 27 DEBUG neutron.service [-] calling RpcWorker stop() stop /var/lib/kolla/venv/lib/python3.6/site-packages/neutron/service.py:138
2025-11-06 02:01:39.599 29 DEBUG neutron.service [-] calling RpcWorker stop() stop /var/lib/kolla/venv/lib/python3.6/site-packages/neutron/service.py:138
2025-11-06 02:01:39.600 28 DEBUG neutron.service [-] calling RpcWorker stop() stop /var/lib/kolla/venv/lib/python3.6/site-packages/neutron/service.py:138
2025-11-06 02:01:39.600 29 DEBUG neutron.service [-] calling stop on stop /var/lib/kolla/venv/lib/python3.6/site-packages/neutron/service.py:141
2025-11-06 02:01:39.600 27 DEBUG neutron.service [-] calling stop on stop /var/lib/kolla/venv/lib/python3.6/site-packages/neutron/service.py:141
2025-11-06 02:01:39.600 28 DEBUG neutron.service [-] calling stop on stop /var/lib/kolla/venv/lib/python3.6/site-packages/neutron/service.py:141
2025-11-06 02:01:39.603 25 DEBUG neutron.service [-] calling RpcWorker stop() stop /var/lib/kolla/venv/lib/python3.6/site-packages/neutron/service.py:138
2025-11-06 02:01:39.604 22 INFO neutron.wsgi [-] (22) wsgi exited, is_accepting=True
2025-11-06 02:01:39.603 25 DEBUG neutron.service [-] calling stop on stop /var/lib/kolla/venv/lib/python3.6/site-packages/neutron/service.py:141
2025-11-06 02:01:39.605 22 DEBUG oslo_concurrency.lockutils [req-4f9ca7c9-c9d9-44f0-a941-afb2e9a92f95 - - - - -] Acquired lock "singleton_lock" lock /var/lib/kolla/venv/lib/python3.6/site-packages/oslo_concurrency/lockutils.py:294
2025-11-06 02:01:39.606 22 DEBUG oslo_concurrency.lockutils [req-4f9ca7c9-c9d9-44f0-a941-afb2e9a92f95 - - - - -] Releasing lock "singleton_lock" lock /var/lib/kolla/venv/lib/python3.6/site-packages/oslo_concurrency/lockutils.py:312
2025-11-06 02:01:39.606 24 DEBUG neutron.service [-] calling RpcWorker stop() stop /var/lib/kolla/venv/lib/python3.6/site-packages/neutron/service.py:138
2025-11-06 02:01:39.607 24 DEBUG neutron.service [-] calling stop on stop /var/lib/kolla/venv/lib/python3.6/site-packages/neutron/service.py:141
2025-11-06 02:01:39.610 7 INFO oslo_service.service [-] Child 22 exited with status 0
2025-11-06 02:01:39.620 23 DEBUG neutron.service [-] calling RpcWorker stop() stop /var/lib/kolla/venv/lib/python3.6/site-packages/neutron/service.py:138
2025-11-06 02:01:39.619 26 DEBUG neutron.service [-] calling RpcWorker stop() stop /var/lib/kolla/venv/lib/python3.6/site-packages/neutron/service.py:138
2025-11-06 02:01:39.621 23 DEBUG neutron.service [-] calling stop on stop /var/lib/kolla/venv/lib/python3.6/site-packages/neutron/service.py:141
2025-11-06 02:01:39.621 26 DEBUG neutron.service [-] calling stop on stop /var/lib/kolla/venv/lib/python3.6/site-packages/neutron/service.py:141
2025-11-06 02:01:41.642 28 DEBUG oslo_concurrency.lockutils [req-4f9ca7c9-c9d9-44f0-a941-afb2e9a92f95 - - - - -] Acquired lock "singleton_lock" lock /var/lib/kolla/venv/lib/python3.6/site-packages/oslo_concurrency/lockutils.py:294
2025-11-06 02:01:41.643 28 DEBUG oslo_concurrency.lockutils [req-4f9ca7c9-c9d9-44f0-a941-afb2e9a92f95 - - - - -] Releasing lock "singleton_lock" lock /var/lib/kolla/venv/lib/python3.6/site-packages/oslo_concurrency/lockutils.py:312
2025-11-06 02:01:41.643 28 DEBUG neutron.service [req-4f9ca7c9-c9d9-44f0-a941-afb2e9a92f95 - - - - -] calling RpcWorker wait() _wait /var/lib/kolla/venv/lib/python3.6/site-packages/neutron/service.py:128
2025-11-06 02:01:41.643 28 DEBUG neutron.service [req-4f9ca7c9-c9d9-44f0-a941-afb2e9a92f95 - - - - -] calling wait on _wait /var/lib/kolla/venv/lib/python3.6/site-packages/neutron/service.py:131
2025-11-06 02:01:41.650 28 WARNING amqp [req-4f9ca7c9-c9d9-44f0-a941-afb2e9a92f95 - - - - -] Received method (60, 30) during closing channel 1. This method will be ignored
2025-11-06 02:01:41.652 28 DEBUG neutron.service [req-4f9ca7c9-c9d9-44f0-a941-afb2e9a92f95 - - - - -] returning from RpcWorker wait() _wait /var/lib/kolla/venv/lib/python3.6/site-packages/neutron/service.py:135
2025-11-06 02:01:41.657 7 INFO oslo_service.service [-] Child 28 exited with status 0
2025-11-06 02:01:48.435 26 DEBUG oslo_concurrency.lockutils [req-4f9ca7c9-c9d9-44f0-a941-afb2e9a92f95 - - - - -] Acquired lock "singleton_lock" lock /var/lib/kolla/venv/lib/python3.6/site-packages/oslo_concurrency/lockutils.py:294
2025-11-06 02:01:48.436 26 DEBUG oslo_concurrency.lockutils [req-4f9ca7c9-c9d9-44f0-a941-afb2e9a92f95 - - - - -] Releasing lock "singleton_lock" lock /var/lib/kolla/venv/lib/python3.6/site-packages/oslo_concurrency/lockutils.py:312
2025-11-06 02:01:48.437 26 DEBUG neutron.service [req-4f9ca7c9-c9d9-44f0-a941-afb2e9a92f95 - - - - -] calling RpcWorker wait() _wait /var/lib/kolla/venv/lib/python3.6/site-packages/neutron/service.py:128
2025-11-06 02:01:48.438 26 DEBUG neutron.service [req-4f9ca7c9-c9d9-44f0-a941-afb2e9a92f95 - - - - -] calling wait on _wait /var/lib/kolla/venv/lib/python3.6/site-packages/neutron/service.py:131
2025-11-06 02:01:48.439 26 DEBUG neutron_lib.callbacks.manager [req-f14bf148-22c5-485b-a079-0fcc411c47d1 - - - - -] Publish callbacks ['neutron.services.segments.db._update_segment_host_mapping_for_agent-8768634699840', 'neutron.plugins.ml2.plugin.Ml2Plugin._retry_binding_revived_agents-3995667'] for agent (05038205-7f47-4138-82a7-f3846a9f2bc7), after_update _notify_loop /var/lib/kolla/venv/lib/python3.6/site-packages/neutron_lib/callbacks/manager.py:177
2025-11-06 02:01:48.451 26 WARNING amqp [req-4f9ca7c9-c9d9-44f0-a941-afb2e9a92f95 - - - - -] Received method (60, 30) during closing channel 1. This method will be ignored
2025-11-06 02:01:48.452 26 DEBUG neutron.service [req-4f9ca7c9-c9d9-44f0-a941-afb2e9a92f95 - - - - -] returning from RpcWorker wait() _wait /var/lib/kolla/venv/lib/python3.6/site-packages/neutron/service.py:135
2025-11-06 02:01:48.457 7 INFO oslo_service.service [-] Child 26 exited with status 0
2025-11-06 02:01:49.326 24 DEBUG neutron.service [-] calling stop on stop /var/lib/kolla/venv/lib/python3.6/site-packages/neutron/service.py:141
2025-11-06 02:01:49.327 23 DEBUG neutron.service [-] calling stop on stop /var/lib/kolla/venv/lib/python3.6/site-packages/neutron/service.py:141
2025-11-06 02:01:49.352 27 DEBUG oslo_concurrency.lockutils [req-4f9ca7c9-c9d9-44f0-a941-afb2e9a92f95 - - - - -] Acquired lock "singleton_lock" lock /var/lib/kolla/venv/lib/python3.6/site-packages/oslo_concurrency/lockutils.py:294
2025-11-06 02:01:49.352 24 DEBUG neutron.service [-] calling stop on stop /var/lib/kolla/venv/lib/python3.6/site-packages/neutron/service.py:141
2025-11-06 02:01:49.352 27 DEBUG oslo_concurrency.lockutils [req-4f9ca7c9-c9d9-44f0-a941-afb2e9a92f95 - - - - -] Releasing lock "singleton_lock" lock /var/lib/kolla/venv/lib/python3.6/site-packages/oslo_concurrency/lockutils.py:312
2025-11-06 02:01:49.352 27 DEBUG neutron.service [req-4f9ca7c9-c9d9-44f0-a941-afb2e9a92f95 - - - - -] calling RpcWorker wait() _wait /var/lib/kolla/venv/lib/python3.6/site-packages/neutron/service.py:128
2025-11-06 02:01:49.352 27 DEBUG neutron.service [req-4f9ca7c9-c9d9-44f0-a941-afb2e9a92f95 - - - - -] calling wait on _wait /var/lib/kolla/venv/lib/python3.6/site-packages/neutron/service.py:131
2025-11-06 02:01:49.355 29 DEBUG oslo_concurrency.lockutils [req-4f9ca7c9-c9d9-44f0-a941-afb2e9a92f95 - - - - -] Acquired lock "singleton_lock" lock /var/lib/kolla/venv/lib/python3.6/site-packages/oslo_concurrency/lockutils.py:294
2025-11-06 02:01:49.355 29 DEBUG oslo_concurrency.lockutils [req-4f9ca7c9-c9d9-44f0-a941-afb2e9a92f95 - - - - -] Releasing lock "singleton_lock" lock /var/lib/kolla/venv/lib/python3.6/site-packages/oslo_concurrency/lockutils.py:312
2025-11-06 02:01:49.356 29 DEBUG neutron.service [req-4f9ca7c9-c9d9-44f0-a941-afb2e9a92f95 - - - - -] calling RpcWorker wait() _wait /var/lib/kolla/venv/lib/python3.6/site-packages/neutron/service.py:128
2025-11-06 02:01:49.356 29 DEBUG neutron.service [req-4f9ca7c9-c9d9-44f0-a941-afb2e9a92f95 - - - - -] calling wait on _wait /var/lib/kolla/venv/lib/python3.6/site-packages/neutron/service.py:131
2025-11-06 02:01:49.363 25 DEBUG neutron.service [-] calling stop on stop /var/lib/kolla/venv/lib/python3.6/site-packages/neutron/service.py:141
2025-11-06 02:01:49.366 23 DEBUG neutron.service [-] calling stop on stop /var/lib/kolla/venv/lib/python3.6/site-packages/neutron/service.py:141
2025-11-06 02:01:53.677 7 INFO neutron.common.config [-] Logging enabled!
2025-11-06 02:01:53.678 7 INFO neutron.common.config [-] /var/lib/kolla/venv/bin/neutron-server version 20.5.1.dev23
2025-11-06 02:01:53.678 7 DEBUG neutron.common.config [-] command line: /var/lib/kolla/venv/bin/neutron-server --config-file /etc/neutron/neutron.conf --config-file /etc/neutron/ContrailPlugin.ini --config-file /etc/neutron/api-paste.ini setup_logging /var/lib/kolla/venv/lib/python3.6/site-packages/neutron/common/config.py:115
2025-11-06 02:01:53.683 7 INFO neutron.common.config [-] Logging enabled!
2025-11-06 02:01:53.683 7 INFO neutron.common.config [-] /var/lib/kolla/venv/bin/neutron-server version 20.5.1.dev23
2025-11-06 02:01:53.683 7 DEBUG neutron.common.config [-] command line: /var/lib/kolla/venv/bin/neutron-server --config-file /etc/neutron/neutron.conf --config-file /etc/neutron/ContrailPlugin.ini --config-file /etc/neutron/api-paste.ini setup_logging /var/lib/kolla/venv/lib/python3.6/site-packages/neutron/common/config.py:115
2025-11-06 02:01:53.685 7 DEBUG neutron.common.config [-] ******************************************************************************** log_opt_values /var/lib/kolla/venv/lib/python3.6/site-packages/oslo_config/cfg.py:2589
2025-11-06 02:01:53.685 7 DEBUG neutron.common.config [-] Configuration options gathered from: log_opt_values /var/lib/kolla/venv/lib/python3.6/site-packages/oslo_config/cfg.py:2590
2025-11-06 02:01:53.685 7 DEBUG neutron.common.config [-] command line args: ['--config-file', '/etc/neutron/neutron.conf', '--config-file', '/etc/neutron/ContrailPlugin.ini', '--config-file', '/etc/neutron/api-paste.ini'] log_opt_values /var/lib/kolla/venv/lib/python3.6/site-packages/oslo_config/cfg.py:2591
2025-11-06 02:01:53.687 7 DEBUG neutron.common.config [-] config files: ['/etc/neutron/neutron.conf', '/etc/neutron/ContrailPlugin.ini', '/etc/neutron/api-paste.ini'] log_opt_values /var/lib/kolla/venv/lib/python3.6/site-packages/oslo_config/cfg.py:2593
2025-11-06 02:01:53.687 7 DEBUG neutron.common.config [-] ================================================================================ log_opt_values /var/lib/kolla/venv/lib/python3.6/site-packages/oslo_config/cfg.py:2594
2025-11-06 02:01:53.687 7 DEBUG neutron.common.config [-] allow_bulk = True log_opt_values /var/lib/kolla/venv/lib/python3.6/site-packages/oslo_config/cfg.py:2603
2025-11-06 02:01:53.687 7 WARNING oslo_config.cfg [-] Deprecated: Option "allow_overlapping_ips" from group "DEFAULT" is deprecated for removal. Its value may be silently ignored in the future.
2025-11-06 02:01:53.687 7 DEBUG neutron.common.config [-] allow_overlapping_ips = True log_opt_values /var/lib/kolla/venv/lib/python3.6/site-packages/oslo_config/cfg.py:2603
2025-11-06 02:01:53.687 7 DEBUG neutron.common.config [-] api_extensions_path = /opt/plugin/site-packages/neutron_plugin_contrail/extensions:/opt/plugin/site-packages/neutron_lbaas/extensions log_opt_values /var/lib/kolla/venv/lib/python3.6/site-packages/oslo_config/cfg.py:2603
2025-11-06 02:01:53.688 7 DEBUG neutron.common.config [-] api_paste_config = /etc/neutron/api-paste.ini log_opt_values /var/lib/kolla/venv/lib/python3.6/site-packages/oslo_config/cfg.py:2603
2025-11-06 02:01:53.688 7 DEBUG neutron.common.config [-] api_workers = 1 log_opt_values /var/lib/kolla/venv/lib/python3.6/site-packages/oslo_config/cfg.py:2603
2025-11-06 02:01:53.689 7 DEBUG neutron.common.config [-] auth_strategy = keystone log_opt_values /var/lib/kolla/venv/lib/python3.6/site-packages/oslo_config/cfg.py:2603
2025-11-06 02:01:53.689 7 DEBUG neutron.common.config [-] backlog = 4096 log_opt_values /var/lib/kolla/venv/lib/python3.6/site-packages/oslo_config/cfg.py:2603
2025-11-06 02:01:53.690 7 DEBUG neutron.common.config [-] base_mac = fa:16:3e:00:00:00 log_opt_values /var/lib/kolla/venv/lib/python3.6/site-packages/oslo_config/cfg.py:2603
2025-11-06 02:01:53.690 7 DEBUG neutron.common.config [-] bind_host = 10.0.0.249 log_opt_values /var/lib/kolla/venv/lib/python3.6/site-packages/oslo_config/cfg.py:2603
2025-11-06 02:01:53.691 7 DEBUG neutron.common.config [-] bind_port = 9696 log_opt_values /var/lib/kolla/venv/lib/python3.6/site-packages/oslo_config/cfg.py:2603
2025-11-06 02:01:53.691 7 DEBUG neutron.common.config [-] client_socket_timeout = 900 log_opt_values /var/lib/kolla/venv/lib/python3.6/site-packages/oslo_config/cfg.py:2603
2025-11-06 02:01:53.691 7 DEBUG neutron.common.config [-] config_dir = [] log_opt_values /var/lib/kolla/venv/lib/python3.6/site-packages/oslo_config/cfg.py:2603
2025-11-06 02:01:53.691 7 DEBUG neutron.common.config [-] config_file = ['/etc/neutron/neutron.conf', '/etc/neutron/ContrailPlugin.ini', '/etc/neutron/api-paste.ini'] log_opt_values /var/lib/kolla/venv/lib/python3.6/site-packages/oslo_config/cfg.py:2603
2025-11-06 02:01:53.691 7 DEBUG neutron.common.config [-] config_source = [] log_opt_values /var/lib/kolla/venv/lib/python3.6/site-packages/oslo_config/cfg.py:2603
2025-11-06 02:01:53.692 7 DEBUG neutron.common.config [-] control_exchange = neutron log_opt_values /var/lib/kolla/venv/lib/python3.6/site-packages/oslo_config/cfg.py:2603
2025-11-06 02:01:53.692 7 DEBUG neutron.common.config [-] core_plugin = neutron_plugin_contrail.plugins.opencontrail.contrail_plugin.NeutronPluginContrailCoreV2 log_opt_values /var/lib/kolla/venv/lib/python3.6/site-packages/oslo_config/cfg.py:2603
2025-11-06 02:01:53.692 7 DEBUG neutron.common.config [-] debug = True log_opt_values /var/lib/kolla/venv/lib/python3.6/site-packages/oslo_config/cfg.py:2603
2025-11-06 02:01:53.692 7 DEBUG neutron.common.config [-] default_availability_zones = [] log_opt_values /var/lib/kolla/venv/lib/python3.6/site-packages/oslo_config/cfg.py:2603
2025-11-06 02:01:53.692 7 DEBUG neutron.common.config [-] default_log_levels = ['amqp=WARN', 'amqplib=WARN', 'boto=WARN', 'qpid=WARN', 'sqlalchemy=WARN', 'suds=INFO', 'oslo.messaging=INFO', 'oslo_messaging=INFO', 'iso8601=WARN', 'requests.packages.urllib3.connectionpool=WARN', 'urllib3.connectionpool=WARN', 'websocket=WARN', 'requests.packages.urllib3.util.retry=WARN', 'urllib3.util.retry=WARN', 'keystonemiddleware=WARN', 'routes.middleware=WARN', 'stevedore=WARN', 'taskflow=WARN', 'keystoneauth=WARN', 'oslo.cache=INFO', 'oslo_policy=INFO', 'dogpile.core.dogpile=INFO', 'OFPHandler=INFO', 'OfctlService=INFO', 'os_ken.base.app_manager=INFO', 'os_ken.controller.controller=INFO'] log_opt_values /var/lib/kolla/venv/lib/python3.6/site-packages/oslo_config/cfg.py:2603
2025-11-06 02:01:53.692 7 DEBUG neutron.common.config [-] dhcp_agent_notification = True log_opt_values /var/lib/kolla/venv/lib/python3.6/site-packages/oslo_config/cfg.py:2603
2025-11-06 02:01:53.692 7 DEBUG neutron.common.config [-] dhcp_lease_duration = 86400 log_opt_values /var/lib/kolla/venv/lib/python3.6/site-packages/oslo_config/cfg.py:2603
2025-11-06 02:01:53.692 7 DEBUG neutron.common.config [-] dns_domain = openstacklocal log_opt_values /var/lib/kolla/venv/lib/python3.6/site-packages/oslo_config/cfg.py:2603
2025-11-06 02:01:53.693 7 DEBUG neutron.common.config [-] enable_traditional_dhcp = True log_opt_values /var/lib/kolla/venv/lib/python3.6/site-packages/oslo_config/cfg.py:2603
2025-11-06 02:01:53.693 7 DEBUG neutron.common.config [-] external_dns_driver = None log_opt_values /var/lib/kolla/venv/lib/python3.6/site-packages/oslo_config/cfg.py:2603
2025-11-06 02:01:53.693 7 DEBUG neutron.common.config [-] filter_validation = True log_opt_values /var/lib/kolla/venv/lib/python3.6/site-packages/oslo_config/cfg.py:2603
2025-11-06 02:01:53.693 7 DEBUG neutron.common.config [-] global_physnet_mtu = 1500 log_opt_values /var/lib/kolla/venv/lib/python3.6/site-packages/oslo_config/cfg.py:2603
2025-11-06 02:01:53.693 7 DEBUG neutron.common.config [-] host = cn-jenkins-deploy-platform-ansible-os-4661-1 log_opt_values /var/lib/kolla/venv/lib/python3.6/site-packages/oslo_config/cfg.py:2603
2025-11-06 02:01:53.693 7 DEBUG neutron.common.config [-] http_retries = 3 log_opt_values /var/lib/kolla/venv/lib/python3.6/site-packages/oslo_config/cfg.py:2603
2025-11-06 02:01:53.694 7 DEBUG neutron.common.config [-] instance_format = [instance: %(uuid)s] log_opt_values /var/lib/kolla/venv/lib/python3.6/site-packages/oslo_config/cfg.py:2603
2025-11-06 02:01:53.694 7 DEBUG neutron.common.config [-] instance_uuid_format = [instance: %(uuid)s] log_opt_values /var/lib/kolla/venv/lib/python3.6/site-packages/oslo_config/cfg.py:2603
2025-11-06 02:01:53.694 7 DEBUG neutron.common.config [-] ipam_driver = internal log_opt_values /var/lib/kolla/venv/lib/python3.6/site-packages/oslo_config/cfg.py:2603
2025-11-06 02:01:53.694 7 DEBUG neutron.common.config [-] ipv6_pd_enabled = False log_opt_values /var/lib/kolla/venv/lib/python3.6/site-packages/oslo_config/cfg.py:2603
2025-11-06 02:01:53.694 7 DEBUG neutron.common.config [-] log_config_append = None log_opt_values /var/lib/kolla/venv/lib/python3.6/site-packages/oslo_config/cfg.py:2603
2025-11-06 02:01:53.694 7 DEBUG neutron.common.config [-] log_date_format = %Y-%m-%d %H:%M:%S log_opt_values /var/lib/kolla/venv/lib/python3.6/site-packages/oslo_config/cfg.py:2603
2025-11-06 02:01:53.694 7 DEBUG neutron.common.config [-] log_dir = /var/log/kolla/neutron log_opt_values /var/lib/kolla/venv/lib/python3.6/site-packages/oslo_config/cfg.py:2603
2025-11-06 02:01:53.694 7 DEBUG neutron.common.config [-] log_file = None log_opt_values /var/lib/kolla/venv/lib/python3.6/site-packages/oslo_config/cfg.py:2603
2025-11-06 02:01:53.695 7 DEBUG neutron.common.config [-] log_rotate_interval = 1 log_opt_values /var/lib/kolla/venv/lib/python3.6/site-packages/oslo_config/cfg.py:2603
2025-11-06 02:01:53.695 7 DEBUG neutron.common.config [-] log_rotate_interval_type = days log_opt_values /var/lib/kolla/venv/lib/python3.6/site-packages/oslo_config/cfg.py:2603
2025-11-06 02:01:53.695 7 DEBUG neutron.common.config [-] log_rotation_type = none log_opt_values /var/lib/kolla/venv/lib/python3.6/site-packages/oslo_config/cfg.py:2603
2025-11-06 02:01:53.695 7 DEBUG neutron.common.config [-] logging_context_format_string = %(asctime)s.%(msecs)03d %(process)d %(levelname)s %(name)s [%(request_id)s %(user_identity)s] %(instance)s%(message)s log_opt_values /var/lib/kolla/venv/lib/python3.6/site-packages/oslo_config/cfg.py:2603
2025-11-06 02:01:53.695 7 DEBUG neutron.common.config [-] logging_debug_format_suffix = %(funcName)s %(pathname)s:%(lineno)d log_opt_values /var/lib/kolla/venv/lib/python3.6/site-packages/oslo_config/cfg.py:2603
2025-11-06 02:01:53.695 7 DEBUG neutron.common.config [-] logging_default_format_string = %(asctime)s.%(msecs)03d %(process)d %(levelname)s %(name)s [-] %(instance)s%(message)s log_opt_values /var/lib/kolla/venv/lib/python3.6/site-packages/oslo_config/cfg.py:2603
