2025-11-03 00:38:34.582 147664 DEBUG oslo_messaging._drivers.amqpdriver [-] AMQPListener connection consume poll /usr/lib/python3/dist-packages/oslo_messaging/_drivers/amqpdriver.py:357
2025-11-03 00:38:36.572 147666 DEBUG oslo_messaging._drivers.amqpdriver [-] AMQPListener connection timeout poll /usr/lib/python3/dist-packages/oslo_messaging/_drivers/amqpdriver.py:360
2025-11-03 00:38:36.572 147666 DEBUG oslo_messaging._drivers.amqpdriver [-] Listener is running poll /usr/lib/python3/dist-packages/oslo_messaging/_drivers/amqpdriver.py:343
2025-11-03 00:38:36.572 147666 DEBUG oslo_messaging._drivers.amqpdriver [-] AMQPListener connection consume poll /usr/lib/python3/dist-packages/oslo_messaging/_drivers/amqpdriver.py:357
2025-11-03 00:38:36.582 147677 DEBUG oslo_messaging._drivers.amqpdriver [-] AMQPListener connection timeout poll /usr/lib/python3/dist-packages/oslo_messaging/_drivers/amqpdriver.py:360
2025-11-03 00:38:36.583 147671 DEBUG oslo_messaging._drivers.amqpdriver [-] AMQPListener connection timeout poll /usr/lib/python3/dist-packages/oslo_messaging/_drivers/amqpdriver.py:360
2025-11-03 00:38:36.585 147664 DEBUG oslo_messaging._drivers.amqpdriver [-] AMQPListener connection timeout poll /usr/lib/python3/dist-packages/oslo_messaging/_drivers/amqpdriver.py:360
2025-11-03 00:38:36.660 147677 DEBUG oslo_messaging._drivers.amqpdriver [-] Listener is running poll /usr/lib/python3/dist-packages/oslo_messaging/_drivers/amqpdriver.py:343
2025-11-03 00:38:36.661 147671 DEBUG oslo_messaging._drivers.amqpdriver [-] Listener is running poll /usr/lib/python3/dist-packages/oslo_messaging/_drivers/amqpdriver.py:343
2025-11-03 00:38:36.661 147664 DEBUG oslo_messaging._drivers.amqpdriver [-] Listener is running poll /usr/lib/python3/dist-packages/oslo_messaging/_drivers/amqpdriver.py:343
2025-11-03 00:38:36.661 147677 DEBUG oslo_messaging._drivers.amqpdriver [-] AMQPListener connection consume poll /usr/lib/python3/dist-packages/oslo_messaging/_drivers/amqpdriver.py:357
2025-11-03 00:38:36.661 147664 DEBUG oslo_messaging._drivers.amqpdriver [-] AMQPListener connection consume poll /usr/lib/python3/dist-packages/oslo_messaging/_drivers/amqpdriver.py:357
2025-11-03 00:38:36.661 147671 DEBUG oslo_messaging._drivers.amqpdriver [-] AMQPListener connection consume poll /usr/lib/python3/dist-packages/oslo_messaging/_drivers/amqpdriver.py:357
2025-11-03 00:38:40.575 147666 DEBUG oslo_messaging._drivers.amqpdriver [-] AMQPListener connection timeout poll /usr/lib/python3/dist-packages/oslo_messaging/_drivers/amqpdriver.py:360
2025-11-03 00:38:40.576 147666 DEBUG oslo_messaging._drivers.amqpdriver [-] Listener is running poll /usr/lib/python3/dist-packages/oslo_messaging/_drivers/amqpdriver.py:343
2025-11-03 00:38:40.576 147666 DEBUG oslo_messaging._drivers.amqpdriver [-] AMQPListener connection consume poll /usr/lib/python3/dist-packages/oslo_messaging/_drivers/amqpdriver.py:357
2025-11-03 00:38:40.664 147664 DEBUG oslo_messaging._drivers.amqpdriver [-] AMQPListener connection timeout poll /usr/lib/python3/dist-packages/oslo_messaging/_drivers/amqpdriver.py:360
2025-11-03 00:38:40.664 147664 DEBUG oslo_messaging._drivers.amqpdriver [-] Listener is running poll /usr/lib/python3/dist-packages/oslo_messaging/_drivers/amqpdriver.py:343
2025-11-03 00:38:40.664 147664 DEBUG oslo_messaging._drivers.amqpdriver [-] AMQPListener connection consume poll /usr/lib/python3/dist-packages/oslo_messaging/_drivers/amqpdriver.py:357
2025-11-03 00:38:40.665 147671 DEBUG oslo_messaging._drivers.amqpdriver [-] AMQPListener connection timeout poll /usr/lib/python3/dist-packages/oslo_messaging/_drivers/amqpdriver.py:360
2025-11-03 00:38:40.664 147677 DEBUG oslo_messaging._drivers.amqpdriver [-] AMQPListener connection timeout poll /usr/lib/python3/dist-packages/oslo_messaging/_drivers/amqpdriver.py:360
2025-11-03 00:38:40.665 147671 DEBUG oslo_messaging._drivers.amqpdriver [-] Listener is running poll /usr/lib/python3/dist-packages/oslo_messaging/_drivers/amqpdriver.py:343
2025-11-03 00:38:40.665 147677 DEBUG oslo_messaging._drivers.amqpdriver [-] Listener is running poll /usr/lib/python3/dist-packages/oslo_messaging/_drivers/amqpdriver.py:343
2025-11-03 00:38:40.665 147677 DEBUG oslo_messaging._drivers.amqpdriver [-] AMQPListener connection consume poll /usr/lib/python3/dist-packages/oslo_messaging/_drivers/amqpdriver.py:357
2025-11-03 00:38:40.665 147671 DEBUG oslo_messaging._drivers.amqpdriver [-] AMQPListener connection consume poll /usr/lib/python3/dist-packages/oslo_messaging/_drivers/amqpdriver.py:357
2025-11-03 00:38:46.569 147666 DEBUG oslo_service.periodic_task [req-df5a8537-b2b0-409a-b597-88664ff6cca3 - - - - -] Running periodic task SchedulerManager._discover_hosts_in_cells run_periodic_tasks /usr/lib/python3/dist-packages/oslo_service/periodic_task.py:210
2025-11-03 00:38:46.571 147666 DEBUG oslo_db.sqlalchemy.engines [req-df5a8537-b2b0-409a-b597-88664ff6cca3 - - - - -] Parent process 146213 forked (147666) with an open database connection, which is being discarded and recreated. checkout /usr/lib/python3/dist-packages/oslo_db/sqlalchemy/engines.py:413
2025-11-03 00:38:46.578 147671 DEBUG oslo_service.periodic_task [req-3d09c210-31cc-4ab3-923f-a454f2cdb8e0 - - - - -] Running periodic task SchedulerManager._discover_hosts_in_cells run_periodic_tasks /usr/lib/python3/dist-packages/oslo_service/periodic_task.py:210
2025-11-03 00:38:46.579 147671 DEBUG oslo_db.sqlalchemy.engines [req-3d09c210-31cc-4ab3-923f-a454f2cdb8e0 - - - - -] Parent process 146213 forked (147671) with an open database connection, which is being discarded and recreated. checkout /usr/lib/python3/dist-packages/oslo_db/sqlalchemy/engines.py:413
2025-11-03 00:38:46.580 147666 DEBUG oslo_concurrency.lockutils [req-df5a8537-b2b0-409a-b597-88664ff6cca3 - - - - -] Lock "f85cd53d-85b2-467d-beb2-fcca2e680848" acquired by "nova.context.set_target_cell..get_or_set_cached_cell_and_set_connections" :: waited 0.000s inner /usr/lib/python3/dist-packages/oslo_concurrency/lockutils.py:386
2025-11-03 00:38:46.582 147666 DEBUG oslo_concurrency.lockutils [req-df5a8537-b2b0-409a-b597-88664ff6cca3 - - - - -] Lock "f85cd53d-85b2-467d-beb2-fcca2e680848" "released" by "nova.context.set_target_cell..get_or_set_cached_cell_and_set_connections" :: held 0.002s inner /usr/lib/python3/dist-packages/oslo_concurrency/lockutils.py:400
2025-11-03 00:38:46.587 147671 DEBUG oslo_concurrency.lockutils [req-3d09c210-31cc-4ab3-923f-a454f2cdb8e0 - - - - -] Lock "f85cd53d-85b2-467d-beb2-fcca2e680848" acquired by "nova.context.set_target_cell..get_or_set_cached_cell_and_set_connections" :: waited 0.000s inner /usr/lib/python3/dist-packages/oslo_concurrency/lockutils.py:386
2025-11-03 00:38:46.587 147666 DEBUG oslo_db.sqlalchemy.engines [req-df5a8537-b2b0-409a-b597-88664ff6cca3 - - - - -] MySQL server mode set to STRICT_TRANS_TABLES,STRICT_ALL_TABLES,NO_ZERO_IN_DATE,NO_ZERO_DATE,ERROR_FOR_DIVISION_BY_ZERO,TRADITIONAL,NO_ENGINE_SUBSTITUTION _check_effective_sql_mode /usr/lib/python3/dist-packages/oslo_db/sqlalchemy/engines.py:314
2025-11-03 00:38:46.588 147671 DEBUG oslo_concurrency.lockutils [req-3d09c210-31cc-4ab3-923f-a454f2cdb8e0 - - - - -] Lock "f85cd53d-85b2-467d-beb2-fcca2e680848" "released" by "nova.context.set_target_cell..get_or_set_cached_cell_and_set_connections" :: held 0.002s inner /usr/lib/python3/dist-packages/oslo_concurrency/lockutils.py:400
2025-11-03 00:38:46.595 147671 DEBUG oslo_db.sqlalchemy.engines [req-3d09c210-31cc-4ab3-923f-a454f2cdb8e0 - - - - -] MySQL server mode set to STRICT_TRANS_TABLES,STRICT_ALL_TABLES,NO_ZERO_IN_DATE,NO_ZERO_DATE,ERROR_FOR_DIVISION_BY_ZERO,TRADITIONAL,NO_ENGINE_SUBSTITUTION _check_effective_sql_mode /usr/lib/python3/dist-packages/oslo_db/sqlalchemy/engines.py:314
2025-11-03 00:38:46.647 147666 INFO nova.scheduler.manager [req-df5a8537-b2b0-409a-b597-88664ff6cca3 - - - - -] Discovered 1 new hosts: cell1:cn-jenkins-deploy-platform-juju-os-611-1
2025-11-03 00:38:46.627 147671 WARNING nova.scheduler.manager [req-3d09c210-31cc-4ab3-923f-a454f2cdb8e0 - - - - -] This periodic task should only be enabled on a single scheduler to prevent collisions between multiple schedulers: Host 'cn-jenkins-deploy-platform-juju-os-611-1' mapping already exists: nova.exception.HostMappingExists: Host 'cn-jenkins-deploy-platform-juju-os-611-1' mapping already exists
2025-11-03 00:38:48.576 147666 DEBUG oslo_messaging._drivers.amqpdriver [-] AMQPListener connection timeout poll /usr/lib/python3/dist-packages/oslo_messaging/_drivers/amqpdriver.py:360
2025-11-03 00:38:48.577 147666 DEBUG oslo_messaging._drivers.amqpdriver [-] Listener is running poll /usr/lib/python3/dist-packages/oslo_messaging/_drivers/amqpdriver.py:343
2025-11-03 00:38:48.577 147666 DEBUG oslo_messaging._drivers.amqpdriver [-] AMQPListener connection consume poll /usr/lib/python3/dist-packages/oslo_messaging/_drivers/amqpdriver.py:357
2025-11-03 00:38:48.666 147664 DEBUG oslo_messaging._drivers.amqpdriver [-] AMQPListener connection timeout poll /usr/lib/python3/dist-packages/oslo_messaging/_drivers/amqpdriver.py:360
2025-11-03 00:38:48.666 147677 DEBUG oslo_messaging._drivers.amqpdriver [-] AMQPListener connection timeout poll /usr/lib/python3/dist-packages/oslo_messaging/_drivers/amqpdriver.py:360
2025-11-03 00:38:48.666 147664 DEBUG oslo_messaging._drivers.amqpdriver [-] Listener is running poll /usr/lib/python3/dist-packages/oslo_messaging/_drivers/amqpdriver.py:343
2025-11-03 00:38:48.666 147677 DEBUG oslo_messaging._drivers.amqpdriver [-] Listener is running poll /usr/lib/python3/dist-packages/oslo_messaging/_drivers/amqpdriver.py:343
2025-11-03 00:38:48.666 147664 DEBUG oslo_messaging._drivers.amqpdriver [-] AMQPListener connection consume poll /usr/lib/python3/dist-packages/oslo_messaging/_drivers/amqpdriver.py:357
2025-11-03 00:38:48.666 147677 DEBUG oslo_messaging._drivers.amqpdriver [-] AMQPListener connection consume poll /usr/lib/python3/dist-packages/oslo_messaging/_drivers/amqpdriver.py:357
2025-11-03 00:38:48.667 147671 DEBUG oslo_messaging._drivers.amqpdriver [-] AMQPListener connection timeout poll /usr/lib/python3/dist-packages/oslo_messaging/_drivers/amqpdriver.py:360
2025-11-03 00:38:48.667 147671 DEBUG oslo_messaging._drivers.amqpdriver [-] Listener is running poll /usr/lib/python3/dist-packages/oslo_messaging/_drivers/amqpdriver.py:343
2025-11-03 00:38:48.667 147671 DEBUG oslo_messaging._drivers.amqpdriver [-] AMQPListener connection consume poll /usr/lib/python3/dist-packages/oslo_messaging/_drivers/amqpdriver.py:357
2025-11-03 00:38:59.581 147664 DEBUG oslo_service.periodic_task [req-ea205192-b6be-4d46-b99a-156a12908ec5 - - - - -] Running periodic task SchedulerManager._discover_hosts_in_cells run_periodic_tasks /usr/lib/python3/dist-packages/oslo_service/periodic_task.py:210
2025-11-03 00:38:59.582 147664 DEBUG oslo_db.sqlalchemy.engines [req-ea205192-b6be-4d46-b99a-156a12908ec5 - - - - -] Parent process 146213 forked (147664) with an open database connection, which is being discarded and recreated. checkout /usr/lib/python3/dist-packages/oslo_db/sqlalchemy/engines.py:413
2025-11-03 00:38:59.590 147664 DEBUG oslo_concurrency.lockutils [req-ea205192-b6be-4d46-b99a-156a12908ec5 - - - - -] Lock "f85cd53d-85b2-467d-beb2-fcca2e680848" acquired by "nova.context.set_target_cell..get_or_set_cached_cell_and_set_connections" :: waited 0.000s inner /usr/lib/python3/dist-packages/oslo_concurrency/lockutils.py:386
2025-11-03 00:38:59.592 147664 DEBUG oslo_concurrency.lockutils [req-ea205192-b6be-4d46-b99a-156a12908ec5 - - - - -] Lock "f85cd53d-85b2-467d-beb2-fcca2e680848" "released" by "nova.context.set_target_cell..get_or_set_cached_cell_and_set_connections" :: held 0.002s inner /usr/lib/python3/dist-packages/oslo_concurrency/lockutils.py:400
2025-11-03 00:38:59.598 147664 DEBUG oslo_db.sqlalchemy.engines [req-ea205192-b6be-4d46-b99a-156a12908ec5 - - - - -] MySQL server mode set to STRICT_TRANS_TABLES,STRICT_ALL_TABLES,NO_ZERO_IN_DATE,NO_ZERO_DATE,ERROR_FOR_DIVISION_BY_ZERO,TRADITIONAL,NO_ENGINE_SUBSTITUTION _check_effective_sql_mode /usr/lib/python3/dist-packages/oslo_db/sqlalchemy/engines.py:314
2025-11-03 00:39:16.656 147666 DEBUG oslo_service.periodic_task [req-df5a8537-b2b0-409a-b597-88664ff6cca3 - - - - -] Running periodic task SchedulerManager._discover_hosts_in_cells run_periodic_tasks /usr/lib/python3/dist-packages/oslo_service/periodic_task.py:210
2025-11-03 00:39:16.660 147671 DEBUG oslo_service.periodic_task [req-3d09c210-31cc-4ab3-923f-a454f2cdb8e0 - - - - -] Running periodic task SchedulerManager._discover_hosts_in_cells run_periodic_tasks /usr/lib/python3/dist-packages/oslo_service/periodic_task.py:210
2025-11-03 00:39:16.661 147666 DEBUG oslo_concurrency.lockutils [req-00522f56-57a8-4247-9bf2-3b9ef74b2be0 - - - - -] Lock "f85cd53d-85b2-467d-beb2-fcca2e680848" acquired by "nova.context.set_target_cell..get_or_set_cached_cell_and_set_connections" :: waited 0.000s inner /usr/lib/python3/dist-packages/oslo_concurrency/lockutils.py:386
2025-11-03 00:39:16.661 147666 DEBUG oslo_concurrency.lockutils [req-00522f56-57a8-4247-9bf2-3b9ef74b2be0 - - - - -] Lock "f85cd53d-85b2-467d-beb2-fcca2e680848" "released" by "nova.context.set_target_cell..get_or_set_cached_cell_and_set_connections" :: held 0.000s inner /usr/lib/python3/dist-packages/oslo_concurrency/lockutils.py:400
2025-11-03 00:39:16.664 147671 DEBUG oslo_concurrency.lockutils [req-54285e10-3440-48a5-80f1-563e00daa12e - - - - -] Lock "f85cd53d-85b2-467d-beb2-fcca2e680848" acquired by "nova.context.set_target_cell..get_or_set_cached_cell_and_set_connections" :: waited 0.000s inner /usr/lib/python3/dist-packages/oslo_concurrency/lockutils.py:386
2025-11-03 00:39:16.664 147671 DEBUG oslo_concurrency.lockutils [req-54285e10-3440-48a5-80f1-563e00daa12e - - - - -] Lock "f85cd53d-85b2-467d-beb2-fcca2e680848" "released" by "nova.context.set_target_cell..get_or_set_cached_cell_and_set_connections" :: held 0.000s inner /usr/lib/python3/dist-packages/oslo_concurrency/lockutils.py:400
2025-11-03 00:39:18.549 147664 DEBUG oslo_messaging._drivers.amqpdriver [-] AMQPListener connection timeout poll /usr/lib/python3/dist-packages/oslo_messaging/_drivers/amqpdriver.py:360
2025-11-03 00:39:18.549 147664 DEBUG oslo_messaging._drivers.amqpdriver [-] Listener is running poll /usr/lib/python3/dist-packages/oslo_messaging/_drivers/amqpdriver.py:343
2025-11-03 00:39:18.549 147664 DEBUG oslo_messaging._drivers.amqpdriver [-] AMQPListener connection consume poll /usr/lib/python3/dist-packages/oslo_messaging/_drivers/amqpdriver.py:357
2025-11-03 00:39:18.550 147666 DEBUG oslo_messaging._drivers.amqpdriver [-] AMQPListener connection timeout poll /usr/lib/python3/dist-packages/oslo_messaging/_drivers/amqpdriver.py:360
2025-11-03 00:39:18.551 147666 DEBUG oslo_messaging._drivers.amqpdriver [-] Listener is running poll /usr/lib/python3/dist-packages/oslo_messaging/_drivers/amqpdriver.py:343
2025-11-03 00:39:18.551 147666 DEBUG oslo_messaging._drivers.amqpdriver [-] AMQPListener connection consume poll /usr/lib/python3/dist-packages/oslo_messaging/_drivers/amqpdriver.py:357
2025-11-03 00:39:18.552 147671 DEBUG oslo_messaging._drivers.amqpdriver [-] AMQPListener connection timeout poll /usr/lib/python3/dist-packages/oslo_messaging/_drivers/amqpdriver.py:360
2025-11-03 00:39:18.553 147671 DEBUG oslo_messaging._drivers.amqpdriver [-] Listener is running poll /usr/lib/python3/dist-packages/oslo_messaging/_drivers/amqpdriver.py:343
2025-11-03 00:39:18.553 147671 DEBUG oslo_messaging._drivers.amqpdriver [-] AMQPListener connection consume poll /usr/lib/python3/dist-packages/oslo_messaging/_drivers/amqpdriver.py:357
2025-11-03 00:39:18.572 147677 DEBUG oslo_messaging._drivers.amqpdriver [-] AMQPListener connection timeout poll /usr/lib/python3/dist-packages/oslo_messaging/_drivers/amqpdriver.py:360
2025-11-03 00:39:18.572 147677 DEBUG oslo_messaging._drivers.amqpdriver [-] Listener is running poll /usr/lib/python3/dist-packages/oslo_messaging/_drivers/amqpdriver.py:343
2025-11-03 00:39:18.572 147677 DEBUG oslo_messaging._drivers.amqpdriver [-] AMQPListener connection consume poll /usr/lib/python3/dist-packages/oslo_messaging/_drivers/amqpdriver.py:357
2025-11-03 00:39:19.579 147677 DEBUG oslo_service.periodic_task [req-e587af52-87fd-4d76-9de8-54557a13b6f3 - - - - -] Running periodic task SchedulerManager._discover_hosts_in_cells run_periodic_tasks /usr/lib/python3/dist-packages/oslo_service/periodic_task.py:210
2025-11-03 00:39:19.580 147677 DEBUG oslo_db.sqlalchemy.engines [req-e587af52-87fd-4d76-9de8-54557a13b6f3 - - - - -] Parent process 146213 forked (147677) with an open database connection, which is being discarded and recreated. checkout /usr/lib/python3/dist-packages/oslo_db/sqlalchemy/engines.py:413
2025-11-03 00:39:19.587 147677 DEBUG oslo_concurrency.lockutils [req-e587af52-87fd-4d76-9de8-54557a13b6f3 - - - - -] Lock "f85cd53d-85b2-467d-beb2-fcca2e680848" acquired by "nova.context.set_target_cell..get_or_set_cached_cell_and_set_connections" :: waited 0.000s inner /usr/lib/python3/dist-packages/oslo_concurrency/lockutils.py:386
2025-11-03 00:39:19.588 147677 DEBUG oslo_concurrency.lockutils [req-e587af52-87fd-4d76-9de8-54557a13b6f3 - - - - -] Lock "f85cd53d-85b2-467d-beb2-fcca2e680848" "released" by "nova.context.set_target_cell..get_or_set_cached_cell_and_set_connections" :: held 0.002s inner /usr/lib/python3/dist-packages/oslo_concurrency/lockutils.py:400
2025-11-03 00:39:19.594 147677 DEBUG oslo_db.sqlalchemy.engines [req-e587af52-87fd-4d76-9de8-54557a13b6f3 - - - - -] MySQL server mode set to STRICT_TRANS_TABLES,STRICT_ALL_TABLES,NO_ZERO_IN_DATE,NO_ZERO_DATE,ERROR_FOR_DIVISION_BY_ZERO,TRADITIONAL,NO_ENGINE_SUBSTITUTION _check_effective_sql_mode /usr/lib/python3/dist-packages/oslo_db/sqlalchemy/engines.py:314
2025-11-03 00:39:29.612 147664 DEBUG oslo_service.periodic_task [req-ea205192-b6be-4d46-b99a-156a12908ec5 - - - - -] Running periodic task SchedulerManager._discover_hosts_in_cells run_periodic_tasks /usr/lib/python3/dist-packages/oslo_service/periodic_task.py:210
2025-11-03 00:39:29.616 147664 DEBUG oslo_concurrency.lockutils [req-571d1597-01e3-4eb0-8f69-c1a9dabf33eb - - - - -] Lock "f85cd53d-85b2-467d-beb2-fcca2e680848" acquired by "nova.context.set_target_cell..get_or_set_cached_cell_and_set_connections" :: waited 0.000s inner /usr/lib/python3/dist-packages/oslo_concurrency/lockutils.py:386
2025-11-03 00:39:29.616 147664 DEBUG oslo_concurrency.lockutils [req-571d1597-01e3-4eb0-8f69-c1a9dabf33eb - - - - -] Lock "f85cd53d-85b2-467d-beb2-fcca2e680848" "released" by "nova.context.set_target_cell..get_or_set_cached_cell_and_set_connections" :: held 0.000s inner /usr/lib/python3/dist-packages/oslo_concurrency/lockutils.py:400
2025-11-03 00:39:46.673 147666 DEBUG oslo_service.periodic_task [req-00522f56-57a8-4247-9bf2-3b9ef74b2be0 - - - - -] Running periodic task SchedulerManager._discover_hosts_in_cells run_periodic_tasks /usr/lib/python3/dist-packages/oslo_service/periodic_task.py:210
2025-11-03 00:39:46.676 147671 DEBUG oslo_service.periodic_task [req-54285e10-3440-48a5-80f1-563e00daa12e - - - - -] Running periodic task SchedulerManager._discover_hosts_in_cells run_periodic_tasks /usr/lib/python3/dist-packages/oslo_service/periodic_task.py:210
2025-11-03 00:39:46.678 147666 DEBUG oslo_concurrency.lockutils [req-aa338526-7ba0-40f1-85cc-90f32ccb8b1a - - - - -] Lock "f85cd53d-85b2-467d-beb2-fcca2e680848" acquired by "nova.context.set_target_cell..get_or_set_cached_cell_and_set_connections" :: waited 0.000s inner /usr/lib/python3/dist-packages/oslo_concurrency/lockutils.py:386
2025-11-03 00:39:46.678 147666 DEBUG oslo_concurrency.lockutils [req-aa338526-7ba0-40f1-85cc-90f32ccb8b1a - - - - -] Lock "f85cd53d-85b2-467d-beb2-fcca2e680848" "released" by "nova.context.set_target_cell..get_or_set_cached_cell_and_set_connections" :: held 0.000s inner /usr/lib/python3/dist-packages/oslo_concurrency/lockutils.py:400
2025-11-03 00:39:46.680 147671 DEBUG oslo_concurrency.lockutils [req-c8092179-97f6-4596-86f4-bc2a5131a7a5 - - - - -] Lock "f85cd53d-85b2-467d-beb2-fcca2e680848" acquired by "nova.context.set_target_cell..get_or_set_cached_cell_and_set_connections" :: waited 0.000s inner /usr/lib/python3/dist-packages/oslo_concurrency/lockutils.py:386
2025-11-03 00:39:46.680 147671 DEBUG oslo_concurrency.lockutils [req-c8092179-97f6-4596-86f4-bc2a5131a7a5 - - - - -] Lock "f85cd53d-85b2-467d-beb2-fcca2e680848" "released" by "nova.context.set_target_cell..get_or_set_cached_cell_and_set_connections" :: held 0.000s inner /usr/lib/python3/dist-packages/oslo_concurrency/lockutils.py:400
2025-11-03 00:39:49.606 147677 DEBUG oslo_service.periodic_task [req-e587af52-87fd-4d76-9de8-54557a13b6f3 - - - - -] Running periodic task SchedulerManager._discover_hosts_in_cells run_periodic_tasks /usr/lib/python3/dist-packages/oslo_service/periodic_task.py:210
2025-11-03 00:39:49.610 147677 DEBUG oslo_concurrency.lockutils [req-17045690-9f24-4bc0-a2a4-ce5a978479dc - - - - -] Lock "f85cd53d-85b2-467d-beb2-fcca2e680848" acquired by "nova.context.set_target_cell..get_or_set_cached_cell_and_set_connections" :: waited 0.000s inner /usr/lib/python3/dist-packages/oslo_concurrency/lockutils.py:386
2025-11-03 00:39:49.610 147677 DEBUG oslo_concurrency.lockutils [req-17045690-9f24-4bc0-a2a4-ce5a978479dc - - - - -] Lock "f85cd53d-85b2-467d-beb2-fcca2e680848" "released" by "nova.context.set_target_cell..get_or_set_cached_cell_and_set_connections" :: held 0.000s inner /usr/lib/python3/dist-packages/oslo_concurrency/lockutils.py:400
2025-11-03 00:39:50.552 147664 DEBUG oslo_messaging._drivers.amqpdriver [-] AMQPListener connection timeout poll /usr/lib/python3/dist-packages/oslo_messaging/_drivers/amqpdriver.py:360
2025-11-03 00:39:50.553 147664 DEBUG oslo_messaging._drivers.amqpdriver [-] Listener is running poll /usr/lib/python3/dist-packages/oslo_messaging/_drivers/amqpdriver.py:343
2025-11-03 00:39:50.553 147666 DEBUG oslo_messaging._drivers.amqpdriver [-] AMQPListener connection timeout poll /usr/lib/python3/dist-packages/oslo_messaging/_drivers/amqpdriver.py:360
2025-11-03 00:39:50.553 147664 DEBUG oslo_messaging._drivers.amqpdriver [-] AMQPListener connection consume poll /usr/lib/python3/dist-packages/oslo_messaging/_drivers/amqpdriver.py:357
2025-11-03 00:39:50.553 147666 DEBUG oslo_messaging._drivers.amqpdriver [-] Listener is running poll /usr/lib/python3/dist-packages/oslo_messaging/_drivers/amqpdriver.py:343
2025-11-03 00:39:50.553 147666 DEBUG oslo_messaging._drivers.amqpdriver [-] AMQPListener connection consume poll /usr/lib/python3/dist-packages/oslo_messaging/_drivers/amqpdriver.py:357
2025-11-03 00:39:50.555 147671 DEBUG oslo_messaging._drivers.amqpdriver [-] AMQPListener connection timeout poll /usr/lib/python3/dist-packages/oslo_messaging/_drivers/amqpdriver.py:360
2025-11-03 00:39:50.555 147671 DEBUG oslo_messaging._drivers.amqpdriver [-] Listener is running poll /usr/lib/python3/dist-packages/oslo_messaging/_drivers/amqpdriver.py:343
2025-11-03 00:39:50.556 147671 DEBUG oslo_messaging._drivers.amqpdriver [-] AMQPListener connection consume poll /usr/lib/python3/dist-packages/oslo_messaging/_drivers/amqpdriver.py:357
2025-11-03 00:39:50.575 147677 DEBUG oslo_messaging._drivers.amqpdriver [-] AMQPListener connection timeout poll /usr/lib/python3/dist-packages/oslo_messaging/_drivers/amqpdriver.py:360
2025-11-03 00:39:50.575 147677 DEBUG oslo_messaging._drivers.amqpdriver [-] Listener is running poll /usr/lib/python3/dist-packages/oslo_messaging/_drivers/amqpdriver.py:343
2025-11-03 00:39:50.575 147677 DEBUG oslo_messaging._drivers.amqpdriver [-] AMQPListener connection consume poll /usr/lib/python3/dist-packages/oslo_messaging/_drivers/amqpdriver.py:357
2025-11-03 00:39:59.622 147664 DEBUG oslo_service.periodic_task [req-571d1597-01e3-4eb0-8f69-c1a9dabf33eb - - - - -] Running periodic task SchedulerManager._discover_hosts_in_cells run_periodic_tasks /usr/lib/python3/dist-packages/oslo_service/periodic_task.py:210
2025-11-03 00:39:59.626 147664 DEBUG oslo_concurrency.lockutils [req-5e5bba3a-48ec-4d32-8517-ac2a9c014daa - - - - -] Lock "f85cd53d-85b2-467d-beb2-fcca2e680848" acquired by "nova.context.set_target_cell..get_or_set_cached_cell_and_set_connections" :: waited 0.000s inner /usr/lib/python3/dist-packages/oslo_concurrency/lockutils.py:386
2025-11-03 00:39:59.626 147664 DEBUG oslo_concurrency.lockutils [req-5e5bba3a-48ec-4d32-8517-ac2a9c014daa - - - - -] Lock "f85cd53d-85b2-467d-beb2-fcca2e680848" "released" by "nova.context.set_target_cell..get_or_set_cached_cell_and_set_connections" :: held 0.000s inner /usr/lib/python3/dist-packages/oslo_concurrency/lockutils.py:400
2025-11-03 00:40:13.143 146213 INFO oslo_service.service [req-5d93505b-35a4-4d35-8a31-8a0067119b5c - - - - -] Caught SIGTERM, stopping children
2025-11-03 00:40:13.143 146213 DEBUG oslo_concurrency.lockutils [req-5d93505b-35a4-4d35-8a31-8a0067119b5c - - - - -] Acquired lock "singleton_lock" lock /usr/lib/python3/dist-packages/oslo_concurrency/lockutils.py:294
2025-11-03 00:40:13.144 146213 DEBUG oslo_concurrency.lockutils [req-5d93505b-35a4-4d35-8a31-8a0067119b5c - - - - -] Releasing lock "singleton_lock" lock /usr/lib/python3/dist-packages/oslo_concurrency/lockutils.py:312
2025-11-03 00:40:13.144 146213 DEBUG oslo_service.service [req-5d93505b-35a4-4d35-8a31-8a0067119b5c - - - - -] Stop services. stop /usr/lib/python3/dist-packages/oslo_service/service.py:695
2025-11-03 00:40:13.144 146213 DEBUG oslo_service.service [req-5d93505b-35a4-4d35-8a31-8a0067119b5c - - - - -] Killing children. stop /usr/lib/python3/dist-packages/oslo_service/service.py:700
2025-11-03 00:40:13.146 146213 INFO oslo_service.service [req-5d93505b-35a4-4d35-8a31-8a0067119b5c - - - - -] Waiting on 4 children to exit
2025-11-03 00:40:13.151 146213 INFO oslo_service.service [req-5d93505b-35a4-4d35-8a31-8a0067119b5c - - - - -] Child 147677 killed by signal 15
2025-11-03 00:40:13.152 146213 INFO oslo_service.service [req-5d93505b-35a4-4d35-8a31-8a0067119b5c - - - - -] Child 147664 killed by signal 15
2025-11-03 00:40:13.152 146213 INFO oslo_service.service [req-5d93505b-35a4-4d35-8a31-8a0067119b5c - - - - -] Child 147666 killed by signal 15
2025-11-03 00:40:13.153 146213 INFO oslo_service.service [req-5d93505b-35a4-4d35-8a31-8a0067119b5c - - - - -] Child 147671 killed by signal 15
2025-11-03 00:40:14.719 162965 DEBUG oslo_db.sqlalchemy.engines [req-772e7cb8-eeab-4e40-b85a-3245c6097e03 - - - - -] MySQL server mode set to STRICT_TRANS_TABLES,STRICT_ALL_TABLES,NO_ZERO_IN_DATE,NO_ZERO_DATE,ERROR_FOR_DIVISION_BY_ZERO,TRADITIONAL,NO_ENGINE_SUBSTITUTION _check_effective_sql_mode /usr/lib/python3/dist-packages/oslo_db/sqlalchemy/engines.py:314
2025-11-03 00:40:14.760 162965 DEBUG nova.scheduler.host_manager [req-772e7cb8-eeab-4e40-b85a-3245c6097e03 - - - - -] Found 1 cells: f85cd53d-85b2-467d-beb2-fcca2e680848 refresh_cells_caches /usr/lib/python3/dist-packages/nova/scheduler/host_manager.py:730
2025-11-03 00:40:14.760 162965 DEBUG nova.scheduler.host_manager [req-772e7cb8-eeab-4e40-b85a-3245c6097e03 - - - - -] Found 0 disabled cells: refresh_cells_caches /usr/lib/python3/dist-packages/nova/scheduler/host_manager.py:742
2025-11-03 00:40:14.766 162965 WARNING nova.scheduler.filters.availability_zone_filter [req-772e7cb8-eeab-4e40-b85a-3245c6097e03 - - - - -] The 'AvailabilityZoneFilter' is deprecated since the 24.0.0 (Xena) release. Since the 18.0.0 (Rocky) release, nova has supported mapping AZs to placement aggregates. The feature is enabled by the 'query_placement_for_availability_zone' config option and is now enabled by default. As such, the 'AvailabilityZoneFilter' is no longer required. Nova is currently configured to use both placement and the AvailabilityZoneFilter for AZ enforcement.
2025-11-03 00:40:14.859 162965 DEBUG nova.scheduler.host_manager [req-772e7cb8-eeab-4e40-b85a-3245c6097e03 - - - - -] START:_async_init_instance_info _async_init_instance_info /usr/lib/python3/dist-packages/nova/scheduler/host_manager.py:411
2025-11-03 00:40:14.861 162965 DEBUG oslo_concurrency.lockutils [req-d7be4a27-89e2-4d62-8f71-c9b3cd38d92b - - - - -] Lock "f85cd53d-85b2-467d-beb2-fcca2e680848" acquired by "nova.context.set_target_cell..get_or_set_cached_cell_and_set_connections" :: waited 0.000s inner /usr/lib/python3/dist-packages/oslo_concurrency/lockutils.py:386
2025-11-03 00:40:14.863 162965 DEBUG oslo_concurrency.lockutils [req-d7be4a27-89e2-4d62-8f71-c9b3cd38d92b - - - - -] Lock "f85cd53d-85b2-467d-beb2-fcca2e680848" "released" by "nova.context.set_target_cell..get_or_set_cached_cell_and_set_connections" :: held 0.002s inner /usr/lib/python3/dist-packages/oslo_concurrency/lockutils.py:400
2025-11-03 00:40:14.868 162965 DEBUG oslo_db.sqlalchemy.engines [req-d7be4a27-89e2-4d62-8f71-c9b3cd38d92b - - - - -] MySQL server mode set to STRICT_TRANS_TABLES,STRICT_ALL_TABLES,NO_ZERO_IN_DATE,NO_ZERO_DATE,ERROR_FOR_DIVISION_BY_ZERO,TRADITIONAL,NO_ENGINE_SUBSTITUTION _check_effective_sql_mode /usr/lib/python3/dist-packages/oslo_db/sqlalchemy/engines.py:314
2025-11-03 00:40:14.880 162965 DEBUG nova.scheduler.host_manager [req-d7be4a27-89e2-4d62-8f71-c9b3cd38d92b - - - - -] Total number of compute nodes: 1 _async_init_instance_info /usr/lib/python3/dist-packages/nova/scheduler/host_manager.py:424
2025-11-03 00:40:14.881 162965 DEBUG oslo_concurrency.lockutils [req-d7be4a27-89e2-4d62-8f71-c9b3cd38d92b - - - - -] Lock "f85cd53d-85b2-467d-beb2-fcca2e680848" acquired by "nova.context.set_target_cell..get_or_set_cached_cell_and_set_connections" :: waited 0.000s inner /usr/lib/python3/dist-packages/oslo_concurrency/lockutils.py:386
2025-11-03 00:40:14.881 162965 DEBUG oslo_concurrency.lockutils [req-d7be4a27-89e2-4d62-8f71-c9b3cd38d92b - - - - -] Lock "f85cd53d-85b2-467d-beb2-fcca2e680848" "released" by "nova.context.set_target_cell..get_or_set_cached_cell_and_set_connections" :: held 0.000s inner /usr/lib/python3/dist-packages/oslo_concurrency/lockutils.py:400
2025-11-03 00:40:14.964 162965 DEBUG nova.scheduler.host_manager [req-d7be4a27-89e2-4d62-8f71-c9b3cd38d92b - - - - -] Adding 0 instances for hosts 10-20 _async_init_instance_info /usr/lib/python3/dist-packages/nova/scheduler/host_manager.py:443
2025-11-03 00:40:14.964 162965 DEBUG nova.scheduler.host_manager [req-d7be4a27-89e2-4d62-8f71-c9b3cd38d92b - - - - -] END:_async_init_instance_info _async_init_instance_info /usr/lib/python3/dist-packages/nova/scheduler/host_manager.py:454
2025-11-03 00:40:15.475 162965 DEBUG nova.context [req-772e7cb8-eeab-4e40-b85a-3245c6097e03 - - - - -] Found 2 cells: 00000000-0000-0000-0000-000000000000(cell0),f85cd53d-85b2-467d-beb2-fcca2e680848(cell1) load_cells /usr/lib/python3/dist-packages/nova/context.py:464
2025-11-03 00:40:15.476 162965 DEBUG oslo_concurrency.lockutils [req-fea59b86-0ac2-404c-b149-c45ee5476aee - - - - -] Lock "00000000-0000-0000-0000-000000000000" acquired by "nova.context.set_target_cell..get_or_set_cached_cell_and_set_connections" :: waited 0.000s inner /usr/lib/python3/dist-packages/oslo_concurrency/lockutils.py:386
2025-11-03 00:40:15.477 162965 DEBUG oslo_concurrency.lockutils [req-fea59b86-0ac2-404c-b149-c45ee5476aee - - - - -] Lock "00000000-0000-0000-0000-000000000000" "released" by "nova.context.set_target_cell..get_or_set_cached_cell_and_set_connections" :: held 0.001s inner /usr/lib/python3/dist-packages/oslo_concurrency/lockutils.py:400
2025-11-03 00:40:15.477 162965 DEBUG oslo_concurrency.lockutils [req-fea59b86-0ac2-404c-b149-c45ee5476aee - - - - -] Lock "f85cd53d-85b2-467d-beb2-fcca2e680848" acquired by "nova.context.set_target_cell..get_or_set_cached_cell_and_set_connections" :: waited 0.000s inner /usr/lib/python3/dist-packages/oslo_concurrency/lockutils.py:386
2025-11-03 00:40:15.477 162965 DEBUG oslo_concurrency.lockutils [req-fea59b86-0ac2-404c-b149-c45ee5476aee - - - - -] Lock "f85cd53d-85b2-467d-beb2-fcca2e680848" "released" by "nova.context.set_target_cell..get_or_set_cached_cell_and_set_connections" :: held 0.000s inner /usr/lib/python3/dist-packages/oslo_concurrency/lockutils.py:400
2025-11-03 00:40:15.490 162965 DEBUG oslo_db.sqlalchemy.engines [req-fea59b86-0ac2-404c-b149-c45ee5476aee - - - - -] MySQL server mode set to STRICT_TRANS_TABLES,STRICT_ALL_TABLES,NO_ZERO_IN_DATE,NO_ZERO_DATE,ERROR_FOR_DIVISION_BY_ZERO,TRADITIONAL,NO_ENGINE_SUBSTITUTION _check_effective_sql_mode /usr/lib/python3/dist-packages/oslo_db/sqlalchemy/engines.py:314
2025-11-03 00:40:15.498 162965 DEBUG oslo_concurrency.lockutils [req-fea59b86-0ac2-404c-b149-c45ee5476aee - - - - -] Acquired lock "singleton_lock" lock /usr/lib/python3/dist-packages/oslo_concurrency/lockutils.py:294
2025-11-03 00:40:15.498 162965 DEBUG oslo_concurrency.lockutils [req-fea59b86-0ac2-404c-b149-c45ee5476aee - - - - -] Releasing lock "singleton_lock" lock /usr/lib/python3/dist-packages/oslo_concurrency/lockutils.py:312
2025-11-03 00:40:15.499 162965 INFO oslo_service.service [req-fea59b86-0ac2-404c-b149-c45ee5476aee - - - - -] Starting 4 workers
2025-11-03 00:40:15.502 162965 DEBUG oslo_service.service [req-fea59b86-0ac2-404c-b149-c45ee5476aee - - - - -] Started child 163450 _start_child /usr/lib/python3/dist-packages/oslo_service/service.py:575
2025-11-03 00:40:15.508 163450 INFO nova.service [-] Starting scheduler node (version 25.2.1)
2025-11-03 00:40:15.508 162965 DEBUG oslo_service.service [req-fea59b86-0ac2-404c-b149-c45ee5476aee - - - - -] Started child 163457 _start_child /usr/lib/python3/dist-packages/oslo_service/service.py:575
2025-11-03 00:40:15.513 163457 INFO nova.service [-] Starting scheduler node (version 25.2.1)
2025-11-03 00:40:15.513 162965 DEBUG oslo_service.service [req-fea59b86-0ac2-404c-b149-c45ee5476aee - - - - -] Started child 163462 _start_child /usr/lib/python3/dist-packages/oslo_service/service.py:575
2025-11-03 00:40:15.519 162965 DEBUG oslo_service.service [req-fea59b86-0ac2-404c-b149-c45ee5476aee - - - - -] Started child 163468 _start_child /usr/lib/python3/dist-packages/oslo_service/service.py:575
2025-11-03 00:40:15.521 163450 DEBUG oslo_db.sqlalchemy.engines [req-874723f5-ace9-4318-a3e6-b57521729932 - - - - -] MySQL server mode set to STRICT_TRANS_TABLES,STRICT_ALL_TABLES,NO_ZERO_IN_DATE,NO_ZERO_DATE,ERROR_FOR_DIVISION_BY_ZERO,TRADITIONAL,NO_ENGINE_SUBSTITUTION _check_effective_sql_mode /usr/lib/python3/dist-packages/oslo_db/sqlalchemy/engines.py:314
2025-11-03 00:40:15.521 163462 INFO nova.service [-] Starting scheduler node (version 25.2.1)
2025-11-03 00:40:15.522 162965 DEBUG oslo_service.service [req-fea59b86-0ac2-404c-b149-c45ee5476aee - - - - -] Full set of CONF: wait /usr/lib/python3/dist-packages/oslo_service/service.py:649
2025-11-03 00:40:15.522 162965 DEBUG oslo_service.service [req-fea59b86-0ac2-404c-b149-c45ee5476aee - - - - -] ******************************************************************************** log_opt_values /usr/lib/python3/dist-packages/oslo_config/cfg.py:2589
2025-11-03 00:40:15.522 162965 DEBUG oslo_service.service [req-fea59b86-0ac2-404c-b149-c45ee5476aee - - - - -] Configuration options gathered from: log_opt_values /usr/lib/python3/dist-packages/oslo_config/cfg.py:2590
2025-11-03 00:40:15.522 162965 DEBUG oslo_service.service [req-fea59b86-0ac2-404c-b149-c45ee5476aee - - - - -] command line args: ['--config-file=/etc/nova/nova.conf', '--log-file=/var/log/nova/nova-scheduler.log'] log_opt_values /usr/lib/python3/dist-packages/oslo_config/cfg.py:2591
2025-11-03 00:40:15.523 162965 DEBUG oslo_service.service [req-fea59b86-0ac2-404c-b149-c45ee5476aee - - - - -] config files: ['/etc/nova/nova.conf'] log_opt_values /usr/lib/python3/dist-packages/oslo_config/cfg.py:2592
2025-11-03 00:40:15.523 162965 DEBUG oslo_service.service [req-fea59b86-0ac2-404c-b149-c45ee5476aee - - - - -] ================================================================================ log_opt_values /usr/lib/python3/dist-packages/oslo_config/cfg.py:2594
2025-11-03 00:40:15.523 162965 DEBUG oslo_service.service [req-fea59b86-0ac2-404c-b149-c45ee5476aee - - - - -] allow_resize_to_same_host = False log_opt_values /usr/lib/python3/dist-packages/oslo_config/cfg.py:2602
2025-11-03 00:40:15.524 162965 DEBUG oslo_service.service [req-fea59b86-0ac2-404c-b149-c45ee5476aee - - - - -] arq_binding_timeout = 300 log_opt_values /usr/lib/python3/dist-packages/oslo_config/cfg.py:2602
2025-11-03 00:40:15.524 162965 DEBUG oslo_service.service [req-fea59b86-0ac2-404c-b149-c45ee5476aee - - - - -] block_device_allocate_retries = 60 log_opt_values /usr/lib/python3/dist-packages/oslo_config/cfg.py:2602
2025-11-03 00:40:15.524 162965 DEBUG oslo_service.service [req-fea59b86-0ac2-404c-b149-c45ee5476aee - - - - -] block_device_allocate_retries_interval = 3 log_opt_values /usr/lib/python3/dist-packages/oslo_config/cfg.py:2602
2025-11-03 00:40:15.524 162965 DEBUG oslo_service.service [req-fea59b86-0ac2-404c-b149-c45ee5476aee - - - - -] cert = self.pem log_opt_values /usr/lib/python3/dist-packages/oslo_config/cfg.py:2602
2025-11-03 00:40:15.525 162965 DEBUG oslo_service.service [req-fea59b86-0ac2-404c-b149-c45ee5476aee - - - - -] compute_driver = libvirt.LibvirtDriver log_opt_values /usr/lib/python3/dist-packages/oslo_config/cfg.py:2602
2025-11-03 00:40:15.524 163468 INFO nova.service [-] Starting scheduler node (version 25.2.1)
2025-11-03 00:40:15.525 162965 DEBUG oslo_service.service [req-fea59b86-0ac2-404c-b149-c45ee5476aee - - - - -] compute_monitors = [] log_opt_values /usr/lib/python3/dist-packages/oslo_config/cfg.py:2602
2025-11-03 00:40:15.525 162965 DEBUG oslo_service.service [req-fea59b86-0ac2-404c-b149-c45ee5476aee - - - - -] config_dir = [] log_opt_values /usr/lib/python3/dist-packages/oslo_config/cfg.py:2602
2025-11-03 00:40:15.525 162965 DEBUG oslo_service.service [req-fea59b86-0ac2-404c-b149-c45ee5476aee - - - - -] config_drive_format = iso9660 log_opt_values /usr/lib/python3/dist-packages/oslo_config/cfg.py:2602
2025-11-03 00:40:15.525 162965 DEBUG oslo_service.service [req-fea59b86-0ac2-404c-b149-c45ee5476aee - - - - -] config_file = ['/etc/nova/nova.conf'] log_opt_values /usr/lib/python3/dist-packages/oslo_config/cfg.py:2602
2025-11-03 00:40:15.526 162965 DEBUG oslo_service.service [req-fea59b86-0ac2-404c-b149-c45ee5476aee - - - - -] config_source = [] log_opt_values /usr/lib/python3/dist-packages/oslo_config/cfg.py:2602
2025-11-03 00:40:15.526 162965 DEBUG oslo_service.service [req-fea59b86-0ac2-404c-b149-c45ee5476aee - - - - -] console_host = juju-e1cc16-0-lxd-7 log_opt_values /usr/lib/python3/dist-packages/oslo_config/cfg.py:2602
2025-11-03 00:40:15.526 162965 DEBUG oslo_service.service [req-fea59b86-0ac2-404c-b149-c45ee5476aee - - - - -] control_exchange = nova log_opt_values /usr/lib/python3/dist-packages/oslo_config/cfg.py:2602
2025-11-03 00:40:15.526 162965 DEBUG oslo_service.service [req-fea59b86-0ac2-404c-b149-c45ee5476aee - - - - -] cpu_allocation_ratio = 2.0 log_opt_values /usr/lib/python3/dist-packages/oslo_config/cfg.py:2602
2025-11-03 00:40:15.526 162965 DEBUG oslo_service.service [req-fea59b86-0ac2-404c-b149-c45ee5476aee - - - - -] daemon = False log_opt_values /usr/lib/python3/dist-packages/oslo_config/cfg.py:2602
2025-11-03 00:40:15.527 162965 DEBUG oslo_service.service [req-fea59b86-0ac2-404c-b149-c45ee5476aee - - - - -] debug = True log_opt_values /usr/lib/python3/dist-packages/oslo_config/cfg.py:2602
2025-11-03 00:40:15.527 162965 DEBUG oslo_service.service [req-fea59b86-0ac2-404c-b149-c45ee5476aee - - - - -] default_access_ip_network_name = None log_opt_values /usr/lib/python3/dist-packages/oslo_config/cfg.py:2602
2025-11-03 00:40:15.527 162965 DEBUG oslo_service.service [req-fea59b86-0ac2-404c-b149-c45ee5476aee - - - - -] default_availability_zone = nova log_opt_values /usr/lib/python3/dist-packages/oslo_config/cfg.py:2602
2025-11-03 00:40:15.527 162965 DEBUG oslo_service.service [req-fea59b86-0ac2-404c-b149-c45ee5476aee - - - - -] default_ephemeral_format = None log_opt_values /usr/lib/python3/dist-packages/oslo_config/cfg.py:2602
2025-11-03 00:40:15.528 162965 DEBUG oslo_service.service [req-fea59b86-0ac2-404c-b149-c45ee5476aee - - - - -] default_log_levels = ['amqp=WARN', 'amqplib=WARN', 'boto=WARN', 'qpid=WARN', 'sqlalchemy=WARN', 'suds=INFO', 'oslo.messaging=INFO', 'oslo_messaging=DEBUG', 'iso8601=WARN', 'requests.packages.urllib3.connectionpool=WARN', 'urllib3.connectionpool=WARN', 'websocket=WARN', 'requests.packages.urllib3.util.retry=WARN', 'urllib3.util.retry=WARN', 'keystonemiddleware=WARN', 'routes.middleware=WARN', 'stevedore=WARN', 'taskflow=WARN', 'keystoneauth=WARN', 'oslo.cache=INFO', 'dogpile.core.dogpile=INFO', 'glanceclient=WARN', 'oslo.privsep.daemon=INFO'] log_opt_values /usr/lib/python3/dist-packages/oslo_config/cfg.py:2602
2025-11-03 00:40:15.528 162965 DEBUG oslo_service.service [req-fea59b86-0ac2-404c-b149-c45ee5476aee - - - - -] default_schedule_zone = None log_opt_values /usr/lib/python3/dist-packages/oslo_config/cfg.py:2602
2025-11-03 00:40:15.528 162965 DEBUG oslo_service.service [req-fea59b86-0ac2-404c-b149-c45ee5476aee - - - - -] disk_allocation_ratio = 1.0 log_opt_values /usr/lib/python3/dist-packages/oslo_config/cfg.py:2602
2025-11-03 00:40:15.528 162965 DEBUG oslo_service.service [req-fea59b86-0ac2-404c-b149-c45ee5476aee - - - - -] enable_new_services = True log_opt_values /usr/lib/python3/dist-packages/oslo_config/cfg.py:2602
2025-11-03 00:40:15.529 162965 DEBUG oslo_service.service [req-fea59b86-0ac2-404c-b149-c45ee5476aee - - - - -] enabled_apis = ['osapi_compute', 'metadata'] log_opt_values /usr/lib/python3/dist-packages/oslo_config/cfg.py:2602
2025-11-03 00:40:15.529 162965 DEBUG oslo_service.service [req-fea59b86-0ac2-404c-b149-c45ee5476aee - - - - -] enabled_ssl_apis = [] log_opt_values /usr/lib/python3/dist-packages/oslo_config/cfg.py:2602
2025-11-03 00:40:15.529 162965 DEBUG oslo_service.service [req-fea59b86-0ac2-404c-b149-c45ee5476aee - - - - -] fatal_deprecations = False log_opt_values /usr/lib/python3/dist-packages/oslo_config/cfg.py:2602
2025-11-03 00:40:15.529 162965 DEBUG oslo_service.service [req-fea59b86-0ac2-404c-b149-c45ee5476aee - - - - -] flat_injected = False log_opt_values /usr/lib/python3/dist-packages/oslo_config/cfg.py:2602
2025-11-03 00:40:15.529 162965 DEBUG oslo_service.service [req-fea59b86-0ac2-404c-b149-c45ee5476aee - - - - -] force_config_drive = False log_opt_values /usr/lib/python3/dist-packages/oslo_config/cfg.py:2602
2025-11-03 00:40:15.529 162965 DEBUG oslo_service.service [req-fea59b86-0ac2-404c-b149-c45ee5476aee - - - - -] force_raw_images = True log_opt_values /usr/lib/python3/dist-packages/oslo_config/cfg.py:2602
2025-11-03 00:40:15.530 162965 DEBUG oslo_service.service [req-fea59b86-0ac2-404c-b149-c45ee5476aee - - - - -] graceful_shutdown_timeout = 60 log_opt_values /usr/lib/python3/dist-packages/oslo_config/cfg.py:2602
2025-11-03 00:40:15.530 162965 DEBUG oslo_service.service [req-fea59b86-0ac2-404c-b149-c45ee5476aee - - - - -] heal_instance_info_cache_interval = 60 log_opt_values /usr/lib/python3/dist-packages/oslo_config/cfg.py:2602
2025-11-03 00:40:15.530 162965 DEBUG oslo_service.service [req-fea59b86-0ac2-404c-b149-c45ee5476aee - - - - -] host = juju-e1cc16-0-lxd-7 log_opt_values /usr/lib/python3/dist-packages/oslo_config/cfg.py:2602
2025-11-03 00:40:15.530 162965 DEBUG oslo_service.service [req-fea59b86-0ac2-404c-b149-c45ee5476aee - - - - -] initial_cpu_allocation_ratio = 16.0 log_opt_values /usr/lib/python3/dist-packages/oslo_config/cfg.py:2602
2025-11-03 00:40:15.530 162965 DEBUG oslo_service.service [req-fea59b86-0ac2-404c-b149-c45ee5476aee - - - - -] initial_disk_allocation_ratio = 1.0 log_opt_values /usr/lib/python3/dist-packages/oslo_config/cfg.py:2602
2025-11-03 00:40:15.531 162965 DEBUG oslo_service.service [req-fea59b86-0ac2-404c-b149-c45ee5476aee - - - - -] initial_ram_allocation_ratio = 1.5 log_opt_values /usr/lib/python3/dist-packages/oslo_config/cfg.py:2602
2025-11-03 00:40:15.531 162965 DEBUG oslo_service.service [req-fea59b86-0ac2-404c-b149-c45ee5476aee - - - - -] injected_network_template = /usr/lib/python3/dist-packages/nova/virt/interfaces.template log_opt_values /usr/lib/python3/dist-packages/oslo_config/cfg.py:2602
2025-11-03 00:40:15.532 162965 DEBUG oslo_service.service [req-fea59b86-0ac2-404c-b149-c45ee5476aee - - - - -] instance_build_timeout = 0 log_opt_values /usr/lib/python3/dist-packages/oslo_config/cfg.py:2602
2025-11-03 00:40:15.533 162965 DEBUG oslo_service.service [req-fea59b86-0ac2-404c-b149-c45ee5476aee - - - - -] instance_delete_interval = 300 log_opt_values /usr/lib/python3/dist-packages/oslo_config/cfg.py:2602
2025-11-03 00:40:15.533 162965 DEBUG oslo_service.service [req-fea59b86-0ac2-404c-b149-c45ee5476aee - - - - -] instance_format = [instance: %(uuid)s] log_opt_values /usr/lib/python3/dist-packages/oslo_config/cfg.py:2602
2025-11-03 00:40:15.533 162965 DEBUG oslo_service.service [req-fea59b86-0ac2-404c-b149-c45ee5476aee - - - - -] instance_name_template = instance-%08x log_opt_values /usr/lib/python3/dist-packages/oslo_config/cfg.py:2602
2025-11-03 00:40:15.533 162965 DEBUG oslo_service.service [req-fea59b86-0ac2-404c-b149-c45ee5476aee - - - - -] instance_usage_audit = False log_opt_values /usr/lib/python3/dist-packages/oslo_config/cfg.py:2602
2025-11-03 00:40:15.534 162965 DEBUG oslo_service.service [req-fea59b86-0ac2-404c-b149-c45ee5476aee - - - - -] instance_usage_audit_period = month log_opt_values /usr/lib/python3/dist-packages/oslo_config/cfg.py:2602
2025-11-03 00:40:15.534 162965 DEBUG oslo_service.service [req-fea59b86-0ac2-404c-b149-c45ee5476aee - - - - -] instance_uuid_format = [instance: %(uuid)s] log_opt_values /usr/lib/python3/dist-packages/oslo_config/cfg.py:2602
2025-11-03 00:40:15.536 162965 DEBUG oslo_service.service [req-fea59b86-0ac2-404c-b149-c45ee5476aee - - - - -] instances_path = /var/lib/nova/instances log_opt_values /usr/lib/python3/dist-packages/oslo_config/cfg.py:2602
2025-11-03 00:40:15.536 162965 DEBUG oslo_service.service [req-fea59b86-0ac2-404c-b149-c45ee5476aee - - - - -] internal_service_availability_zone = internal log_opt_values /usr/lib/python3/dist-packages/oslo_config/cfg.py:2602
2025-11-03 00:40:15.536 163462 DEBUG oslo_db.sqlalchemy.engines [req-6277a8d5-7c00-492a-bff9-81df338f3f4a - - - - -] MySQL server mode set to STRICT_TRANS_TABLES,STRICT_ALL_TABLES,NO_ZERO_IN_DATE,NO_ZERO_DATE,ERROR_FOR_DIVISION_BY_ZERO,TRADITIONAL,NO_ENGINE_SUBSTITUTION _check_effective_sql_mode /usr/lib/python3/dist-packages/oslo_db/sqlalchemy/engines.py:314
2025-11-03 00:40:15.536 162965 DEBUG oslo_service.service [req-fea59b86-0ac2-404c-b149-c45ee5476aee - - - - -] key = None log_opt_values /usr/lib/python3/dist-packages/oslo_config/cfg.py:2602
2025-11-03 00:40:15.536 162965 DEBUG oslo_service.service [req-fea59b86-0ac2-404c-b149-c45ee5476aee - - - - -] live_migration_retry_count = 30 log_opt_values /usr/lib/python3/dist-packages/oslo_config/cfg.py:2602
2025-11-03 00:40:15.536 162965 DEBUG oslo_service.service [req-fea59b86-0ac2-404c-b149-c45ee5476aee - - - - -] log_config_append = None log_opt_values /usr/lib/python3/dist-packages/oslo_config/cfg.py:2602
2025-11-03 00:40:15.536 162965 DEBUG oslo_service.service [req-fea59b86-0ac2-404c-b149-c45ee5476aee - - - - -] log_date_format = %Y-%m-%d %H:%M:%S log_opt_values /usr/lib/python3/dist-packages/oslo_config/cfg.py:2602
2025-11-03 00:40:15.537 162965 DEBUG oslo_service.service [req-fea59b86-0ac2-404c-b149-c45ee5476aee - - - - -] log_dir = /var/log/nova log_opt_values /usr/lib/python3/dist-packages/oslo_config/cfg.py:2602
2025-11-03 00:40:15.537 162965 DEBUG oslo_service.service [req-fea59b86-0ac2-404c-b149-c45ee5476aee - - - - -] log_file = /var/log/nova/nova-scheduler.log log_opt_values /usr/lib/python3/dist-packages/oslo_config/cfg.py:2602
2025-11-03 00:40:15.537 163468 DEBUG oslo_db.sqlalchemy.engines [req-579cee82-5ea7-4cef-9b6e-b6ab1f88bd66 - - - - -] MySQL server mode set to STRICT_TRANS_TABLES,STRICT_ALL_TABLES,NO_ZERO_IN_DATE,NO_ZERO_DATE,ERROR_FOR_DIVISION_BY_ZERO,TRADITIONAL,NO_ENGINE_SUBSTITUTION _check_effective_sql_mode /usr/lib/python3/dist-packages/oslo_db/sqlalchemy/engines.py:314
2025-11-03 00:40:15.538 162965 DEBUG oslo_service.service [req-fea59b86-0ac2-404c-b149-c45ee5476aee - - - - -] log_options = True log_opt_values /usr/lib/python3/dist-packages/oslo_config/cfg.py:2602
2025-11-03 00:40:15.539 162965 DEBUG oslo_service.service [req-fea59b86-0ac2-404c-b149-c45ee5476aee - - - - -] log_rotate_interval = 1 log_opt_values /usr/lib/python3/dist-packages/oslo_config/cfg.py:2602
2025-11-03 00:40:15.539 162965 DEBUG oslo_service.service [req-fea59b86-0ac2-404c-b149-c45ee5476aee - - - - -] log_rotate_interval_type = days log_opt_values /usr/lib/python3/dist-packages/oslo_config/cfg.py:2602
2025-11-03 00:40:15.539 163457 DEBUG oslo_db.sqlalchemy.engines [req-e10142fd-f3ea-4989-98e6-5d30081802ec - - - - -] MySQL server mode set to STRICT_TRANS_TABLES,STRICT_ALL_TABLES,NO_ZERO_IN_DATE,NO_ZERO_DATE,ERROR_FOR_DIVISION_BY_ZERO,TRADITIONAL,NO_ENGINE_SUBSTITUTION _check_effective_sql_mode /usr/lib/python3/dist-packages/oslo_db/sqlalchemy/engines.py:314
2025-11-03 00:40:15.539 162965 DEBUG oslo_service.service [req-fea59b86-0ac2-404c-b149-c45ee5476aee - - - - -] log_rotation_type = none log_opt_values /usr/lib/python3/dist-packages/oslo_config/cfg.py:2602
2025-11-03 00:40:15.539 162965 DEBUG oslo_service.service [req-fea59b86-0ac2-404c-b149-c45ee5476aee - - - - -] logging_context_format_string = %(asctime)s.%(msecs)03d %(process)d %(levelname)s %(name)s [%(request_id)s %(user_identity)s] %(instance)s%(message)s log_opt_values /usr/lib/python3/dist-packages/oslo_config/cfg.py:2602
2025-11-03 00:40:15.540 162965 DEBUG oslo_service.service [req-fea59b86-0ac2-404c-b149-c45ee5476aee - - - - -] logging_debug_format_suffix = %(funcName)s %(pathname)s:%(lineno)d log_opt_values /usr/lib/python3/dist-packages/oslo_config/cfg.py:2602
