2025-11-03 00:37:32.946 130697 DEBUG oslo_service.service [req-7d970b80-d3d8-401d-984f-0992265c342a - - - - -] glance.insecure = False log_opt_values /usr/lib/python3/dist-packages/oslo_config/cfg.py:2609
2025-11-03 00:37:32.946 130697 DEBUG oslo_service.service [req-7d970b80-d3d8-401d-984f-0992265c342a - - - - -] glance.keyfile = None log_opt_values /usr/lib/python3/dist-packages/oslo_config/cfg.py:2609
2025-11-03 00:37:32.946 130697 DEBUG oslo_service.service [req-7d970b80-d3d8-401d-984f-0992265c342a - - - - -] glance.max_version = None log_opt_values /usr/lib/python3/dist-packages/oslo_config/cfg.py:2609
2025-11-03 00:37:32.946 131002 DEBUG nova.service [req-7ba8ebed-0416-407f-b2b0-b71b69a484af - - - - -] Join ServiceGroup membership for this service conductor start /usr/lib/python3/dist-packages/nova/service.py:199
2025-11-03 00:37:32.946 130697 DEBUG oslo_service.service [req-7d970b80-d3d8-401d-984f-0992265c342a - - - - -] glance.min_version = None log_opt_values /usr/lib/python3/dist-packages/oslo_config/cfg.py:2609
2025-11-03 00:37:32.946 130697 DEBUG oslo_service.service [req-7d970b80-d3d8-401d-984f-0992265c342a - - - - -] glance.num_retries = 3 log_opt_values /usr/lib/python3/dist-packages/oslo_config/cfg.py:2609
2025-11-03 00:37:32.946 131002 DEBUG nova.servicegroup.drivers.db [req-7ba8ebed-0416-407f-b2b0-b71b69a484af - - - - -] DB_Driver: join new ServiceGroup member juju-e1cc16-0-lxd-7 to the conductor group, service = join /usr/lib/python3/dist-packages/nova/servicegroup/drivers/db.py:44
2025-11-03 00:37:32.947 130697 DEBUG oslo_service.service [req-7d970b80-d3d8-401d-984f-0992265c342a - - - - -] glance.rbd_ceph_conf = log_opt_values /usr/lib/python3/dist-packages/oslo_config/cfg.py:2609
2025-11-03 00:37:32.947 130697 DEBUG oslo_service.service [req-7d970b80-d3d8-401d-984f-0992265c342a - - - - -] glance.rbd_connect_timeout = 5 log_opt_values /usr/lib/python3/dist-packages/oslo_config/cfg.py:2609
2025-11-03 00:37:32.947 130697 DEBUG oslo_service.service [req-7d970b80-d3d8-401d-984f-0992265c342a - - - - -] glance.rbd_pool = log_opt_values /usr/lib/python3/dist-packages/oslo_config/cfg.py:2609
2025-11-03 00:37:32.947 131003 DEBUG oslo_messaging._drivers.amqpdriver [-] AMQPListener connection timeout poll /usr/lib/python3/dist-packages/oslo_messaging/_drivers/amqpdriver.py:360
2025-11-03 00:37:32.947 130697 DEBUG oslo_service.service [req-7d970b80-d3d8-401d-984f-0992265c342a - - - - -] glance.rbd_user = log_opt_values /usr/lib/python3/dist-packages/oslo_config/cfg.py:2609
2025-11-03 00:37:32.947 131003 DEBUG oslo_messaging._drivers.amqpdriver [-] Listener is running poll /usr/lib/python3/dist-packages/oslo_messaging/_drivers/amqpdriver.py:343
2025-11-03 00:37:32.947 130697 DEBUG oslo_service.service [req-7d970b80-d3d8-401d-984f-0992265c342a - - - - -] glance.region_name = None log_opt_values /usr/lib/python3/dist-packages/oslo_config/cfg.py:2609
2025-11-03 00:37:32.947 131004 DEBUG oslo_messaging._drivers.amqpdriver [-] received message msg_id: 2fc1b5b6f84f429db274a6d9f04c0e24 reply to reply_ead7570acc804c4db2651730c0aea471 __call__ /usr/lib/python3/dist-packages/oslo_messaging/_drivers/amqpdriver.py:320
2025-11-03 00:37:32.948 131003 DEBUG oslo_messaging._drivers.amqpdriver [-] AMQPListener connection consume poll /usr/lib/python3/dist-packages/oslo_messaging/_drivers/amqpdriver.py:357
2025-11-03 00:37:32.948 130697 DEBUG oslo_service.service [req-7d970b80-d3d8-401d-984f-0992265c342a - - - - -] glance.service_name = None log_opt_values /usr/lib/python3/dist-packages/oslo_config/cfg.py:2609
2025-11-03 00:37:32.948 130697 DEBUG oslo_service.service [req-7d970b80-d3d8-401d-984f-0992265c342a - - - - -] glance.service_type = image log_opt_values /usr/lib/python3/dist-packages/oslo_config/cfg.py:2609
2025-11-03 00:37:32.948 130697 DEBUG oslo_service.service [req-7d970b80-d3d8-401d-984f-0992265c342a - - - - -] glance.split_loggers = False log_opt_values /usr/lib/python3/dist-packages/oslo_config/cfg.py:2609
2025-11-03 00:37:32.948 130697 DEBUG oslo_service.service [req-7d970b80-d3d8-401d-984f-0992265c342a - - - - -] glance.status_code_retries = None log_opt_values /usr/lib/python3/dist-packages/oslo_config/cfg.py:2609
2025-11-03 00:37:32.948 130697 DEBUG oslo_service.service [req-7d970b80-d3d8-401d-984f-0992265c342a - - - - -] glance.status_code_retry_delay = None log_opt_values /usr/lib/python3/dist-packages/oslo_config/cfg.py:2609
2025-11-03 00:37:32.948 130697 DEBUG oslo_service.service [req-7d970b80-d3d8-401d-984f-0992265c342a - - - - -] glance.timeout = None log_opt_values /usr/lib/python3/dist-packages/oslo_config/cfg.py:2609
2025-11-03 00:37:32.948 131004 DEBUG nova.service [req-7ceaaa9c-70b1-4ac5-9ff0-cac8f0f4c322 - - - - -] Join ServiceGroup membership for this service conductor start /usr/lib/python3/dist-packages/nova/service.py:199
2025-11-03 00:37:32.949 130697 DEBUG oslo_service.service [req-7d970b80-d3d8-401d-984f-0992265c342a - - - - -] glance.valid_interfaces = ['internal', 'public'] log_opt_values /usr/lib/python3/dist-packages/oslo_config/cfg.py:2609
2025-11-03 00:37:32.949 130697 DEBUG oslo_service.service [req-7d970b80-d3d8-401d-984f-0992265c342a - - - - -] glance.verify_glance_signatures = False log_opt_values /usr/lib/python3/dist-packages/oslo_config/cfg.py:2609
2025-11-03 00:37:32.949 131004 DEBUG nova.servicegroup.drivers.db [req-7ceaaa9c-70b1-4ac5-9ff0-cac8f0f4c322 - - - - -] DB_Driver: join new ServiceGroup member juju-e1cc16-0-lxd-7 to the conductor group, service = join /usr/lib/python3/dist-packages/nova/servicegroup/drivers/db.py:44
2025-11-03 00:37:32.949 130697 DEBUG oslo_service.service [req-7d970b80-d3d8-401d-984f-0992265c342a - - - - -] glance.version = None log_opt_values /usr/lib/python3/dist-packages/oslo_config/cfg.py:2609
2025-11-03 00:37:32.949 130697 DEBUG oslo_service.service [req-7d970b80-d3d8-401d-984f-0992265c342a - - - - -] guestfs.debug = False log_opt_values /usr/lib/python3/dist-packages/oslo_config/cfg.py:2609
2025-11-03 00:37:32.949 130697 DEBUG oslo_service.service [req-7d970b80-d3d8-401d-984f-0992265c342a - - - - -] hyperv.config_drive_cdrom = False log_opt_values /usr/lib/python3/dist-packages/oslo_config/cfg.py:2609
2025-11-03 00:37:32.950 130697 DEBUG oslo_service.service [req-7d970b80-d3d8-401d-984f-0992265c342a - - - - -] hyperv.config_drive_inject_password = False log_opt_values /usr/lib/python3/dist-packages/oslo_config/cfg.py:2609
2025-11-03 00:37:32.950 130697 DEBUG oslo_service.service [req-7d970b80-d3d8-401d-984f-0992265c342a - - - - -] hyperv.dynamic_memory_ratio = 1.0 log_opt_values /usr/lib/python3/dist-packages/oslo_config/cfg.py:2609
2025-11-03 00:37:32.950 131002 DEBUG oslo_messaging._drivers.amqpdriver [-] AMQPListener connection timeout poll /usr/lib/python3/dist-packages/oslo_messaging/_drivers/amqpdriver.py:360
2025-11-03 00:37:32.950 131002 DEBUG oslo_messaging._drivers.amqpdriver [-] Listener is running poll /usr/lib/python3/dist-packages/oslo_messaging/_drivers/amqpdriver.py:343
2025-11-03 00:37:32.950 130697 DEBUG oslo_service.service [req-7d970b80-d3d8-401d-984f-0992265c342a - - - - -] hyperv.enable_instance_metrics_collection = False log_opt_values /usr/lib/python3/dist-packages/oslo_config/cfg.py:2609
2025-11-03 00:37:32.950 131002 DEBUG oslo_messaging._drivers.amqpdriver [-] AMQPListener connection consume poll /usr/lib/python3/dist-packages/oslo_messaging/_drivers/amqpdriver.py:357
2025-11-03 00:37:32.950 130697 DEBUG oslo_service.service [req-7d970b80-d3d8-401d-984f-0992265c342a - - - - -] hyperv.enable_remotefx = False log_opt_values /usr/lib/python3/dist-packages/oslo_config/cfg.py:2609
2025-11-03 00:37:32.950 130697 DEBUG oslo_service.service [req-7d970b80-d3d8-401d-984f-0992265c342a - - - - -] hyperv.instances_path_share = log_opt_values /usr/lib/python3/dist-packages/oslo_config/cfg.py:2609
2025-11-03 00:37:32.950 130697 DEBUG oslo_service.service [req-7d970b80-d3d8-401d-984f-0992265c342a - - - - -] hyperv.iscsi_initiator_list = [] log_opt_values /usr/lib/python3/dist-packages/oslo_config/cfg.py:2609
2025-11-03 00:37:32.950 130697 DEBUG oslo_service.service [req-7d970b80-d3d8-401d-984f-0992265c342a - - - - -] hyperv.limit_cpu_features = False log_opt_values /usr/lib/python3/dist-packages/oslo_config/cfg.py:2609
2025-11-03 00:37:32.951 131004 DEBUG oslo_messaging._drivers.amqpdriver [-] AMQPListener connection timeout poll /usr/lib/python3/dist-packages/oslo_messaging/_drivers/amqpdriver.py:360
2025-11-03 00:37:32.951 130697 DEBUG oslo_service.service [req-7d970b80-d3d8-401d-984f-0992265c342a - - - - -] hyperv.mounted_disk_query_retry_count = 10 log_opt_values /usr/lib/python3/dist-packages/oslo_config/cfg.py:2609
2025-11-03 00:37:32.951 131004 DEBUG oslo_messaging._drivers.amqpdriver [-] Listener is running poll /usr/lib/python3/dist-packages/oslo_messaging/_drivers/amqpdriver.py:343
2025-11-03 00:37:32.951 130697 DEBUG oslo_service.service [req-7d970b80-d3d8-401d-984f-0992265c342a - - - - -] hyperv.mounted_disk_query_retry_interval = 5 log_opt_values /usr/lib/python3/dist-packages/oslo_config/cfg.py:2609
2025-11-03 00:37:32.951 131004 DEBUG oslo_messaging._drivers.amqpdriver [-] Poll the incoming message with unique_id: cd29e523cdcd40f3b1299832580001e6 poll /usr/lib/python3/dist-packages/oslo_messaging/_drivers/amqpdriver.py:346
2025-11-03 00:37:32.951 130697 DEBUG oslo_service.service [req-7d970b80-d3d8-401d-984f-0992265c342a - - - - -] hyperv.power_state_check_timeframe = 60 log_opt_values /usr/lib/python3/dist-packages/oslo_config/cfg.py:2609
2025-11-03 00:37:32.951 130697 DEBUG oslo_service.service [req-7d970b80-d3d8-401d-984f-0992265c342a - - - - -] hyperv.power_state_event_polling_interval = 2 log_opt_values /usr/lib/python3/dist-packages/oslo_config/cfg.py:2609
2025-11-03 00:37:32.951 131004 DEBUG oslo_messaging._drivers.amqpdriver [-] Listener is running poll /usr/lib/python3/dist-packages/oslo_messaging/_drivers/amqpdriver.py:343
2025-11-03 00:37:32.951 130697 DEBUG oslo_service.service [req-7d970b80-d3d8-401d-984f-0992265c342a - - - - -] hyperv.qemu_img_cmd = qemu-img.exe log_opt_values /usr/lib/python3/dist-packages/oslo_config/cfg.py:2609
2025-11-03 00:37:32.951 131004 DEBUG oslo_messaging._drivers.amqpdriver [-] AMQPListener connection consume poll /usr/lib/python3/dist-packages/oslo_messaging/_drivers/amqpdriver.py:357
2025-11-03 00:37:32.951 130697 DEBUG oslo_service.service [req-7d970b80-d3d8-401d-984f-0992265c342a - - - - -] hyperv.use_multipath_io = False log_opt_values /usr/lib/python3/dist-packages/oslo_config/cfg.py:2609
2025-11-03 00:37:32.952 130697 DEBUG oslo_service.service [req-7d970b80-d3d8-401d-984f-0992265c342a - - - - -] hyperv.volume_attach_retry_count = 10 log_opt_values /usr/lib/python3/dist-packages/oslo_config/cfg.py:2609
2025-11-03 00:37:32.952 130697 DEBUG oslo_service.service [req-7d970b80-d3d8-401d-984f-0992265c342a - - - - -] hyperv.volume_attach_retry_interval = 5 log_opt_values /usr/lib/python3/dist-packages/oslo_config/cfg.py:2609
2025-11-03 00:37:32.952 130697 DEBUG oslo_service.service [req-7d970b80-d3d8-401d-984f-0992265c342a - - - - -] hyperv.vswitch_name = None log_opt_values /usr/lib/python3/dist-packages/oslo_config/cfg.py:2609
2025-11-03 00:37:32.952 130697 DEBUG oslo_service.service [req-7d970b80-d3d8-401d-984f-0992265c342a - - - - -] hyperv.wait_soft_reboot_seconds = 60 log_opt_values /usr/lib/python3/dist-packages/oslo_config/cfg.py:2609
2025-11-03 00:37:32.952 130697 DEBUG oslo_service.service [req-7d970b80-d3d8-401d-984f-0992265c342a - - - - -] mks.enabled = False log_opt_values /usr/lib/python3/dist-packages/oslo_config/cfg.py:2609
2025-11-03 00:37:32.953 130697 DEBUG oslo_service.service [req-7d970b80-d3d8-401d-984f-0992265c342a - - - - -] mks.mksproxy_base_url = http://127.0.0.1:6090/ log_opt_values /usr/lib/python3/dist-packages/oslo_config/cfg.py:2609
2025-11-03 00:37:32.953 130697 DEBUG oslo_service.service [req-7d970b80-d3d8-401d-984f-0992265c342a - - - - -] image_cache.manager_interval = 2400 log_opt_values /usr/lib/python3/dist-packages/oslo_config/cfg.py:2609
2025-11-03 00:37:32.953 130697 DEBUG oslo_service.service [req-7d970b80-d3d8-401d-984f-0992265c342a - - - - -] image_cache.precache_concurrency = 1 log_opt_values /usr/lib/python3/dist-packages/oslo_config/cfg.py:2609
2025-11-03 00:37:32.954 130697 DEBUG oslo_service.service [req-7d970b80-d3d8-401d-984f-0992265c342a - - - - -] image_cache.remove_unused_base_images = True log_opt_values /usr/lib/python3/dist-packages/oslo_config/cfg.py:2609
2025-11-03 00:37:32.954 130697 DEBUG oslo_service.service [req-7d970b80-d3d8-401d-984f-0992265c342a - - - - -] image_cache.remove_unused_original_minimum_age_seconds = 86400 log_opt_values /usr/lib/python3/dist-packages/oslo_config/cfg.py:2609
2025-11-03 00:37:32.954 130697 DEBUG oslo_service.service [req-7d970b80-d3d8-401d-984f-0992265c342a - - - - -] image_cache.remove_unused_resized_minimum_age_seconds = 3600 log_opt_values /usr/lib/python3/dist-packages/oslo_config/cfg.py:2609
2025-11-03 00:37:32.954 130697 DEBUG oslo_service.service [req-7d970b80-d3d8-401d-984f-0992265c342a - - - - -] image_cache.subdirectory_name = _base log_opt_values /usr/lib/python3/dist-packages/oslo_config/cfg.py:2609
2025-11-03 00:37:32.954 130697 DEBUG oslo_service.service [req-7d970b80-d3d8-401d-984f-0992265c342a - - - - -] ironic.api_max_retries = 60 log_opt_values /usr/lib/python3/dist-packages/oslo_config/cfg.py:2609
2025-11-03 00:37:32.954 130697 DEBUG oslo_service.service [req-7d970b80-d3d8-401d-984f-0992265c342a - - - - -] ironic.api_retry_interval = 2 log_opt_values /usr/lib/python3/dist-packages/oslo_config/cfg.py:2609
2025-11-03 00:37:32.955 130697 DEBUG oslo_service.service [req-7d970b80-d3d8-401d-984f-0992265c342a - - - - -] ironic.auth_section = None log_opt_values /usr/lib/python3/dist-packages/oslo_config/cfg.py:2609
2025-11-03 00:37:32.955 130697 DEBUG oslo_service.service [req-7d970b80-d3d8-401d-984f-0992265c342a - - - - -] ironic.auth_type = None log_opt_values /usr/lib/python3/dist-packages/oslo_config/cfg.py:2609
2025-11-03 00:37:32.955 130697 DEBUG oslo_service.service [req-7d970b80-d3d8-401d-984f-0992265c342a - - - - -] ironic.cafile = None log_opt_values /usr/lib/python3/dist-packages/oslo_config/cfg.py:2609
2025-11-03 00:37:32.955 130697 DEBUG oslo_service.service [req-7d970b80-d3d8-401d-984f-0992265c342a - - - - -] ironic.certfile = None log_opt_values /usr/lib/python3/dist-packages/oslo_config/cfg.py:2609
2025-11-03 00:37:32.955 130697 DEBUG oslo_service.service [req-7d970b80-d3d8-401d-984f-0992265c342a - - - - -] ironic.collect_timing = False log_opt_values /usr/lib/python3/dist-packages/oslo_config/cfg.py:2609
2025-11-03 00:37:32.955 130697 DEBUG oslo_service.service [req-7d970b80-d3d8-401d-984f-0992265c342a - - - - -] ironic.connect_retries = None log_opt_values /usr/lib/python3/dist-packages/oslo_config/cfg.py:2609
2025-11-03 00:37:32.956 130697 DEBUG oslo_service.service [req-7d970b80-d3d8-401d-984f-0992265c342a - - - - -] ironic.connect_retry_delay = None log_opt_values /usr/lib/python3/dist-packages/oslo_config/cfg.py:2609
2025-11-03 00:37:32.956 130697 DEBUG oslo_service.service [req-7d970b80-d3d8-401d-984f-0992265c342a - - - - -] ironic.endpoint_override = None log_opt_values /usr/lib/python3/dist-packages/oslo_config/cfg.py:2609
2025-11-03 00:37:32.956 130697 DEBUG oslo_service.service [req-7d970b80-d3d8-401d-984f-0992265c342a - - - - -] ironic.insecure = False log_opt_values /usr/lib/python3/dist-packages/oslo_config/cfg.py:2609
2025-11-03 00:37:32.956 130697 DEBUG oslo_service.service [req-7d970b80-d3d8-401d-984f-0992265c342a - - - - -] ironic.keyfile = None log_opt_values /usr/lib/python3/dist-packages/oslo_config/cfg.py:2609
2025-11-03 00:37:32.956 130697 DEBUG oslo_service.service [req-7d970b80-d3d8-401d-984f-0992265c342a - - - - -] ironic.max_version = None log_opt_values /usr/lib/python3/dist-packages/oslo_config/cfg.py:2609
2025-11-03 00:37:32.956 130697 DEBUG oslo_service.service [req-7d970b80-d3d8-401d-984f-0992265c342a - - - - -] ironic.min_version = None log_opt_values /usr/lib/python3/dist-packages/oslo_config/cfg.py:2609
2025-11-03 00:37:32.957 130697 DEBUG oslo_service.service [req-7d970b80-d3d8-401d-984f-0992265c342a - - - - -] ironic.partition_key = None log_opt_values /usr/lib/python3/dist-packages/oslo_config/cfg.py:2609
2025-11-03 00:37:32.957 130697 DEBUG oslo_service.service [req-7d970b80-d3d8-401d-984f-0992265c342a - - - - -] ironic.peer_list = [] log_opt_values /usr/lib/python3/dist-packages/oslo_config/cfg.py:2609
2025-11-03 00:37:32.957 130697 DEBUG oslo_service.service [req-7d970b80-d3d8-401d-984f-0992265c342a - - - - -] ironic.region_name = None log_opt_values /usr/lib/python3/dist-packages/oslo_config/cfg.py:2609
2025-11-03 00:37:32.957 130697 DEBUG oslo_service.service [req-7d970b80-d3d8-401d-984f-0992265c342a - - - - -] ironic.serial_console_state_timeout = 10 log_opt_values /usr/lib/python3/dist-packages/oslo_config/cfg.py:2609
2025-11-03 00:37:32.957 130697 DEBUG oslo_service.service [req-7d970b80-d3d8-401d-984f-0992265c342a - - - - -] ironic.service_name = None log_opt_values /usr/lib/python3/dist-packages/oslo_config/cfg.py:2609
2025-11-03 00:37:32.957 130697 DEBUG oslo_service.service [req-7d970b80-d3d8-401d-984f-0992265c342a - - - - -] ironic.service_type = baremetal log_opt_values /usr/lib/python3/dist-packages/oslo_config/cfg.py:2609
2025-11-03 00:37:32.958 130697 DEBUG oslo_service.service [req-7d970b80-d3d8-401d-984f-0992265c342a - - - - -] ironic.split_loggers = False log_opt_values /usr/lib/python3/dist-packages/oslo_config/cfg.py:2609
2025-11-03 00:37:32.958 130697 DEBUG oslo_service.service [req-7d970b80-d3d8-401d-984f-0992265c342a - - - - -] ironic.status_code_retries = None log_opt_values /usr/lib/python3/dist-packages/oslo_config/cfg.py:2609
2025-11-03 00:37:32.958 130697 DEBUG oslo_service.service [req-7d970b80-d3d8-401d-984f-0992265c342a - - - - -] ironic.status_code_retry_delay = None log_opt_values /usr/lib/python3/dist-packages/oslo_config/cfg.py:2609
2025-11-03 00:37:32.958 130697 DEBUG oslo_service.service [req-7d970b80-d3d8-401d-984f-0992265c342a - - - - -] ironic.timeout = None log_opt_values /usr/lib/python3/dist-packages/oslo_config/cfg.py:2609
2025-11-03 00:37:32.958 130697 DEBUG oslo_service.service [req-7d970b80-d3d8-401d-984f-0992265c342a - - - - -] ironic.valid_interfaces = ['internal', 'public'] log_opt_values /usr/lib/python3/dist-packages/oslo_config/cfg.py:2609
2025-11-03 00:37:32.959 130697 DEBUG oslo_service.service [req-7d970b80-d3d8-401d-984f-0992265c342a - - - - -] ironic.version = None log_opt_values /usr/lib/python3/dist-packages/oslo_config/cfg.py:2609
2025-11-03 00:37:32.959 130697 DEBUG oslo_service.service [req-7d970b80-d3d8-401d-984f-0992265c342a - - - - -] key_manager.backend = barbican log_opt_values /usr/lib/python3/dist-packages/oslo_config/cfg.py:2609
2025-11-03 00:37:32.959 130697 DEBUG oslo_service.service [req-7d970b80-d3d8-401d-984f-0992265c342a - - - - -] key_manager.fixed_key = **** log_opt_values /usr/lib/python3/dist-packages/oslo_config/cfg.py:2609
2025-11-03 00:37:32.959 130697 DEBUG oslo_service.service [req-7d970b80-d3d8-401d-984f-0992265c342a - - - - -] barbican.auth_endpoint = http://localhost/identity/v3 log_opt_values /usr/lib/python3/dist-packages/oslo_config/cfg.py:2609
2025-11-03 00:37:32.959 130697 DEBUG oslo_service.service [req-7d970b80-d3d8-401d-984f-0992265c342a - - - - -] barbican.barbican_api_version = None log_opt_values /usr/lib/python3/dist-packages/oslo_config/cfg.py:2609
2025-11-03 00:37:32.959 130697 DEBUG oslo_service.service [req-7d970b80-d3d8-401d-984f-0992265c342a - - - - -] barbican.barbican_endpoint = None log_opt_values /usr/lib/python3/dist-packages/oslo_config/cfg.py:2609
2025-11-03 00:37:32.960 130697 DEBUG oslo_service.service [req-7d970b80-d3d8-401d-984f-0992265c342a - - - - -] barbican.barbican_endpoint_type = public log_opt_values /usr/lib/python3/dist-packages/oslo_config/cfg.py:2609
2025-11-03 00:37:32.960 130697 DEBUG oslo_service.service [req-7d970b80-d3d8-401d-984f-0992265c342a - - - - -] barbican.barbican_region_name = None log_opt_values /usr/lib/python3/dist-packages/oslo_config/cfg.py:2609
2025-11-03 00:37:32.960 130697 DEBUG oslo_service.service [req-7d970b80-d3d8-401d-984f-0992265c342a - - - - -] barbican.cafile = None log_opt_values /usr/lib/python3/dist-packages/oslo_config/cfg.py:2609
2025-11-03 00:37:32.960 130697 DEBUG oslo_service.service [req-7d970b80-d3d8-401d-984f-0992265c342a - - - - -] barbican.certfile = None log_opt_values /usr/lib/python3/dist-packages/oslo_config/cfg.py:2609
2025-11-03 00:37:32.961 130697 DEBUG oslo_service.service [req-7d970b80-d3d8-401d-984f-0992265c342a - - - - -] barbican.collect_timing = False log_opt_values /usr/lib/python3/dist-packages/oslo_config/cfg.py:2609
2025-11-03 00:37:32.961 130697 DEBUG oslo_service.service [req-7d970b80-d3d8-401d-984f-0992265c342a - - - - -] barbican.insecure = False log_opt_values /usr/lib/python3/dist-packages/oslo_config/cfg.py:2609
2025-11-03 00:37:32.961 130697 DEBUG oslo_service.service [req-7d970b80-d3d8-401d-984f-0992265c342a - - - - -] barbican.keyfile = None log_opt_values /usr/lib/python3/dist-packages/oslo_config/cfg.py:2609
2025-11-03 00:37:32.961 130697 DEBUG oslo_service.service [req-7d970b80-d3d8-401d-984f-0992265c342a - - - - -] barbican.number_of_retries = 60 log_opt_values /usr/lib/python3/dist-packages/oslo_config/cfg.py:2609
2025-11-03 00:37:32.961 130697 DEBUG oslo_service.service [req-7d970b80-d3d8-401d-984f-0992265c342a - - - - -] barbican.retry_delay = 1 log_opt_values /usr/lib/python3/dist-packages/oslo_config/cfg.py:2609
2025-11-03 00:37:32.961 130697 DEBUG oslo_service.service [req-7d970b80-d3d8-401d-984f-0992265c342a - - - - -] barbican.send_service_user_token = False log_opt_values /usr/lib/python3/dist-packages/oslo_config/cfg.py:2609
2025-11-03 00:37:32.962 130697 DEBUG oslo_service.service [req-7d970b80-d3d8-401d-984f-0992265c342a - - - - -] barbican.split_loggers = False log_opt_values /usr/lib/python3/dist-packages/oslo_config/cfg.py:2609
2025-11-03 00:37:32.962 130697 DEBUG oslo_service.service [req-7d970b80-d3d8-401d-984f-0992265c342a - - - - -] barbican.timeout = None log_opt_values /usr/lib/python3/dist-packages/oslo_config/cfg.py:2609
2025-11-03 00:37:32.962 130697 DEBUG oslo_service.service [req-7d970b80-d3d8-401d-984f-0992265c342a - - - - -] barbican.verify_ssl = True log_opt_values /usr/lib/python3/dist-packages/oslo_config/cfg.py:2609
2025-11-03 00:37:32.962 130697 DEBUG oslo_service.service [req-7d970b80-d3d8-401d-984f-0992265c342a - - - - -] barbican.verify_ssl_path = None log_opt_values /usr/lib/python3/dist-packages/oslo_config/cfg.py:2609
2025-11-03 00:37:32.962 130697 DEBUG oslo_service.service [req-7d970b80-d3d8-401d-984f-0992265c342a - - - - -] barbican_service_user.auth_section = None log_opt_values /usr/lib/python3/dist-packages/oslo_config/cfg.py:2609
2025-11-03 00:37:32.962 130697 DEBUG oslo_service.service [req-7d970b80-d3d8-401d-984f-0992265c342a - - - - -] barbican_service_user.auth_type = None log_opt_values /usr/lib/python3/dist-packages/oslo_config/cfg.py:2609
2025-11-03 00:37:32.963 130697 DEBUG oslo_service.service [req-7d970b80-d3d8-401d-984f-0992265c342a - - - - -] barbican_service_user.cafile = None log_opt_values /usr/lib/python3/dist-packages/oslo_config/cfg.py:2609
2025-11-03 00:37:32.963 130697 DEBUG oslo_service.service [req-7d970b80-d3d8-401d-984f-0992265c342a - - - - -] barbican_service_user.certfile = None log_opt_values /usr/lib/python3/dist-packages/oslo_config/cfg.py:2609
2025-11-03 00:37:32.963 130697 DEBUG oslo_service.service [req-7d970b80-d3d8-401d-984f-0992265c342a - - - - -] barbican_service_user.collect_timing = False log_opt_values /usr/lib/python3/dist-packages/oslo_config/cfg.py:2609
2025-11-03 00:37:32.963 130697 DEBUG oslo_service.service [req-7d970b80-d3d8-401d-984f-0992265c342a - - - - -] barbican_service_user.insecure = False log_opt_values /usr/lib/python3/dist-packages/oslo_config/cfg.py:2609
2025-11-03 00:37:32.963 130697 DEBUG oslo_service.service [req-7d970b80-d3d8-401d-984f-0992265c342a - - - - -] barbican_service_user.keyfile = None log_opt_values /usr/lib/python3/dist-packages/oslo_config/cfg.py:2609
2025-11-03 00:37:32.963 130697 DEBUG oslo_service.service [req-7d970b80-d3d8-401d-984f-0992265c342a - - - - -] barbican_service_user.split_loggers = False log_opt_values /usr/lib/python3/dist-packages/oslo_config/cfg.py:2609
2025-11-03 00:37:32.964 130697 DEBUG oslo_service.service [req-7d970b80-d3d8-401d-984f-0992265c342a - - - - -] barbican_service_user.timeout = None log_opt_values /usr/lib/python3/dist-packages/oslo_config/cfg.py:2609
2025-11-03 00:37:32.964 130697 DEBUG oslo_service.service [req-7d970b80-d3d8-401d-984f-0992265c342a - - - - -] vault.approle_role_id = None log_opt_values /usr/lib/python3/dist-packages/oslo_config/cfg.py:2609
2025-11-03 00:37:32.964 130697 DEBUG oslo_service.service [req-7d970b80-d3d8-401d-984f-0992265c342a - - - - -] vault.approle_secret_id = None log_opt_values /usr/lib/python3/dist-packages/oslo_config/cfg.py:2609
2025-11-03 00:37:32.964 130697 DEBUG oslo_service.service [req-7d970b80-d3d8-401d-984f-0992265c342a - - - - -] vault.cafile = None log_opt_values /usr/lib/python3/dist-packages/oslo_config/cfg.py:2609
2025-11-03 00:37:32.964 130697 DEBUG oslo_service.service [req-7d970b80-d3d8-401d-984f-0992265c342a - - - - -] vault.certfile = None log_opt_values /usr/lib/python3/dist-packages/oslo_config/cfg.py:2609
2025-11-03 00:37:32.965 130697 DEBUG oslo_service.service [req-7d970b80-d3d8-401d-984f-0992265c342a - - - - -] vault.collect_timing = False log_opt_values /usr/lib/python3/dist-packages/oslo_config/cfg.py:2609
2025-11-03 00:37:32.965 130697 DEBUG oslo_service.service [req-7d970b80-d3d8-401d-984f-0992265c342a - - - - -] vault.insecure = False log_opt_values /usr/lib/python3/dist-packages/oslo_config/cfg.py:2609
2025-11-03 00:37:32.965 130697 DEBUG oslo_service.service [req-7d970b80-d3d8-401d-984f-0992265c342a - - - - -] vault.keyfile = None log_opt_values /usr/lib/python3/dist-packages/oslo_config/cfg.py:2609
2025-11-03 00:37:32.965 130697 DEBUG oslo_service.service [req-7d970b80-d3d8-401d-984f-0992265c342a - - - - -] vault.kv_mountpoint = secret log_opt_values /usr/lib/python3/dist-packages/oslo_config/cfg.py:2609
2025-11-03 00:37:32.965 130697 DEBUG oslo_service.service [req-7d970b80-d3d8-401d-984f-0992265c342a - - - - -] vault.kv_version = 2 log_opt_values /usr/lib/python3/dist-packages/oslo_config/cfg.py:2609
2025-11-03 00:37:32.966 130697 DEBUG oslo_service.service [req-7d970b80-d3d8-401d-984f-0992265c342a - - - - -] vault.namespace = None log_opt_values /usr/lib/python3/dist-packages/oslo_config/cfg.py:2609
2025-11-03 00:37:32.966 130697 DEBUG oslo_service.service [req-7d970b80-d3d8-401d-984f-0992265c342a - - - - -] vault.root_token_id = None log_opt_values /usr/lib/python3/dist-packages/oslo_config/cfg.py:2609
2025-11-03 00:37:32.966 130697 DEBUG oslo_service.service [req-7d970b80-d3d8-401d-984f-0992265c342a - - - - -] vault.split_loggers = False log_opt_values /usr/lib/python3/dist-packages/oslo_config/cfg.py:2609
2025-11-03 00:37:32.966 130697 DEBUG oslo_service.service [req-7d970b80-d3d8-401d-984f-0992265c342a - - - - -] vault.ssl_ca_crt_file = None log_opt_values /usr/lib/python3/dist-packages/oslo_config/cfg.py:2609
2025-11-03 00:37:32.966 130697 DEBUG oslo_service.service [req-7d970b80-d3d8-401d-984f-0992265c342a - - - - -] vault.timeout = None log_opt_values /usr/lib/python3/dist-packages/oslo_config/cfg.py:2609
2025-11-03 00:37:32.966 130697 DEBUG oslo_service.service [req-7d970b80-d3d8-401d-984f-0992265c342a - - - - -] vault.use_ssl = False log_opt_values /usr/lib/python3/dist-packages/oslo_config/cfg.py:2609
2025-11-03 00:37:32.967 130697 DEBUG oslo_service.service [req-7d970b80-d3d8-401d-984f-0992265c342a - - - - -] vault.vault_url = http://127.0.0.1:8200 log_opt_values /usr/lib/python3/dist-packages/oslo_config/cfg.py:2609
2025-11-03 00:37:32.967 131004 DEBUG oslo_messaging._drivers.amqpdriver [req-aef0ddca-a4d8-4f41-b075-5ead3543b6ef - - - - -] sending reply msg_id: 2fc1b5b6f84f429db274a6d9f04c0e24 reply queue: reply_ead7570acc804c4db2651730c0aea471 time elapsed: 0.019077760000072885s _send_reply /usr/lib/python3/dist-packages/oslo_messaging/_drivers/amqpdriver.py:118
2025-11-03 00:37:32.968 130697 DEBUG oslo_service.service [req-7d970b80-d3d8-401d-984f-0992265c342a - - - - -] keystone.cafile = None log_opt_values /usr/lib/python3/dist-packages/oslo_config/cfg.py:2609
2025-11-03 00:37:32.969 130697 DEBUG oslo_service.service [req-7d970b80-d3d8-401d-984f-0992265c342a - - - - -] keystone.certfile = None log_opt_values /usr/lib/python3/dist-packages/oslo_config/cfg.py:2609
2025-11-03 00:37:32.969 130697 DEBUG oslo_service.service [req-7d970b80-d3d8-401d-984f-0992265c342a - - - - -] keystone.collect_timing = False log_opt_values /usr/lib/python3/dist-packages/oslo_config/cfg.py:2609
2025-11-03 00:37:32.969 130697 DEBUG oslo_service.service [req-7d970b80-d3d8-401d-984f-0992265c342a - - - - -] keystone.connect_retries = None log_opt_values /usr/lib/python3/dist-packages/oslo_config/cfg.py:2609
2025-11-03 00:37:32.969 130697 DEBUG oslo_service.service [req-7d970b80-d3d8-401d-984f-0992265c342a - - - - -] keystone.connect_retry_delay = None log_opt_values /usr/lib/python3/dist-packages/oslo_config/cfg.py:2609
2025-11-03 00:37:32.970 130697 DEBUG oslo_service.service [req-7d970b80-d3d8-401d-984f-0992265c342a - - - - -] keystone.endpoint_override = None log_opt_values /usr/lib/python3/dist-packages/oslo_config/cfg.py:2609
2025-11-03 00:37:32.971 130697 DEBUG oslo_service.service [req-7d970b80-d3d8-401d-984f-0992265c342a - - - - -] keystone.insecure = False log_opt_values /usr/lib/python3/dist-packages/oslo_config/cfg.py:2609
2025-11-03 00:37:32.971 130697 DEBUG oslo_service.service [req-7d970b80-d3d8-401d-984f-0992265c342a - - - - -] keystone.keyfile = None log_opt_values /usr/lib/python3/dist-packages/oslo_config/cfg.py:2609
2025-11-03 00:37:32.972 130697 DEBUG oslo_service.service [req-7d970b80-d3d8-401d-984f-0992265c342a - - - - -] keystone.max_version = None log_opt_values /usr/lib/python3/dist-packages/oslo_config/cfg.py:2609
2025-11-03 00:37:32.972 130697 DEBUG oslo_service.service [req-7d970b80-d3d8-401d-984f-0992265c342a - - - - -] keystone.min_version = None log_opt_values /usr/lib/python3/dist-packages/oslo_config/cfg.py:2609
2025-11-03 00:37:32.972 130697 DEBUG oslo_service.service [req-7d970b80-d3d8-401d-984f-0992265c342a - - - - -] keystone.region_name = None log_opt_values /usr/lib/python3/dist-packages/oslo_config/cfg.py:2609
2025-11-03 00:37:32.972 130697 DEBUG oslo_service.service [req-7d970b80-d3d8-401d-984f-0992265c342a - - - - -] keystone.service_name = None log_opt_values /usr/lib/python3/dist-packages/oslo_config/cfg.py:2609
2025-11-03 00:37:32.972 130697 DEBUG oslo_service.service [req-7d970b80-d3d8-401d-984f-0992265c342a - - - - -] keystone.service_type = identity log_opt_values /usr/lib/python3/dist-packages/oslo_config/cfg.py:2609
2025-11-03 00:37:32.973 130697 DEBUG oslo_service.service [req-7d970b80-d3d8-401d-984f-0992265c342a - - - - -] keystone.split_loggers = False log_opt_values /usr/lib/python3/dist-packages/oslo_config/cfg.py:2609
2025-11-03 00:37:32.973 130697 DEBUG oslo_service.service [req-7d970b80-d3d8-401d-984f-0992265c342a - - - - -] keystone.status_code_retries = None log_opt_values /usr/lib/python3/dist-packages/oslo_config/cfg.py:2609
2025-11-03 00:37:32.973 130697 DEBUG oslo_service.service [req-7d970b80-d3d8-401d-984f-0992265c342a - - - - -] keystone.status_code_retry_delay = None log_opt_values /usr/lib/python3/dist-packages/oslo_config/cfg.py:2609
2025-11-03 00:37:32.973 130697 DEBUG oslo_service.service [req-7d970b80-d3d8-401d-984f-0992265c342a - - - - -] keystone.timeout = None log_opt_values /usr/lib/python3/dist-packages/oslo_config/cfg.py:2609
2025-11-03 00:37:32.974 130697 DEBUG oslo_service.service [req-7d970b80-d3d8-401d-984f-0992265c342a - - - - -] keystone.valid_interfaces = ['internal', 'public'] log_opt_values /usr/lib/python3/dist-packages/oslo_config/cfg.py:2609
2025-11-03 00:37:32.974 130697 DEBUG oslo_service.service [req-7d970b80-d3d8-401d-984f-0992265c342a - - - - -] keystone.version = None log_opt_values /usr/lib/python3/dist-packages/oslo_config/cfg.py:2609
2025-11-03 00:37:32.974 130697 DEBUG oslo_service.service [req-7d970b80-d3d8-401d-984f-0992265c342a - - - - -] libvirt.connection_uri = log_opt_values /usr/lib/python3/dist-packages/oslo_config/cfg.py:2609
2025-11-03 00:37:32.974 130697 DEBUG oslo_service.service [req-7d970b80-d3d8-401d-984f-0992265c342a - - - - -] libvirt.cpu_mode = None log_opt_values /usr/lib/python3/dist-packages/oslo_config/cfg.py:2609
2025-11-03 00:37:32.977 130697 DEBUG oslo_service.service [req-7d970b80-d3d8-401d-984f-0992265c342a - - - - -] libvirt.cpu_model_extra_flags = [] log_opt_values /usr/lib/python3/dist-packages/oslo_config/cfg.py:2609
2025-11-03 00:37:32.977 130697 DEBUG oslo_service.service [req-7d970b80-d3d8-401d-984f-0992265c342a - - - - -] libvirt.cpu_models = [] log_opt_values /usr/lib/python3/dist-packages/oslo_config/cfg.py:2609
2025-11-03 00:37:32.978 130697 DEBUG oslo_service.service [req-7d970b80-d3d8-401d-984f-0992265c342a - - - - -] libvirt.device_detach_attempts = 8 log_opt_values /usr/lib/python3/dist-packages/oslo_config/cfg.py:2609
2025-11-03 00:37:32.978 130697 DEBUG oslo_service.service [req-7d970b80-d3d8-401d-984f-0992265c342a - - - - -] libvirt.device_detach_timeout = 20 log_opt_values /usr/lib/python3/dist-packages/oslo_config/cfg.py:2609
2025-11-03 00:37:32.978 130697 DEBUG oslo_service.service [req-7d970b80-d3d8-401d-984f-0992265c342a - - - - -] libvirt.disk_cachemodes = [] log_opt_values /usr/lib/python3/dist-packages/oslo_config/cfg.py:2609
2025-11-03 00:37:32.978 130697 DEBUG oslo_service.service [req-7d970b80-d3d8-401d-984f-0992265c342a - - - - -] libvirt.disk_prefix = None log_opt_values /usr/lib/python3/dist-packages/oslo_config/cfg.py:2609
2025-11-03 00:37:32.978 130697 DEBUG oslo_service.service [req-7d970b80-d3d8-401d-984f-0992265c342a - - - - -] libvirt.enabled_perf_events = [] log_opt_values /usr/lib/python3/dist-packages/oslo_config/cfg.py:2609
2025-11-03 00:37:32.979 130697 DEBUG oslo_service.service [req-7d970b80-d3d8-401d-984f-0992265c342a - - - - -] libvirt.file_backed_memory = 0 log_opt_values /usr/lib/python3/dist-packages/oslo_config/cfg.py:2609
2025-11-03 00:37:32.979 130697 DEBUG oslo_service.service [req-7d970b80-d3d8-401d-984f-0992265c342a - - - - -] libvirt.gid_maps = [] log_opt_values /usr/lib/python3/dist-packages/oslo_config/cfg.py:2609
2025-11-03 00:37:32.979 130697 DEBUG oslo_service.service [req-7d970b80-d3d8-401d-984f-0992265c342a - - - - -] libvirt.hw_disk_discard = None log_opt_values /usr/lib/python3/dist-packages/oslo_config/cfg.py:2609
2025-11-03 00:37:32.979 130697 DEBUG oslo_service.service [req-7d970b80-d3d8-401d-984f-0992265c342a - - - - -] libvirt.hw_machine_type = None log_opt_values /usr/lib/python3/dist-packages/oslo_config/cfg.py:2609
2025-11-03 00:37:32.979 130697 DEBUG oslo_service.service [req-7d970b80-d3d8-401d-984f-0992265c342a - - - - -] libvirt.images_rbd_ceph_conf = log_opt_values /usr/lib/python3/dist-packages/oslo_config/cfg.py:2609
2025-11-03 00:37:32.980 130697 DEBUG oslo_service.service [req-7d970b80-d3d8-401d-984f-0992265c342a - - - - -] libvirt.images_rbd_glance_copy_poll_interval = 15 log_opt_values /usr/lib/python3/dist-packages/oslo_config/cfg.py:2609
2025-11-03 00:37:32.980 130697 DEBUG oslo_service.service [req-7d970b80-d3d8-401d-984f-0992265c342a - - - - -] libvirt.images_rbd_glance_copy_timeout = 600 log_opt_values /usr/lib/python3/dist-packages/oslo_config/cfg.py:2609
2025-11-03 00:37:32.980 130697 DEBUG oslo_service.service [req-7d970b80-d3d8-401d-984f-0992265c342a - - - - -] libvirt.images_rbd_glance_store_name = log_opt_values /usr/lib/python3/dist-packages/oslo_config/cfg.py:2609
2025-11-03 00:37:32.980 130697 DEBUG oslo_service.service [req-7d970b80-d3d8-401d-984f-0992265c342a - - - - -] libvirt.images_rbd_pool = rbd log_opt_values /usr/lib/python3/dist-packages/oslo_config/cfg.py:2609
2025-11-03 00:37:32.980 130697 DEBUG oslo_service.service [req-7d970b80-d3d8-401d-984f-0992265c342a - - - - -] libvirt.images_type = default log_opt_values /usr/lib/python3/dist-packages/oslo_config/cfg.py:2609
2025-11-03 00:37:32.981 130697 DEBUG oslo_service.service [req-7d970b80-d3d8-401d-984f-0992265c342a - - - - -] libvirt.images_volume_group = None log_opt_values /usr/lib/python3/dist-packages/oslo_config/cfg.py:2609
2025-11-03 00:37:32.981 130697 DEBUG oslo_service.service [req-7d970b80-d3d8-401d-984f-0992265c342a - - - - -] libvirt.inject_key = False log_opt_values /usr/lib/python3/dist-packages/oslo_config/cfg.py:2609
2025-11-03 00:37:32.981 130697 DEBUG oslo_service.service [req-7d970b80-d3d8-401d-984f-0992265c342a - - - - -] libvirt.inject_partition = -2 log_opt_values /usr/lib/python3/dist-packages/oslo_config/cfg.py:2609
2025-11-03 00:37:32.981 130697 DEBUG oslo_service.service [req-7d970b80-d3d8-401d-984f-0992265c342a - - - - -] libvirt.inject_password = False log_opt_values /usr/lib/python3/dist-packages/oslo_config/cfg.py:2609
2025-11-03 00:37:32.981 130697 DEBUG oslo_service.service [req-7d970b80-d3d8-401d-984f-0992265c342a - - - - -] libvirt.iscsi_iface = None log_opt_values /usr/lib/python3/dist-packages/oslo_config/cfg.py:2609
2025-11-03 00:37:32.981 130697 DEBUG oslo_service.service [req-7d970b80-d3d8-401d-984f-0992265c342a - - - - -] libvirt.iser_use_multipath = False log_opt_values /usr/lib/python3/dist-packages/oslo_config/cfg.py:2609
2025-11-03 00:37:32.982 130697 DEBUG oslo_service.service [req-7d970b80-d3d8-401d-984f-0992265c342a - - - - -] libvirt.live_migration_bandwidth = 0 log_opt_values /usr/lib/python3/dist-packages/oslo_config/cfg.py:2609
2025-11-03 00:37:32.982 130697 DEBUG oslo_service.service [req-7d970b80-d3d8-401d-984f-0992265c342a - - - - -] libvirt.live_migration_completion_timeout = 800 log_opt_values /usr/lib/python3/dist-packages/oslo_config/cfg.py:2609
2025-11-03 00:37:32.982 130697 DEBUG oslo_service.service [req-7d970b80-d3d8-401d-984f-0992265c342a - - - - -] libvirt.live_migration_downtime = 500 log_opt_values /usr/lib/python3/dist-packages/oslo_config/cfg.py:2609
2025-11-03 00:37:32.982 130697 DEBUG oslo_service.service [req-7d970b80-d3d8-401d-984f-0992265c342a - - - - -] libvirt.live_migration_downtime_delay = 75 log_opt_values /usr/lib/python3/dist-packages/oslo_config/cfg.py:2609
2025-11-03 00:37:32.982 130697 DEBUG oslo_service.service [req-7d970b80-d3d8-401d-984f-0992265c342a - - - - -] libvirt.live_migration_downtime_steps = 10 log_opt_values /usr/lib/python3/dist-packages/oslo_config/cfg.py:2609
2025-11-03 00:37:32.982 130697 DEBUG oslo_service.service [req-7d970b80-d3d8-401d-984f-0992265c342a - - - - -] libvirt.live_migration_inbound_addr = None log_opt_values /usr/lib/python3/dist-packages/oslo_config/cfg.py:2609
2025-11-03 00:37:32.983 130697 DEBUG oslo_service.service [req-7d970b80-d3d8-401d-984f-0992265c342a - - - - -] libvirt.live_migration_permit_auto_converge = False log_opt_values /usr/lib/python3/dist-packages/oslo_config/cfg.py:2609
2025-11-03 00:37:32.983 130697 DEBUG oslo_service.service [req-7d970b80-d3d8-401d-984f-0992265c342a - - - - -] libvirt.live_migration_permit_post_copy = False log_opt_values /usr/lib/python3/dist-packages/oslo_config/cfg.py:2609
2025-11-03 00:37:32.983 130697 DEBUG oslo_service.service [req-7d970b80-d3d8-401d-984f-0992265c342a - - - - -] libvirt.live_migration_scheme = None log_opt_values /usr/lib/python3/dist-packages/oslo_config/cfg.py:2609
2025-11-03 00:37:32.983 130697 DEBUG oslo_service.service [req-7d970b80-d3d8-401d-984f-0992265c342a - - - - -] libvirt.live_migration_timeout_action = abort log_opt_values /usr/lib/python3/dist-packages/oslo_config/cfg.py:2609
2025-11-03 00:37:32.983 130697 DEBUG oslo_service.service [req-7d970b80-d3d8-401d-984f-0992265c342a - - - - -] libvirt.live_migration_tunnelled = False log_opt_values /usr/lib/python3/dist-packages/oslo_config/cfg.py:2609
2025-11-03 00:37:32.984 130697 DEBUG oslo_service.service [req-7d970b80-d3d8-401d-984f-0992265c342a - - - - -] libvirt.live_migration_uri = None log_opt_values /usr/lib/python3/dist-packages/oslo_config/cfg.py:2609
2025-11-03 00:37:32.984 130697 DEBUG oslo_service.service [req-7d970b80-d3d8-401d-984f-0992265c342a - - - - -] libvirt.live_migration_with_native_tls = False log_opt_values /usr/lib/python3/dist-packages/oslo_config/cfg.py:2609
2025-11-03 00:37:32.984 130697 DEBUG oslo_service.service [req-7d970b80-d3d8-401d-984f-0992265c342a - - - - -] libvirt.max_queues = None log_opt_values /usr/lib/python3/dist-packages/oslo_config/cfg.py:2609
2025-11-03 00:37:32.984 130697 DEBUG oslo_service.service [req-7d970b80-d3d8-401d-984f-0992265c342a - - - - -] libvirt.mem_stats_period_seconds = 10 log_opt_values /usr/lib/python3/dist-packages/oslo_config/cfg.py:2609
2025-11-03 00:37:32.984 130697 DEBUG oslo_service.service [req-7d970b80-d3d8-401d-984f-0992265c342a - - - - -] libvirt.nfs_mount_options = None log_opt_values /usr/lib/python3/dist-packages/oslo_config/cfg.py:2609
2025-11-03 00:37:32.985 130697 DEBUG oslo_service.service [req-7d970b80-d3d8-401d-984f-0992265c342a - - - - -] libvirt.nfs_mount_point_base = /var/lib/nova/mnt log_opt_values /usr/lib/python3/dist-packages/oslo_config/cfg.py:2609
2025-11-03 00:37:32.984 131005 DEBUG oslo_messaging._drivers.amqpdriver [-] Listener is running poll /usr/lib/python3/dist-packages/oslo_messaging/_drivers/amqpdriver.py:343
2025-11-03 00:37:32.985 130697 DEBUG oslo_service.service [req-7d970b80-d3d8-401d-984f-0992265c342a - - - - -] libvirt.num_aoe_discover_tries = 3 log_opt_values /usr/lib/python3/dist-packages/oslo_config/cfg.py:2609
2025-11-03 00:37:32.985 131005 DEBUG oslo_messaging._drivers.amqpdriver [-] AMQPListener connection consume poll /usr/lib/python3/dist-packages/oslo_messaging/_drivers/amqpdriver.py:357
2025-11-03 00:37:32.985 130697 DEBUG oslo_service.service [req-7d970b80-d3d8-401d-984f-0992265c342a - - - - -] libvirt.num_iser_scan_tries = 5 log_opt_values /usr/lib/python3/dist-packages/oslo_config/cfg.py:2609
2025-11-03 00:37:32.985 130697 DEBUG oslo_service.service [req-7d970b80-d3d8-401d-984f-0992265c342a - - - - -] libvirt.num_memory_encrypted_guests = None log_opt_values /usr/lib/python3/dist-packages/oslo_config/cfg.py:2609
2025-11-03 00:37:32.985 130697 DEBUG oslo_service.service [req-7d970b80-d3d8-401d-984f-0992265c342a - - - - -] libvirt.num_nvme_discover_tries = 5 log_opt_values /usr/lib/python3/dist-packages/oslo_config/cfg.py:2609
2025-11-03 00:37:32.985 130697 DEBUG oslo_service.service [req-7d970b80-d3d8-401d-984f-0992265c342a - - - - -] libvirt.num_pcie_ports = 0 log_opt_values /usr/lib/python3/dist-packages/oslo_config/cfg.py:2609
2025-11-03 00:37:32.986 130697 DEBUG oslo_service.service [req-7d970b80-d3d8-401d-984f-0992265c342a - - - - -] libvirt.num_volume_scan_tries = 5 log_opt_values /usr/lib/python3/dist-packages/oslo_config/cfg.py:2609
2025-11-03 00:37:32.986 130697 DEBUG oslo_service.service [req-7d970b80-d3d8-401d-984f-0992265c342a - - - - -] libvirt.pmem_namespaces = [] log_opt_values /usr/lib/python3/dist-packages/oslo_config/cfg.py:2609
2025-11-03 00:37:32.986 130697 DEBUG oslo_service.service [req-7d970b80-d3d8-401d-984f-0992265c342a - - - - -] libvirt.quobyte_client_cfg = None log_opt_values /usr/lib/python3/dist-packages/oslo_config/cfg.py:2609
2025-11-03 00:37:32.986 130697 DEBUG oslo_service.service [req-7d970b80-d3d8-401d-984f-0992265c342a - - - - -] libvirt.quobyte_mount_point_base = /var/lib/nova/mnt log_opt_values /usr/lib/python3/dist-packages/oslo_config/cfg.py:2609
2025-11-03 00:37:32.986 130697 DEBUG oslo_service.service [req-7d970b80-d3d8-401d-984f-0992265c342a - - - - -] libvirt.rbd_connect_timeout = 5 log_opt_values /usr/lib/python3/dist-packages/oslo_config/cfg.py:2609
2025-11-03 00:37:32.986 130697 DEBUG oslo_service.service [req-7d970b80-d3d8-401d-984f-0992265c342a - - - - -] libvirt.rbd_destroy_volume_retries = 12 log_opt_values /usr/lib/python3/dist-packages/oslo_config/cfg.py:2609
2025-11-03 00:37:32.987 130697 DEBUG oslo_service.service [req-7d970b80-d3d8-401d-984f-0992265c342a - - - - -] libvirt.rbd_destroy_volume_retry_interval = 5 log_opt_values /usr/lib/python3/dist-packages/oslo_config/cfg.py:2609
2025-11-03 00:37:32.987 130697 DEBUG oslo_service.service [req-7d970b80-d3d8-401d-984f-0992265c342a - - - - -] libvirt.rbd_secret_uuid = None log_opt_values /usr/lib/python3/dist-packages/oslo_config/cfg.py:2609
2025-11-03 00:37:32.987 130697 DEBUG oslo_service.service [req-7d970b80-d3d8-401d-984f-0992265c342a - - - - -] libvirt.rbd_user = None log_opt_values /usr/lib/python3/dist-packages/oslo_config/cfg.py:2609
2025-11-03 00:37:32.987 130697 DEBUG oslo_service.service [req-7d970b80-d3d8-401d-984f-0992265c342a - - - - -] libvirt.realtime_scheduler_priority = 1 log_opt_values /usr/lib/python3/dist-packages/oslo_config/cfg.py:2609
2025-11-03 00:37:32.987 131005 DEBUG nova.service [req-ebd9f71f-4730-4595-8538-e625bccc2106 - - - - -] Join ServiceGroup membership for this service conductor start /usr/lib/python3/dist-packages/nova/service.py:199
2025-11-03 00:37:32.987 130697 DEBUG oslo_service.service [req-7d970b80-d3d8-401d-984f-0992265c342a - - - - -] libvirt.remote_filesystem_transport = ssh log_opt_values /usr/lib/python3/dist-packages/oslo_config/cfg.py:2609
2025-11-03 00:37:32.988 130697 DEBUG oslo_service.service [req-7d970b80-d3d8-401d-984f-0992265c342a - - - - -] libvirt.rescue_image_id = None log_opt_values /usr/lib/python3/dist-packages/oslo_config/cfg.py:2609
2025-11-03 00:37:32.988 131005 DEBUG nova.servicegroup.drivers.db [req-ebd9f71f-4730-4595-8538-e625bccc2106 - - - - -] DB_Driver: join new ServiceGroup member juju-e1cc16-0-lxd-7 to the conductor group, service = join /usr/lib/python3/dist-packages/nova/servicegroup/drivers/db.py:44
2025-11-03 00:37:32.988 130697 DEBUG oslo_service.service [req-7d970b80-d3d8-401d-984f-0992265c342a - - - - -] libvirt.rescue_kernel_id = None log_opt_values /usr/lib/python3/dist-packages/oslo_config/cfg.py:2609
2025-11-03 00:37:32.992 131005 DEBUG oslo_messaging._drivers.amqpdriver [-] AMQPListener connection timeout poll /usr/lib/python3/dist-packages/oslo_messaging/_drivers/amqpdriver.py:360
2025-11-03 00:37:32.992 131005 DEBUG oslo_messaging._drivers.amqpdriver [-] Listener is running poll /usr/lib/python3/dist-packages/oslo_messaging/_drivers/amqpdriver.py:343
2025-11-03 00:37:32.993 131005 DEBUG oslo_messaging._drivers.amqpdriver [-] AMQPListener connection consume poll /usr/lib/python3/dist-packages/oslo_messaging/_drivers/amqpdriver.py:357
2025-11-03 00:37:32.988 130697 DEBUG oslo_service.service [req-7d970b80-d3d8-401d-984f-0992265c342a - - - - -] libvirt.rescue_ramdisk_id = None log_opt_values /usr/lib/python3/dist-packages/oslo_config/cfg.py:2609
2025-11-03 00:37:32.995 130697 DEBUG oslo_service.service [req-7d970b80-d3d8-401d-984f-0992265c342a - - - - -] libvirt.rng_dev_path = /dev/urandom log_opt_values /usr/lib/python3/dist-packages/oslo_config/cfg.py:2609
2025-11-03 00:37:32.996 130697 DEBUG oslo_service.service [req-7d970b80-d3d8-401d-984f-0992265c342a - - - - -] libvirt.rx_queue_size = None log_opt_values /usr/lib/python3/dist-packages/oslo_config/cfg.py:2609
2025-11-03 00:37:32.996 130697 DEBUG oslo_service.service [req-7d970b80-d3d8-401d-984f-0992265c342a - - - - -] libvirt.smbfs_mount_options = log_opt_values /usr/lib/python3/dist-packages/oslo_config/cfg.py:2609
2025-11-03 00:37:32.996 130697 DEBUG oslo_service.service [req-7d970b80-d3d8-401d-984f-0992265c342a - - - - -] libvirt.smbfs_mount_point_base = /var/lib/nova/mnt log_opt_values /usr/lib/python3/dist-packages/oslo_config/cfg.py:2609
2025-11-03 00:37:32.997 130697 DEBUG oslo_service.service [req-7d970b80-d3d8-401d-984f-0992265c342a - - - - -] libvirt.snapshot_compression = False log_opt_values /usr/lib/python3/dist-packages/oslo_config/cfg.py:2609
2025-11-03 00:37:32.997 130697 DEBUG oslo_service.service [req-7d970b80-d3d8-401d-984f-0992265c342a - - - - -] libvirt.snapshot_image_format = None log_opt_values /usr/lib/python3/dist-packages/oslo_config/cfg.py:2609
2025-11-03 00:37:32.997 130697 DEBUG oslo_service.service [req-7d970b80-d3d8-401d-984f-0992265c342a - - - - -] libvirt.snapshots_directory = /var/lib/nova/instances/snapshots log_opt_values /usr/lib/python3/dist-packages/oslo_config/cfg.py:2609
2025-11-03 00:37:32.998 130697 DEBUG oslo_service.service [req-7d970b80-d3d8-401d-984f-0992265c342a - - - - -] libvirt.sparse_logical_volumes = False log_opt_values /usr/lib/python3/dist-packages/oslo_config/cfg.py:2609
2025-11-03 00:37:32.998 130697 DEBUG oslo_service.service [req-7d970b80-d3d8-401d-984f-0992265c342a - - - - -] libvirt.swtpm_enabled = False log_opt_values /usr/lib/python3/dist-packages/oslo_config/cfg.py:2609
2025-11-03 00:37:32.998 130697 DEBUG oslo_service.service [req-7d970b80-d3d8-401d-984f-0992265c342a - - - - -] libvirt.swtpm_group = tss log_opt_values /usr/lib/python3/dist-packages/oslo_config/cfg.py:2609
2025-11-03 00:37:32.998 130697 DEBUG oslo_service.service [req-7d970b80-d3d8-401d-984f-0992265c342a - - - - -] libvirt.swtpm_user = tss log_opt_values /usr/lib/python3/dist-packages/oslo_config/cfg.py:2609
2025-11-03 00:37:32.998 130697 DEBUG oslo_service.service [req-7d970b80-d3d8-401d-984f-0992265c342a - - - - -] libvirt.sysinfo_serial = unique log_opt_values /usr/lib/python3/dist-packages/oslo_config/cfg.py:2609
2025-11-03 00:37:32.999 130697 DEBUG oslo_service.service [req-7d970b80-d3d8-401d-984f-0992265c342a - - - - -] libvirt.tx_queue_size = None log_opt_values /usr/lib/python3/dist-packages/oslo_config/cfg.py:2609
