2025-11-03 00:40:31.886 168925 DEBUG oslo_messaging._drivers.amqpdriver [-] received message msg_id: ca9648b5463147ffa087ddcdb8d6925a reply to reply_e27ad9966db9461eb1ac78a431cf9c87 __call__ /usr/lib/python3/dist-packages/oslo_messaging/_drivers/amqpdriver.py:320
2025-11-03 00:40:31.886 168922 DEBUG nova.service [req-2ce8ab01-10af-40b3-a8d1-4283ab50584f - - - - -] Join ServiceGroup membership for this service conductor start /usr/lib/python3/dist-packages/nova/service.py:199
2025-11-03 00:40:31.886 168586 DEBUG oslo_service.service [req-117324e1-12aa-44bf-828f-6bca66ca3936 - - - - -] cinder.insecure = False log_opt_values /usr/lib/python3/dist-packages/oslo_config/cfg.py:2609
2025-11-03 00:40:31.887 168922 DEBUG nova.servicegroup.drivers.db [req-2ce8ab01-10af-40b3-a8d1-4283ab50584f - - - - -] DB_Driver: join new ServiceGroup member juju-e1cc16-0-lxd-7 to the conductor group, service = join /usr/lib/python3/dist-packages/nova/servicegroup/drivers/db.py:44
2025-11-03 00:40:31.887 168586 DEBUG oslo_service.service [req-117324e1-12aa-44bf-828f-6bca66ca3936 - - - - -] cinder.keyfile = None log_opt_values /usr/lib/python3/dist-packages/oslo_config/cfg.py:2609
2025-11-03 00:40:31.887 168586 DEBUG oslo_service.service [req-117324e1-12aa-44bf-828f-6bca66ca3936 - - - - -] cinder.os_region_name = None log_opt_values /usr/lib/python3/dist-packages/oslo_config/cfg.py:2609
2025-11-03 00:40:31.887 168586 DEBUG oslo_service.service [req-117324e1-12aa-44bf-828f-6bca66ca3936 - - - - -] cinder.split_loggers = False log_opt_values /usr/lib/python3/dist-packages/oslo_config/cfg.py:2609
2025-11-03 00:40:31.888 168586 DEBUG oslo_service.service [req-117324e1-12aa-44bf-828f-6bca66ca3936 - - - - -] cinder.timeout = None log_opt_values /usr/lib/python3/dist-packages/oslo_config/cfg.py:2609
2025-11-03 00:40:31.888 168586 DEBUG oslo_service.service [req-117324e1-12aa-44bf-828f-6bca66ca3936 - - - - -] compute.consecutive_build_service_disable_threshold = 10 log_opt_values /usr/lib/python3/dist-packages/oslo_config/cfg.py:2609
2025-11-03 00:40:31.888 168586 DEBUG oslo_service.service [req-117324e1-12aa-44bf-828f-6bca66ca3936 - - - - -] compute.cpu_dedicated_set = None log_opt_values /usr/lib/python3/dist-packages/oslo_config/cfg.py:2609
2025-11-03 00:40:31.888 168586 DEBUG oslo_service.service [req-117324e1-12aa-44bf-828f-6bca66ca3936 - - - - -] compute.cpu_shared_set = None log_opt_values /usr/lib/python3/dist-packages/oslo_config/cfg.py:2609
2025-11-03 00:40:31.889 168586 DEBUG oslo_service.service [req-117324e1-12aa-44bf-828f-6bca66ca3936 - - - - -] compute.image_type_exclude_list = [] log_opt_values /usr/lib/python3/dist-packages/oslo_config/cfg.py:2609
2025-11-03 00:40:31.888 168925 DEBUG nova.service [req-12681851-3f0a-40ba-9e61-f78865aae8eb - - - - -] Join ServiceGroup membership for this service conductor start /usr/lib/python3/dist-packages/nova/service.py:199
2025-11-03 00:40:31.889 168586 DEBUG oslo_service.service [req-117324e1-12aa-44bf-828f-6bca66ca3936 - - - - -] compute.live_migration_wait_for_vif_plug = True log_opt_values /usr/lib/python3/dist-packages/oslo_config/cfg.py:2609
2025-11-03 00:40:31.889 168586 DEBUG oslo_service.service [req-117324e1-12aa-44bf-828f-6bca66ca3936 - - - - -] compute.max_concurrent_disk_ops = 0 log_opt_values /usr/lib/python3/dist-packages/oslo_config/cfg.py:2609
2025-11-03 00:40:31.889 168925 DEBUG nova.servicegroup.drivers.db [req-12681851-3f0a-40ba-9e61-f78865aae8eb - - - - -] DB_Driver: join new ServiceGroup member juju-e1cc16-0-lxd-7 to the conductor group, service = join /usr/lib/python3/dist-packages/nova/servicegroup/drivers/db.py:44
2025-11-03 00:40:31.889 168586 DEBUG oslo_service.service [req-117324e1-12aa-44bf-828f-6bca66ca3936 - - - - -] compute.max_disk_devices_to_attach = -1 log_opt_values /usr/lib/python3/dist-packages/oslo_config/cfg.py:2609
2025-11-03 00:40:31.889 168586 DEBUG oslo_service.service [req-117324e1-12aa-44bf-828f-6bca66ca3936 - - - - -] compute.packing_host_numa_cells_allocation_strategy = True log_opt_values /usr/lib/python3/dist-packages/oslo_config/cfg.py:2609
2025-11-03 00:40:31.889 168586 DEBUG oslo_service.service [req-117324e1-12aa-44bf-828f-6bca66ca3936 - - - - -] compute.provider_config_location = /etc/nova/provider_config/ log_opt_values /usr/lib/python3/dist-packages/oslo_config/cfg.py:2609
2025-11-03 00:40:31.890 168586 DEBUG oslo_service.service [req-117324e1-12aa-44bf-828f-6bca66ca3936 - - - - -] compute.resource_provider_association_refresh = 300 log_opt_values /usr/lib/python3/dist-packages/oslo_config/cfg.py:2609
2025-11-03 00:40:31.890 168925 DEBUG oslo_messaging._drivers.amqpdriver [-] AMQPListener connection timeout poll /usr/lib/python3/dist-packages/oslo_messaging/_drivers/amqpdriver.py:360
2025-11-03 00:40:31.890 168586 DEBUG oslo_service.service [req-117324e1-12aa-44bf-828f-6bca66ca3936 - - - - -] compute.shutdown_retry_interval = 10 log_opt_values /usr/lib/python3/dist-packages/oslo_config/cfg.py:2609
2025-11-03 00:40:31.890 168586 DEBUG oslo_service.service [req-117324e1-12aa-44bf-828f-6bca66ca3936 - - - - -] compute.vmdk_allowed_types = ['streamOptimized', 'monolithicSparse'] log_opt_values /usr/lib/python3/dist-packages/oslo_config/cfg.py:2609
2025-11-03 00:40:31.890 168586 DEBUG oslo_service.service [req-117324e1-12aa-44bf-828f-6bca66ca3936 - - - - -] conductor.workers = 4 log_opt_values /usr/lib/python3/dist-packages/oslo_config/cfg.py:2609
2025-11-03 00:40:31.890 168586 DEBUG oslo_service.service [req-117324e1-12aa-44bf-828f-6bca66ca3936 - - - - -] console.allowed_origins = [] log_opt_values /usr/lib/python3/dist-packages/oslo_config/cfg.py:2609
2025-11-03 00:40:31.891 168586 DEBUG oslo_service.service [req-117324e1-12aa-44bf-828f-6bca66ca3936 - - - - -] console.ssl_ciphers = None log_opt_values /usr/lib/python3/dist-packages/oslo_config/cfg.py:2609
2025-11-03 00:40:31.891 168586 DEBUG oslo_service.service [req-117324e1-12aa-44bf-828f-6bca66ca3936 - - - - -] console.ssl_minimum_version = default log_opt_values /usr/lib/python3/dist-packages/oslo_config/cfg.py:2609
2025-11-03 00:40:31.891 168586 DEBUG oslo_service.service [req-117324e1-12aa-44bf-828f-6bca66ca3936 - - - - -] consoleauth.token_ttl = 600 log_opt_values /usr/lib/python3/dist-packages/oslo_config/cfg.py:2609
2025-11-03 00:40:31.891 168922 DEBUG oslo_messaging._drivers.amqpdriver [-] AMQPListener connection timeout poll /usr/lib/python3/dist-packages/oslo_messaging/_drivers/amqpdriver.py:360
2025-11-03 00:40:31.891 168586 DEBUG oslo_service.service [req-117324e1-12aa-44bf-828f-6bca66ca3936 - - - - -] cyborg.cafile = None log_opt_values /usr/lib/python3/dist-packages/oslo_config/cfg.py:2609
2025-11-03 00:40:31.891 168922 DEBUG oslo_messaging._drivers.amqpdriver [-] Listener is running poll /usr/lib/python3/dist-packages/oslo_messaging/_drivers/amqpdriver.py:343
2025-11-03 00:40:31.891 168586 DEBUG oslo_service.service [req-117324e1-12aa-44bf-828f-6bca66ca3936 - - - - -] cyborg.certfile = None log_opt_values /usr/lib/python3/dist-packages/oslo_config/cfg.py:2609
2025-11-03 00:40:31.891 168922 DEBUG oslo_messaging._drivers.amqpdriver [-] AMQPListener connection consume poll /usr/lib/python3/dist-packages/oslo_messaging/_drivers/amqpdriver.py:357
2025-11-03 00:40:31.892 168586 DEBUG oslo_service.service [req-117324e1-12aa-44bf-828f-6bca66ca3936 - - - - -] cyborg.collect_timing = False log_opt_values /usr/lib/python3/dist-packages/oslo_config/cfg.py:2609
2025-11-03 00:40:31.892 168586 DEBUG oslo_service.service [req-117324e1-12aa-44bf-828f-6bca66ca3936 - - - - -] cyborg.connect_retries = None log_opt_values /usr/lib/python3/dist-packages/oslo_config/cfg.py:2609
2025-11-03 00:40:31.892 168586 DEBUG oslo_service.service [req-117324e1-12aa-44bf-828f-6bca66ca3936 - - - - -] cyborg.connect_retry_delay = None log_opt_values /usr/lib/python3/dist-packages/oslo_config/cfg.py:2609
2025-11-03 00:40:31.892 168586 DEBUG oslo_service.service [req-117324e1-12aa-44bf-828f-6bca66ca3936 - - - - -] cyborg.endpoint_override = None log_opt_values /usr/lib/python3/dist-packages/oslo_config/cfg.py:2609
2025-11-03 00:40:31.892 168586 DEBUG oslo_service.service [req-117324e1-12aa-44bf-828f-6bca66ca3936 - - - - -] cyborg.insecure = False log_opt_values /usr/lib/python3/dist-packages/oslo_config/cfg.py:2609
2025-11-03 00:40:31.892 168586 DEBUG oslo_service.service [req-117324e1-12aa-44bf-828f-6bca66ca3936 - - - - -] cyborg.keyfile = None log_opt_values /usr/lib/python3/dist-packages/oslo_config/cfg.py:2609
2025-11-03 00:40:31.893 168586 DEBUG oslo_service.service [req-117324e1-12aa-44bf-828f-6bca66ca3936 - - - - -] cyborg.max_version = None log_opt_values /usr/lib/python3/dist-packages/oslo_config/cfg.py:2609
2025-11-03 00:40:31.890 168925 DEBUG oslo_messaging._drivers.amqpdriver [-] Listener is running poll /usr/lib/python3/dist-packages/oslo_messaging/_drivers/amqpdriver.py:343
2025-11-03 00:40:31.893 168586 DEBUG oslo_service.service [req-117324e1-12aa-44bf-828f-6bca66ca3936 - - - - -] cyborg.min_version = None log_opt_values /usr/lib/python3/dist-packages/oslo_config/cfg.py:2609
2025-11-03 00:40:31.893 168925 DEBUG oslo_messaging._drivers.amqpdriver [-] Poll the incoming message with unique_id: efe5230c99354f828b01213986edb460 poll /usr/lib/python3/dist-packages/oslo_messaging/_drivers/amqpdriver.py:346
2025-11-03 00:40:31.893 168586 DEBUG oslo_service.service [req-117324e1-12aa-44bf-828f-6bca66ca3936 - - - - -] cyborg.region_name = None log_opt_values /usr/lib/python3/dist-packages/oslo_config/cfg.py:2609
2025-11-03 00:40:31.893 168586 DEBUG oslo_service.service [req-117324e1-12aa-44bf-828f-6bca66ca3936 - - - - -] cyborg.service_name = None log_opt_values /usr/lib/python3/dist-packages/oslo_config/cfg.py:2609
2025-11-03 00:40:31.893 168925 DEBUG oslo_messaging._drivers.amqpdriver [-] Listener is running poll /usr/lib/python3/dist-packages/oslo_messaging/_drivers/amqpdriver.py:343
2025-11-03 00:40:31.893 168925 DEBUG oslo_messaging._drivers.amqpdriver [-] AMQPListener connection consume poll /usr/lib/python3/dist-packages/oslo_messaging/_drivers/amqpdriver.py:357
2025-11-03 00:40:31.893 168586 DEBUG oslo_service.service [req-117324e1-12aa-44bf-828f-6bca66ca3936 - - - - -] cyborg.service_type = accelerator log_opt_values /usr/lib/python3/dist-packages/oslo_config/cfg.py:2609
2025-11-03 00:40:31.893 168586 DEBUG oslo_service.service [req-117324e1-12aa-44bf-828f-6bca66ca3936 - - - - -] cyborg.split_loggers = False log_opt_values /usr/lib/python3/dist-packages/oslo_config/cfg.py:2609
2025-11-03 00:40:31.894 168586 DEBUG oslo_service.service [req-117324e1-12aa-44bf-828f-6bca66ca3936 - - - - -] cyborg.status_code_retries = None log_opt_values /usr/lib/python3/dist-packages/oslo_config/cfg.py:2609
2025-11-03 00:40:31.894 168586 DEBUG oslo_service.service [req-117324e1-12aa-44bf-828f-6bca66ca3936 - - - - -] cyborg.status_code_retry_delay = None log_opt_values /usr/lib/python3/dist-packages/oslo_config/cfg.py:2609
2025-11-03 00:40:31.894 168586 DEBUG oslo_service.service [req-117324e1-12aa-44bf-828f-6bca66ca3936 - - - - -] cyborg.timeout = None log_opt_values /usr/lib/python3/dist-packages/oslo_config/cfg.py:2609
2025-11-03 00:40:31.894 168586 DEBUG oslo_service.service [req-117324e1-12aa-44bf-828f-6bca66ca3936 - - - - -] cyborg.valid_interfaces = ['internal', 'public'] log_opt_values /usr/lib/python3/dist-packages/oslo_config/cfg.py:2609
2025-11-03 00:40:31.894 168586 DEBUG oslo_service.service [req-117324e1-12aa-44bf-828f-6bca66ca3936 - - - - -] cyborg.version = None log_opt_values /usr/lib/python3/dist-packages/oslo_config/cfg.py:2609
2025-11-03 00:40:31.894 168586 DEBUG oslo_service.service [req-117324e1-12aa-44bf-828f-6bca66ca3936 - - - - -] database.backend = sqlalchemy log_opt_values /usr/lib/python3/dist-packages/oslo_config/cfg.py:2609
2025-11-03 00:40:31.895 168586 DEBUG oslo_service.service [req-117324e1-12aa-44bf-828f-6bca66ca3936 - - - - -] database.connection = **** log_opt_values /usr/lib/python3/dist-packages/oslo_config/cfg.py:2609
2025-11-03 00:40:31.895 168586 DEBUG oslo_service.service [req-117324e1-12aa-44bf-828f-6bca66ca3936 - - - - -] database.connection_debug = 0 log_opt_values /usr/lib/python3/dist-packages/oslo_config/cfg.py:2609
2025-11-03 00:40:31.895 168586 DEBUG oslo_service.service [req-117324e1-12aa-44bf-828f-6bca66ca3936 - - - - -] database.connection_parameters = log_opt_values /usr/lib/python3/dist-packages/oslo_config/cfg.py:2609
2025-11-03 00:40:31.895 168586 DEBUG oslo_service.service [req-117324e1-12aa-44bf-828f-6bca66ca3936 - - - - -] database.connection_recycle_time = 3600 log_opt_values /usr/lib/python3/dist-packages/oslo_config/cfg.py:2609
2025-11-03 00:40:31.895 168586 DEBUG oslo_service.service [req-117324e1-12aa-44bf-828f-6bca66ca3936 - - - - -] database.connection_trace = False log_opt_values /usr/lib/python3/dist-packages/oslo_config/cfg.py:2609
2025-11-03 00:40:31.895 168586 DEBUG oslo_service.service [req-117324e1-12aa-44bf-828f-6bca66ca3936 - - - - -] database.db_inc_retry_interval = True log_opt_values /usr/lib/python3/dist-packages/oslo_config/cfg.py:2609
2025-11-03 00:40:31.896 168586 DEBUG oslo_service.service [req-117324e1-12aa-44bf-828f-6bca66ca3936 - - - - -] database.db_max_retries = 20 log_opt_values /usr/lib/python3/dist-packages/oslo_config/cfg.py:2609
2025-11-03 00:40:31.896 168586 DEBUG oslo_service.service [req-117324e1-12aa-44bf-828f-6bca66ca3936 - - - - -] database.db_max_retry_interval = 10 log_opt_values /usr/lib/python3/dist-packages/oslo_config/cfg.py:2609
2025-11-03 00:40:31.896 168586 DEBUG oslo_service.service [req-117324e1-12aa-44bf-828f-6bca66ca3936 - - - - -] database.db_retry_interval = 1 log_opt_values /usr/lib/python3/dist-packages/oslo_config/cfg.py:2609
2025-11-03 00:40:31.896 168586 DEBUG oslo_service.service [req-117324e1-12aa-44bf-828f-6bca66ca3936 - - - - -] database.max_overflow = 50 log_opt_values /usr/lib/python3/dist-packages/oslo_config/cfg.py:2609
2025-11-03 00:40:31.896 168586 DEBUG oslo_service.service [req-117324e1-12aa-44bf-828f-6bca66ca3936 - - - - -] database.max_pool_size = 4 log_opt_values /usr/lib/python3/dist-packages/oslo_config/cfg.py:2609
2025-11-03 00:40:31.897 168586 DEBUG oslo_service.service [req-117324e1-12aa-44bf-828f-6bca66ca3936 - - - - -] database.max_retries = 10 log_opt_values /usr/lib/python3/dist-packages/oslo_config/cfg.py:2609
2025-11-03 00:40:31.897 168586 DEBUG oslo_service.service [req-117324e1-12aa-44bf-828f-6bca66ca3936 - - - - -] database.mysql_enable_ndb = False log_opt_values /usr/lib/python3/dist-packages/oslo_config/cfg.py:2609
2025-11-03 00:40:31.897 168586 DEBUG oslo_service.service [req-117324e1-12aa-44bf-828f-6bca66ca3936 - - - - -] database.mysql_sql_mode = TRADITIONAL log_opt_values /usr/lib/python3/dist-packages/oslo_config/cfg.py:2609
2025-11-03 00:40:31.897 168586 DEBUG oslo_service.service [req-117324e1-12aa-44bf-828f-6bca66ca3936 - - - - -] database.pool_timeout = None log_opt_values /usr/lib/python3/dist-packages/oslo_config/cfg.py:2609
2025-11-03 00:40:31.898 168586 DEBUG oslo_service.service [req-117324e1-12aa-44bf-828f-6bca66ca3936 - - - - -] database.retry_interval = 10 log_opt_values /usr/lib/python3/dist-packages/oslo_config/cfg.py:2609
2025-11-03 00:40:31.898 168586 DEBUG oslo_service.service [req-117324e1-12aa-44bf-828f-6bca66ca3936 - - - - -] database.slave_connection = **** log_opt_values /usr/lib/python3/dist-packages/oslo_config/cfg.py:2609
2025-11-03 00:40:31.898 168586 DEBUG oslo_service.service [req-117324e1-12aa-44bf-828f-6bca66ca3936 - - - - -] database.sqlite_synchronous = True log_opt_values /usr/lib/python3/dist-packages/oslo_config/cfg.py:2609
2025-11-03 00:40:31.898 168586 DEBUG oslo_service.service [req-117324e1-12aa-44bf-828f-6bca66ca3936 - - - - -] database.use_db_reconnect = False log_opt_values /usr/lib/python3/dist-packages/oslo_config/cfg.py:2609
2025-11-03 00:40:31.898 168586 DEBUG oslo_service.service [req-117324e1-12aa-44bf-828f-6bca66ca3936 - - - - -] api_database.backend = sqlalchemy log_opt_values /usr/lib/python3/dist-packages/oslo_config/cfg.py:2609
2025-11-03 00:40:31.899 168586 DEBUG oslo_service.service [req-117324e1-12aa-44bf-828f-6bca66ca3936 - - - - -] api_database.connection = **** log_opt_values /usr/lib/python3/dist-packages/oslo_config/cfg.py:2609
2025-11-03 00:40:31.899 168925 DEBUG oslo_messaging._drivers.amqpdriver [req-deaa379c-b905-4bd4-a697-095aed7e4bbb - - - - -] sending reply msg_id: ca9648b5463147ffa087ddcdb8d6925a reply queue: reply_e27ad9966db9461eb1ac78a431cf9c87 time elapsed: 0.012012295000204176s _send_reply /usr/lib/python3/dist-packages/oslo_messaging/_drivers/amqpdriver.py:118
2025-11-03 00:40:31.899 168586 DEBUG oslo_service.service [req-117324e1-12aa-44bf-828f-6bca66ca3936 - - - - -] api_database.connection_debug = 0 log_opt_values /usr/lib/python3/dist-packages/oslo_config/cfg.py:2609
2025-11-03 00:40:31.899 168586 DEBUG oslo_service.service [req-117324e1-12aa-44bf-828f-6bca66ca3936 - - - - -] api_database.connection_parameters = log_opt_values /usr/lib/python3/dist-packages/oslo_config/cfg.py:2609
2025-11-03 00:40:31.899 168586 DEBUG oslo_service.service [req-117324e1-12aa-44bf-828f-6bca66ca3936 - - - - -] api_database.connection_recycle_time = 3600 log_opt_values /usr/lib/python3/dist-packages/oslo_config/cfg.py:2609
2025-11-03 00:40:31.899 168586 DEBUG oslo_service.service [req-117324e1-12aa-44bf-828f-6bca66ca3936 - - - - -] api_database.connection_trace = False log_opt_values /usr/lib/python3/dist-packages/oslo_config/cfg.py:2609
2025-11-03 00:40:31.899 168586 DEBUG oslo_service.service [req-117324e1-12aa-44bf-828f-6bca66ca3936 - - - - -] api_database.db_inc_retry_interval = True log_opt_values /usr/lib/python3/dist-packages/oslo_config/cfg.py:2609
2025-11-03 00:40:31.900 168586 DEBUG oslo_service.service [req-117324e1-12aa-44bf-828f-6bca66ca3936 - - - - -] api_database.db_max_retries = 20 log_opt_values /usr/lib/python3/dist-packages/oslo_config/cfg.py:2609
2025-11-03 00:40:31.900 168586 DEBUG oslo_service.service [req-117324e1-12aa-44bf-828f-6bca66ca3936 - - - - -] api_database.db_max_retry_interval = 10 log_opt_values /usr/lib/python3/dist-packages/oslo_config/cfg.py:2609
2025-11-03 00:40:31.900 168586 DEBUG oslo_service.service [req-117324e1-12aa-44bf-828f-6bca66ca3936 - - - - -] api_database.db_retry_interval = 1 log_opt_values /usr/lib/python3/dist-packages/oslo_config/cfg.py:2609
2025-11-03 00:40:31.900 168586 DEBUG oslo_service.service [req-117324e1-12aa-44bf-828f-6bca66ca3936 - - - - -] api_database.max_overflow = 50 log_opt_values /usr/lib/python3/dist-packages/oslo_config/cfg.py:2609
2025-11-03 00:40:31.900 168586 DEBUG oslo_service.service [req-117324e1-12aa-44bf-828f-6bca66ca3936 - - - - -] api_database.max_pool_size = 4 log_opt_values /usr/lib/python3/dist-packages/oslo_config/cfg.py:2609
2025-11-03 00:40:31.901 168586 DEBUG oslo_service.service [req-117324e1-12aa-44bf-828f-6bca66ca3936 - - - - -] api_database.max_retries = 10 log_opt_values /usr/lib/python3/dist-packages/oslo_config/cfg.py:2609
2025-11-03 00:40:31.901 168586 DEBUG oslo_service.service [req-117324e1-12aa-44bf-828f-6bca66ca3936 - - - - -] api_database.mysql_enable_ndb = False log_opt_values /usr/lib/python3/dist-packages/oslo_config/cfg.py:2609
2025-11-03 00:40:31.901 168586 DEBUG oslo_service.service [req-117324e1-12aa-44bf-828f-6bca66ca3936 - - - - -] api_database.mysql_sql_mode = TRADITIONAL log_opt_values /usr/lib/python3/dist-packages/oslo_config/cfg.py:2609
2025-11-03 00:40:31.902 168586 DEBUG oslo_service.service [req-117324e1-12aa-44bf-828f-6bca66ca3936 - - - - -] api_database.pool_timeout = None log_opt_values /usr/lib/python3/dist-packages/oslo_config/cfg.py:2609
2025-11-03 00:40:31.902 168586 DEBUG oslo_service.service [req-117324e1-12aa-44bf-828f-6bca66ca3936 - - - - -] api_database.retry_interval = 10 log_opt_values /usr/lib/python3/dist-packages/oslo_config/cfg.py:2609
2025-11-03 00:40:31.902 168586 DEBUG oslo_service.service [req-117324e1-12aa-44bf-828f-6bca66ca3936 - - - - -] api_database.slave_connection = **** log_opt_values /usr/lib/python3/dist-packages/oslo_config/cfg.py:2609
2025-11-03 00:40:31.902 168586 DEBUG oslo_service.service [req-117324e1-12aa-44bf-828f-6bca66ca3936 - - - - -] api_database.sqlite_synchronous = True log_opt_values /usr/lib/python3/dist-packages/oslo_config/cfg.py:2609
2025-11-03 00:40:31.902 168586 DEBUG oslo_service.service [req-117324e1-12aa-44bf-828f-6bca66ca3936 - - - - -] devices.enabled_mdev_types = [] log_opt_values /usr/lib/python3/dist-packages/oslo_config/cfg.py:2609
2025-11-03 00:40:31.903 168586 DEBUG oslo_service.service [req-117324e1-12aa-44bf-828f-6bca66ca3936 - - - - -] ephemeral_storage_encryption.cipher = aes-xts-plain64 log_opt_values /usr/lib/python3/dist-packages/oslo_config/cfg.py:2609
2025-11-03 00:40:31.903 168586 DEBUG oslo_service.service [req-117324e1-12aa-44bf-828f-6bca66ca3936 - - - - -] ephemeral_storage_encryption.enabled = False log_opt_values /usr/lib/python3/dist-packages/oslo_config/cfg.py:2609
2025-11-03 00:40:31.903 168586 DEBUG oslo_service.service [req-117324e1-12aa-44bf-828f-6bca66ca3936 - - - - -] ephemeral_storage_encryption.key_size = 512 log_opt_values /usr/lib/python3/dist-packages/oslo_config/cfg.py:2609
2025-11-03 00:40:31.903 168586 WARNING oslo_config.cfg [req-117324e1-12aa-44bf-828f-6bca66ca3936 - - - - -] Deprecated: Option "api_servers" from group "glance" is deprecated for removal ( Support for image service configuration via standard keystoneauth1 Adapter options was added in the 17.0.0 Queens release. The api_servers option was retained temporarily to allow consumers time to cut over to a real load balancing solution. ). Its value may be silently ignored in the future.
2025-11-03 00:40:31.903 168586 DEBUG oslo_service.service [req-117324e1-12aa-44bf-828f-6bca66ca3936 - - - - -] glance.api_servers = ['http://252.22.119.58:9292'] log_opt_values /usr/lib/python3/dist-packages/oslo_config/cfg.py:2609
2025-11-03 00:40:31.904 168586 DEBUG oslo_service.service [req-117324e1-12aa-44bf-828f-6bca66ca3936 - - - - -] glance.cafile = None log_opt_values /usr/lib/python3/dist-packages/oslo_config/cfg.py:2609
2025-11-03 00:40:31.904 168586 DEBUG oslo_service.service [req-117324e1-12aa-44bf-828f-6bca66ca3936 - - - - -] glance.certfile = None log_opt_values /usr/lib/python3/dist-packages/oslo_config/cfg.py:2609
2025-11-03 00:40:31.904 168586 DEBUG oslo_service.service [req-117324e1-12aa-44bf-828f-6bca66ca3936 - - - - -] glance.collect_timing = False log_opt_values /usr/lib/python3/dist-packages/oslo_config/cfg.py:2609
2025-11-03 00:40:31.904 168586 DEBUG oslo_service.service [req-117324e1-12aa-44bf-828f-6bca66ca3936 - - - - -] glance.connect_retries = None log_opt_values /usr/lib/python3/dist-packages/oslo_config/cfg.py:2609
2025-11-03 00:40:31.904 168586 DEBUG oslo_service.service [req-117324e1-12aa-44bf-828f-6bca66ca3936 - - - - -] glance.connect_retry_delay = None log_opt_values /usr/lib/python3/dist-packages/oslo_config/cfg.py:2609
2025-11-03 00:40:31.905 168586 DEBUG oslo_service.service [req-117324e1-12aa-44bf-828f-6bca66ca3936 - - - - -] glance.debug = False log_opt_values /usr/lib/python3/dist-packages/oslo_config/cfg.py:2609
2025-11-03 00:40:31.905 168586 DEBUG oslo_service.service [req-117324e1-12aa-44bf-828f-6bca66ca3936 - - - - -] glance.default_trusted_certificate_ids = [] log_opt_values /usr/lib/python3/dist-packages/oslo_config/cfg.py:2609
2025-11-03 00:40:31.905 168586 DEBUG oslo_service.service [req-117324e1-12aa-44bf-828f-6bca66ca3936 - - - - -] glance.enable_certificate_validation = False log_opt_values /usr/lib/python3/dist-packages/oslo_config/cfg.py:2609
2025-11-03 00:40:31.905 168586 DEBUG oslo_service.service [req-117324e1-12aa-44bf-828f-6bca66ca3936 - - - - -] glance.enable_rbd_download = False log_opt_values /usr/lib/python3/dist-packages/oslo_config/cfg.py:2609
2025-11-03 00:40:31.905 168586 DEBUG oslo_service.service [req-117324e1-12aa-44bf-828f-6bca66ca3936 - - - - -] glance.endpoint_override = None log_opt_values /usr/lib/python3/dist-packages/oslo_config/cfg.py:2609
2025-11-03 00:40:31.905 168586 DEBUG oslo_service.service [req-117324e1-12aa-44bf-828f-6bca66ca3936 - - - - -] glance.insecure = False log_opt_values /usr/lib/python3/dist-packages/oslo_config/cfg.py:2609
2025-11-03 00:40:31.906 168586 DEBUG oslo_service.service [req-117324e1-12aa-44bf-828f-6bca66ca3936 - - - - -] glance.keyfile = None log_opt_values /usr/lib/python3/dist-packages/oslo_config/cfg.py:2609
2025-11-03 00:40:31.906 168586 DEBUG oslo_service.service [req-117324e1-12aa-44bf-828f-6bca66ca3936 - - - - -] glance.max_version = None log_opt_values /usr/lib/python3/dist-packages/oslo_config/cfg.py:2609
2025-11-03 00:40:31.906 168586 DEBUG oslo_service.service [req-117324e1-12aa-44bf-828f-6bca66ca3936 - - - - -] glance.min_version = None log_opt_values /usr/lib/python3/dist-packages/oslo_config/cfg.py:2609
2025-11-03 00:40:31.906 168586 DEBUG oslo_service.service [req-117324e1-12aa-44bf-828f-6bca66ca3936 - - - - -] glance.num_retries = 3 log_opt_values /usr/lib/python3/dist-packages/oslo_config/cfg.py:2609
2025-11-03 00:40:31.907 168586 DEBUG oslo_service.service [req-117324e1-12aa-44bf-828f-6bca66ca3936 - - - - -] glance.rbd_ceph_conf = log_opt_values /usr/lib/python3/dist-packages/oslo_config/cfg.py:2609
2025-11-03 00:40:31.907 168586 DEBUG oslo_service.service [req-117324e1-12aa-44bf-828f-6bca66ca3936 - - - - -] glance.rbd_connect_timeout = 5 log_opt_values /usr/lib/python3/dist-packages/oslo_config/cfg.py:2609
2025-11-03 00:40:31.907 168586 DEBUG oslo_service.service [req-117324e1-12aa-44bf-828f-6bca66ca3936 - - - - -] glance.rbd_pool = log_opt_values /usr/lib/python3/dist-packages/oslo_config/cfg.py:2609
2025-11-03 00:40:31.907 168586 DEBUG oslo_service.service [req-117324e1-12aa-44bf-828f-6bca66ca3936 - - - - -] glance.rbd_user = log_opt_values /usr/lib/python3/dist-packages/oslo_config/cfg.py:2609
2025-11-03 00:40:31.908 168586 DEBUG oslo_service.service [req-117324e1-12aa-44bf-828f-6bca66ca3936 - - - - -] glance.region_name = None log_opt_values /usr/lib/python3/dist-packages/oslo_config/cfg.py:2609
2025-11-03 00:40:31.908 168586 DEBUG oslo_service.service [req-117324e1-12aa-44bf-828f-6bca66ca3936 - - - - -] glance.service_name = None log_opt_values /usr/lib/python3/dist-packages/oslo_config/cfg.py:2609
2025-11-03 00:40:31.908 168586 DEBUG oslo_service.service [req-117324e1-12aa-44bf-828f-6bca66ca3936 - - - - -] glance.service_type = image log_opt_values /usr/lib/python3/dist-packages/oslo_config/cfg.py:2609
2025-11-03 00:40:31.908 168586 DEBUG oslo_service.service [req-117324e1-12aa-44bf-828f-6bca66ca3936 - - - - -] glance.split_loggers = False log_opt_values /usr/lib/python3/dist-packages/oslo_config/cfg.py:2609
2025-11-03 00:40:31.909 168586 DEBUG oslo_service.service [req-117324e1-12aa-44bf-828f-6bca66ca3936 - - - - -] glance.status_code_retries = None log_opt_values /usr/lib/python3/dist-packages/oslo_config/cfg.py:2609
2025-11-03 00:40:31.909 168586 DEBUG oslo_service.service [req-117324e1-12aa-44bf-828f-6bca66ca3936 - - - - -] glance.status_code_retry_delay = None log_opt_values /usr/lib/python3/dist-packages/oslo_config/cfg.py:2609
2025-11-03 00:40:31.909 168586 DEBUG oslo_service.service [req-117324e1-12aa-44bf-828f-6bca66ca3936 - - - - -] glance.timeout = None log_opt_values /usr/lib/python3/dist-packages/oslo_config/cfg.py:2609
2025-11-03 00:40:31.909 168586 DEBUG oslo_service.service [req-117324e1-12aa-44bf-828f-6bca66ca3936 - - - - -] glance.valid_interfaces = ['internal', 'public'] log_opt_values /usr/lib/python3/dist-packages/oslo_config/cfg.py:2609
2025-11-03 00:40:31.909 168586 DEBUG oslo_service.service [req-117324e1-12aa-44bf-828f-6bca66ca3936 - - - - -] glance.verify_glance_signatures = False log_opt_values /usr/lib/python3/dist-packages/oslo_config/cfg.py:2609
2025-11-03 00:40:31.909 168586 DEBUG oslo_service.service [req-117324e1-12aa-44bf-828f-6bca66ca3936 - - - - -] glance.version = None log_opt_values /usr/lib/python3/dist-packages/oslo_config/cfg.py:2609
2025-11-03 00:40:31.910 168586 DEBUG oslo_service.service [req-117324e1-12aa-44bf-828f-6bca66ca3936 - - - - -] guestfs.debug = False log_opt_values /usr/lib/python3/dist-packages/oslo_config/cfg.py:2609
2025-11-03 00:40:31.910 168586 DEBUG oslo_service.service [req-117324e1-12aa-44bf-828f-6bca66ca3936 - - - - -] hyperv.config_drive_cdrom = False log_opt_values /usr/lib/python3/dist-packages/oslo_config/cfg.py:2609
2025-11-03 00:40:31.910 168586 DEBUG oslo_service.service [req-117324e1-12aa-44bf-828f-6bca66ca3936 - - - - -] hyperv.config_drive_inject_password = False log_opt_values /usr/lib/python3/dist-packages/oslo_config/cfg.py:2609
2025-11-03 00:40:31.911 168586 DEBUG oslo_service.service [req-117324e1-12aa-44bf-828f-6bca66ca3936 - - - - -] hyperv.dynamic_memory_ratio = 1.0 log_opt_values /usr/lib/python3/dist-packages/oslo_config/cfg.py:2609
2025-11-03 00:40:31.911 168586 DEBUG oslo_service.service [req-117324e1-12aa-44bf-828f-6bca66ca3936 - - - - -] hyperv.enable_instance_metrics_collection = False log_opt_values /usr/lib/python3/dist-packages/oslo_config/cfg.py:2609
2025-11-03 00:40:31.911 168586 DEBUG oslo_service.service [req-117324e1-12aa-44bf-828f-6bca66ca3936 - - - - -] hyperv.enable_remotefx = False log_opt_values /usr/lib/python3/dist-packages/oslo_config/cfg.py:2609
2025-11-03 00:40:31.911 168586 DEBUG oslo_service.service [req-117324e1-12aa-44bf-828f-6bca66ca3936 - - - - -] hyperv.instances_path_share = log_opt_values /usr/lib/python3/dist-packages/oslo_config/cfg.py:2609
2025-11-03 00:40:31.912 168586 DEBUG oslo_service.service [req-117324e1-12aa-44bf-828f-6bca66ca3936 - - - - -] hyperv.iscsi_initiator_list = [] log_opt_values /usr/lib/python3/dist-packages/oslo_config/cfg.py:2609
2025-11-03 00:40:31.912 168586 DEBUG oslo_service.service [req-117324e1-12aa-44bf-828f-6bca66ca3936 - - - - -] hyperv.limit_cpu_features = False log_opt_values /usr/lib/python3/dist-packages/oslo_config/cfg.py:2609
2025-11-03 00:40:31.912 168926 DEBUG oslo_messaging._drivers.amqpdriver [-] Listener is running poll /usr/lib/python3/dist-packages/oslo_messaging/_drivers/amqpdriver.py:343
2025-11-03 00:40:31.913 168926 DEBUG oslo_messaging._drivers.amqpdriver [-] AMQPListener connection consume poll /usr/lib/python3/dist-packages/oslo_messaging/_drivers/amqpdriver.py:357
2025-11-03 00:40:31.913 168586 DEBUG oslo_service.service [req-117324e1-12aa-44bf-828f-6bca66ca3936 - - - - -] hyperv.mounted_disk_query_retry_count = 10 log_opt_values /usr/lib/python3/dist-packages/oslo_config/cfg.py:2609
2025-11-03 00:40:31.913 168586 DEBUG oslo_service.service [req-117324e1-12aa-44bf-828f-6bca66ca3936 - - - - -] hyperv.mounted_disk_query_retry_interval = 5 log_opt_values /usr/lib/python3/dist-packages/oslo_config/cfg.py:2609
2025-11-03 00:40:31.913 168586 DEBUG oslo_service.service [req-117324e1-12aa-44bf-828f-6bca66ca3936 - - - - -] hyperv.power_state_check_timeframe = 60 log_opt_values /usr/lib/python3/dist-packages/oslo_config/cfg.py:2609
2025-11-03 00:40:31.913 168926 DEBUG nova.service [req-35e3829c-ec4c-485e-85c6-3fdbb8b6cfdf - - - - -] Join ServiceGroup membership for this service conductor start /usr/lib/python3/dist-packages/nova/service.py:199
2025-11-03 00:40:31.913 168586 DEBUG oslo_service.service [req-117324e1-12aa-44bf-828f-6bca66ca3936 - - - - -] hyperv.power_state_event_polling_interval = 2 log_opt_values /usr/lib/python3/dist-packages/oslo_config/cfg.py:2609
2025-11-03 00:40:31.913 168926 DEBUG nova.servicegroup.drivers.db [req-35e3829c-ec4c-485e-85c6-3fdbb8b6cfdf - - - - -] DB_Driver: join new ServiceGroup member juju-e1cc16-0-lxd-7 to the conductor group, service = join /usr/lib/python3/dist-packages/nova/servicegroup/drivers/db.py:44
2025-11-03 00:40:31.914 168586 DEBUG oslo_service.service [req-117324e1-12aa-44bf-828f-6bca66ca3936 - - - - -] hyperv.qemu_img_cmd = qemu-img.exe log_opt_values /usr/lib/python3/dist-packages/oslo_config/cfg.py:2609
2025-11-03 00:40:31.914 168586 DEBUG oslo_service.service [req-117324e1-12aa-44bf-828f-6bca66ca3936 - - - - -] hyperv.use_multipath_io = False log_opt_values /usr/lib/python3/dist-packages/oslo_config/cfg.py:2609
2025-11-03 00:40:31.914 168586 DEBUG oslo_service.service [req-117324e1-12aa-44bf-828f-6bca66ca3936 - - - - -] hyperv.volume_attach_retry_count = 10 log_opt_values /usr/lib/python3/dist-packages/oslo_config/cfg.py:2609
2025-11-03 00:40:31.914 168586 DEBUG oslo_service.service [req-117324e1-12aa-44bf-828f-6bca66ca3936 - - - - -] hyperv.volume_attach_retry_interval = 5 log_opt_values /usr/lib/python3/dist-packages/oslo_config/cfg.py:2609
2025-11-03 00:40:31.914 168586 DEBUG oslo_service.service [req-117324e1-12aa-44bf-828f-6bca66ca3936 - - - - -] hyperv.vswitch_name = None log_opt_values /usr/lib/python3/dist-packages/oslo_config/cfg.py:2609
2025-11-03 00:40:31.914 168586 DEBUG oslo_service.service [req-117324e1-12aa-44bf-828f-6bca66ca3936 - - - - -] hyperv.wait_soft_reboot_seconds = 60 log_opt_values /usr/lib/python3/dist-packages/oslo_config/cfg.py:2609
2025-11-03 00:40:31.915 168586 DEBUG oslo_service.service [req-117324e1-12aa-44bf-828f-6bca66ca3936 - - - - -] mks.enabled = False log_opt_values /usr/lib/python3/dist-packages/oslo_config/cfg.py:2609
2025-11-03 00:40:31.916 168586 DEBUG oslo_service.service [req-117324e1-12aa-44bf-828f-6bca66ca3936 - - - - -] mks.mksproxy_base_url = http://127.0.0.1:6090/ log_opt_values /usr/lib/python3/dist-packages/oslo_config/cfg.py:2609
2025-11-03 00:40:31.916 168586 DEBUG oslo_service.service [req-117324e1-12aa-44bf-828f-6bca66ca3936 - - - - -] image_cache.manager_interval = 2400 log_opt_values /usr/lib/python3/dist-packages/oslo_config/cfg.py:2609
2025-11-03 00:40:31.916 168586 DEBUG oslo_service.service [req-117324e1-12aa-44bf-828f-6bca66ca3936 - - - - -] image_cache.precache_concurrency = 1 log_opt_values /usr/lib/python3/dist-packages/oslo_config/cfg.py:2609
2025-11-03 00:40:31.916 168586 DEBUG oslo_service.service [req-117324e1-12aa-44bf-828f-6bca66ca3936 - - - - -] image_cache.remove_unused_base_images = True log_opt_values /usr/lib/python3/dist-packages/oslo_config/cfg.py:2609
2025-11-03 00:40:31.917 168586 DEBUG oslo_service.service [req-117324e1-12aa-44bf-828f-6bca66ca3936 - - - - -] image_cache.remove_unused_original_minimum_age_seconds = 86400 log_opt_values /usr/lib/python3/dist-packages/oslo_config/cfg.py:2609
2025-11-03 00:40:31.917 168586 DEBUG oslo_service.service [req-117324e1-12aa-44bf-828f-6bca66ca3936 - - - - -] image_cache.remove_unused_resized_minimum_age_seconds = 3600 log_opt_values /usr/lib/python3/dist-packages/oslo_config/cfg.py:2609
2025-11-03 00:40:31.917 168586 DEBUG oslo_service.service [req-117324e1-12aa-44bf-828f-6bca66ca3936 - - - - -] image_cache.subdirectory_name = _base log_opt_values /usr/lib/python3/dist-packages/oslo_config/cfg.py:2609
2025-11-03 00:40:31.920 168586 DEBUG oslo_service.service [req-117324e1-12aa-44bf-828f-6bca66ca3936 - - - - -] ironic.api_max_retries = 60 log_opt_values /usr/lib/python3/dist-packages/oslo_config/cfg.py:2609
2025-11-03 00:40:31.920 168586 DEBUG oslo_service.service [req-117324e1-12aa-44bf-828f-6bca66ca3936 - - - - -] ironic.api_retry_interval = 2 log_opt_values /usr/lib/python3/dist-packages/oslo_config/cfg.py:2609
2025-11-03 00:40:31.921 168926 DEBUG oslo_messaging._drivers.amqpdriver [-] AMQPListener connection timeout poll /usr/lib/python3/dist-packages/oslo_messaging/_drivers/amqpdriver.py:360
2025-11-03 00:40:31.922 168926 DEBUG oslo_messaging._drivers.amqpdriver [-] Listener is running poll /usr/lib/python3/dist-packages/oslo_messaging/_drivers/amqpdriver.py:343
2025-11-03 00:40:31.922 168926 DEBUG oslo_messaging._drivers.amqpdriver [-] AMQPListener connection consume poll /usr/lib/python3/dist-packages/oslo_messaging/_drivers/amqpdriver.py:357
2025-11-03 00:40:31.924 168586 DEBUG oslo_service.service [req-117324e1-12aa-44bf-828f-6bca66ca3936 - - - - -] ironic.auth_section = None log_opt_values /usr/lib/python3/dist-packages/oslo_config/cfg.py:2609
2025-11-03 00:40:31.924 168586 DEBUG oslo_service.service [req-117324e1-12aa-44bf-828f-6bca66ca3936 - - - - -] ironic.auth_type = None log_opt_values /usr/lib/python3/dist-packages/oslo_config/cfg.py:2609
2025-11-03 00:40:31.924 168586 DEBUG oslo_service.service [req-117324e1-12aa-44bf-828f-6bca66ca3936 - - - - -] ironic.cafile = None log_opt_values /usr/lib/python3/dist-packages/oslo_config/cfg.py:2609
2025-11-03 00:40:31.924 168586 DEBUG oslo_service.service [req-117324e1-12aa-44bf-828f-6bca66ca3936 - - - - -] ironic.certfile = None log_opt_values /usr/lib/python3/dist-packages/oslo_config/cfg.py:2609
2025-11-03 00:40:31.925 168586 DEBUG oslo_service.service [req-117324e1-12aa-44bf-828f-6bca66ca3936 - - - - -] ironic.collect_timing = False log_opt_values /usr/lib/python3/dist-packages/oslo_config/cfg.py:2609
2025-11-03 00:40:31.925 168586 DEBUG oslo_service.service [req-117324e1-12aa-44bf-828f-6bca66ca3936 - - - - -] ironic.connect_retries = None log_opt_values /usr/lib/python3/dist-packages/oslo_config/cfg.py:2609
2025-11-03 00:40:31.925 168586 DEBUG oslo_service.service [req-117324e1-12aa-44bf-828f-6bca66ca3936 - - - - -] ironic.connect_retry_delay = None log_opt_values /usr/lib/python3/dist-packages/oslo_config/cfg.py:2609
2025-11-03 00:40:31.925 168586 DEBUG oslo_service.service [req-117324e1-12aa-44bf-828f-6bca66ca3936 - - - - -] ironic.endpoint_override = None log_opt_values /usr/lib/python3/dist-packages/oslo_config/cfg.py:2609
2025-11-03 00:40:31.925 168586 DEBUG oslo_service.service [req-117324e1-12aa-44bf-828f-6bca66ca3936 - - - - -] ironic.insecure = False log_opt_values /usr/lib/python3/dist-packages/oslo_config/cfg.py:2609
2025-11-03 00:40:31.925 168586 DEBUG oslo_service.service [req-117324e1-12aa-44bf-828f-6bca66ca3936 - - - - -] ironic.keyfile = None log_opt_values /usr/lib/python3/dist-packages/oslo_config/cfg.py:2609
2025-11-03 00:40:31.926 168586 DEBUG oslo_service.service [req-117324e1-12aa-44bf-828f-6bca66ca3936 - - - - -] ironic.max_version = None log_opt_values /usr/lib/python3/dist-packages/oslo_config/cfg.py:2609
2025-11-03 00:40:31.926 168586 DEBUG oslo_service.service [req-117324e1-12aa-44bf-828f-6bca66ca3936 - - - - -] ironic.min_version = None log_opt_values /usr/lib/python3/dist-packages/oslo_config/cfg.py:2609
2025-11-03 00:40:31.926 168586 DEBUG oslo_service.service [req-117324e1-12aa-44bf-828f-6bca66ca3936 - - - - -] ironic.partition_key = None log_opt_values /usr/lib/python3/dist-packages/oslo_config/cfg.py:2609
2025-11-03 00:40:31.926 168586 DEBUG oslo_service.service [req-117324e1-12aa-44bf-828f-6bca66ca3936 - - - - -] ironic.peer_list = [] log_opt_values /usr/lib/python3/dist-packages/oslo_config/cfg.py:2609
2025-11-03 00:40:31.926 168586 DEBUG oslo_service.service [req-117324e1-12aa-44bf-828f-6bca66ca3936 - - - - -] ironic.region_name = None log_opt_values /usr/lib/python3/dist-packages/oslo_config/cfg.py:2609
2025-11-03 00:40:31.926 168586 DEBUG oslo_service.service [req-117324e1-12aa-44bf-828f-6bca66ca3936 - - - - -] ironic.serial_console_state_timeout = 10 log_opt_values /usr/lib/python3/dist-packages/oslo_config/cfg.py:2609
2025-11-03 00:40:31.930 168586 DEBUG oslo_service.service [req-117324e1-12aa-44bf-828f-6bca66ca3936 - - - - -] ironic.service_name = None log_opt_values /usr/lib/python3/dist-packages/oslo_config/cfg.py:2609
2025-11-03 00:40:31.931 168586 DEBUG oslo_service.service [req-117324e1-12aa-44bf-828f-6bca66ca3936 - - - - -] ironic.service_type = baremetal log_opt_values /usr/lib/python3/dist-packages/oslo_config/cfg.py:2609
2025-11-03 00:40:31.931 168932 DEBUG oslo_messaging._drivers.amqpdriver [-] Listener is running poll /usr/lib/python3/dist-packages/oslo_messaging/_drivers/amqpdriver.py:343
2025-11-03 00:40:31.931 168932 DEBUG oslo_messaging._drivers.amqpdriver [-] AMQPListener connection consume poll /usr/lib/python3/dist-packages/oslo_messaging/_drivers/amqpdriver.py:357
2025-11-03 00:40:31.931 168586 DEBUG oslo_service.service [req-117324e1-12aa-44bf-828f-6bca66ca3936 - - - - -] ironic.split_loggers = False log_opt_values /usr/lib/python3/dist-packages/oslo_config/cfg.py:2609
2025-11-03 00:40:31.931 168586 DEBUG oslo_service.service [req-117324e1-12aa-44bf-828f-6bca66ca3936 - - - - -] ironic.status_code_retries = None log_opt_values /usr/lib/python3/dist-packages/oslo_config/cfg.py:2609
2025-11-03 00:40:31.931 168586 DEBUG oslo_service.service [req-117324e1-12aa-44bf-828f-6bca66ca3936 - - - - -] ironic.status_code_retry_delay = None log_opt_values /usr/lib/python3/dist-packages/oslo_config/cfg.py:2609
2025-11-03 00:40:31.931 168586 DEBUG oslo_service.service [req-117324e1-12aa-44bf-828f-6bca66ca3936 - - - - -] ironic.timeout = None log_opt_values /usr/lib/python3/dist-packages/oslo_config/cfg.py:2609
2025-11-03 00:40:31.932 168932 DEBUG nova.service [req-11e765a4-4ada-4bac-a85d-37086e13031f - - - - -] Join ServiceGroup membership for this service conductor start /usr/lib/python3/dist-packages/nova/service.py:199
2025-11-03 00:40:31.933 168586 DEBUG oslo_service.service [req-117324e1-12aa-44bf-828f-6bca66ca3936 - - - - -] ironic.valid_interfaces = ['internal', 'public'] log_opt_values /usr/lib/python3/dist-packages/oslo_config/cfg.py:2609
2025-11-03 00:40:31.933 168932 DEBUG nova.servicegroup.drivers.db [req-11e765a4-4ada-4bac-a85d-37086e13031f - - - - -] DB_Driver: join new ServiceGroup member juju-e1cc16-0-lxd-7 to the conductor group, service = join /usr/lib/python3/dist-packages/nova/servicegroup/drivers/db.py:44
2025-11-03 00:40:31.933 168586 DEBUG oslo_service.service [req-117324e1-12aa-44bf-828f-6bca66ca3936 - - - - -] ironic.version = None log_opt_values /usr/lib/python3/dist-packages/oslo_config/cfg.py:2609
2025-11-03 00:40:31.933 168586 DEBUG oslo_service.service [req-117324e1-12aa-44bf-828f-6bca66ca3936 - - - - -] key_manager.backend = barbican log_opt_values /usr/lib/python3/dist-packages/oslo_config/cfg.py:2609
2025-11-03 00:40:31.933 168586 DEBUG oslo_service.service [req-117324e1-12aa-44bf-828f-6bca66ca3936 - - - - -] key_manager.fixed_key = **** log_opt_values /usr/lib/python3/dist-packages/oslo_config/cfg.py:2609
2025-11-03 00:40:31.933 168932 DEBUG oslo_messaging._drivers.amqpdriver [-] AMQPListener connection timeout poll /usr/lib/python3/dist-packages/oslo_messaging/_drivers/amqpdriver.py:360
2025-11-03 00:40:31.934 168932 DEBUG oslo_messaging._drivers.amqpdriver [-] Listener is running poll /usr/lib/python3/dist-packages/oslo_messaging/_drivers/amqpdriver.py:343
2025-11-03 00:40:31.934 168586 DEBUG oslo_service.service [req-117324e1-12aa-44bf-828f-6bca66ca3936 - - - - -] barbican.auth_endpoint = http://localhost/identity/v3 log_opt_values /usr/lib/python3/dist-packages/oslo_config/cfg.py:2609
2025-11-03 00:40:31.934 168932 DEBUG oslo_messaging._drivers.amqpdriver [-] AMQPListener connection consume poll /usr/lib/python3/dist-packages/oslo_messaging/_drivers/amqpdriver.py:357
2025-11-03 00:40:31.934 168586 DEBUG oslo_service.service [req-117324e1-12aa-44bf-828f-6bca66ca3936 - - - - -] barbican.barbican_api_version = None log_opt_values /usr/lib/python3/dist-packages/oslo_config/cfg.py:2609
2025-11-03 00:40:31.934 168586 DEBUG oslo_service.service [req-117324e1-12aa-44bf-828f-6bca66ca3936 - - - - -] barbican.barbican_endpoint = None log_opt_values /usr/lib/python3/dist-packages/oslo_config/cfg.py:2609
2025-11-03 00:40:31.934 168586 DEBUG oslo_service.service [req-117324e1-12aa-44bf-828f-6bca66ca3936 - - - - -] barbican.barbican_endpoint_type = public log_opt_values /usr/lib/python3/dist-packages/oslo_config/cfg.py:2609
2025-11-03 00:40:31.934 168586 DEBUG oslo_service.service [req-117324e1-12aa-44bf-828f-6bca66ca3936 - - - - -] barbican.barbican_region_name = None log_opt_values /usr/lib/python3/dist-packages/oslo_config/cfg.py:2609
2025-11-03 00:40:31.934 168586 DEBUG oslo_service.service [req-117324e1-12aa-44bf-828f-6bca66ca3936 - - - - -] barbican.cafile = None log_opt_values /usr/lib/python3/dist-packages/oslo_config/cfg.py:2609
2025-11-03 00:40:31.935 168586 DEBUG oslo_service.service [req-117324e1-12aa-44bf-828f-6bca66ca3936 - - - - -] barbican.certfile = None log_opt_values /usr/lib/python3/dist-packages/oslo_config/cfg.py:2609
2025-11-03 00:40:31.935 168586 DEBUG oslo_service.service [req-117324e1-12aa-44bf-828f-6bca66ca3936 - - - - -] barbican.collect_timing = False log_opt_values /usr/lib/python3/dist-packages/oslo_config/cfg.py:2609
2025-11-03 00:40:31.935 168586 DEBUG oslo_service.service [req-117324e1-12aa-44bf-828f-6bca66ca3936 - - - - -] barbican.insecure = False log_opt_values /usr/lib/python3/dist-packages/oslo_config/cfg.py:2609
2025-11-03 00:40:31.935 168586 DEBUG oslo_service.service [req-117324e1-12aa-44bf-828f-6bca66ca3936 - - - - -] barbican.keyfile = None log_opt_values /usr/lib/python3/dist-packages/oslo_config/cfg.py:2609
2025-11-03 00:40:31.935 168586 DEBUG oslo_service.service [req-117324e1-12aa-44bf-828f-6bca66ca3936 - - - - -] barbican.number_of_retries = 60 log_opt_values /usr/lib/python3/dist-packages/oslo_config/cfg.py:2609
2025-11-03 00:40:31.935 168586 DEBUG oslo_service.service [req-117324e1-12aa-44bf-828f-6bca66ca3936 - - - - -] barbican.retry_delay = 1 log_opt_values /usr/lib/python3/dist-packages/oslo_config/cfg.py:2609
2025-11-03 00:40:31.936 168586 DEBUG oslo_service.service [req-117324e1-12aa-44bf-828f-6bca66ca3936 - - - - -] barbican.send_service_user_token = False log_opt_values /usr/lib/python3/dist-packages/oslo_config/cfg.py:2609
2025-11-03 00:40:31.936 168586 DEBUG oslo_service.service [req-117324e1-12aa-44bf-828f-6bca66ca3936 - - - - -] barbican.split_loggers = False log_opt_values /usr/lib/python3/dist-packages/oslo_config/cfg.py:2609
2025-11-03 00:40:31.936 168586 DEBUG oslo_service.service [req-117324e1-12aa-44bf-828f-6bca66ca3936 - - - - -] barbican.timeout = None log_opt_values /usr/lib/python3/dist-packages/oslo_config/cfg.py:2609
2025-11-03 00:40:31.936 168586 DEBUG oslo_service.service [req-117324e1-12aa-44bf-828f-6bca66ca3936 - - - - -] barbican.verify_ssl = True log_opt_values /usr/lib/python3/dist-packages/oslo_config/cfg.py:2609
2025-11-03 00:40:31.936 168586 DEBUG oslo_service.service [req-117324e1-12aa-44bf-828f-6bca66ca3936 - - - - -] barbican.verify_ssl_path = None log_opt_values /usr/lib/python3/dist-packages/oslo_config/cfg.py:2609
2025-11-03 00:40:31.936 168586 DEBUG oslo_service.service [req-117324e1-12aa-44bf-828f-6bca66ca3936 - - - - -] barbican_service_user.auth_section = None log_opt_values /usr/lib/python3/dist-packages/oslo_config/cfg.py:2609
2025-11-03 00:40:31.941 168586 DEBUG oslo_service.service [req-117324e1-12aa-44bf-828f-6bca66ca3936 - - - - -] barbican_service_user.auth_type = None log_opt_values /usr/lib/python3/dist-packages/oslo_config/cfg.py:2609
2025-11-03 00:40:31.941 168586 DEBUG oslo_service.service [req-117324e1-12aa-44bf-828f-6bca66ca3936 - - - - -] barbican_service_user.cafile = None log_opt_values /usr/lib/python3/dist-packages/oslo_config/cfg.py:2609
2025-11-03 00:40:31.941 168586 DEBUG oslo_service.service [req-117324e1-12aa-44bf-828f-6bca66ca3936 - - - - -] barbican_service_user.certfile = None log_opt_values /usr/lib/python3/dist-packages/oslo_config/cfg.py:2609
2025-11-03 00:40:31.941 168586 DEBUG oslo_service.service [req-117324e1-12aa-44bf-828f-6bca66ca3936 - - - - -] barbican_service_user.collect_timing = False log_opt_values /usr/lib/python3/dist-packages/oslo_config/cfg.py:2609
2025-11-03 00:40:31.941 168586 DEBUG oslo_service.service [req-117324e1-12aa-44bf-828f-6bca66ca3936 - - - - -] barbican_service_user.insecure = False log_opt_values /usr/lib/python3/dist-packages/oslo_config/cfg.py:2609
2025-11-03 00:40:31.941 168586 DEBUG oslo_service.service [req-117324e1-12aa-44bf-828f-6bca66ca3936 - - - - -] barbican_service_user.keyfile = None log_opt_values /usr/lib/python3/dist-packages/oslo_config/cfg.py:2609
2025-11-03 00:40:31.942 168586 DEBUG oslo_service.service [req-117324e1-12aa-44bf-828f-6bca66ca3936 - - - - -] barbican_service_user.split_loggers = False log_opt_values /usr/lib/python3/dist-packages/oslo_config/cfg.py:2609
2025-11-03 00:40:31.942 168586 DEBUG oslo_service.service [req-117324e1-12aa-44bf-828f-6bca66ca3936 - - - - -] barbican_service_user.timeout = None log_opt_values /usr/lib/python3/dist-packages/oslo_config/cfg.py:2609
2025-11-03 00:40:31.943 168586 DEBUG oslo_service.service [req-117324e1-12aa-44bf-828f-6bca66ca3936 - - - - -] vault.approle_role_id = None log_opt_values /usr/lib/python3/dist-packages/oslo_config/cfg.py:2609
2025-11-03 00:40:31.943 168586 DEBUG oslo_service.service [req-117324e1-12aa-44bf-828f-6bca66ca3936 - - - - -] vault.approle_secret_id = None log_opt_values /usr/lib/python3/dist-packages/oslo_config/cfg.py:2609
2025-11-03 00:40:31.944 168586 DEBUG oslo_service.service [req-117324e1-12aa-44bf-828f-6bca66ca3936 - - - - -] vault.cafile = None log_opt_values /usr/lib/python3/dist-packages/oslo_config/cfg.py:2609
2025-11-03 00:40:31.944 168586 DEBUG oslo_service.service [req-117324e1-12aa-44bf-828f-6bca66ca3936 - - - - -] vault.certfile = None log_opt_values /usr/lib/python3/dist-packages/oslo_config/cfg.py:2609
2025-11-03 00:40:31.945 168586 DEBUG oslo_service.service [req-117324e1-12aa-44bf-828f-6bca66ca3936 - - - - -] vault.collect_timing = False log_opt_values /usr/lib/python3/dist-packages/oslo_config/cfg.py:2609
2025-11-03 00:40:31.947 168586 DEBUG oslo_service.service [req-117324e1-12aa-44bf-828f-6bca66ca3936 - - - - -] vault.insecure = False log_opt_values /usr/lib/python3/dist-packages/oslo_config/cfg.py:2609
2025-11-03 00:40:31.947 168586 DEBUG oslo_service.service [req-117324e1-12aa-44bf-828f-6bca66ca3936 - - - - -] vault.keyfile = None log_opt_values /usr/lib/python3/dist-packages/oslo_config/cfg.py:2609
2025-11-03 00:40:31.947 168586 DEBUG oslo_service.service [req-117324e1-12aa-44bf-828f-6bca66ca3936 - - - - -] vault.kv_mountpoint = secret log_opt_values /usr/lib/python3/dist-packages/oslo_config/cfg.py:2609
