2025-11-03 01:36:08.983 63936 DEBUG oslo_db.sqlalchemy.engines [req-e205c7e5-495d-43d7-83dc-8179c6fca16c - - - - -] MySQL server mode set to STRICT_TRANS_TABLES,STRICT_ALL_TABLES,NO_ZERO_IN_DATE,NO_ZERO_DATE,ERROR_FOR_DIVISION_BY_ZERO,TRADITIONAL,NO_ENGINE_SUBSTITUTION _check_effective_sql_mode /usr/lib/python3/dist-packages/oslo_db/sqlalchemy/engines.py:314
2025-11-03 01:36:08.993 63938 DEBUG oslo_db.sqlalchemy.engines [req-48a62ba7-bed0-445b-ae8f-a7744da73ed5 - - - - -] MySQL server mode set to STRICT_TRANS_TABLES,STRICT_ALL_TABLES,NO_ZERO_IN_DATE,NO_ZERO_DATE,ERROR_FOR_DIVISION_BY_ZERO,TRADITIONAL,NO_ENGINE_SUBSTITUTION _check_effective_sql_mode /usr/lib/python3/dist-packages/oslo_db/sqlalchemy/engines.py:314
2025-11-03 01:36:08.994 63937 DEBUG oslo_db.sqlalchemy.engines [req-50d0c685-46a6-49d2-9851-4f32f81a4462 - - - - -] MySQL server mode set to STRICT_TRANS_TABLES,STRICT_ALL_TABLES,NO_ZERO_IN_DATE,NO_ZERO_DATE,ERROR_FOR_DIVISION_BY_ZERO,TRADITIONAL,NO_ENGINE_SUBSTITUTION _check_effective_sql_mode /usr/lib/python3/dist-packages/oslo_db/sqlalchemy/engines.py:314
2025-11-03 01:36:09.018 63935 DEBUG heat.engine.service [req-0ad7b161-fb6e-4aec-be8c-ef83a53495c3 - - - - -] Service 274d45f2-c0be-4521-aae2-bb90943f2abd was aborted service_manage_cleanup /usr/lib/python3/dist-packages/heat/engine/service.py:2391
2025-11-03 01:36:09.035 63935 DEBUG heat.engine.service [req-0ad7b161-fb6e-4aec-be8c-ef83a53495c3 - - - - -] Service 3d44b8f6-ddae-456e-82f8-ead7fd0b1110 was aborted service_manage_cleanup /usr/lib/python3/dist-packages/heat/engine/service.py:2391
2025-11-03 01:36:09.038 63938 DEBUG heat.engine.service [req-48a62ba7-bed0-445b-ae8f-a7744da73ed5 - - - - -] Service 3d44b8f6-ddae-456e-82f8-ead7fd0b1110 was aborted service_manage_cleanup /usr/lib/python3/dist-packages/heat/engine/service.py:2391
2025-11-03 01:36:09.048 63935 DEBUG heat.engine.service [req-0ad7b161-fb6e-4aec-be8c-ef83a53495c3 - - - - -] Service 427eaf9e-6007-4831-b78f-bc7d9eae82f4 was aborted service_manage_cleanup /usr/lib/python3/dist-packages/heat/engine/service.py:2391
2025-11-03 01:36:09.049 63938 DEBUG heat.engine.service [req-48a62ba7-bed0-445b-ae8f-a7744da73ed5 - - - - -] Service 427eaf9e-6007-4831-b78f-bc7d9eae82f4 was aborted service_manage_cleanup /usr/lib/python3/dist-packages/heat/engine/service.py:2391
2025-11-03 01:36:09.049 63936 DEBUG heat.engine.service [req-e205c7e5-495d-43d7-83dc-8179c6fca16c - - - - -] Service 3d44b8f6-ddae-456e-82f8-ead7fd0b1110 was aborted service_manage_cleanup /usr/lib/python3/dist-packages/heat/engine/service.py:2391
2025-11-03 01:36:09.050 63937 DEBUG heat.engine.service [req-50d0c685-46a6-49d2-9851-4f32f81a4462 - - - - -] Service 427eaf9e-6007-4831-b78f-bc7d9eae82f4 was aborted service_manage_cleanup /usr/lib/python3/dist-packages/heat/engine/service.py:2391
2025-11-03 01:36:09.061 63936 DEBUG heat.engine.service [req-e205c7e5-495d-43d7-83dc-8179c6fca16c - - - - -] Service 427eaf9e-6007-4831-b78f-bc7d9eae82f4 was aborted service_manage_cleanup /usr/lib/python3/dist-packages/heat/engine/service.py:2391
2025-11-03 01:36:09.065 63938 DEBUG heat.engine.service [req-48a62ba7-bed0-445b-ae8f-a7744da73ed5 - - - - -] Service 431b46b8-2ca6-4c7d-9102-866130bd61a9 was aborted service_manage_cleanup /usr/lib/python3/dist-packages/heat/engine/service.py:2391
2025-11-03 01:36:09.066 63935 DEBUG heat.engine.service [req-0ad7b161-fb6e-4aec-be8c-ef83a53495c3 - - - - -] Service 431b46b8-2ca6-4c7d-9102-866130bd61a9 was aborted service_manage_cleanup /usr/lib/python3/dist-packages/heat/engine/service.py:2391
2025-11-03 01:36:09.067 63937 DEBUG heat.engine.service [req-50d0c685-46a6-49d2-9851-4f32f81a4462 - - - - -] Service 431b46b8-2ca6-4c7d-9102-866130bd61a9 was aborted service_manage_cleanup /usr/lib/python3/dist-packages/heat/engine/service.py:2391
2025-11-03 01:36:09.068 63936 DEBUG heat.engine.service [req-e205c7e5-495d-43d7-83dc-8179c6fca16c - - - - -] Service 431b46b8-2ca6-4c7d-9102-866130bd61a9 was aborted service_manage_cleanup /usr/lib/python3/dist-packages/heat/engine/service.py:2391
2025-11-03 01:36:09.078 63935 DEBUG heat.engine.service [req-0ad7b161-fb6e-4aec-be8c-ef83a53495c3 - - - - -] Service 70139e7a-5802-4e40-8cf3-12a9f2d4fd47 was aborted service_manage_cleanup /usr/lib/python3/dist-packages/heat/engine/service.py:2391
2025-11-03 01:36:09.079 63938 DEBUG heat.engine.service [req-48a62ba7-bed0-445b-ae8f-a7744da73ed5 - - - - -] Service 70139e7a-5802-4e40-8cf3-12a9f2d4fd47 was aborted service_manage_cleanup /usr/lib/python3/dist-packages/heat/engine/service.py:2391
2025-11-03 01:36:09.079 63937 DEBUG heat.engine.service [req-50d0c685-46a6-49d2-9851-4f32f81a4462 - - - - -] Service 70139e7a-5802-4e40-8cf3-12a9f2d4fd47 was aborted service_manage_cleanup /usr/lib/python3/dist-packages/heat/engine/service.py:2391
2025-11-03 01:36:09.079 63936 DEBUG heat.engine.service [req-e205c7e5-495d-43d7-83dc-8179c6fca16c - - - - -] Service 70139e7a-5802-4e40-8cf3-12a9f2d4fd47 was aborted service_manage_cleanup /usr/lib/python3/dist-packages/heat/engine/service.py:2391
2025-11-03 01:36:09.093 63935 DEBUG heat.engine.service [req-0ad7b161-fb6e-4aec-be8c-ef83a53495c3 - - - - -] Service 7788c094-97f8-497a-bac1-aa446e7d1b03 was aborted service_manage_cleanup /usr/lib/python3/dist-packages/heat/engine/service.py:2391
2025-11-03 01:36:09.095 63936 DEBUG heat.engine.service [req-e205c7e5-495d-43d7-83dc-8179c6fca16c - - - - -] Service 7788c094-97f8-497a-bac1-aa446e7d1b03 was aborted service_manage_cleanup /usr/lib/python3/dist-packages/heat/engine/service.py:2391
2025-11-03 01:36:09.095 63937 DEBUG heat.engine.service [req-50d0c685-46a6-49d2-9851-4f32f81a4462 - - - - -] Service 7788c094-97f8-497a-bac1-aa446e7d1b03 was aborted service_manage_cleanup /usr/lib/python3/dist-packages/heat/engine/service.py:2391
2025-11-03 01:36:09.097 63938 DEBUG heat.engine.service [req-48a62ba7-bed0-445b-ae8f-a7744da73ed5 - - - - -] Service 7788c094-97f8-497a-bac1-aa446e7d1b03 was aborted service_manage_cleanup /usr/lib/python3/dist-packages/heat/engine/service.py:2391
2025-11-03 01:36:09.104 63935 DEBUG heat.engine.service [req-0ad7b161-fb6e-4aec-be8c-ef83a53495c3 - - - - -] Service d0c207f0-3467-43ad-b71d-678db1a49c52 was aborted service_manage_cleanup /usr/lib/python3/dist-packages/heat/engine/service.py:2391
2025-11-03 01:36:09.105 63936 DEBUG heat.engine.service [req-e205c7e5-495d-43d7-83dc-8179c6fca16c - - - - -] Service d0c207f0-3467-43ad-b71d-678db1a49c52 was aborted service_manage_cleanup /usr/lib/python3/dist-packages/heat/engine/service.py:2391
2025-11-03 01:36:09.105 63937 DEBUG heat.engine.service [req-50d0c685-46a6-49d2-9851-4f32f81a4462 - - - - -] Service d0c207f0-3467-43ad-b71d-678db1a49c52 was aborted service_manage_cleanup /usr/lib/python3/dist-packages/heat/engine/service.py:2391
2025-11-03 01:36:09.107 63938 DEBUG heat.engine.service [req-48a62ba7-bed0-445b-ae8f-a7744da73ed5 - - - - -] Service d0c207f0-3467-43ad-b71d-678db1a49c52 was aborted service_manage_cleanup /usr/lib/python3/dist-packages/heat/engine/service.py:2391
2025-11-03 01:36:09.115 63935 DEBUG heat.engine.service [req-0ad7b161-fb6e-4aec-be8c-ef83a53495c3 - - - - -] Service d1c4db49-4758-46ce-b75d-c0739f629c11 was aborted service_manage_cleanup /usr/lib/python3/dist-packages/heat/engine/service.py:2391
2025-11-03 01:36:09.115 63936 DEBUG heat.engine.service [req-e205c7e5-495d-43d7-83dc-8179c6fca16c - - - - -] Service d1c4db49-4758-46ce-b75d-c0739f629c11 was aborted service_manage_cleanup /usr/lib/python3/dist-packages/heat/engine/service.py:2391
2025-11-03 01:36:09.116 63937 DEBUG heat.engine.service [req-50d0c685-46a6-49d2-9851-4f32f81a4462 - - - - -] Service d1c4db49-4758-46ce-b75d-c0739f629c11 was aborted service_manage_cleanup /usr/lib/python3/dist-packages/heat/engine/service.py:2391
2025-11-03 01:36:09.117 63938 DEBUG heat.engine.service [req-48a62ba7-bed0-445b-ae8f-a7744da73ed5 - - - - -] Service d1c4db49-4758-46ce-b75d-c0739f629c11 was aborted service_manage_cleanup /usr/lib/python3/dist-packages/heat/engine/service.py:2391
2025-11-03 01:36:09.126 63936 DEBUG heat.engine.service [req-e205c7e5-495d-43d7-83dc-8179c6fca16c - - - - -] Service d890df2d-e891-45e4-8860-7d9b9d4c974e was aborted service_manage_cleanup /usr/lib/python3/dist-packages/heat/engine/service.py:2391
2025-11-03 01:36:09.127 63935 DEBUG heat.engine.service [req-0ad7b161-fb6e-4aec-be8c-ef83a53495c3 - - - - -] Service d890df2d-e891-45e4-8860-7d9b9d4c974e was aborted service_manage_cleanup /usr/lib/python3/dist-packages/heat/engine/service.py:2391
2025-11-03 01:36:09.128 63937 DEBUG heat.engine.service [req-50d0c685-46a6-49d2-9851-4f32f81a4462 - - - - -] Service d890df2d-e891-45e4-8860-7d9b9d4c974e was aborted service_manage_cleanup /usr/lib/python3/dist-packages/heat/engine/service.py:2391
2025-11-03 01:36:09.129 63938 DEBUG heat.engine.service [req-48a62ba7-bed0-445b-ae8f-a7744da73ed5 - - - - -] Service d890df2d-e891-45e4-8860-7d9b9d4c974e was aborted service_manage_cleanup /usr/lib/python3/dist-packages/heat/engine/service.py:2391
2025-11-03 01:36:09.137 63936 DEBUG heat.engine.service [req-e205c7e5-495d-43d7-83dc-8179c6fca16c - - - - -] Service f7d8bd95-184e-4a3d-8c46-410fd3387bed was aborted service_manage_cleanup /usr/lib/python3/dist-packages/heat/engine/service.py:2391
2025-11-03 01:36:09.138 63935 DEBUG heat.engine.service [req-0ad7b161-fb6e-4aec-be8c-ef83a53495c3 - - - - -] Service f7d8bd95-184e-4a3d-8c46-410fd3387bed was aborted service_manage_cleanup /usr/lib/python3/dist-packages/heat/engine/service.py:2391
2025-11-03 01:36:09.139 63938 DEBUG heat.engine.service [req-48a62ba7-bed0-445b-ae8f-a7744da73ed5 - - - - -] Service f7d8bd95-184e-4a3d-8c46-410fd3387bed was aborted service_manage_cleanup /usr/lib/python3/dist-packages/heat/engine/service.py:2391
2025-11-03 01:36:09.139 63937 DEBUG heat.engine.service [req-50d0c685-46a6-49d2-9851-4f32f81a4462 - - - - -] Service f7d8bd95-184e-4a3d-8c46-410fd3387bed was aborted service_manage_cleanup /usr/lib/python3/dist-packages/heat/engine/service.py:2391
2025-11-03 01:36:09.148 63936 DEBUG heat.engine.service [req-e205c7e5-495d-43d7-83dc-8179c6fca16c - - - - -] Service f89c4a24-2d2b-4320-8fff-e46d81f97519 was aborted service_manage_cleanup /usr/lib/python3/dist-packages/heat/engine/service.py:2391
2025-11-03 01:36:09.148 63935 DEBUG heat.engine.service [req-0ad7b161-fb6e-4aec-be8c-ef83a53495c3 - - - - -] Service f89c4a24-2d2b-4320-8fff-e46d81f97519 was aborted service_manage_cleanup /usr/lib/python3/dist-packages/heat/engine/service.py:2391
2025-11-03 01:36:09.149 63938 DEBUG heat.engine.service [req-48a62ba7-bed0-445b-ae8f-a7744da73ed5 - - - - -] Service f89c4a24-2d2b-4320-8fff-e46d81f97519 was aborted service_manage_cleanup /usr/lib/python3/dist-packages/heat/engine/service.py:2391
2025-11-03 01:36:09.150 63937 DEBUG heat.engine.service [req-50d0c685-46a6-49d2-9851-4f32f81a4462 - - - - -] Service f89c4a24-2d2b-4320-8fff-e46d81f97519 was aborted service_manage_cleanup /usr/lib/python3/dist-packages/heat/engine/service.py:2391
2025-11-03 01:36:09.159 63936 DEBUG heat.engine.service [req-e205c7e5-495d-43d7-83dc-8179c6fca16c - - - - -] Service f97d8221-7a7e-4c67-b856-7e9b45a2e388 was aborted service_manage_cleanup /usr/lib/python3/dist-packages/heat/engine/service.py:2391
2025-11-03 01:36:09.161 63935 DEBUG heat.engine.service [req-0ad7b161-fb6e-4aec-be8c-ef83a53495c3 - - - - -] Service f97d8221-7a7e-4c67-b856-7e9b45a2e388 was aborted service_manage_cleanup /usr/lib/python3/dist-packages/heat/engine/service.py:2391
2025-11-03 01:36:09.161 63938 DEBUG heat.engine.service [req-48a62ba7-bed0-445b-ae8f-a7744da73ed5 - - - - -] Service f97d8221-7a7e-4c67-b856-7e9b45a2e388 was aborted service_manage_cleanup /usr/lib/python3/dist-packages/heat/engine/service.py:2391
2025-11-03 01:36:09.162 63937 DEBUG heat.engine.service [req-50d0c685-46a6-49d2-9851-4f32f81a4462 - - - - -] Service f97d8221-7a7e-4c67-b856-7e9b45a2e388 was aborted service_manage_cleanup /usr/lib/python3/dist-packages/heat/engine/service.py:2391
2025-11-03 01:36:09.183 63936 DEBUG heat.engine.service [req-f7288a5c-9236-4ab1-974c-d7bb090aeae9 - - - - -] Service e2e4c9d9-8a18-42b0-a998-f6157d052f53 is started service_manage_report /usr/lib/python3/dist-packages/heat/engine/service.py:2363
2025-11-03 01:36:09.185 63938 DEBUG heat.engine.service [req-cd98b5a4-b912-43a5-9f1c-8b46371861c9 - - - - -] Service 10212d9a-cb62-4c56-9028-9a433e39ddb6 is started service_manage_report /usr/lib/python3/dist-packages/heat/engine/service.py:2363
2025-11-03 01:36:09.186 63937 DEBUG heat.engine.service [req-7d177ab3-16e3-4c45-a269-92318a550be9 - - - - -] Service 71461e4a-2ab2-4db0-82eb-9025115eba67 is started service_manage_report /usr/lib/python3/dist-packages/heat/engine/service.py:2363
2025-11-03 01:36:09.189 63935 DEBUG heat.engine.service [req-6aef7b7c-99f4-465d-939a-e3070c0723dd - - - - -] Service 4f3401f4-9598-4d0a-8818-2e93c8321baa is started service_manage_report /usr/lib/python3/dist-packages/heat/engine/service.py:2363
2025-11-03 01:36:09.197 63936 DEBUG heat.engine.service [req-f7288a5c-9236-4ab1-974c-d7bb090aeae9 - - - - -] Service e2e4c9d9-8a18-42b0-a998-f6157d052f53 is updated service_manage_report /usr/lib/python3/dist-packages/heat/engine/service.py:2370
2025-11-03 01:36:09.209 63935 DEBUG heat.engine.service [req-6aef7b7c-99f4-465d-939a-e3070c0723dd - - - - -] Service 4f3401f4-9598-4d0a-8818-2e93c8321baa is updated service_manage_report /usr/lib/python3/dist-packages/heat/engine/service.py:2370
2025-11-03 01:36:09.214 63938 DEBUG heat.engine.service [req-cd98b5a4-b912-43a5-9f1c-8b46371861c9 - - - - -] Service 10212d9a-cb62-4c56-9028-9a433e39ddb6 is updated service_manage_report /usr/lib/python3/dist-packages/heat/engine/service.py:2370
2025-11-03 01:36:09.228 63937 DEBUG heat.engine.service [req-7d177ab3-16e3-4c45-a269-92318a550be9 - - - - -] Service 71461e4a-2ab2-4db0-82eb-9025115eba67 is updated service_manage_report /usr/lib/python3/dist-packages/heat/engine/service.py:2370
2025-11-03 01:37:09.186 63936 DEBUG heat.engine.service [req-5bf4bb7a-441c-4605-b743-cd30451c7b5c - - - - -] Service e2e4c9d9-8a18-42b0-a998-f6157d052f53 is updated service_manage_report /usr/lib/python3/dist-packages/heat/engine/service.py:2370
2025-11-03 01:37:09.188 63937 DEBUG heat.engine.service [req-d3c60bc5-3ecc-4e1a-9cc4-93ec6306028b - - - - -] Service 71461e4a-2ab2-4db0-82eb-9025115eba67 is updated service_manage_report /usr/lib/python3/dist-packages/heat/engine/service.py:2370
2025-11-03 01:37:09.191 63938 DEBUG heat.engine.service [req-74ea7f74-bbd4-4bc3-ba18-f1320d1b3b12 - - - - -] Service 10212d9a-cb62-4c56-9028-9a433e39ddb6 is updated service_manage_report /usr/lib/python3/dist-packages/heat/engine/service.py:2370
2025-11-03 01:37:09.197 63935 DEBUG heat.engine.service [req-11aa87a7-9671-458f-8dfa-3ada42bfd4cd - - - - -] Service 4f3401f4-9598-4d0a-8818-2e93c8321baa is updated service_manage_report /usr/lib/python3/dist-packages/heat/engine/service.py:2370
2025-11-03 01:37:34.277 63938 DEBUG heat.engine.service [-] Attempting to stop engine service... _stop_rpc_server /usr/lib/python3/dist-packages/heat/engine/service.py:437
2025-11-03 01:37:34.277 63936 DEBUG heat.engine.service [-] Attempting to stop engine service... _stop_rpc_server /usr/lib/python3/dist-packages/heat/engine/service.py:437
2025-11-03 01:37:34.277 63935 DEBUG heat.engine.service [-] Attempting to stop engine service... _stop_rpc_server /usr/lib/python3/dist-packages/heat/engine/service.py:437
2025-11-03 01:37:34.277 63937 DEBUG heat.engine.service [-] Attempting to stop engine service... _stop_rpc_server /usr/lib/python3/dist-packages/heat/engine/service.py:437
2025-11-03 01:37:34.278 63708 INFO oslo_service.service [-] Caught SIGTERM, stopping children
2025-11-03 01:37:34.279 63708 DEBUG oslo_concurrency.lockutils [-] Acquired lock "singleton_lock" lock /usr/lib/python3/dist-packages/oslo_concurrency/lockutils.py:294
2025-11-03 01:37:34.279 63708 DEBUG oslo_concurrency.lockutils [-] Releasing lock "singleton_lock" lock /usr/lib/python3/dist-packages/oslo_concurrency/lockutils.py:312
2025-11-03 01:37:34.279 63708 DEBUG oslo_service.service [-] Stop services. stop /usr/lib/python3/dist-packages/oslo_service/service.py:695
2025-11-03 01:37:34.279 63708 INFO heat.engine.service [-] All threads were gone, terminating engine
2025-11-03 01:37:34.280 63708 DEBUG oslo_service.service [-] Killing children. stop /usr/lib/python3/dist-packages/oslo_service/service.py:700
2025-11-03 01:37:34.291 63708 INFO oslo_service.service [-] Waiting on 4 children to exit
2025-11-03 01:37:34.291 63708 INFO oslo_service.service [-] Child 63938 killed by signal 15
2025-11-03 01:37:34.294 63708 INFO oslo_service.service [-] Child 63936 killed by signal 15
2025-11-03 01:37:34.294 63708 INFO oslo_service.service [-] Child 63935 killed by signal 15
2025-11-03 01:37:34.295 63708 INFO oslo_service.service [-] Child 63937 killed by signal 15
2025-11-03 01:37:36.135 65313 DEBUG oslo_concurrency.lockutils [-] Lock "context-manager" acquired by "neutron_lib.db.api._create_context_manager" :: waited 0.000s inner /usr/lib/python3/dist-packages/oslo_concurrency/lockutils.py:386
2025-11-03 01:37:36.135 65313 DEBUG oslo_concurrency.lockutils [-] Lock "context-manager" "released" by "neutron_lib.db.api._create_context_manager" :: held 0.001s inner /usr/lib/python3/dist-packages/oslo_concurrency/lockutils.py:400
2025-11-03 01:37:38.577 65313 WARNING heat.engine.environment [-] OS::Aodh::Alarm is DEPRECATED. Theshold alarm relies on ceilometer-api and has been deprecated in aodh since Ocata. Use OS::Aodh::GnocchiAggregationByResourcesAlarm instead.
2025-11-03 01:37:38.578 65313 WARNING heat.engine.environment [-] OS::Aodh::CombinationAlarm is HIDDEN. OS::Aodh::CombinationAlarm is deprecated and has been removed from Aodh, use OS::Aodh::CompositeAlarm instead.
2025-11-03 01:37:38.578 65313 WARNING heat.engine.environment [-] OS::Designate::Domain is HIDDEN. This resource has been removed, use OS::Designate::Zone instead.
2025-11-03 01:37:38.578 65313 WARNING heat.engine.environment [-] OS::Designate::Record is HIDDEN. This resource has been removed, use OS::Designate::RecordSet instead.
2025-11-03 01:37:38.578 65313 WARNING heat.engine.environment [-] OS::Glance::Image is DEPRECATED. Creating a Glance Image based on an existing URL location requires the Glance v1 API, which is deprecated.
2025-11-03 01:37:38.579 65313 WARNING heat.engine.environment [-] OS::Heat::HARestarter is HIDDEN. The HARestarter resource type has been removed. Existing stacks containing HARestarter resources can still be used, but the HARestarter resource will be a placeholder that does nothing.
2025-11-03 01:37:38.579 65313 WARNING heat.engine.environment [-] OS::Heat::SoftwareDeployments is HIDDEN. Please use OS::Heat::SoftwareDeploymentGroup instead.
2025-11-03 01:37:38.579 65313 WARNING heat.engine.environment [-] OS::Heat::StructuredDeployments is HIDDEN. Please use OS::Heat::StructuredDeploymentGroup instead.
2025-11-03 01:37:38.579 65313 WARNING heat.engine.environment [-] OS::Magnum::Bay is HIDDEN. Please use OS::Magnum::Cluster instead.
2025-11-03 01:37:38.579 65313 WARNING heat.engine.environment [-] OS::Magnum::BayModel is HIDDEN. Please use OS::Magnum::ClusterTemplate instead.
2025-11-03 01:37:38.579 65313 WARNING heat.engine.environment [-] OS::Neutron::ExtraRoute is UNSUPPORTED. Use this resource at your own risk.
2025-11-03 01:37:38.580 65313 WARNING heat.engine.environment [-] OS::Neutron::HealthMonitor is HIDDEN. Use LBaaS V2 instead.
2025-11-03 01:37:38.580 65313 WARNING heat.engine.environment [-] OS::Neutron::Pool is HIDDEN. Use LBaaS V2 instead.
2025-11-03 01:37:38.580 65313 WARNING heat.engine.environment [-] OS::Neutron::PoolMember is HIDDEN. Use LBaaS V2 instead.
2025-11-03 01:37:38.580 65313 WARNING heat.engine.environment [-] OS::Neutron::LoadBalancer is HIDDEN. Use LBaaS V2 instead.
2025-11-03 01:37:38.580 65313 WARNING heat.engine.environment [-] OS::Neutron::RouterGateway is HIDDEN. Use the `external_gateway_info` property in the router resource to set up the gateway.
2025-11-03 01:37:38.580 65313 WARNING heat.engine.environment [-] OS::Nova::FloatingIP is HIDDEN. Please use OS::Neutron::FloatingIP instead.
2025-11-03 01:37:38.581 65313 WARNING heat.engine.environment [-] OS::Nova::FloatingIPAssociation is HIDDEN. Please use OS::Neutron::FloatingIPAssociation instead.
2025-11-03 01:37:38.583 65313 INFO heat.engine.environment [-] Loading /etc/heat/environment.d/default.yaml
2025-11-03 01:37:38.584 65313 INFO heat.engine.environment [-] Registered: [Plugin](User:False) AWS::AutoScaling::AutoScalingGroup ->
2025-11-03 01:37:38.584 65313 INFO heat.engine.environment [-] Registered: [Plugin](User:False) AWS::AutoScaling::LaunchConfiguration ->
2025-11-03 01:37:38.584 65313 INFO heat.engine.environment [-] Registered: [Plugin](User:False) AWS::AutoScaling::ScalingPolicy ->
2025-11-03 01:37:38.584 65313 INFO heat.engine.environment [-] Registered: [Plugin](User:False) AWS::CloudFormation::Stack ->
2025-11-03 01:37:38.584 65313 INFO heat.engine.environment [-] Registered: [Plugin](User:False) AWS::CloudFormation::WaitCondition ->
2025-11-03 01:37:38.584 65313 INFO heat.engine.environment [-] Registered: [Plugin](User:False) AWS::CloudFormation::WaitConditionHandle ->
2025-11-03 01:37:38.584 65313 INFO heat.engine.environment [-] Registered: [Plugin](User:False) AWS::EC2::EIP ->
2025-11-03 01:37:38.584 65313 INFO heat.engine.environment [-] Registered: [Plugin](User:False) AWS::EC2::EIPAssociation ->
2025-11-03 01:37:38.584 65313 INFO heat.engine.environment [-] Registered: [Plugin](User:False) AWS::EC2::Instance ->
2025-11-03 01:37:38.585 65313 INFO heat.engine.environment [-] Registered: [Plugin](User:False) AWS::EC2::InternetGateway ->
2025-11-03 01:37:38.585 65313 INFO heat.engine.environment [-] Registered: [Plugin](User:False) AWS::EC2::VPCGatewayAttachment ->
2025-11-03 01:37:38.585 65313 INFO heat.engine.environment [-] Registered: [Plugin](User:False) AWS::EC2::NetworkInterface ->
2025-11-03 01:37:38.585 65313 INFO heat.engine.environment [-] Registered: [Plugin](User:False) AWS::EC2::RouteTable ->
2025-11-03 01:37:38.585 65313 INFO heat.engine.environment [-] Registered: [Plugin](User:False) AWS::EC2::SubnetRouteTableAssociation ->
2025-11-03 01:37:38.585 65313 INFO heat.engine.environment [-] Registered: [Plugin](User:False) AWS::EC2::SecurityGroup ->
2025-11-03 01:37:38.585 65313 INFO heat.engine.environment [-] Registered: [Plugin](User:False) AWS::EC2::Subnet ->
2025-11-03 01:37:38.585 65313 INFO heat.engine.environment [-] Registered: [Plugin](User:False) AWS::EC2::Volume ->
2025-11-03 01:37:38.585 65313 INFO heat.engine.environment [-] Registered: [Plugin](User:False) AWS::EC2::VolumeAttachment ->
2025-11-03 01:37:38.585 65313 INFO heat.engine.environment [-] Registered: [Plugin](User:False) AWS::EC2::VPC ->
2025-11-03 01:37:38.585 65313 INFO heat.engine.environment [-] Registered: [Plugin](User:False) AWS::IAM::User ->
2025-11-03 01:37:38.586 65313 INFO heat.engine.environment [-] Registered: [Plugin](User:False) AWS::IAM::AccessKey ->
2025-11-03 01:37:38.586 65313 INFO heat.engine.environment [-] Registered: [Plugin](User:False) AWS::ElasticLoadBalancing::LoadBalancer ->
2025-11-03 01:37:38.586 65313 INFO heat.engine.environment [-] Registered: [Plugin](User:False) AWS::S3::Bucket ->
2025-11-03 01:37:38.586 65313 INFO heat.engine.environment [-] Registered: [Plugin](User:False) OS::Aodh::Alarm ->
2025-11-03 01:37:38.586 65313 INFO heat.engine.environment [-] Registered: [Plugin](User:False) OS::Aodh::CombinationAlarm ->
2025-11-03 01:37:38.586 65313 INFO heat.engine.environment [-] Registered: [Plugin](User:False) OS::Aodh::EventAlarm ->
2025-11-03 01:37:38.586 65313 INFO heat.engine.environment [-] Registered: [Plugin](User:False) OS::Aodh::LBMemberHealthAlarm ->
2025-11-03 01:37:38.586 65313 INFO heat.engine.environment [-] Registered: [Plugin](User:False) OS::Aodh::CompositeAlarm ->
2025-11-03 01:37:38.588 65313 INFO heat.engine.environment [-] Registered: [Plugin](User:False) OS::Aodh::GnocchiResourcesAlarm ->
2025-11-03 01:37:38.588 65313 INFO heat.engine.environment [-] Registered: [Plugin](User:False) OS::Aodh::GnocchiAggregationByMetricsAlarm ->
2025-11-03 01:37:38.588 65313 INFO heat.engine.environment [-] Registered: [Plugin](User:False) OS::Aodh::GnocchiAggregationByResourcesAlarm ->
2025-11-03 01:37:38.588 65313 INFO heat.engine.environment [-] Registered: [Plugin](User:False) OS::Barbican::GenericContainer ->
2025-11-03 01:37:38.588 65313 INFO heat.engine.environment [-] Registered: [Plugin](User:False) OS::Barbican::CertificateContainer ->
2025-11-03 01:37:38.588 65313 INFO heat.engine.environment [-] Registered: [Plugin](User:False) OS::Barbican::RSAContainer ->
2025-11-03 01:37:38.588 65313 INFO heat.engine.environment [-] Registered: [Plugin](User:False) OS::Barbican::Order ->
2025-11-03 01:37:38.589 65313 INFO heat.engine.environment [-] Registered: [Plugin](User:False) OS::Barbican::Secret ->
2025-11-03 01:37:38.589 65313 INFO heat.engine.environment [-] Registered: [Plugin](User:False) OS::Blazar::Host ->
2025-11-03 01:37:38.589 65313 INFO heat.engine.environment [-] Registered: [Plugin](User:False) OS::Blazar::Lease ->
2025-11-03 01:37:38.589 65313 INFO heat.engine.environment [-] Registered: [Plugin](User:False) OS::Cinder::EncryptedVolumeType ->
2025-11-03 01:37:38.589 65313 INFO heat.engine.environment [-] Registered: [Plugin](User:False) OS::Cinder::QoSSpecs ->
2025-11-03 01:37:38.589 65313 INFO heat.engine.environment [-] Registered: [Plugin](User:False) OS::Cinder::QoSAssociation ->
2025-11-03 01:37:38.589 65313 INFO heat.engine.environment [-] Registered: [Plugin](User:False) OS::Cinder::Quota ->
2025-11-03 01:37:38.589 65313 INFO heat.engine.environment [-] Registered: [Plugin](User:False) OS::Cinder::Volume ->
2025-11-03 01:37:38.589 65313 INFO heat.engine.environment [-] Registered: [Plugin](User:False) OS::Cinder::VolumeAttachment ->
2025-11-03 01:37:38.589 65313 INFO heat.engine.environment [-] Registered: [Plugin](User:False) OS::Cinder::VolumeType ->
2025-11-03 01:37:38.589 65313 INFO heat.engine.environment [-] Registered: [Plugin](User:False) OS::Designate::Domain ->
2025-11-03 01:37:38.590 65313 INFO heat.engine.environment [-] Registered: [Plugin](User:False) OS::Designate::Record ->
2025-11-03 01:37:38.590 65313 INFO heat.engine.environment [-] Registered: [Plugin](User:False) OS::Designate::RecordSet ->
2025-11-03 01:37:38.590 65313 INFO heat.engine.environment [-] Registered: [Plugin](User:False) OS::Designate::Zone ->
2025-11-03 01:37:38.590 65313 INFO heat.engine.environment [-] Registered: [Plugin](User:False) OS::Glance::Image ->
2025-11-03 01:37:38.590 65313 INFO heat.engine.environment [-] Registered: [Plugin](User:False) OS::Glance::WebImage ->
2025-11-03 01:37:38.590 65313 INFO heat.engine.environment [-] Registered: [Plugin](User:False) OS::Heat::AccessPolicy ->
2025-11-03 01:37:38.590 65313 INFO heat.engine.environment [-] Registered: [Plugin](User:False) OS::Heat::AutoScalingGroup ->
2025-11-03 01:37:38.590 65313 INFO heat.engine.environment [-] Registered: [Plugin](User:False) OS::Heat::CloudConfig ->
2025-11-03 01:37:38.590 65313 INFO heat.engine.environment [-] Registered: [Plugin](User:False) OS::Heat::Delay ->
2025-11-03 01:37:38.590 65313 INFO heat.engine.environment [-] Registered: [Plugin](User:False) OS::Heat::DeployedServer ->
2025-11-03 01:37:38.590 65313 INFO heat.engine.environment [-] Registered: [Plugin](User:False) OS::Heat::HARestarter ->
2025-11-03 01:37:38.590 65313 INFO heat.engine.environment [-] Registered: [Plugin](User:False) OS::Heat::InstanceGroup ->
2025-11-03 01:37:38.591 65313 INFO heat.engine.environment [-] Registered: [Plugin](User:False) OS::Heat::MultipartMime ->
2025-11-03 01:37:38.591 65313 INFO heat.engine.environment [-] Registered: [Plugin](User:False) OS::Heat::None ->
2025-11-03 01:37:38.591 65313 INFO heat.engine.environment [-] Registered: [Plugin](User:False) OS::Heat::RandomString ->
2025-11-03 01:37:38.591 65313 INFO heat.engine.environment [-] Registered: [Plugin](User:False) OS::Heat::Stack ->
2025-11-03 01:37:38.591 65313 INFO heat.engine.environment [-] Registered: [Plugin](User:False) OS::Heat::ResourceChain ->
2025-11-03 01:37:38.591 65313 INFO heat.engine.environment [-] Registered: [Plugin](User:False) OS::Heat::ResourceGroup ->
2025-11-03 01:37:38.591 65313 INFO heat.engine.environment [-] Registered: [Plugin](User:False) OS::Heat::ScalingPolicy ->
2025-11-03 01:37:38.591 65313 INFO heat.engine.environment [-] Registered: [Plugin](User:False) OS::Heat::SoftwareComponent ->
2025-11-03 01:37:38.591 65313 INFO heat.engine.environment [-] Registered: [Plugin](User:False) OS::Heat::SoftwareConfig ->
2025-11-03 01:37:38.591 65313 INFO heat.engine.environment [-] Registered: [Plugin](User:False) OS::Heat::SoftwareDeployment ->
2025-11-03 01:37:38.591 65313 INFO heat.engine.environment [-] Registered: [Plugin](User:False) OS::Heat::SoftwareDeploymentGroup ->
2025-11-03 01:37:38.591 65313 INFO heat.engine.environment [-] Registered: [Plugin](User:False) OS::Heat::SoftwareDeployments ->
2025-11-03 01:37:38.592 65313 INFO heat.engine.environment [-] Registered: [Plugin](User:False) OS::Heat::StructuredConfig ->
2025-11-03 01:37:38.592 65313 INFO heat.engine.environment [-] Registered: [Plugin](User:False) OS::Heat::StructuredDeployment ->
2025-11-03 01:37:38.592 65313 INFO heat.engine.environment [-] Registered: [Plugin](User:False) OS::Heat::StructuredDeploymentGroup ->
2025-11-03 01:37:38.592 65313 INFO heat.engine.environment [-] Registered: [Plugin](User:False) OS::Heat::StructuredDeployments ->
2025-11-03 01:37:38.592 65313 INFO heat.engine.environment [-] Registered: [Plugin](User:False) OS::Heat::SwiftSignal ->
2025-11-03 01:37:38.592 65313 INFO heat.engine.environment [-] Registered: [Plugin](User:False) OS::Heat::SwiftSignalHandle ->
2025-11-03 01:37:38.592 65313 INFO heat.engine.environment [-] Registered: [Plugin](User:False) OS::Heat::TestResource ->
2025-11-03 01:37:38.592 65313 INFO heat.engine.environment [-] Registered: [Plugin](User:False) OS::Heat::Value ->
2025-11-03 01:37:38.592 65313 INFO heat.engine.environment [-] Registered: [Plugin](User:False) OS::Heat::WaitCondition ->
2025-11-03 01:37:38.592 65313 INFO heat.engine.environment [-] Registered: [Plugin](User:False) OS::Heat::WaitConditionHandle ->
2025-11-03 01:37:38.592 65313 INFO heat.engine.environment [-] Registered: [Plugin](User:False) OS::Heat::UpdateWaitConditionHandle ->
2025-11-03 01:37:38.592 65313 INFO heat.engine.environment [-] Registered: [Plugin](User:False) OS::Ironic::Port ->
2025-11-03 01:37:38.593 65313 INFO heat.engine.environment [-] Registered: [Plugin](User:False) OS::Keystone::Domain ->
2025-11-03 01:37:38.593 65313 INFO heat.engine.environment [-] Registered: [Plugin](User:False) OS::Keystone::Endpoint ->
2025-11-03 01:37:38.593 65313 INFO heat.engine.environment [-] Registered: [Plugin](User:False) OS::Keystone::Group ->
2025-11-03 01:37:38.593 65313 INFO heat.engine.environment [-] Registered: [Plugin](User:False) OS::Keystone::Project ->
2025-11-03 01:37:38.593 65313 INFO heat.engine.environment [-] Registered: [Plugin](User:False) OS::Keystone::Region ->
2025-11-03 01:37:38.593 65313 INFO heat.engine.environment [-] Registered: [Plugin](User:False) OS::Keystone::Role ->
2025-11-03 01:37:38.593 65313 INFO heat.engine.environment [-] Registered: [Plugin](User:False) OS::Keystone::UserRoleAssignment ->
2025-11-03 01:37:38.593 65313 INFO heat.engine.environment [-] Registered: [Plugin](User:False) OS::Keystone::GroupRoleAssignment ->
2025-11-03 01:37:38.594 65313 INFO heat.engine.environment [-] Registered: [Plugin](User:False) OS::Keystone::Service ->
2025-11-03 01:37:38.594 65313 INFO heat.engine.environment [-] Registered: [Plugin](User:False) OS::Keystone::User ->
2025-11-03 01:37:38.594 65313 INFO heat.engine.environment [-] Registered: [Plugin](User:False) OS::Magnum::Bay ->
2025-11-03 01:37:38.594 65313 INFO heat.engine.environment [-] Registered: [Plugin](User:False) OS::Magnum::BayModel ->
2025-11-03 01:37:38.594 65313 INFO heat.engine.environment [-] Registered: [Plugin](User:False) OS::Magnum::Cluster ->
2025-11-03 01:37:38.595 65313 INFO heat.engine.environment [-] Registered: [Plugin](User:False) OS::Magnum::ClusterTemplate ->
2025-11-03 01:37:38.595 65313 INFO heat.engine.environment [-] Registered: [Plugin](User:False) OS::Manila::SecurityService ->
2025-11-03 01:37:38.596 65313 INFO heat.engine.environment [-] Registered: [Plugin](User:False) OS::Manila::Share ->
2025-11-03 01:37:38.596 65313 INFO heat.engine.environment [-] Registered: [Plugin](User:False) OS::Manila::ShareNetwork ->
2025-11-03 01:37:38.596 65313 INFO heat.engine.environment [-] Registered: [Plugin](User:False) OS::Manila::ShareType ->
2025-11-03 01:37:38.596 65313 INFO heat.engine.environment [-] Registered: [Plugin](User:False) OS::Mistral::CronTrigger ->
2025-11-03 01:37:38.596 65313 INFO heat.engine.environment [-] Registered: [Plugin](User:False) OS::Mistral::ExternalResource ->
2025-11-03 01:37:38.596 65313 INFO heat.engine.environment [-] Registered: [Plugin](User:False) OS::Mistral::Workflow ->
2025-11-03 01:37:38.596 65313 INFO heat.engine.environment [-] Registered: [Plugin](User:False) OS::Monasca::AlarmDefinition ->
2025-11-03 01:37:38.597 65313 INFO heat.engine.environment [-] Registered: [Plugin](User:False) OS::Monasca::Notification ->
2025-11-03 01:37:38.597 65313 INFO heat.engine.environment [-] Registered: [Plugin](User:False) OS::Neutron::AddressScope ->
2025-11-03 01:37:38.597 65313 INFO heat.engine.environment [-] Registered: [Plugin](User:False) OS::Neutron::ExtraRoute ->
2025-11-03 01:37:38.597 65313 INFO heat.engine.environment [-] Registered: [Plugin](User:False) OS::Neutron::ExtraRouteSet ->
2025-11-03 01:37:38.597 65313 INFO heat.engine.environment [-] Registered: [Plugin](User:False) OS::Neutron::Firewall ->
2025-11-03 01:37:38.597 65313 INFO heat.engine.environment [-] Registered: [Plugin](User:False) OS::Neutron::FirewallPolicy ->
2025-11-03 01:37:38.597 65313 INFO heat.engine.environment [-] Registered: [Plugin](User:False) OS::Neutron::FirewallRule ->
2025-11-03 01:37:38.598 65313 INFO heat.engine.environment [-] Registered: [Plugin](User:False) OS::Neutron::FloatingIP ->
2025-11-03 01:37:38.598 65313 INFO heat.engine.environment [-] Registered: [Plugin](User:False) OS::Neutron::FloatingIPAssociation ->
2025-11-03 01:37:38.598 65313 INFO heat.engine.environment [-] Registered: [Plugin](User:False) OS::Neutron::L2Gateway ->
2025-11-03 01:37:38.598 65313 INFO heat.engine.environment [-] Registered: [Plugin](User:False) OS::Neutron::L2GatewayConnection ->
2025-11-03 01:37:38.598 65313 INFO heat.engine.environment [-] Registered: [Plugin](User:False) OS::Neutron::LBaaS::HealthMonitor ->
2025-11-03 01:37:38.598 65313 INFO heat.engine.environment [-] Registered: [Plugin](User:False) OS::Neutron::LBaaS::L7Policy ->
2025-11-03 01:37:38.598 65313 INFO heat.engine.environment [-] Registered: [Plugin](User:False) OS::Neutron::LBaaS::L7Rule ->
2025-11-03 01:37:38.599 65313 INFO heat.engine.environment [-] Registered: [Plugin](User:False) OS::Neutron::LBaaS::Listener ->
2025-11-03 01:37:38.599 65313 INFO heat.engine.environment [-] Registered: [Plugin](User:False) OS::Neutron::LBaaS::LoadBalancer ->
2025-11-03 01:37:38.599 65313 INFO heat.engine.environment [-] Registered: [Plugin](User:False) OS::Neutron::LBaaS::Pool ->
2025-11-03 01:37:38.599 65313 INFO heat.engine.environment [-] Registered: [Plugin](User:False) OS::Neutron::LBaaS::PoolMember ->
2025-11-03 01:37:38.599 65313 INFO heat.engine.environment [-] Registered: [Plugin](User:False) OS::Neutron::HealthMonitor ->
2025-11-03 01:37:38.599 65313 INFO heat.engine.environment [-] Registered: [Plugin](User:False) OS::Neutron::Pool ->
2025-11-03 01:37:38.599 65313 INFO heat.engine.environment [-] Registered: [Plugin](User:False) OS::Neutron::PoolMember ->
2025-11-03 01:37:38.599 65313 INFO heat.engine.environment [-] Registered: [Plugin](User:False) OS::Neutron::LoadBalancer ->
2025-11-03 01:37:38.600 65313 INFO heat.engine.environment [-] Registered: [Plugin](User:False) OS::Neutron::MeteringLabel ->
2025-11-03 01:37:38.600 65313 INFO heat.engine.environment [-] Registered: [Plugin](User:False) OS::Neutron::MeteringRule ->
2025-11-03 01:37:38.600 65313 INFO heat.engine.environment [-] Registered: [Plugin](User:False) OS::Neutron::Net ->
2025-11-03 01:37:38.600 65313 INFO heat.engine.environment [-] Registered: [Plugin](User:False) OS::Neutron::NetworkGateway ->
2025-11-03 01:37:38.600 65313 INFO heat.engine.environment [-] Registered: [Plugin](User:False) OS::Neutron::Port ->
2025-11-03 01:37:38.600 65313 INFO heat.engine.environment [-] Registered: [Plugin](User:False) OS::Neutron::ProviderNet ->
2025-11-03 01:37:38.601 65313 INFO heat.engine.environment [-] Registered: [Plugin](User:False) OS::Neutron::QoSPolicy ->
2025-11-03 01:37:38.601 65313 INFO heat.engine.environment [-] Registered: [Plugin](User:False) OS::Neutron::QoSBandwidthLimitRule ->
2025-11-03 01:37:38.601 65313 INFO heat.engine.environment [-] Registered: [Plugin](User:False) OS::Neutron::QoSDscpMarkingRule ->
2025-11-03 01:37:38.601 65313 INFO heat.engine.environment [-] Registered: [Plugin](User:False) OS::Neutron::QoSMinimumBandwidthRule ->
2025-11-03 01:37:38.601 65313 INFO heat.engine.environment [-] Registered: [Plugin](User:False) OS::Neutron::Quota ->
2025-11-03 01:37:38.601 65313 INFO heat.engine.environment [-] Registered: [Plugin](User:False) OS::Neutron::RBACPolicy ->
2025-11-03 01:37:38.602 65313 INFO heat.engine.environment [-] Registered: [Plugin](User:False) OS::Neutron::Router ->
2025-11-03 01:37:38.602 65313 INFO heat.engine.environment [-] Registered: [Plugin](User:False) OS::Neutron::RouterInterface ->
2025-11-03 01:37:38.602 65313 INFO heat.engine.environment [-] Registered: [Plugin](User:False) OS::Neutron::RouterGateway ->
2025-11-03 01:37:38.602 65313 INFO heat.engine.environment [-] Registered: [Plugin](User:False) OS::Neutron::SecurityGroup ->
2025-11-03 01:37:38.602 65313 INFO heat.engine.environment [-] Registered: [Plugin](User:False) OS::Neutron::SecurityGroupRule ->
2025-11-03 01:37:38.602 65313 INFO heat.engine.environment [-] Registered: [Plugin](User:False) OS::Neutron::Segment ->
2025-11-03 01:37:38.602 65313 INFO heat.engine.environment [-] Registered: [Plugin](User:False) OS::Neutron::FlowClassifier ->
2025-11-03 01:37:38.602 65313 INFO heat.engine.environment [-] Registered: [Plugin](User:False) OS::Neutron::PortChain ->
2025-11-03 01:37:38.602 65313 INFO heat.engine.environment [-] Registered: [Plugin](User:False) OS::Neutron::PortPair ->
2025-11-03 01:37:38.602 65313 INFO heat.engine.environment [-] Registered: [Plugin](User:False) OS::Neutron::PortPairGroup ->
2025-11-03 01:37:38.603 65313 INFO heat.engine.environment [-] Registered: [Plugin](User:False) OS::Neutron::Subnet ->
2025-11-03 01:37:38.603 65313 INFO heat.engine.environment [-] Registered: [Plugin](User:False) OS::Neutron::SubnetPool ->
2025-11-03 01:37:38.603 65313 INFO heat.engine.environment [-] Registered: [Plugin](User:False) OS::Neutron::TaaS::TapFlow ->
2025-11-03 01:37:38.603 65313 INFO heat.engine.environment [-] Registered: [Plugin](User:False) OS::Neutron::TaaS::TapService ->
2025-11-03 01:37:38.603 65313 INFO heat.engine.environment [-] Registered: [Plugin](User:False) OS::Neutron::Trunk ->
2025-11-03 01:37:38.603 65313 INFO heat.engine.environment [-] Registered: [Plugin](User:False) OS::Neutron::VPNService ->
2025-11-03 01:37:38.603 65313 INFO heat.engine.environment [-] Registered: [Plugin](User:False) OS::Neutron::IPsecSiteConnection ->
2025-11-03 01:37:38.603 65313 INFO heat.engine.environment [-] Registered: [Plugin](User:False) OS::Neutron::IKEPolicy ->
2025-11-03 01:37:38.603 65313 INFO heat.engine.environment [-] Registered: [Plugin](User:False) OS::Neutron::IPsecPolicy ->
2025-11-03 01:37:38.603 65313 INFO heat.engine.environment [-] Registered: [Plugin](User:False) OS::Nova::Flavor ->
2025-11-03 01:37:38.603 65313 INFO heat.engine.environment [-] Registered: [Plugin](User:False) OS::Nova::FloatingIP ->
2025-11-03 01:37:38.603 65313 INFO heat.engine.environment [-] Registered: [Plugin](User:False) OS::Nova::FloatingIPAssociation ->
2025-11-03 01:37:38.604 65313 INFO heat.engine.environment [-] Registered: [Plugin](User:False) OS::Nova::HostAggregate ->
2025-11-03 01:37:38.604 65313 INFO heat.engine.environment [-] Registered: [Plugin](User:False) OS::Nova::KeyPair ->
2025-11-03 01:37:38.604 65313 INFO heat.engine.environment [-] Registered: [Plugin](User:False) OS::Nova::Quota ->
2025-11-03 01:37:38.604 65313 INFO heat.engine.environment [-] Registered: [Plugin](User:False) OS::Nova::Server ->
2025-11-03 01:37:38.604 65313 INFO heat.engine.environment [-] Registered: [Plugin](User:False) OS::Nova::ServerGroup ->
2025-11-03 01:37:38.604 65313 INFO heat.engine.environment [-] Registered: [Plugin](User:False) OS::Octavia::Flavor ->
2025-11-03 01:37:38.604 65313 INFO heat.engine.environment [-] Registered: [Plugin](User:False) OS::Octavia::FlavorProfile ->
2025-11-03 01:37:38.604 65313 INFO heat.engine.environment [-] Registered: [Plugin](User:False) OS::Octavia::HealthMonitor ->
2025-11-03 01:37:38.604 65313 INFO heat.engine.environment [-] Registered: [Plugin](User:False) OS::Octavia::L7Policy ->
2025-11-03 01:37:38.604 65313 INFO heat.engine.environment [-] Registered: [Plugin](User:False) OS::Octavia::L7Rule ->
2025-11-03 01:37:38.604 65313 INFO heat.engine.environment [-] Registered: [Plugin](User:False) OS::Octavia::Listener ->
2025-11-03 01:37:38.605 65313 INFO heat.engine.environment [-] Registered: [Plugin](User:False) OS::Octavia::LoadBalancer ->
2025-11-03 01:37:38.605 65313 INFO heat.engine.environment [-] Registered: [Plugin](User:False) OS::Octavia::Pool ->
2025-11-03 01:37:38.605 65313 INFO heat.engine.environment [-] Registered: [Plugin](User:False) OS::Octavia::PoolMember ->
2025-11-03 01:37:38.605 65313 INFO heat.engine.environment [-] Registered: [Plugin](User:False) OS::Octavia::Quota ->
2025-11-03 01:37:38.605 65313 INFO heat.engine.environment [-] Registered: [Plugin](User:False) OS::Sahara::Cluster ->
2025-11-03 01:37:38.605 65313 INFO heat.engine.environment [-] Registered: [Plugin](User:False) OS::Sahara::DataSource ->
2025-11-03 01:37:38.605 65313 INFO heat.engine.environment [-] Registered: [Plugin](User:False) OS::Sahara::ImageRegistry ->
2025-11-03 01:37:38.605 65313 INFO heat.engine.environment [-] Registered: [Plugin](User:False) OS::Sahara::Job ->
2025-11-03 01:37:38.605 65313 INFO heat.engine.environment [-] Registered: [Plugin](User:False) OS::Sahara::JobBinary ->
2025-11-03 01:37:38.605 65313 INFO heat.engine.environment [-] Registered: [Plugin](User:False) OS::Sahara::NodeGroupTemplate ->
2025-11-03 01:37:38.605 65313 INFO heat.engine.environment [-] Registered: [Plugin](User:False) OS::Sahara::ClusterTemplate ->
2025-11-03 01:37:38.605 65313 INFO heat.engine.environment [-] Registered: [Plugin](User:False) OS::Senlin::Cluster ->
2025-11-03 01:37:38.606 65313 INFO heat.engine.environment [-] Registered: [Plugin](User:False) OS::Senlin::Node ->
2025-11-03 01:37:38.606 65313 INFO heat.engine.environment [-] Registered: [Plugin](User:False) OS::Senlin::Policy ->
2025-11-03 01:37:38.606 65313 INFO heat.engine.environment [-] Registered: [Plugin](User:False) OS::Senlin::Profile ->
2025-11-03 01:37:38.606 65313 INFO heat.engine.environment [-] Registered: [Plugin](User:False) OS::Senlin::Receiver ->
2025-11-03 01:37:38.606 65313 INFO heat.engine.environment [-] Registered: [Plugin](User:False) OS::Swift::Container ->
2025-11-03 01:37:38.606 65313 INFO heat.engine.environment [-] Registered: [Plugin](User:False) OS::Trove::Cluster ->
2025-11-03 01:37:38.606 65313 INFO heat.engine.environment [-] Registered: [Plugin](User:False) OS::Trove::Instance ->
2025-11-03 01:37:38.606 65313 INFO heat.engine.environment [-] Registered: [Plugin](User:False) OS::Vitrage::Template ->
2025-11-03 01:37:38.606 65313 INFO heat.engine.environment [-] Registered: [Plugin](User:False) OS::Zaqar::Queue ->
2025-11-03 01:37:38.606 65313 INFO heat.engine.environment [-] Registered: [Plugin](User:False) OS::Zaqar::SignedQueueURL ->
2025-11-03 01:37:38.606 65313 INFO heat.engine.environment [-] Registered: [Plugin](User:False) OS::Zaqar::Subscription ->
2025-11-03 01:37:38.606 65313 INFO heat.engine.environment [-] Registered: [Plugin](User:False) OS::Zaqar::MistralTrigger ->
2025-11-03 01:37:38.607 65313 INFO heat.engine.environment [-] Registered: [Plugin](User:False) OS::ContrailV2::AccessControlList ->
2025-11-03 01:37:38.607 65313 INFO heat.engine.environment [-] Registered: [Plugin](User:False) OS::ContrailV2::AddressGroup ->
2025-11-03 01:37:38.607 65313 INFO heat.engine.environment [-] Registered: [Plugin](User:False) OS::ContrailV2::Alarm ->
2025-11-03 01:37:38.607 65313 INFO heat.engine.environment [-] Registered: [Plugin](User:False) OS::ContrailV2::AliasIp ->
2025-11-03 01:37:38.607 65313 INFO heat.engine.environment [-] Registered: [Plugin](User:False) OS::ContrailV2::AliasIpPool ->
2025-11-03 01:37:38.607 65313 INFO heat.engine.environment [-] Registered: [Plugin](User:False) OS::ContrailV2::AnalyticsAlarmNode ->
2025-11-03 01:37:38.607 65313 INFO heat.engine.environment [-] Registered: [Plugin](User:False) OS::ContrailV2::AnalyticsNode ->
2025-11-03 01:37:38.607 65313 INFO heat.engine.environment [-] Registered: [Plugin](User:False) OS::ContrailV2::AnalyticsSnmpNode ->
2025-11-03 01:37:38.607 65313 INFO heat.engine.environment [-] Registered: [Plugin](User:False) OS::ContrailV2::ApiAccessList ->
2025-11-03 01:37:38.607 65313 INFO heat.engine.environment [-] Registered: [Plugin](User:False) OS::ContrailV2::ApplicationPolicySet ->
2025-11-03 01:37:38.607 65313 INFO heat.engine.environment [-] Registered: [Plugin](User:False) OS::ContrailV2::BgpAsAService ->
2025-11-03 01:37:38.607 65313 INFO heat.engine.environment [-] Registered: [Plugin](User:False) OS::ContrailV2::BgpRouter ->
2025-11-03 01:37:38.608 65313 INFO heat.engine.environment [-] Registered: [Plugin](User:False) OS::ContrailV2::Bgpvpn ->
2025-11-03 01:37:38.608 65313 INFO heat.engine.environment [-] Registered: [Plugin](User:False) OS::ContrailV2::BridgeDomain ->
2025-11-03 01:37:38.608 65313 INFO heat.engine.environment [-] Registered: [Plugin](User:False) OS::ContrailV2::Card ->
2025-11-03 01:37:38.608 65313 INFO heat.engine.environment [-] Registered: [Plugin](User:False) OS::ContrailV2::CliConfig ->
2025-11-03 01:37:38.608 65313 INFO heat.engine.environment [-] Registered: [Plugin](User:False) OS::ContrailV2::ConfigDatabaseNode ->
2025-11-03 01:37:38.608 65313 INFO heat.engine.environment [-] Registered: [Plugin](User:False) OS::ContrailV2::ConfigNode ->
2025-11-03 01:37:38.608 65313 INFO heat.engine.environment [-] Registered: [Plugin](User:False) OS::ContrailV2::ConfigProperties ->
2025-11-03 01:37:38.608 65313 INFO heat.engine.environment [-] Registered: [Plugin](User:False) OS::ContrailV2::ConfigRoot ->
2025-11-03 01:37:38.608 65313 INFO heat.engine.environment [-] Registered: [Plugin](User:False) OS::ContrailV2::ControlNodeZone ->
2025-11-03 01:37:38.608 65313 INFO heat.engine.environment [-] Registered: [Plugin](User:False) OS::ContrailV2::CustomerAttachment ->
2025-11-03 01:37:38.608 65313 INFO heat.engine.environment [-] Registered: [Plugin](User:False) OS::ContrailV2::DataCenterInterconnect ->
2025-11-03 01:37:38.609 65313 INFO heat.engine.environment [-] Registered: [Plugin](User:False) OS::ContrailV2::DatabaseNode ->
2025-11-03 01:37:38.609 65313 INFO heat.engine.environment [-] Registered: [Plugin](User:False) OS::ContrailV2::DeviceChassis ->
2025-11-03 01:37:38.609 65313 INFO heat.engine.environment [-] Registered: [Plugin](User:False) OS::ContrailV2::DeviceFunctionalGroup ->
2025-11-03 01:37:38.609 65313 INFO heat.engine.environment [-] Registered: [Plugin](User:False) OS::ContrailV2::DeviceImage ->
2025-11-03 01:37:38.609 65313 INFO heat.engine.environment [-] Registered: [Plugin](User:False) OS::ContrailV2::DevicemgrNode ->
2025-11-03 01:37:38.609 65313 INFO heat.engine.environment [-] Registered: [Plugin](User:False) OS::ContrailV2::DiscoveryServiceAssignment ->
2025-11-03 01:37:38.609 65313 INFO heat.engine.environment [-] Registered: [Plugin](User:False) OS::ContrailV2::Domain ->
2025-11-03 01:37:38.609 65313 INFO heat.engine.environment [-] Registered: [Plugin](User:False) OS::ContrailV2::DsaRule ->
2025-11-03 01:37:38.609 65313 INFO heat.engine.environment [-] Registered: [Plugin](User:False) OS::ContrailV2::E2ServiceProvider ->
2025-11-03 01:37:38.609 65313 INFO heat.engine.environment [-] Registered: [Plugin](User:False) OS::ContrailV2::Fabric ->
2025-11-03 01:37:38.609 65313 INFO heat.engine.environment [-] Registered: [Plugin](User:False) OS::ContrailV2::FabricNamespace ->
2025-11-03 01:37:38.609 65313 INFO heat.engine.environment [-] Registered: [Plugin](User:False) OS::ContrailV2::FeatureConfig ->
2025-11-03 01:37:38.610 65313 INFO heat.engine.environment [-] Registered: [Plugin](User:False) OS::ContrailV2::FeatureFlag ->
2025-11-03 01:37:38.610 65313 INFO heat.engine.environment [-] Registered: [Plugin](User:False) OS::ContrailV2::Feature ->
2025-11-03 01:37:38.610 65313 INFO heat.engine.environment [-] Registered: [Plugin](User:False) OS::ContrailV2::FirewallPolicy ->
2025-11-03 01:37:38.610 65313 INFO heat.engine.environment [-] Registered: [Plugin](User:False) OS::ContrailV2::FirewallRule ->
2025-11-03 01:37:38.610 65313 INFO heat.engine.environment [-] Registered: [Plugin](User:False) OS::ContrailV2::FloatingIp ->
2025-11-03 01:37:38.610 65313 INFO heat.engine.environment [-] Registered: [Plugin](User:False) OS::ContrailV2::FloatingIpPool ->
