2025-11-03 01:37:49.459 66826 DEBUG oslo_service.service [-] heat_api_cfn.max_header_line = 16384 log_opt_values /usr/lib/python3/dist-packages/oslo_config/cfg.py:2609
2025-11-03 01:37:49.459 66826 DEBUG oslo_service.service [-] heat_api_cfn.tcp_keepidle = 600 log_opt_values /usr/lib/python3/dist-packages/oslo_config/cfg.py:2609
2025-11-03 01:37:49.459 66826 DEBUG oslo_service.service [-] heat_api_cfn.workers = 4 log_opt_values /usr/lib/python3/dist-packages/oslo_config/cfg.py:2609
2025-11-03 01:37:49.459 66826 DEBUG oslo_service.service [-] heat_api_cloudwatch.backlog = 4096 log_opt_values /usr/lib/python3/dist-packages/oslo_config/cfg.py:2609
2025-11-03 01:37:49.459 66826 DEBUG oslo_service.service [-] heat_api_cloudwatch.bind_host = 0.0.0.0 log_opt_values /usr/lib/python3/dist-packages/oslo_config/cfg.py:2609
2025-11-03 01:37:49.459 66826 DEBUG oslo_service.service [-] heat_api_cloudwatch.bind_port = 8003 log_opt_values /usr/lib/python3/dist-packages/oslo_config/cfg.py:2609
2025-11-03 01:37:49.459 66826 DEBUG oslo_service.service [-] heat_api_cloudwatch.cert_file = None log_opt_values /usr/lib/python3/dist-packages/oslo_config/cfg.py:2609
2025-11-03 01:37:49.459 66826 DEBUG oslo_service.service [-] heat_api_cloudwatch.key_file = None log_opt_values /usr/lib/python3/dist-packages/oslo_config/cfg.py:2609
2025-11-03 01:37:49.459 66826 DEBUG oslo_service.service [-] heat_api_cloudwatch.max_header_line = 16384 log_opt_values /usr/lib/python3/dist-packages/oslo_config/cfg.py:2609
2025-11-03 01:37:49.460 66826 DEBUG oslo_service.service [-] heat_api_cloudwatch.tcp_keepidle = 600 log_opt_values /usr/lib/python3/dist-packages/oslo_config/cfg.py:2609
2025-11-03 01:37:49.460 66826 DEBUG oslo_service.service [-] heat_api_cloudwatch.workers = 1 log_opt_values /usr/lib/python3/dist-packages/oslo_config/cfg.py:2609
2025-11-03 01:37:49.460 66826 DEBUG oslo_service.service [-] eventlet_opts.client_socket_timeout = 900 log_opt_values /usr/lib/python3/dist-packages/oslo_config/cfg.py:2609
2025-11-03 01:37:49.461 66826 DEBUG oslo_service.service [-] eventlet_opts.wsgi_keep_alive = True log_opt_values /usr/lib/python3/dist-packages/oslo_config/cfg.py:2609
2025-11-03 01:37:49.462 66826 DEBUG oslo_service.service [-] paste_deploy.api_paste_config = /etc/heat/api-paste.ini log_opt_values /usr/lib/python3/dist-packages/oslo_config/cfg.py:2609
2025-11-03 01:37:49.464 66826 DEBUG oslo_service.service [-] paste_deploy.flavor = None log_opt_values /usr/lib/python3/dist-packages/oslo_config/cfg.py:2609
2025-11-03 01:37:49.465 66826 DEBUG oslo_service.service [-] auth_password.allowed_auth_uris = [] log_opt_values /usr/lib/python3/dist-packages/oslo_config/cfg.py:2609
2025-11-03 01:37:49.465 66826 DEBUG oslo_service.service [-] auth_password.multi_cloud = False log_opt_values /usr/lib/python3/dist-packages/oslo_config/cfg.py:2609
2025-11-03 01:37:49.466 66826 DEBUG oslo_service.service [-] revision.heat_revision = unknown log_opt_values /usr/lib/python3/dist-packages/oslo_config/cfg.py:2609
2025-11-03 01:37:49.466 66826 DEBUG oslo_service.service [-] volumes.backups_enabled = True log_opt_values /usr/lib/python3/dist-packages/oslo_config/cfg.py:2609
2025-11-03 01:37:49.466 66826 DEBUG oslo_service.service [-] noauth.token_response = log_opt_values /usr/lib/python3/dist-packages/oslo_config/cfg.py:2609
2025-11-03 01:37:49.468 66826 DEBUG oslo_service.service [-] clients.ca_file = None log_opt_values /usr/lib/python3/dist-packages/oslo_config/cfg.py:2609
2025-11-03 01:37:49.469 66826 DEBUG oslo_service.service [-] clients.cert_file = None log_opt_values /usr/lib/python3/dist-packages/oslo_config/cfg.py:2609
2025-11-03 01:37:49.469 66826 DEBUG oslo_service.service [-] clients.endpoint_type = publicURL log_opt_values /usr/lib/python3/dist-packages/oslo_config/cfg.py:2609
2025-11-03 01:37:49.469 66826 DEBUG oslo_service.service [-] clients.insecure = False log_opt_values /usr/lib/python3/dist-packages/oslo_config/cfg.py:2609
2025-11-03 01:37:49.470 66826 DEBUG oslo_service.service [-] clients.key_file = None log_opt_values /usr/lib/python3/dist-packages/oslo_config/cfg.py:2609
2025-11-03 01:37:49.470 66826 DEBUG oslo_service.service [-] clients_aodh.ca_file = None log_opt_values /usr/lib/python3/dist-packages/oslo_config/cfg.py:2609
2025-11-03 01:37:49.470 66826 DEBUG oslo_service.service [-] clients_aodh.cert_file = None log_opt_values /usr/lib/python3/dist-packages/oslo_config/cfg.py:2609
2025-11-03 01:37:49.472 66826 DEBUG oslo_service.service [-] clients_aodh.endpoint_type = None log_opt_values /usr/lib/python3/dist-packages/oslo_config/cfg.py:2609
2025-11-03 01:37:49.472 66826 DEBUG oslo_service.service [-] clients_aodh.insecure = None log_opt_values /usr/lib/python3/dist-packages/oslo_config/cfg.py:2609
2025-11-03 01:37:49.472 66826 DEBUG oslo_service.service [-] clients_aodh.key_file = None log_opt_values /usr/lib/python3/dist-packages/oslo_config/cfg.py:2609
2025-11-03 01:37:49.472 66826 DEBUG oslo_service.service [-] clients_barbican.ca_file = None log_opt_values /usr/lib/python3/dist-packages/oslo_config/cfg.py:2609
2025-11-03 01:37:49.472 66826 DEBUG oslo_service.service [-] clients_barbican.cert_file = None log_opt_values /usr/lib/python3/dist-packages/oslo_config/cfg.py:2609
2025-11-03 01:37:49.472 66826 DEBUG oslo_service.service [-] clients_barbican.endpoint_type = None log_opt_values /usr/lib/python3/dist-packages/oslo_config/cfg.py:2609
2025-11-03 01:37:49.473 66826 DEBUG oslo_service.service [-] clients_barbican.insecure = None log_opt_values /usr/lib/python3/dist-packages/oslo_config/cfg.py:2609
2025-11-03 01:37:49.473 66826 DEBUG oslo_service.service [-] clients_barbican.key_file = None log_opt_values /usr/lib/python3/dist-packages/oslo_config/cfg.py:2609
2025-11-03 01:37:49.473 66826 DEBUG oslo_service.service [-] clients_cinder.ca_file = None log_opt_values /usr/lib/python3/dist-packages/oslo_config/cfg.py:2609
2025-11-03 01:37:49.474 66826 DEBUG oslo_service.service [-] clients_cinder.cert_file = None log_opt_values /usr/lib/python3/dist-packages/oslo_config/cfg.py:2609
2025-11-03 01:37:49.474 66826 DEBUG oslo_service.service [-] clients_cinder.endpoint_type = None log_opt_values /usr/lib/python3/dist-packages/oslo_config/cfg.py:2609
2025-11-03 01:37:49.474 66826 DEBUG oslo_service.service [-] clients_cinder.http_log_debug = False log_opt_values /usr/lib/python3/dist-packages/oslo_config/cfg.py:2609
2025-11-03 01:37:49.474 66826 DEBUG oslo_service.service [-] clients_cinder.insecure = None log_opt_values /usr/lib/python3/dist-packages/oslo_config/cfg.py:2609
2025-11-03 01:37:49.474 66826 DEBUG oslo_service.service [-] clients_cinder.key_file = None log_opt_values /usr/lib/python3/dist-packages/oslo_config/cfg.py:2609
2025-11-03 01:37:49.474 66826 DEBUG oslo_service.service [-] clients_designate.ca_file = None log_opt_values /usr/lib/python3/dist-packages/oslo_config/cfg.py:2609
2025-11-03 01:37:49.474 66826 DEBUG oslo_service.service [-] clients_designate.cert_file = None log_opt_values /usr/lib/python3/dist-packages/oslo_config/cfg.py:2609
2025-11-03 01:37:49.475 66826 DEBUG oslo_service.service [-] clients_designate.endpoint_type = None log_opt_values /usr/lib/python3/dist-packages/oslo_config/cfg.py:2609
2025-11-03 01:37:49.475 66826 DEBUG oslo_service.service [-] clients_designate.insecure = None log_opt_values /usr/lib/python3/dist-packages/oslo_config/cfg.py:2609
2025-11-03 01:37:49.475 66826 DEBUG oslo_service.service [-] clients_designate.key_file = None log_opt_values /usr/lib/python3/dist-packages/oslo_config/cfg.py:2609
2025-11-03 01:37:49.475 66826 DEBUG oslo_service.service [-] clients_glance.ca_file = None log_opt_values /usr/lib/python3/dist-packages/oslo_config/cfg.py:2609
2025-11-03 01:37:49.475 66826 DEBUG oslo_service.service [-] clients_glance.cert_file = None log_opt_values /usr/lib/python3/dist-packages/oslo_config/cfg.py:2609
2025-11-03 01:37:49.475 66826 DEBUG oslo_service.service [-] clients_glance.endpoint_type = None log_opt_values /usr/lib/python3/dist-packages/oslo_config/cfg.py:2609
2025-11-03 01:37:49.475 66826 DEBUG oslo_service.service [-] clients_glance.insecure = None log_opt_values /usr/lib/python3/dist-packages/oslo_config/cfg.py:2609
2025-11-03 01:37:49.475 66826 DEBUG oslo_service.service [-] clients_glance.key_file = None log_opt_values /usr/lib/python3/dist-packages/oslo_config/cfg.py:2609
2025-11-03 01:37:49.475 66826 DEBUG oslo_service.service [-] clients_heat.ca_file = None log_opt_values /usr/lib/python3/dist-packages/oslo_config/cfg.py:2609
2025-11-03 01:37:49.475 66826 DEBUG oslo_service.service [-] clients_heat.cert_file = None log_opt_values /usr/lib/python3/dist-packages/oslo_config/cfg.py:2609
2025-11-03 01:37:49.476 66826 DEBUG oslo_service.service [-] clients_heat.endpoint_type = None log_opt_values /usr/lib/python3/dist-packages/oslo_config/cfg.py:2609
2025-11-03 01:37:49.476 66826 DEBUG oslo_service.service [-] clients_heat.insecure = None log_opt_values /usr/lib/python3/dist-packages/oslo_config/cfg.py:2609
2025-11-03 01:37:49.476 66826 DEBUG oslo_service.service [-] clients_heat.key_file = None log_opt_values /usr/lib/python3/dist-packages/oslo_config/cfg.py:2609
2025-11-03 01:37:49.477 66826 DEBUG oslo_service.service [-] clients_heat.url = log_opt_values /usr/lib/python3/dist-packages/oslo_config/cfg.py:2609
2025-11-03 01:37:49.480 66826 DEBUG oslo_service.service [-] clients_keystone.auth_uri = http://252.22.41.245:5050 log_opt_values /usr/lib/python3/dist-packages/oslo_config/cfg.py:2609
2025-11-03 01:37:49.480 66826 DEBUG oslo_service.service [-] clients_keystone.ca_file = None log_opt_values /usr/lib/python3/dist-packages/oslo_config/cfg.py:2609
2025-11-03 01:37:49.480 66826 DEBUG oslo_service.service [-] clients_keystone.cert_file = None log_opt_values /usr/lib/python3/dist-packages/oslo_config/cfg.py:2609
2025-11-03 01:37:49.480 66826 DEBUG oslo_service.service [-] clients_keystone.endpoint_type = None log_opt_values /usr/lib/python3/dist-packages/oslo_config/cfg.py:2609
2025-11-03 01:37:49.480 66826 DEBUG oslo_service.service [-] clients_keystone.insecure = None log_opt_values /usr/lib/python3/dist-packages/oslo_config/cfg.py:2609
2025-11-03 01:37:49.480 66826 DEBUG oslo_service.service [-] clients_keystone.key_file = None log_opt_values /usr/lib/python3/dist-packages/oslo_config/cfg.py:2609
2025-11-03 01:37:49.480 66826 DEBUG oslo_service.service [-] clients_magnum.ca_file = None log_opt_values /usr/lib/python3/dist-packages/oslo_config/cfg.py:2609
2025-11-03 01:37:49.480 66826 DEBUG oslo_service.service [-] clients_magnum.cert_file = None log_opt_values /usr/lib/python3/dist-packages/oslo_config/cfg.py:2609
2025-11-03 01:37:49.481 66826 DEBUG oslo_service.service [-] clients_magnum.endpoint_type = None log_opt_values /usr/lib/python3/dist-packages/oslo_config/cfg.py:2609
2025-11-03 01:37:49.481 66826 DEBUG oslo_service.service [-] clients_magnum.insecure = None log_opt_values /usr/lib/python3/dist-packages/oslo_config/cfg.py:2609
2025-11-03 01:37:49.481 66826 DEBUG oslo_service.service [-] clients_magnum.key_file = None log_opt_values /usr/lib/python3/dist-packages/oslo_config/cfg.py:2609
2025-11-03 01:37:49.481 66826 DEBUG oslo_service.service [-] clients_manila.ca_file = None log_opt_values /usr/lib/python3/dist-packages/oslo_config/cfg.py:2609
2025-11-03 01:37:49.481 66826 DEBUG oslo_service.service [-] clients_manila.cert_file = None log_opt_values /usr/lib/python3/dist-packages/oslo_config/cfg.py:2609
2025-11-03 01:37:49.481 66826 DEBUG oslo_service.service [-] clients_manila.endpoint_type = None log_opt_values /usr/lib/python3/dist-packages/oslo_config/cfg.py:2609
2025-11-03 01:37:49.481 66826 DEBUG oslo_service.service [-] clients_manila.insecure = None log_opt_values /usr/lib/python3/dist-packages/oslo_config/cfg.py:2609
2025-11-03 01:37:49.481 66826 DEBUG oslo_service.service [-] clients_manila.key_file = None log_opt_values /usr/lib/python3/dist-packages/oslo_config/cfg.py:2609
2025-11-03 01:37:49.481 66826 DEBUG oslo_service.service [-] clients_mistral.ca_file = None log_opt_values /usr/lib/python3/dist-packages/oslo_config/cfg.py:2609
2025-11-03 01:37:49.482 66826 DEBUG oslo_service.service [-] clients_mistral.cert_file = None log_opt_values /usr/lib/python3/dist-packages/oslo_config/cfg.py:2609
2025-11-03 01:37:49.482 66826 DEBUG oslo_service.service [-] clients_mistral.endpoint_type = None log_opt_values /usr/lib/python3/dist-packages/oslo_config/cfg.py:2609
2025-11-03 01:37:49.482 66826 DEBUG oslo_service.service [-] clients_mistral.insecure = None log_opt_values /usr/lib/python3/dist-packages/oslo_config/cfg.py:2609
2025-11-03 01:37:49.482 66826 DEBUG oslo_service.service [-] clients_mistral.key_file = None log_opt_values /usr/lib/python3/dist-packages/oslo_config/cfg.py:2609
2025-11-03 01:37:49.482 66826 DEBUG oslo_service.service [-] clients_monasca.ca_file = None log_opt_values /usr/lib/python3/dist-packages/oslo_config/cfg.py:2609
2025-11-03 01:37:49.482 66826 DEBUG oslo_service.service [-] clients_monasca.cert_file = None log_opt_values /usr/lib/python3/dist-packages/oslo_config/cfg.py:2609
2025-11-03 01:37:49.482 66826 DEBUG oslo_service.service [-] clients_monasca.endpoint_type = None log_opt_values /usr/lib/python3/dist-packages/oslo_config/cfg.py:2609
2025-11-03 01:37:49.482 66826 DEBUG oslo_service.service [-] clients_monasca.insecure = None log_opt_values /usr/lib/python3/dist-packages/oslo_config/cfg.py:2609
2025-11-03 01:37:49.482 66826 DEBUG oslo_service.service [-] clients_monasca.key_file = None log_opt_values /usr/lib/python3/dist-packages/oslo_config/cfg.py:2609
2025-11-03 01:37:49.482 66826 DEBUG oslo_service.service [-] clients_neutron.ca_file = None log_opt_values /usr/lib/python3/dist-packages/oslo_config/cfg.py:2609
2025-11-03 01:37:49.483 66826 DEBUG oslo_service.service [-] clients_neutron.cert_file = None log_opt_values /usr/lib/python3/dist-packages/oslo_config/cfg.py:2609
2025-11-03 01:37:49.483 66826 DEBUG oslo_service.service [-] clients_neutron.endpoint_type = None log_opt_values /usr/lib/python3/dist-packages/oslo_config/cfg.py:2609
2025-11-03 01:37:49.483 66826 DEBUG oslo_service.service [-] clients_neutron.insecure = None log_opt_values /usr/lib/python3/dist-packages/oslo_config/cfg.py:2609
2025-11-03 01:37:49.483 66826 DEBUG oslo_service.service [-] clients_neutron.key_file = None log_opt_values /usr/lib/python3/dist-packages/oslo_config/cfg.py:2609
2025-11-03 01:37:49.483 66826 DEBUG oslo_service.service [-] clients_nova.ca_file = None log_opt_values /usr/lib/python3/dist-packages/oslo_config/cfg.py:2609
2025-11-03 01:37:49.483 66826 DEBUG oslo_service.service [-] clients_nova.cert_file = None log_opt_values /usr/lib/python3/dist-packages/oslo_config/cfg.py:2609
2025-11-03 01:37:49.483 66826 DEBUG oslo_service.service [-] clients_nova.endpoint_type = None log_opt_values /usr/lib/python3/dist-packages/oslo_config/cfg.py:2609
2025-11-03 01:37:49.483 66826 DEBUG oslo_service.service [-] clients_nova.http_log_debug = False log_opt_values /usr/lib/python3/dist-packages/oslo_config/cfg.py:2609
2025-11-03 01:37:49.483 66826 DEBUG oslo_service.service [-] clients_nova.insecure = None log_opt_values /usr/lib/python3/dist-packages/oslo_config/cfg.py:2609
2025-11-03 01:37:49.484 66826 DEBUG oslo_service.service [-] clients_nova.key_file = None log_opt_values /usr/lib/python3/dist-packages/oslo_config/cfg.py:2609
2025-11-03 01:37:49.484 66826 DEBUG oslo_service.service [-] clients_octavia.ca_file = None log_opt_values /usr/lib/python3/dist-packages/oslo_config/cfg.py:2609
2025-11-03 01:37:49.484 66826 DEBUG oslo_service.service [-] clients_octavia.cert_file = None log_opt_values /usr/lib/python3/dist-packages/oslo_config/cfg.py:2609
2025-11-03 01:37:49.485 66826 DEBUG oslo_service.service [-] clients_octavia.endpoint_type = None log_opt_values /usr/lib/python3/dist-packages/oslo_config/cfg.py:2609
2025-11-03 01:37:49.485 66826 DEBUG oslo_service.service [-] clients_octavia.insecure = None log_opt_values /usr/lib/python3/dist-packages/oslo_config/cfg.py:2609
2025-11-03 01:37:49.485 66826 DEBUG oslo_service.service [-] clients_octavia.key_file = None log_opt_values /usr/lib/python3/dist-packages/oslo_config/cfg.py:2609
2025-11-03 01:37:49.485 66826 DEBUG oslo_service.service [-] clients_sahara.ca_file = None log_opt_values /usr/lib/python3/dist-packages/oslo_config/cfg.py:2609
2025-11-03 01:37:49.485 66826 DEBUG oslo_service.service [-] clients_sahara.cert_file = None log_opt_values /usr/lib/python3/dist-packages/oslo_config/cfg.py:2609
2025-11-03 01:37:49.486 66826 DEBUG oslo_service.service [-] clients_sahara.endpoint_type = None log_opt_values /usr/lib/python3/dist-packages/oslo_config/cfg.py:2609
2025-11-03 01:37:49.486 66826 DEBUG oslo_service.service [-] clients_sahara.insecure = None log_opt_values /usr/lib/python3/dist-packages/oslo_config/cfg.py:2609
2025-11-03 01:37:49.486 66826 DEBUG oslo_service.service [-] clients_sahara.key_file = None log_opt_values /usr/lib/python3/dist-packages/oslo_config/cfg.py:2609
2025-11-03 01:37:49.486 66826 DEBUG oslo_service.service [-] clients_senlin.ca_file = None log_opt_values /usr/lib/python3/dist-packages/oslo_config/cfg.py:2609
2025-11-03 01:37:49.487 66826 DEBUG oslo_service.service [-] clients_senlin.cert_file = None log_opt_values /usr/lib/python3/dist-packages/oslo_config/cfg.py:2609
2025-11-03 01:37:49.487 66826 DEBUG oslo_service.service [-] clients_senlin.endpoint_type = None log_opt_values /usr/lib/python3/dist-packages/oslo_config/cfg.py:2609
2025-11-03 01:37:49.487 66826 DEBUG oslo_service.service [-] clients_senlin.insecure = None log_opt_values /usr/lib/python3/dist-packages/oslo_config/cfg.py:2609
2025-11-03 01:37:49.487 66826 DEBUG oslo_service.service [-] clients_senlin.key_file = None log_opt_values /usr/lib/python3/dist-packages/oslo_config/cfg.py:2609
2025-11-03 01:37:49.487 66826 DEBUG oslo_service.service [-] clients_swift.ca_file = None log_opt_values /usr/lib/python3/dist-packages/oslo_config/cfg.py:2609
2025-11-03 01:37:49.488 66826 DEBUG oslo_service.service [-] clients_swift.cert_file = None log_opt_values /usr/lib/python3/dist-packages/oslo_config/cfg.py:2609
2025-11-03 01:37:49.488 66826 DEBUG oslo_service.service [-] clients_swift.endpoint_type = None log_opt_values /usr/lib/python3/dist-packages/oslo_config/cfg.py:2609
2025-11-03 01:37:49.488 66826 DEBUG oslo_service.service [-] clients_swift.insecure = None log_opt_values /usr/lib/python3/dist-packages/oslo_config/cfg.py:2609
2025-11-03 01:37:49.488 66826 DEBUG oslo_service.service [-] clients_swift.key_file = None log_opt_values /usr/lib/python3/dist-packages/oslo_config/cfg.py:2609
2025-11-03 01:37:49.488 66826 DEBUG oslo_service.service [-] clients_trove.ca_file = None log_opt_values /usr/lib/python3/dist-packages/oslo_config/cfg.py:2609
2025-11-03 01:37:49.488 66826 DEBUG oslo_service.service [-] clients_trove.cert_file = None log_opt_values /usr/lib/python3/dist-packages/oslo_config/cfg.py:2609
2025-11-03 01:37:49.491 66826 DEBUG oslo_service.service [-] clients_trove.endpoint_type = None log_opt_values /usr/lib/python3/dist-packages/oslo_config/cfg.py:2609
2025-11-03 01:37:49.491 66826 DEBUG oslo_service.service [-] clients_trove.insecure = None log_opt_values /usr/lib/python3/dist-packages/oslo_config/cfg.py:2609
2025-11-03 01:37:49.491 66826 DEBUG oslo_service.service [-] clients_trove.key_file = None log_opt_values /usr/lib/python3/dist-packages/oslo_config/cfg.py:2609
2025-11-03 01:37:49.491 66826 DEBUG oslo_service.service [-] clients_vitrage.ca_file = None log_opt_values /usr/lib/python3/dist-packages/oslo_config/cfg.py:2609
2025-11-03 01:37:49.491 66826 DEBUG oslo_service.service [-] clients_vitrage.cert_file = None log_opt_values /usr/lib/python3/dist-packages/oslo_config/cfg.py:2609
2025-11-03 01:37:49.491 66826 DEBUG oslo_service.service [-] clients_vitrage.endpoint_type = None log_opt_values /usr/lib/python3/dist-packages/oslo_config/cfg.py:2609
2025-11-03 01:37:49.492 66826 DEBUG oslo_service.service [-] clients_vitrage.insecure = None log_opt_values /usr/lib/python3/dist-packages/oslo_config/cfg.py:2609
2025-11-03 01:37:49.492 66826 DEBUG oslo_service.service [-] clients_vitrage.key_file = None log_opt_values /usr/lib/python3/dist-packages/oslo_config/cfg.py:2609
2025-11-03 01:37:49.492 66826 DEBUG oslo_service.service [-] clients_zaqar.ca_file = None log_opt_values /usr/lib/python3/dist-packages/oslo_config/cfg.py:2609
2025-11-03 01:37:49.492 66826 DEBUG oslo_service.service [-] clients_zaqar.cert_file = None log_opt_values /usr/lib/python3/dist-packages/oslo_config/cfg.py:2609
2025-11-03 01:37:49.492 66826 DEBUG oslo_service.service [-] clients_zaqar.endpoint_type = None log_opt_values /usr/lib/python3/dist-packages/oslo_config/cfg.py:2609
2025-11-03 01:37:49.492 66826 DEBUG oslo_service.service [-] clients_zaqar.insecure = None log_opt_values /usr/lib/python3/dist-packages/oslo_config/cfg.py:2609
2025-11-03 01:37:49.492 66826 DEBUG oslo_service.service [-] clients_zaqar.key_file = None log_opt_values /usr/lib/python3/dist-packages/oslo_config/cfg.py:2609
2025-11-03 01:37:49.492 66826 DEBUG oslo_service.service [-] database.backend = sqlalchemy log_opt_values /usr/lib/python3/dist-packages/oslo_config/cfg.py:2609
2025-11-03 01:37:49.493 66826 DEBUG oslo_service.service [-] database.connection = **** log_opt_values /usr/lib/python3/dist-packages/oslo_config/cfg.py:2609
2025-11-03 01:37:49.493 66826 DEBUG oslo_service.service [-] database.connection_debug = 0 log_opt_values /usr/lib/python3/dist-packages/oslo_config/cfg.py:2609
2025-11-03 01:37:49.494 67165 INFO heat.engine.worker [-] Starting engine_worker (1.4) in engine cde95bef-94a9-41b3-b6c1-8a2e7a701836.
2025-11-03 01:37:49.498 67163 DEBUG oslo_db.sqlalchemy.engines [req-b3d56cba-e7c7-4f3d-a2e4-54159597ccf2 - - - - -] MySQL server mode set to STRICT_TRANS_TABLES,STRICT_ALL_TABLES,NO_ZERO_IN_DATE,NO_ZERO_DATE,ERROR_FOR_DIVISION_BY_ZERO,TRADITIONAL,NO_ENGINE_SUBSTITUTION _check_effective_sql_mode /usr/lib/python3/dist-packages/oslo_db/sqlalchemy/engines.py:314
2025-11-03 01:37:49.493 66826 DEBUG oslo_service.service [-] database.connection_parameters = log_opt_values /usr/lib/python3/dist-packages/oslo_config/cfg.py:2609
2025-11-03 01:37:49.500 66826 DEBUG oslo_service.service [-] database.connection_recycle_time = 3600 log_opt_values /usr/lib/python3/dist-packages/oslo_config/cfg.py:2609
2025-11-03 01:37:49.500 66826 DEBUG oslo_service.service [-] database.connection_trace = False log_opt_values /usr/lib/python3/dist-packages/oslo_config/cfg.py:2609
2025-11-03 01:37:49.500 66826 DEBUG oslo_service.service [-] database.db_inc_retry_interval = True log_opt_values /usr/lib/python3/dist-packages/oslo_config/cfg.py:2609
2025-11-03 01:37:49.500 66826 DEBUG oslo_service.service [-] database.db_max_retries = 20 log_opt_values /usr/lib/python3/dist-packages/oslo_config/cfg.py:2609
2025-11-03 01:37:49.501 66826 DEBUG oslo_service.service [-] database.db_max_retry_interval = 10 log_opt_values /usr/lib/python3/dist-packages/oslo_config/cfg.py:2609
2025-11-03 01:37:49.501 66826 DEBUG oslo_service.service [-] database.db_retry_interval = 1 log_opt_values /usr/lib/python3/dist-packages/oslo_config/cfg.py:2609
2025-11-03 01:37:49.501 66826 DEBUG oslo_service.service [-] database.max_overflow = 50 log_opt_values /usr/lib/python3/dist-packages/oslo_config/cfg.py:2609
2025-11-03 01:37:49.501 66826 DEBUG oslo_service.service [-] database.max_pool_size = 5 log_opt_values /usr/lib/python3/dist-packages/oslo_config/cfg.py:2609
2025-11-03 01:37:49.501 66826 DEBUG oslo_service.service [-] database.max_retries = 10 log_opt_values /usr/lib/python3/dist-packages/oslo_config/cfg.py:2609
2025-11-03 01:37:49.502 66826 DEBUG oslo_service.service [-] database.mysql_enable_ndb = False log_opt_values /usr/lib/python3/dist-packages/oslo_config/cfg.py:2609
2025-11-03 01:37:49.502 66826 DEBUG oslo_service.service [-] database.mysql_sql_mode = TRADITIONAL log_opt_values /usr/lib/python3/dist-packages/oslo_config/cfg.py:2609
2025-11-03 01:37:49.502 66826 DEBUG oslo_service.service [-] database.pool_timeout = None log_opt_values /usr/lib/python3/dist-packages/oslo_config/cfg.py:2609
2025-11-03 01:37:49.502 66826 DEBUG oslo_service.service [-] database.retry_interval = 10 log_opt_values /usr/lib/python3/dist-packages/oslo_config/cfg.py:2609
2025-11-03 01:37:49.502 66826 DEBUG oslo_service.service [-] database.slave_connection = **** log_opt_values /usr/lib/python3/dist-packages/oslo_config/cfg.py:2609
2025-11-03 01:37:49.502 66826 DEBUG oslo_service.service [-] database.sqlite_synchronous = True log_opt_values /usr/lib/python3/dist-packages/oslo_config/cfg.py:2609
2025-11-03 01:37:49.502 66826 DEBUG oslo_service.service [-] database.use_db_reconnect = False log_opt_values /usr/lib/python3/dist-packages/oslo_config/cfg.py:2609
2025-11-03 01:37:49.503 66826 DEBUG oslo_service.service [-] oslo_messaging_metrics.metrics_buffer_size = 1000 log_opt_values /usr/lib/python3/dist-packages/oslo_config/cfg.py:2609
2025-11-03 01:37:49.503 66826 DEBUG oslo_service.service [-] oslo_messaging_metrics.metrics_enabled = False log_opt_values /usr/lib/python3/dist-packages/oslo_config/cfg.py:2609
2025-11-03 01:37:49.503 66826 DEBUG oslo_service.service [-] oslo_messaging_metrics.metrics_process_name = log_opt_values /usr/lib/python3/dist-packages/oslo_config/cfg.py:2609
2025-11-03 01:37:49.503 66826 DEBUG oslo_service.service [-] oslo_messaging_metrics.metrics_socket_file = /var/tmp/metrics_collector.sock log_opt_values /usr/lib/python3/dist-packages/oslo_config/cfg.py:2609
2025-11-03 01:37:49.503 66826 DEBUG oslo_service.service [-] oslo_messaging_metrics.metrics_thread_stop_timeout = 10 log_opt_values /usr/lib/python3/dist-packages/oslo_config/cfg.py:2609
2025-11-03 01:37:49.504 66826 DEBUG oslo_service.service [-] oslo_policy.enforce_new_defaults = False log_opt_values /usr/lib/python3/dist-packages/oslo_config/cfg.py:2609
2025-11-03 01:37:49.504 66826 DEBUG oslo_service.service [-] oslo_policy.enforce_scope = False log_opt_values /usr/lib/python3/dist-packages/oslo_config/cfg.py:2609
2025-11-03 01:37:49.504 66826 DEBUG oslo_service.service [-] oslo_policy.policy_default_rule = default log_opt_values /usr/lib/python3/dist-packages/oslo_config/cfg.py:2609
2025-11-03 01:37:49.504 66826 DEBUG oslo_service.service [-] oslo_policy.policy_dirs = ['policy.d'] log_opt_values /usr/lib/python3/dist-packages/oslo_config/cfg.py:2609
2025-11-03 01:37:49.504 66826 DEBUG oslo_service.service [-] oslo_policy.policy_file = policy.yaml log_opt_values /usr/lib/python3/dist-packages/oslo_config/cfg.py:2609
2025-11-03 01:37:49.504 66826 DEBUG oslo_service.service [-] oslo_policy.remote_content_type = application/x-www-form-urlencoded log_opt_values /usr/lib/python3/dist-packages/oslo_config/cfg.py:2609
2025-11-03 01:37:49.505 66826 DEBUG oslo_service.service [-] oslo_policy.remote_ssl_ca_crt_file = None log_opt_values /usr/lib/python3/dist-packages/oslo_config/cfg.py:2609
2025-11-03 01:37:49.505 66826 DEBUG oslo_service.service [-] oslo_policy.remote_ssl_client_crt_file = None log_opt_values /usr/lib/python3/dist-packages/oslo_config/cfg.py:2609
2025-11-03 01:37:49.505 66826 DEBUG oslo_service.service [-] oslo_policy.remote_ssl_client_key_file = None log_opt_values /usr/lib/python3/dist-packages/oslo_config/cfg.py:2609
2025-11-03 01:37:49.505 66826 DEBUG oslo_service.service [-] oslo_policy.remote_ssl_verify_server_crt = False log_opt_values /usr/lib/python3/dist-packages/oslo_config/cfg.py:2609
2025-11-03 01:37:49.505 66826 DEBUG oslo_service.service [-] trustee.auth_section = None log_opt_values /usr/lib/python3/dist-packages/oslo_config/cfg.py:2609
2025-11-03 01:37:49.505 66826 WARNING oslo_config.cfg [-] Deprecated: Option "auth_plugin" from group "trustee" is deprecated. Use option "auth_type" from group "trustee".
2025-11-03 01:37:49.507 66826 DEBUG oslo_service.service [-] trustee.auth_type = password log_opt_values /usr/lib/python3/dist-packages/oslo_config/cfg.py:2609
2025-11-03 01:37:49.508 66826 DEBUG oslo_service.service [-] oslo_versionedobjects.fatal_exception_format_errors = False log_opt_values /usr/lib/python3/dist-packages/oslo_config/cfg.py:2609
2025-11-03 01:37:49.508 66826 DEBUG oslo_service.service [-] oslo_messaging_rabbit.amqp_auto_delete = False log_opt_values /usr/lib/python3/dist-packages/oslo_config/cfg.py:2609
2025-11-03 01:37:49.508 66826 DEBUG oslo_service.service [-] oslo_messaging_rabbit.amqp_durable_queues = False log_opt_values /usr/lib/python3/dist-packages/oslo_config/cfg.py:2609
2025-11-03 01:37:49.510 66826 DEBUG oslo_service.service [-] oslo_messaging_rabbit.conn_pool_min_size = 2 log_opt_values /usr/lib/python3/dist-packages/oslo_config/cfg.py:2609
2025-11-03 01:37:49.511 66826 DEBUG oslo_service.service [-] oslo_messaging_rabbit.conn_pool_ttl = 1200 log_opt_values /usr/lib/python3/dist-packages/oslo_config/cfg.py:2609
2025-11-03 01:37:49.511 66826 DEBUG oslo_service.service [-] oslo_messaging_rabbit.direct_mandatory_flag = True log_opt_values /usr/lib/python3/dist-packages/oslo_config/cfg.py:2609
2025-11-03 01:37:49.511 66826 DEBUG oslo_service.service [-] oslo_messaging_rabbit.enable_cancel_on_failover = False log_opt_values /usr/lib/python3/dist-packages/oslo_config/cfg.py:2609
2025-11-03 01:37:49.511 66826 DEBUG oslo_service.service [-] oslo_messaging_rabbit.heartbeat_in_pthread = False log_opt_values /usr/lib/python3/dist-packages/oslo_config/cfg.py:2609
2025-11-03 01:37:49.511 66826 DEBUG oslo_service.service [-] oslo_messaging_rabbit.heartbeat_rate = 2 log_opt_values /usr/lib/python3/dist-packages/oslo_config/cfg.py:2609
2025-11-03 01:37:49.511 66826 DEBUG oslo_service.service [-] oslo_messaging_rabbit.heartbeat_timeout_threshold = 60 log_opt_values /usr/lib/python3/dist-packages/oslo_config/cfg.py:2609
2025-11-03 01:37:49.511 66826 DEBUG oslo_service.service [-] oslo_messaging_rabbit.kombu_compression = None log_opt_values /usr/lib/python3/dist-packages/oslo_config/cfg.py:2609
2025-11-03 01:37:49.511 66826 DEBUG oslo_service.service [-] oslo_messaging_rabbit.kombu_failover_strategy = round-robin log_opt_values /usr/lib/python3/dist-packages/oslo_config/cfg.py:2609
2025-11-03 01:37:49.512 66826 DEBUG oslo_service.service [-] oslo_messaging_rabbit.kombu_missing_consumer_retry_timeout = 60 log_opt_values /usr/lib/python3/dist-packages/oslo_config/cfg.py:2609
2025-11-03 01:37:49.512 66826 DEBUG oslo_service.service [-] oslo_messaging_rabbit.kombu_reconnect_delay = 1.0 log_opt_values /usr/lib/python3/dist-packages/oslo_config/cfg.py:2609
2025-11-03 01:37:49.512 66826 DEBUG oslo_service.service [-] oslo_messaging_rabbit.rabbit_ha_queues = False log_opt_values /usr/lib/python3/dist-packages/oslo_config/cfg.py:2609
2025-11-03 01:37:49.512 66826 DEBUG oslo_service.service [-] oslo_messaging_rabbit.rabbit_interval_max = 30 log_opt_values /usr/lib/python3/dist-packages/oslo_config/cfg.py:2609
2025-11-03 01:37:49.512 66826 DEBUG oslo_service.service [-] oslo_messaging_rabbit.rabbit_login_method = AMQPLAIN log_opt_values /usr/lib/python3/dist-packages/oslo_config/cfg.py:2609
2025-11-03 01:37:49.512 66826 DEBUG oslo_service.service [-] oslo_messaging_rabbit.rabbit_qos_prefetch_count = 0 log_opt_values /usr/lib/python3/dist-packages/oslo_config/cfg.py:2609
2025-11-03 01:37:49.512 66826 DEBUG oslo_service.service [-] oslo_messaging_rabbit.rabbit_quorum_queue = False log_opt_values /usr/lib/python3/dist-packages/oslo_config/cfg.py:2609
2025-11-03 01:37:49.512 66826 DEBUG oslo_service.service [-] oslo_messaging_rabbit.rabbit_retry_backoff = 2 log_opt_values /usr/lib/python3/dist-packages/oslo_config/cfg.py:2609
2025-11-03 01:37:49.513 66826 DEBUG oslo_service.service [-] oslo_messaging_rabbit.rabbit_retry_interval = 1 log_opt_values /usr/lib/python3/dist-packages/oslo_config/cfg.py:2609
2025-11-03 01:37:49.513 66826 DEBUG oslo_service.service [-] oslo_messaging_rabbit.rabbit_transient_queues_ttl = 1800 log_opt_values /usr/lib/python3/dist-packages/oslo_config/cfg.py:2609
2025-11-03 01:37:49.513 66826 DEBUG oslo_service.service [-] oslo_messaging_rabbit.rpc_conn_pool_size = 30 log_opt_values /usr/lib/python3/dist-packages/oslo_config/cfg.py:2609
2025-11-03 01:37:49.513 66826 DEBUG oslo_service.service [-] oslo_messaging_rabbit.ssl = False log_opt_values /usr/lib/python3/dist-packages/oslo_config/cfg.py:2609
2025-11-03 01:37:49.513 66826 DEBUG oslo_service.service [-] oslo_messaging_rabbit.ssl_ca_file = log_opt_values /usr/lib/python3/dist-packages/oslo_config/cfg.py:2609
2025-11-03 01:37:49.513 66826 DEBUG oslo_service.service [-] oslo_messaging_rabbit.ssl_cert_file = log_opt_values /usr/lib/python3/dist-packages/oslo_config/cfg.py:2609
2025-11-03 01:37:49.513 66826 DEBUG oslo_service.service [-] oslo_messaging_rabbit.ssl_key_file = log_opt_values /usr/lib/python3/dist-packages/oslo_config/cfg.py:2609
2025-11-03 01:37:49.513 66826 DEBUG oslo_service.service [-] oslo_messaging_rabbit.ssl_version = log_opt_values /usr/lib/python3/dist-packages/oslo_config/cfg.py:2609
2025-11-03 01:37:49.514 66826 DEBUG oslo_service.service [-] oslo_messaging_notifications.driver = [] log_opt_values /usr/lib/python3/dist-packages/oslo_config/cfg.py:2609
2025-11-03 01:37:49.514 66826 DEBUG oslo_service.service [-] oslo_messaging_notifications.retry = -1 log_opt_values /usr/lib/python3/dist-packages/oslo_config/cfg.py:2609
2025-11-03 01:37:49.514 66826 DEBUG oslo_service.service [-] oslo_messaging_notifications.topics = ['notifications'] log_opt_values /usr/lib/python3/dist-packages/oslo_config/cfg.py:2609
2025-11-03 01:37:49.514 66826 DEBUG oslo_service.service [-] oslo_messaging_notifications.transport_url = **** log_opt_values /usr/lib/python3/dist-packages/oslo_config/cfg.py:2609
2025-11-03 01:37:49.514 66826 DEBUG oslo_service.service [-] cache.backend = dogpile.cache.null log_opt_values /usr/lib/python3/dist-packages/oslo_config/cfg.py:2609
2025-11-03 01:37:49.514 66826 DEBUG oslo_service.service [-] cache.backend_argument = **** log_opt_values /usr/lib/python3/dist-packages/oslo_config/cfg.py:2609
2025-11-03 01:37:49.514 66826 DEBUG oslo_service.service [-] cache.config_prefix = cache.oslo log_opt_values /usr/lib/python3/dist-packages/oslo_config/cfg.py:2609
2025-11-03 01:37:49.514 66826 DEBUG oslo_service.service [-] cache.debug_cache_backend = False log_opt_values /usr/lib/python3/dist-packages/oslo_config/cfg.py:2609
2025-11-03 01:37:49.515 66826 DEBUG oslo_service.service [-] cache.enabled = False log_opt_values /usr/lib/python3/dist-packages/oslo_config/cfg.py:2609
2025-11-03 01:37:49.515 66826 DEBUG oslo_service.service [-] cache.expiration_time = 600 log_opt_values /usr/lib/python3/dist-packages/oslo_config/cfg.py:2609
2025-11-03 01:37:49.515 66826 DEBUG oslo_service.service [-] cache.memcache_dead_retry = 300 log_opt_values /usr/lib/python3/dist-packages/oslo_config/cfg.py:2609
2025-11-03 01:37:49.515 66826 DEBUG oslo_service.service [-] cache.memcache_pool_connection_get_timeout = 10 log_opt_values /usr/lib/python3/dist-packages/oslo_config/cfg.py:2609
2025-11-03 01:37:49.515 66826 DEBUG oslo_service.service [-] cache.memcache_pool_flush_on_reconnect = False log_opt_values /usr/lib/python3/dist-packages/oslo_config/cfg.py:2609
2025-11-03 01:37:49.515 66826 DEBUG oslo_service.service [-] cache.memcache_pool_maxsize = 10 log_opt_values /usr/lib/python3/dist-packages/oslo_config/cfg.py:2609
2025-11-03 01:37:49.517 66826 DEBUG oslo_service.service [-] cache.memcache_pool_unused_timeout = 60 log_opt_values /usr/lib/python3/dist-packages/oslo_config/cfg.py:2609
2025-11-03 01:37:49.517 66826 DEBUG oslo_service.service [-] cache.memcache_servers = ['localhost:11211'] log_opt_values /usr/lib/python3/dist-packages/oslo_config/cfg.py:2609
2025-11-03 01:37:49.517 66826 DEBUG oslo_service.service [-] cache.memcache_socket_timeout = 1.0 log_opt_values /usr/lib/python3/dist-packages/oslo_config/cfg.py:2609
2025-11-03 01:37:49.517 66826 DEBUG oslo_service.service [-] cache.proxies = [] log_opt_values /usr/lib/python3/dist-packages/oslo_config/cfg.py:2609
2025-11-03 01:37:49.518 66826 DEBUG oslo_service.service [-] cache.tls_allowed_ciphers = None log_opt_values /usr/lib/python3/dist-packages/oslo_config/cfg.py:2609
2025-11-03 01:37:49.518 66826 DEBUG oslo_service.service [-] cache.tls_cafile = None log_opt_values /usr/lib/python3/dist-packages/oslo_config/cfg.py:2609
2025-11-03 01:37:49.518 66826 DEBUG oslo_service.service [-] cache.tls_certfile = None log_opt_values /usr/lib/python3/dist-packages/oslo_config/cfg.py:2609
2025-11-03 01:37:49.518 66826 DEBUG oslo_service.service [-] cache.tls_enabled = False log_opt_values /usr/lib/python3/dist-packages/oslo_config/cfg.py:2609
2025-11-03 01:37:49.518 66826 DEBUG oslo_service.service [-] cache.tls_keyfile = None log_opt_values /usr/lib/python3/dist-packages/oslo_config/cfg.py:2609
2025-11-03 01:37:49.519 66826 DEBUG oslo_service.service [-] constraint_validation_cache.caching = True log_opt_values /usr/lib/python3/dist-packages/oslo_config/cfg.py:2609
2025-11-03 01:37:49.519 66826 DEBUG oslo_service.service [-] constraint_validation_cache.expiration_time = 60 log_opt_values /usr/lib/python3/dist-packages/oslo_config/cfg.py:2609
2025-11-03 01:37:49.519 66826 DEBUG oslo_service.service [-] service_extension_cache.caching = True log_opt_values /usr/lib/python3/dist-packages/oslo_config/cfg.py:2609
2025-11-03 01:37:49.520 66826 DEBUG oslo_service.service [-] service_extension_cache.expiration_time = 3600 log_opt_values /usr/lib/python3/dist-packages/oslo_config/cfg.py:2609
2025-11-03 01:37:49.520 66826 DEBUG oslo_service.service [-] resource_finder_cache.caching = True log_opt_values /usr/lib/python3/dist-packages/oslo_config/cfg.py:2609
2025-11-03 01:37:49.520 66826 DEBUG oslo_service.service [-] resource_finder_cache.expiration_time = 3600 log_opt_values /usr/lib/python3/dist-packages/oslo_config/cfg.py:2609
2025-11-03 01:37:49.520 66826 DEBUG oslo_service.service [-] yaql.limit_iterators = 200 log_opt_values /usr/lib/python3/dist-packages/oslo_config/cfg.py:2609
2025-11-03 01:37:49.520 66826 DEBUG oslo_service.service [-] yaql.memory_quota = 10000 log_opt_values /usr/lib/python3/dist-packages/oslo_config/cfg.py:2609
2025-11-03 01:37:49.520 66826 DEBUG oslo_service.service [-] ******************************************************************************** log_opt_values /usr/lib/python3/dist-packages/oslo_config/cfg.py:2613
2025-11-03 01:37:49.539 67162 DEBUG oslo_db.sqlalchemy.engines [req-de33c53d-a3e2-4ceb-a39e-ca5bb3358832 - - - - -] MySQL server mode set to STRICT_TRANS_TABLES,STRICT_ALL_TABLES,NO_ZERO_IN_DATE,NO_ZERO_DATE,ERROR_FOR_DIVISION_BY_ZERO,TRADITIONAL,NO_ENGINE_SUBSTITUTION _check_effective_sql_mode /usr/lib/python3/dist-packages/oslo_db/sqlalchemy/engines.py:314
2025-11-03 01:37:49.565 67165 DEBUG oslo_db.sqlalchemy.engines [req-92aaf79a-5fb1-4298-876d-21a09df68a5d - - - - -] MySQL server mode set to STRICT_TRANS_TABLES,STRICT_ALL_TABLES,NO_ZERO_IN_DATE,NO_ZERO_DATE,ERROR_FOR_DIVISION_BY_ZERO,TRADITIONAL,NO_ENGINE_SUBSTITUTION _check_effective_sql_mode /usr/lib/python3/dist-packages/oslo_db/sqlalchemy/engines.py:314
2025-11-03 01:37:49.567 67164 DEBUG oslo_db.sqlalchemy.engines [req-951a0c07-79a3-4a58-a791-010356c3d673 - - - - -] MySQL server mode set to STRICT_TRANS_TABLES,STRICT_ALL_TABLES,NO_ZERO_IN_DATE,NO_ZERO_DATE,ERROR_FOR_DIVISION_BY_ZERO,TRADITIONAL,NO_ENGINE_SUBSTITUTION _check_effective_sql_mode /usr/lib/python3/dist-packages/oslo_db/sqlalchemy/engines.py:314
2025-11-03 01:37:49.586 67163 DEBUG heat.engine.service [req-96edfe46-2fc1-46b4-994d-c611725f040b - - - - -] Service ed8688c0-26cb-4338-beab-5385447fe6ec is started service_manage_report /usr/lib/python3/dist-packages/heat/engine/service.py:2363
2025-11-03 01:37:49.605 67163 DEBUG heat.engine.service [req-96edfe46-2fc1-46b4-994d-c611725f040b - - - - -] Service ed8688c0-26cb-4338-beab-5385447fe6ec is updated service_manage_report /usr/lib/python3/dist-packages/heat/engine/service.py:2370
2025-11-03 01:37:49.626 67162 DEBUG heat.engine.service [req-97563f4f-0b7b-4111-8d9d-67797c02d7ea - - - - -] Service 62a0b37a-2f42-48e3-854d-a27b3d38bfd1 is started service_manage_report /usr/lib/python3/dist-packages/heat/engine/service.py:2363
2025-11-03 01:37:49.645 67162 DEBUG heat.engine.service [req-97563f4f-0b7b-4111-8d9d-67797c02d7ea - - - - -] Service 62a0b37a-2f42-48e3-854d-a27b3d38bfd1 is updated service_manage_report /usr/lib/python3/dist-packages/heat/engine/service.py:2370
2025-11-03 01:37:49.657 67164 DEBUG heat.engine.service [req-2a216567-24ef-4841-9d70-1c37849e4c15 - - - - -] Service efd03525-2bbb-493b-a13b-8654f1d45607 is started service_manage_report /usr/lib/python3/dist-packages/heat/engine/service.py:2363
2025-11-03 01:37:49.658 67165 DEBUG heat.engine.service [req-e40479a9-caf7-494a-98e2-75c7dabb443b - - - - -] Service 4f7c85dc-4ba8-421c-9199-8af691e96eb7 is started service_manage_report /usr/lib/python3/dist-packages/heat/engine/service.py:2363
2025-11-03 01:37:49.674 67164 DEBUG heat.engine.service [req-2a216567-24ef-4841-9d70-1c37849e4c15 - - - - -] Service efd03525-2bbb-493b-a13b-8654f1d45607 is updated service_manage_report /usr/lib/python3/dist-packages/heat/engine/service.py:2370
2025-11-03 01:37:49.675 67165 DEBUG heat.engine.service [req-e40479a9-caf7-494a-98e2-75c7dabb443b - - - - -] Service 4f7c85dc-4ba8-421c-9199-8af691e96eb7 is updated service_manage_report /usr/lib/python3/dist-packages/heat/engine/service.py:2370
2025-11-03 01:38:49.581 67163 DEBUG heat.engine.service [req-ff76a34b-e45e-4468-8102-38860a46be5e - - - - -] Service ed8688c0-26cb-4338-beab-5385447fe6ec is updated service_manage_report /usr/lib/python3/dist-packages/heat/engine/service.py:2370
2025-11-03 01:38:49.610 67162 DEBUG heat.engine.service [req-aea0132d-2e5d-42f9-97e4-1984b52a3c1c - - - - -] Service 62a0b37a-2f42-48e3-854d-a27b3d38bfd1 is updated service_manage_report /usr/lib/python3/dist-packages/heat/engine/service.py:2370
2025-11-03 01:38:49.647 67164 DEBUG heat.engine.service [req-c9cddf87-2260-46eb-8c3d-a1e4ae2d84d4 - - - - -] Service efd03525-2bbb-493b-a13b-8654f1d45607 is updated service_manage_report /usr/lib/python3/dist-packages/heat/engine/service.py:2370
2025-11-03 01:38:49.648 67165 DEBUG heat.engine.service [req-b590ded4-f395-40d5-ac5d-b1f9d77cd8eb - - - - -] Service 4f7c85dc-4ba8-421c-9199-8af691e96eb7 is updated service_manage_report /usr/lib/python3/dist-packages/heat/engine/service.py:2370
2025-11-03 01:39:49.585 67163 DEBUG heat.engine.service [req-135da367-a932-404d-ae99-80e0ca55d75d - - - - -] Service ed8688c0-26cb-4338-beab-5385447fe6ec is updated service_manage_report /usr/lib/python3/dist-packages/heat/engine/service.py:2370
2025-11-03 01:39:49.607 67162 DEBUG heat.engine.service [req-0cab83bf-7ae6-41f5-85e7-c7087a39230b - - - - -] Service 62a0b37a-2f42-48e3-854d-a27b3d38bfd1 is updated service_manage_report /usr/lib/python3/dist-packages/heat/engine/service.py:2370
2025-11-03 01:39:49.652 67165 DEBUG heat.engine.service [req-f8b06a3f-2682-4a69-bfaf-c552e948411f - - - - -] Service 4f7c85dc-4ba8-421c-9199-8af691e96eb7 is updated service_manage_report /usr/lib/python3/dist-packages/heat/engine/service.py:2370
2025-11-03 01:39:49.653 67164 DEBUG heat.engine.service [req-0fb2bbbb-c7c6-4575-9d01-61fa06273e93 - - - - -] Service efd03525-2bbb-493b-a13b-8654f1d45607 is updated service_manage_report /usr/lib/python3/dist-packages/heat/engine/service.py:2370
2025-11-03 01:40:49.600 67163 DEBUG heat.engine.service [req-a87a61f2-e511-43b7-a58d-4afb86a6c9f6 - - - - -] Service ed8688c0-26cb-4338-beab-5385447fe6ec is updated service_manage_report /usr/lib/python3/dist-packages/heat/engine/service.py:2370
2025-11-03 01:40:49.618 67162 DEBUG heat.engine.service [req-cc9b99c4-fdf5-4ca4-acb4-267d73ba106c - - - - -] Service 62a0b37a-2f42-48e3-854d-a27b3d38bfd1 is updated service_manage_report /usr/lib/python3/dist-packages/heat/engine/service.py:2370
2025-11-03 01:40:49.651 67164 DEBUG heat.engine.service [req-b11fc5cb-bc86-4cf7-b7ab-c4653a8dd129 - - - - -] Service efd03525-2bbb-493b-a13b-8654f1d45607 is updated service_manage_report /usr/lib/python3/dist-packages/heat/engine/service.py:2370
2025-11-03 01:40:49.666 67165 DEBUG heat.engine.service [req-635192b5-c492-46e0-8462-133b9f45d7b3 - - - - -] Service 4f7c85dc-4ba8-421c-9199-8af691e96eb7 is updated service_manage_report /usr/lib/python3/dist-packages/heat/engine/service.py:2370
2025-11-03 01:41:49.585 67163 DEBUG heat.engine.service [req-7c3bf07e-1657-4bcf-8055-d26856ad5aa4 - - - - -] Service ed8688c0-26cb-4338-beab-5385447fe6ec is updated service_manage_report /usr/lib/python3/dist-packages/heat/engine/service.py:2370
2025-11-03 01:41:49.601 67162 DEBUG heat.engine.service [req-f28fb8a7-58e1-418c-b8cd-49d1c73a60fd - - - - -] Service 62a0b37a-2f42-48e3-854d-a27b3d38bfd1 is updated service_manage_report /usr/lib/python3/dist-packages/heat/engine/service.py:2370
2025-11-03 01:41:49.645 67164 DEBUG heat.engine.service [req-6e6e48c2-431f-430b-ba80-7a99eada4902 - - - - -] Service efd03525-2bbb-493b-a13b-8654f1d45607 is updated service_manage_report /usr/lib/python3/dist-packages/heat/engine/service.py:2370
2025-11-03 01:41:49.660 67165 DEBUG heat.engine.service [req-42952404-b248-4d95-8801-09ec7a4189c2 - - - - -] Service 4f7c85dc-4ba8-421c-9199-8af691e96eb7 is updated service_manage_report /usr/lib/python3/dist-packages/heat/engine/service.py:2370
2025-11-03 01:42:49.594 67163 DEBUG heat.engine.service [req-85fbedfc-77ec-4d48-8332-0ca7f88d5de4 - - - - -] Service ed8688c0-26cb-4338-beab-5385447fe6ec is updated service_manage_report /usr/lib/python3/dist-packages/heat/engine/service.py:2370
2025-11-03 01:42:49.604 67162 DEBUG heat.engine.service [req-50144274-8220-4e3d-9b06-41e667c9e055 - - - - -] Service 62a0b37a-2f42-48e3-854d-a27b3d38bfd1 is updated service_manage_report /usr/lib/python3/dist-packages/heat/engine/service.py:2370
2025-11-03 01:42:49.649 67164 DEBUG heat.engine.service [req-3f28eae5-8591-4d91-8b4e-341422817cbf - - - - -] Service efd03525-2bbb-493b-a13b-8654f1d45607 is updated service_manage_report /usr/lib/python3/dist-packages/heat/engine/service.py:2370
2025-11-03 01:42:49.662 67165 DEBUG heat.engine.service [req-6270b5c5-41b0-460c-bf66-730581777f7f - - - - -] Service 4f7c85dc-4ba8-421c-9199-8af691e96eb7 is updated service_manage_report /usr/lib/python3/dist-packages/heat/engine/service.py:2370
2025-11-03 01:43:49.589 67163 DEBUG heat.engine.service [req-10e3fe8e-b381-4248-b2e6-9255bafc38c8 - - - - -] Service ed8688c0-26cb-4338-beab-5385447fe6ec is updated service_manage_report /usr/lib/python3/dist-packages/heat/engine/service.py:2370
2025-11-03 01:43:49.610 67162 DEBUG heat.engine.service [req-88ad5e50-4fa3-4587-aff1-582b40da6990 - - - - -] Service 62a0b37a-2f42-48e3-854d-a27b3d38bfd1 is updated service_manage_report /usr/lib/python3/dist-packages/heat/engine/service.py:2370
2025-11-03 01:43:49.655 67164 DEBUG heat.engine.service [req-fef3f8ad-913b-44d9-91a3-f1889d1993d9 - - - - -] Service efd03525-2bbb-493b-a13b-8654f1d45607 is updated service_manage_report /usr/lib/python3/dist-packages/heat/engine/service.py:2370
2025-11-03 01:43:49.665 67165 DEBUG heat.engine.service [req-ed83a43a-9853-4ca7-9c77-45c38d7f782e - - - - -] Service 4f7c85dc-4ba8-421c-9199-8af691e96eb7 is updated service_manage_report /usr/lib/python3/dist-packages/heat/engine/service.py:2370
2025-11-03 01:44:49.594 67163 DEBUG heat.engine.service [req-c17f5ccc-2081-4dae-a24c-15d5b0dc770b - - - - -] Service ed8688c0-26cb-4338-beab-5385447fe6ec is updated service_manage_report /usr/lib/python3/dist-packages/heat/engine/service.py:2370
2025-11-03 01:44:49.614 67162 DEBUG heat.engine.service [req-178e5e94-26eb-4603-843e-b1e158ba97ac - - - - -] Service 62a0b37a-2f42-48e3-854d-a27b3d38bfd1 is updated service_manage_report /usr/lib/python3/dist-packages/heat/engine/service.py:2370
2025-11-03 01:44:49.658 67164 DEBUG heat.engine.service [req-93898901-a7b9-45c6-9af7-985a3cd13fa6 - - - - -] Service efd03525-2bbb-493b-a13b-8654f1d45607 is updated service_manage_report /usr/lib/python3/dist-packages/heat/engine/service.py:2370
2025-11-03 01:44:49.669 67165 DEBUG heat.engine.service [req-2e850930-2bb1-4b7b-a95f-e2e623f04db4 - - - - -] Service 4f7c85dc-4ba8-421c-9199-8af691e96eb7 is updated service_manage_report /usr/lib/python3/dist-packages/heat/engine/service.py:2370
2025-11-03 01:45:49.598 67163 DEBUG heat.engine.service [req-b54dce50-c76e-4296-aa2c-f9ef3e3516b2 - - - - -] Service ed8688c0-26cb-4338-beab-5385447fe6ec is updated service_manage_report /usr/lib/python3/dist-packages/heat/engine/service.py:2370
2025-11-03 01:45:49.617 67162 DEBUG heat.engine.service [req-083d7cbd-ecfb-42e8-8bfb-214bc8ff4de5 - - - - -] Service 62a0b37a-2f42-48e3-854d-a27b3d38bfd1 is updated service_manage_report /usr/lib/python3/dist-packages/heat/engine/service.py:2370
2025-11-03 01:45:49.664 67164 DEBUG heat.engine.service [req-76f75f89-5cc4-4c08-b61c-34f783e6b4a3 - - - - -] Service efd03525-2bbb-493b-a13b-8654f1d45607 is updated service_manage_report /usr/lib/python3/dist-packages/heat/engine/service.py:2370
2025-11-03 01:45:49.672 67165 DEBUG heat.engine.service [req-2755a06d-5356-4c8e-9b7d-d8978f51dda7 - - - - -] Service 4f7c85dc-4ba8-421c-9199-8af691e96eb7 is updated service_manage_report /usr/lib/python3/dist-packages/heat/engine/service.py:2370
2025-11-03 01:46:49.602 67163 DEBUG heat.engine.service [req-d4c6c45e-5fb9-40f1-ae65-f8375978e108 - - - - -] Service ed8688c0-26cb-4338-beab-5385447fe6ec is updated service_manage_report /usr/lib/python3/dist-packages/heat/engine/service.py:2370
2025-11-03 01:46:49.626 67162 DEBUG heat.engine.service [req-2116d4da-2f66-4437-be15-94c7dbd36069 - - - - -] Service 62a0b37a-2f42-48e3-854d-a27b3d38bfd1 is updated service_manage_report /usr/lib/python3/dist-packages/heat/engine/service.py:2370
