2025-11-03 01:48:41.182 7 DEBUG oslo_service.service [-] ml2_type_gre.tunnel_id_ranges = [] log_opt_values /var/lib/kolla/venv/lib/python3.6/site-packages/oslo_config/cfg.py:2611
2025-11-03 01:48:41.182 7 DEBUG oslo_service.service [-] ml2_type_vlan.network_vlan_ranges = [] log_opt_values /var/lib/kolla/venv/lib/python3.6/site-packages/oslo_config/cfg.py:2611
2025-11-03 01:48:41.182 7 DEBUG oslo_service.service [-] ml2_type_vxlan.vni_ranges = [] log_opt_values /var/lib/kolla/venv/lib/python3.6/site-packages/oslo_config/cfg.py:2611
2025-11-03 01:48:41.182 7 DEBUG oslo_service.service [-] ml2_type_vxlan.vxlan_group = None log_opt_values /var/lib/kolla/venv/lib/python3.6/site-packages/oslo_config/cfg.py:2611
2025-11-03 01:48:41.182 7 DEBUG oslo_service.service [-] database.backend = sqlalchemy log_opt_values /var/lib/kolla/venv/lib/python3.6/site-packages/oslo_config/cfg.py:2611
2025-11-03 01:48:41.182 7 DEBUG oslo_service.service [-] database.connection = **** log_opt_values /var/lib/kolla/venv/lib/python3.6/site-packages/oslo_config/cfg.py:2611
2025-11-03 01:48:41.182 7 DEBUG oslo_service.service [-] database.connection_debug = 0 log_opt_values /var/lib/kolla/venv/lib/python3.6/site-packages/oslo_config/cfg.py:2611
2025-11-03 01:48:41.182 7 DEBUG oslo_service.service [-] database.connection_parameters = log_opt_values /var/lib/kolla/venv/lib/python3.6/site-packages/oslo_config/cfg.py:2611
2025-11-03 01:48:41.182 7 DEBUG oslo_service.service [-] database.connection_recycle_time = 10 log_opt_values /var/lib/kolla/venv/lib/python3.6/site-packages/oslo_config/cfg.py:2611
2025-11-03 01:48:41.183 7 DEBUG oslo_service.service [-] database.connection_trace = False log_opt_values /var/lib/kolla/venv/lib/python3.6/site-packages/oslo_config/cfg.py:2611
2025-11-03 01:48:41.183 7 DEBUG oslo_service.service [-] database.db_inc_retry_interval = True log_opt_values /var/lib/kolla/venv/lib/python3.6/site-packages/oslo_config/cfg.py:2611
2025-11-03 01:48:41.183 7 DEBUG oslo_service.service [-] database.db_max_retries = 20 log_opt_values /var/lib/kolla/venv/lib/python3.6/site-packages/oslo_config/cfg.py:2611
2025-11-03 01:48:41.183 7 DEBUG oslo_service.service [-] database.db_max_retry_interval = 10 log_opt_values /var/lib/kolla/venv/lib/python3.6/site-packages/oslo_config/cfg.py:2611
2025-11-03 01:48:41.183 7 DEBUG oslo_service.service [-] database.db_retry_interval = 1 log_opt_values /var/lib/kolla/venv/lib/python3.6/site-packages/oslo_config/cfg.py:2611
2025-11-03 01:48:41.183 7 DEBUG oslo_service.service [-] database.max_overflow = 50 log_opt_values /var/lib/kolla/venv/lib/python3.6/site-packages/oslo_config/cfg.py:2611
2025-11-03 01:48:41.183 7 DEBUG oslo_service.service [-] database.max_pool_size = 1 log_opt_values /var/lib/kolla/venv/lib/python3.6/site-packages/oslo_config/cfg.py:2611
2025-11-03 01:48:41.183 7 DEBUG oslo_service.service [-] database.max_retries = -1 log_opt_values /var/lib/kolla/venv/lib/python3.6/site-packages/oslo_config/cfg.py:2611
2025-11-03 01:48:41.183 7 DEBUG oslo_service.service [-] database.mysql_enable_ndb = False log_opt_values /var/lib/kolla/venv/lib/python3.6/site-packages/oslo_config/cfg.py:2611
2025-11-03 01:48:41.183 7 DEBUG oslo_service.service [-] database.mysql_sql_mode = TRADITIONAL log_opt_values /var/lib/kolla/venv/lib/python3.6/site-packages/oslo_config/cfg.py:2611
2025-11-03 01:48:41.183 7 DEBUG oslo_service.service [-] database.pool_timeout = None log_opt_values /var/lib/kolla/venv/lib/python3.6/site-packages/oslo_config/cfg.py:2611
2025-11-03 01:48:41.183 7 DEBUG oslo_service.service [-] database.retry_interval = 10 log_opt_values /var/lib/kolla/venv/lib/python3.6/site-packages/oslo_config/cfg.py:2611
2025-11-03 01:48:41.183 7 DEBUG oslo_service.service [-] database.slave_connection = **** log_opt_values /var/lib/kolla/venv/lib/python3.6/site-packages/oslo_config/cfg.py:2611
2025-11-03 01:48:41.183 7 DEBUG oslo_service.service [-] database.sqlite_synchronous = True log_opt_values /var/lib/kolla/venv/lib/python3.6/site-packages/oslo_config/cfg.py:2611
2025-11-03 01:48:41.183 7 DEBUG oslo_service.service [-] database.use_db_reconnect = False log_opt_values /var/lib/kolla/venv/lib/python3.6/site-packages/oslo_config/cfg.py:2611
2025-11-03 01:48:41.183 7 DEBUG oslo_service.service [-] ******************************************************************************** log_opt_values /var/lib/kolla/venv/lib/python3.6/site-packages/oslo_config/cfg.py:2613
2025-11-03 01:48:42.671 22 DEBUG neutron.wsgi [-] (22) accepted ('10.0.0.27', 45076) server /var/lib/kolla/venv/lib/python3.6/site-packages/eventlet/wsgi.py:1004
2025-11-03 01:48:42.684 22 INFO neutron.wsgi [-] 10.0.0.27 "GET / HTTP/1.1" status: 200 len: 227 time: 0.0110538
2025-11-03 01:48:45.467 23 DEBUG neutron.api.rpc.handlers.dhcp_rpc [req-0bd298ef-9c23-4480-84a9-838a8bbade8f - - - - -] get_active_networks_info from cn-jenkins-deploy-platform-ansible-os-4600-1 get_active_networks_info /var/lib/kolla/venv/lib/python3.6/site-packages/neutron/api/rpc/handlers/dhcp_rpc.py:159
2025-11-03 01:48:45.506 28 DEBUG neutron_lib.callbacks.manager [req-fac631cc-be58-4caf-b95d-827a39f42b7a - - - - -] Publish callbacks ['neutron.services.segments.db._update_segment_host_mapping_for_agent-8733643079539', 'neutron.services.l3_router.l3_router_plugin.DVRResourceOperationHandler.create_fip_agent_gw_ports-1653507'] for agent (3079b8d1-f07d-493e-bb31-e309de4b4a1a), after_create _notify_loop /var/lib/kolla/venv/lib/python3.6/site-packages/neutron_lib/callbacks/manager.py:177
2025-11-03 01:48:45.514 23 DEBUG neutron.scheduler.dhcp_agent_scheduler [req-0bd298ef-9c23-4480-84a9-838a8bbade8f - - - - -] No non-hosted networks auto_schedule_networks /var/lib/kolla/venv/lib/python3.6/site-packages/neutron/scheduler/dhcp_agent_scheduler.py:60
2025-11-03 01:49:04.728 23 DEBUG neutron_lib.callbacks.manager [req-44f2fe28-5d28-45d4-a017-2faa446b6ede - - - - -] Publish callbacks ['neutron.services.segments.db._update_segment_host_mapping_for_agent-8733643079539', 'neutron.services.l3_router.l3_router_plugin.DVRResourceOperationHandler.create_fip_agent_gw_ports-1653507'] for agent (a68ffc29-f72f-4d4e-a31b-c62795ed6756), after_create _notify_loop /var/lib/kolla/venv/lib/python3.6/site-packages/neutron_lib/callbacks/manager.py:177
2025-11-03 01:49:12.724 22 DEBUG neutron.wsgi [-] (22) accepted ('10.0.0.27', 41482) server /var/lib/kolla/venv/lib/python3.6/site-packages/eventlet/wsgi.py:1004
2025-11-03 01:49:12.729 22 INFO neutron.wsgi [-] 10.0.0.27 "GET / HTTP/1.1" status: 200 len: 227 time: 0.0030417
2025-11-03 01:49:15.474 27 DEBUG neutron_lib.callbacks.manager [req-df38c95e-82a8-45d5-8989-8f7ff1b3445d - - - - -] Publish callbacks ['neutron.services.segments.db._update_segment_host_mapping_for_agent-8733643079539', 'neutron.plugins.ml2.plugin.Ml2Plugin._retry_binding_revived_agents-1303774'] for agent (3079b8d1-f07d-493e-bb31-e309de4b4a1a), after_update _notify_loop /var/lib/kolla/venv/lib/python3.6/site-packages/neutron_lib/callbacks/manager.py:177
2025-11-03 01:49:34.709 26 DEBUG neutron_lib.callbacks.manager [req-44f2fe28-5d28-45d4-a017-2faa446b6ede - - - - -] Publish callbacks ['neutron.services.segments.db._update_segment_host_mapping_for_agent-8733643079539', 'neutron.plugins.ml2.plugin.Ml2Plugin._retry_binding_revived_agents-1303774'] for agent (a68ffc29-f72f-4d4e-a31b-c62795ed6756), after_update _notify_loop /var/lib/kolla/venv/lib/python3.6/site-packages/neutron_lib/callbacks/manager.py:177
2025-11-03 01:49:42.768 22 DEBUG neutron.wsgi [-] (22) accepted ('10.0.0.27', 46938) server /var/lib/kolla/venv/lib/python3.6/site-packages/eventlet/wsgi.py:1004
2025-11-03 01:49:42.772 22 INFO neutron.wsgi [-] 10.0.0.27 "GET / HTTP/1.1" status: 200 len: 227 time: 0.0027807
2025-11-03 01:49:45.473 25 DEBUG neutron_lib.callbacks.manager [req-16c42a1f-6be1-4811-b25b-934f01766fb3 - - - - -] Publish callbacks ['neutron.services.segments.db._update_segment_host_mapping_for_agent-8733643079539', 'neutron.plugins.ml2.plugin.Ml2Plugin._retry_binding_revived_agents-1303774'] for agent (3079b8d1-f07d-493e-bb31-e309de4b4a1a), after_update _notify_loop /var/lib/kolla/venv/lib/python3.6/site-packages/neutron_lib/callbacks/manager.py:177
2025-11-03 01:49:48.146 29 DEBUG neutron.db.agents_db [req-962f0a47-5dd9-4edf-9018-62b1110ebc5d - - - - -] Agent healthcheck: found 2 active agents agent_health_check /var/lib/kolla/venv/lib/python3.6/site-packages/neutron/db/agents_db.py:318
2025-11-03 01:50:04.718 24 DEBUG neutron_lib.callbacks.manager [req-44f2fe28-5d28-45d4-a017-2faa446b6ede - - - - -] Publish callbacks ['neutron.services.segments.db._update_segment_host_mapping_for_agent-8733643079539', 'neutron.plugins.ml2.plugin.Ml2Plugin._retry_binding_revived_agents-1303774'] for agent (a68ffc29-f72f-4d4e-a31b-c62795ed6756), after_update _notify_loop /var/lib/kolla/venv/lib/python3.6/site-packages/neutron_lib/callbacks/manager.py:177
2025-11-03 01:50:12.817 22 DEBUG neutron.wsgi [-] (22) accepted ('10.0.0.27', 33204) server /var/lib/kolla/venv/lib/python3.6/site-packages/eventlet/wsgi.py:1004
2025-11-03 01:50:12.821 22 INFO neutron.wsgi [-] 10.0.0.27 "GET / HTTP/1.1" status: 200 len: 227 time: 0.0028722
2025-11-03 01:50:15.457 28 DEBUG neutron_lib.callbacks.manager [req-b539aedf-181e-4335-861d-18663a1e82e3 - - - - -] Publish callbacks ['neutron.services.segments.db._update_segment_host_mapping_for_agent-8733643079539', 'neutron.plugins.ml2.plugin.Ml2Plugin._retry_binding_revived_agents-1303774'] for agent (3079b8d1-f07d-493e-bb31-e309de4b4a1a), after_update _notify_loop /var/lib/kolla/venv/lib/python3.6/site-packages/neutron_lib/callbacks/manager.py:177
2025-11-03 01:50:25.147 29 DEBUG neutron.db.agents_db [req-962f0a47-5dd9-4edf-9018-62b1110ebc5d - - - - -] Agent healthcheck: found 2 active agents agent_health_check /var/lib/kolla/venv/lib/python3.6/site-packages/neutron/db/agents_db.py:318
2025-11-03 01:50:34.708 23 DEBUG neutron_lib.callbacks.manager [req-44f2fe28-5d28-45d4-a017-2faa446b6ede - - - - -] Publish callbacks ['neutron.services.segments.db._update_segment_host_mapping_for_agent-8733643079539', 'neutron.plugins.ml2.plugin.Ml2Plugin._retry_binding_revived_agents-1303774'] for agent (a68ffc29-f72f-4d4e-a31b-c62795ed6756), after_update _notify_loop /var/lib/kolla/venv/lib/python3.6/site-packages/neutron_lib/callbacks/manager.py:177
2025-11-03 01:50:42.864 22 DEBUG neutron.wsgi [-] (22) accepted ('10.0.0.27', 34424) server /var/lib/kolla/venv/lib/python3.6/site-packages/eventlet/wsgi.py:1004
2025-11-03 01:50:42.870 22 INFO neutron.wsgi [-] 10.0.0.27 "GET / HTTP/1.1" status: 200 len: 227 time: 0.0027435
2025-11-03 01:50:45.454 27 DEBUG neutron_lib.callbacks.manager [req-329802fc-0bf0-4299-be9b-3118075c8674 - - - - -] Publish callbacks ['neutron.services.segments.db._update_segment_host_mapping_for_agent-8733643079539', 'neutron.plugins.ml2.plugin.Ml2Plugin._retry_binding_revived_agents-1303774'] for agent (3079b8d1-f07d-493e-bb31-e309de4b4a1a), after_update _notify_loop /var/lib/kolla/venv/lib/python3.6/site-packages/neutron_lib/callbacks/manager.py:177
2025-11-03 01:51:02.144 29 DEBUG neutron.db.agents_db [req-962f0a47-5dd9-4edf-9018-62b1110ebc5d - - - - -] Agent healthcheck: found 2 active agents agent_health_check /var/lib/kolla/venv/lib/python3.6/site-packages/neutron/db/agents_db.py:318
2025-11-03 01:51:04.703 26 DEBUG neutron_lib.callbacks.manager [req-44f2fe28-5d28-45d4-a017-2faa446b6ede - - - - -] Publish callbacks ['neutron.services.segments.db._update_segment_host_mapping_for_agent-8733643079539', 'neutron.plugins.ml2.plugin.Ml2Plugin._retry_binding_revived_agents-1303774'] for agent (a68ffc29-f72f-4d4e-a31b-c62795ed6756), after_update _notify_loop /var/lib/kolla/venv/lib/python3.6/site-packages/neutron_lib/callbacks/manager.py:177
2025-11-03 01:51:12.916 22 DEBUG neutron.wsgi [-] (22) accepted ('10.0.0.27', 52340) server /var/lib/kolla/venv/lib/python3.6/site-packages/eventlet/wsgi.py:1004
2025-11-03 01:51:12.920 22 INFO neutron.wsgi [-] 10.0.0.27 "GET / HTTP/1.1" status: 200 len: 227 time: 0.0030556
2025-11-03 01:51:15.450 25 DEBUG neutron_lib.callbacks.manager [req-63c5ad42-6815-496c-92c1-6ff6e898ff11 - - - - -] Publish callbacks ['neutron.services.segments.db._update_segment_host_mapping_for_agent-8733643079539', 'neutron.plugins.ml2.plugin.Ml2Plugin._retry_binding_revived_agents-1303774'] for agent (3079b8d1-f07d-493e-bb31-e309de4b4a1a), after_update _notify_loop /var/lib/kolla/venv/lib/python3.6/site-packages/neutron_lib/callbacks/manager.py:177
2025-11-03 01:51:34.706 24 DEBUG neutron_lib.callbacks.manager [req-44f2fe28-5d28-45d4-a017-2faa446b6ede - - - - -] Publish callbacks ['neutron.services.segments.db._update_segment_host_mapping_for_agent-8733643079539', 'neutron.plugins.ml2.plugin.Ml2Plugin._retry_binding_revived_agents-1303774'] for agent (a68ffc29-f72f-4d4e-a31b-c62795ed6756), after_update _notify_loop /var/lib/kolla/venv/lib/python3.6/site-packages/neutron_lib/callbacks/manager.py:177
2025-11-03 01:51:39.144 29 DEBUG neutron.db.agents_db [req-962f0a47-5dd9-4edf-9018-62b1110ebc5d - - - - -] Agent healthcheck: found 2 active agents agent_health_check /var/lib/kolla/venv/lib/python3.6/site-packages/neutron/db/agents_db.py:318
2025-11-03 01:51:42.962 22 DEBUG neutron.wsgi [-] (22) accepted ('10.0.0.27', 37510) server /var/lib/kolla/venv/lib/python3.6/site-packages/eventlet/wsgi.py:1004
2025-11-03 01:51:42.966 22 INFO neutron.wsgi [-] 10.0.0.27 "GET / HTTP/1.1" status: 200 len: 227 time: 0.0024288
2025-11-03 01:51:45.446 28 DEBUG neutron_lib.callbacks.manager [req-8d665b26-4fc5-4da9-8bf3-f3ebdd8b03cc - - - - -] Publish callbacks ['neutron.services.segments.db._update_segment_host_mapping_for_agent-8733643079539', 'neutron.plugins.ml2.plugin.Ml2Plugin._retry_binding_revived_agents-1303774'] for agent (3079b8d1-f07d-493e-bb31-e309de4b4a1a), after_update _notify_loop /var/lib/kolla/venv/lib/python3.6/site-packages/neutron_lib/callbacks/manager.py:177
2025-11-03 01:52:04.708 23 DEBUG neutron_lib.callbacks.manager [req-44f2fe28-5d28-45d4-a017-2faa446b6ede - - - - -] Publish callbacks ['neutron.services.segments.db._update_segment_host_mapping_for_agent-8733643079539', 'neutron.plugins.ml2.plugin.Ml2Plugin._retry_binding_revived_agents-1303774'] for agent (a68ffc29-f72f-4d4e-a31b-c62795ed6756), after_update _notify_loop /var/lib/kolla/venv/lib/python3.6/site-packages/neutron_lib/callbacks/manager.py:177
2025-11-03 01:52:13.009 22 DEBUG neutron.wsgi [-] (22) accepted ('10.0.0.27', 58248) server /var/lib/kolla/venv/lib/python3.6/site-packages/eventlet/wsgi.py:1004
2025-11-03 01:52:13.014 22 INFO neutron.wsgi [-] 10.0.0.27 "GET / HTTP/1.1" status: 200 len: 227 time: 0.0034516
2025-11-03 01:52:15.453 27 DEBUG neutron_lib.callbacks.manager [req-07a0c3dd-df1b-4f2e-9a9a-8fe877663302 - - - - -] Publish callbacks ['neutron.services.segments.db._update_segment_host_mapping_for_agent-8733643079539', 'neutron.plugins.ml2.plugin.Ml2Plugin._retry_binding_revived_agents-1303774'] for agent (3079b8d1-f07d-493e-bb31-e309de4b4a1a), after_update _notify_loop /var/lib/kolla/venv/lib/python3.6/site-packages/neutron_lib/callbacks/manager.py:177
2025-11-03 01:52:16.146 29 DEBUG neutron.db.agents_db [req-962f0a47-5dd9-4edf-9018-62b1110ebc5d - - - - -] Agent healthcheck: found 2 active agents agent_health_check /var/lib/kolla/venv/lib/python3.6/site-packages/neutron/db/agents_db.py:318
2025-11-03 01:52:34.709 26 DEBUG neutron_lib.callbacks.manager [req-44f2fe28-5d28-45d4-a017-2faa446b6ede - - - - -] Publish callbacks ['neutron.services.segments.db._update_segment_host_mapping_for_agent-8733643079539', 'neutron.plugins.ml2.plugin.Ml2Plugin._retry_binding_revived_agents-1303774'] for agent (a68ffc29-f72f-4d4e-a31b-c62795ed6756), after_update _notify_loop /var/lib/kolla/venv/lib/python3.6/site-packages/neutron_lib/callbacks/manager.py:177
2025-11-03 01:52:43.058 22 DEBUG neutron.wsgi [-] (22) accepted ('10.0.0.27', 41276) server /var/lib/kolla/venv/lib/python3.6/site-packages/eventlet/wsgi.py:1004
2025-11-03 01:52:43.061 22 INFO neutron.wsgi [-] 10.0.0.27 "GET / HTTP/1.1" status: 200 len: 227 time: 0.0025840
2025-11-03 01:52:45.449 25 DEBUG neutron_lib.callbacks.manager [req-abadd326-6c84-4b10-b856-d6ffd5dddb12 - - - - -] Publish callbacks ['neutron.services.segments.db._update_segment_host_mapping_for_agent-8733643079539', 'neutron.plugins.ml2.plugin.Ml2Plugin._retry_binding_revived_agents-1303774'] for agent (3079b8d1-f07d-493e-bb31-e309de4b4a1a), after_update _notify_loop /var/lib/kolla/venv/lib/python3.6/site-packages/neutron_lib/callbacks/manager.py:177
2025-11-03 01:52:53.144 29 DEBUG neutron.db.agents_db [req-962f0a47-5dd9-4edf-9018-62b1110ebc5d - - - - -] Agent healthcheck: found 2 active agents agent_health_check /var/lib/kolla/venv/lib/python3.6/site-packages/neutron/db/agents_db.py:318
2025-11-03 01:53:04.751 24 DEBUG neutron_lib.callbacks.manager [req-44f2fe28-5d28-45d4-a017-2faa446b6ede - - - - -] Publish callbacks ['neutron.services.segments.db._update_segment_host_mapping_for_agent-8733643079539', 'neutron.plugins.ml2.plugin.Ml2Plugin._retry_binding_revived_agents-1303774'] for agent (a68ffc29-f72f-4d4e-a31b-c62795ed6756), after_update _notify_loop /var/lib/kolla/venv/lib/python3.6/site-packages/neutron_lib/callbacks/manager.py:177
2025-11-03 01:53:13.114 22 DEBUG neutron.wsgi [-] (22) accepted ('10.0.0.27', 36804) server /var/lib/kolla/venv/lib/python3.6/site-packages/eventlet/wsgi.py:1004
2025-11-03 01:53:13.119 22 INFO neutron.wsgi [-] 10.0.0.27 "GET / HTTP/1.1" status: 200 len: 227 time: 0.0047126
2025-11-03 01:53:15.458 28 DEBUG neutron_lib.callbacks.manager [req-1a8b0cbf-5281-4515-8230-8fd6dbf0bf47 - - - - -] Publish callbacks ['neutron.services.segments.db._update_segment_host_mapping_for_agent-8733643079539', 'neutron.plugins.ml2.plugin.Ml2Plugin._retry_binding_revived_agents-1303774'] for agent (3079b8d1-f07d-493e-bb31-e309de4b4a1a), after_update _notify_loop /var/lib/kolla/venv/lib/python3.6/site-packages/neutron_lib/callbacks/manager.py:177
2025-11-03 01:53:30.143 29 DEBUG neutron.db.agents_db [req-962f0a47-5dd9-4edf-9018-62b1110ebc5d - - - - -] Agent healthcheck: found 2 active agents agent_health_check /var/lib/kolla/venv/lib/python3.6/site-packages/neutron/db/agents_db.py:318
2025-11-03 01:53:34.714 23 DEBUG neutron_lib.callbacks.manager [req-44f2fe28-5d28-45d4-a017-2faa446b6ede - - - - -] Publish callbacks ['neutron.services.segments.db._update_segment_host_mapping_for_agent-8733643079539', 'neutron.plugins.ml2.plugin.Ml2Plugin._retry_binding_revived_agents-1303774'] for agent (a68ffc29-f72f-4d4e-a31b-c62795ed6756), after_update _notify_loop /var/lib/kolla/venv/lib/python3.6/site-packages/neutron_lib/callbacks/manager.py:177
2025-11-03 01:53:43.162 22 DEBUG neutron.wsgi [-] (22) accepted ('10.0.0.27', 38610) server /var/lib/kolla/venv/lib/python3.6/site-packages/eventlet/wsgi.py:1004
2025-11-03 01:53:43.166 22 INFO neutron.wsgi [-] 10.0.0.27 "GET / HTTP/1.1" status: 200 len: 227 time: 0.0026531
2025-11-03 01:53:45.473 27 DEBUG neutron_lib.callbacks.manager [req-066368c0-7f36-4253-bbd6-887e236701a8 - - - - -] Publish callbacks ['neutron.services.segments.db._update_segment_host_mapping_for_agent-8733643079539', 'neutron.plugins.ml2.plugin.Ml2Plugin._retry_binding_revived_agents-1303774'] for agent (3079b8d1-f07d-493e-bb31-e309de4b4a1a), after_update _notify_loop /var/lib/kolla/venv/lib/python3.6/site-packages/neutron_lib/callbacks/manager.py:177
2025-11-03 01:54:04.718 26 DEBUG neutron_lib.callbacks.manager [req-44f2fe28-5d28-45d4-a017-2faa446b6ede - - - - -] Publish callbacks ['neutron.services.segments.db._update_segment_host_mapping_for_agent-8733643079539', 'neutron.plugins.ml2.plugin.Ml2Plugin._retry_binding_revived_agents-1303774'] for agent (a68ffc29-f72f-4d4e-a31b-c62795ed6756), after_update _notify_loop /var/lib/kolla/venv/lib/python3.6/site-packages/neutron_lib/callbacks/manager.py:177
2025-11-03 01:54:07.141 29 DEBUG neutron.db.agents_db [req-962f0a47-5dd9-4edf-9018-62b1110ebc5d - - - - -] Agent healthcheck: found 2 active agents agent_health_check /var/lib/kolla/venv/lib/python3.6/site-packages/neutron/db/agents_db.py:318
2025-11-03 01:54:13.207 22 DEBUG neutron.wsgi [-] (22) accepted ('10.0.0.27', 45492) server /var/lib/kolla/venv/lib/python3.6/site-packages/eventlet/wsgi.py:1004
2025-11-03 01:54:13.211 22 INFO neutron.wsgi [-] 10.0.0.27 "GET / HTTP/1.1" status: 200 len: 227 time: 0.0030298
2025-11-03 01:54:15.452 25 DEBUG neutron_lib.callbacks.manager [req-58d4da3e-588e-4b14-8c51-a744c6db98ed - - - - -] Publish callbacks ['neutron.services.segments.db._update_segment_host_mapping_for_agent-8733643079539', 'neutron.plugins.ml2.plugin.Ml2Plugin._retry_binding_revived_agents-1303774'] for agent (3079b8d1-f07d-493e-bb31-e309de4b4a1a), after_update _notify_loop /var/lib/kolla/venv/lib/python3.6/site-packages/neutron_lib/callbacks/manager.py:177
2025-11-03 01:54:34.720 24 DEBUG neutron_lib.callbacks.manager [req-44f2fe28-5d28-45d4-a017-2faa446b6ede - - - - -] Publish callbacks ['neutron.services.segments.db._update_segment_host_mapping_for_agent-8733643079539', 'neutron.plugins.ml2.plugin.Ml2Plugin._retry_binding_revived_agents-1303774'] for agent (a68ffc29-f72f-4d4e-a31b-c62795ed6756), after_update _notify_loop /var/lib/kolla/venv/lib/python3.6/site-packages/neutron_lib/callbacks/manager.py:177
2025-11-03 01:54:43.254 22 DEBUG neutron.wsgi [-] (22) accepted ('10.0.0.27', 52916) server /var/lib/kolla/venv/lib/python3.6/site-packages/eventlet/wsgi.py:1004
2025-11-03 01:54:43.258 22 INFO neutron.wsgi [-] 10.0.0.27 "GET / HTTP/1.1" status: 200 len: 227 time: 0.0028739
2025-11-03 01:54:44.135 29 DEBUG neutron.db.agents_db [req-962f0a47-5dd9-4edf-9018-62b1110ebc5d - - - - -] Agent healthcheck: found 2 active agents agent_health_check /var/lib/kolla/venv/lib/python3.6/site-packages/neutron/db/agents_db.py:318
2025-11-03 01:54:45.454 28 DEBUG neutron_lib.callbacks.manager [req-cbedecc2-444e-4dbc-ab87-3c21523b5b46 - - - - -] Publish callbacks ['neutron.services.segments.db._update_segment_host_mapping_for_agent-8733643079539', 'neutron.plugins.ml2.plugin.Ml2Plugin._retry_binding_revived_agents-1303774'] for agent (3079b8d1-f07d-493e-bb31-e309de4b4a1a), after_update _notify_loop /var/lib/kolla/venv/lib/python3.6/site-packages/neutron_lib/callbacks/manager.py:177
2025-11-03 01:55:04.717 23 DEBUG neutron_lib.callbacks.manager [req-44f2fe28-5d28-45d4-a017-2faa446b6ede - - - - -] Publish callbacks ['neutron.services.segments.db._update_segment_host_mapping_for_agent-8733643079539', 'neutron.plugins.ml2.plugin.Ml2Plugin._retry_binding_revived_agents-1303774'] for agent (a68ffc29-f72f-4d4e-a31b-c62795ed6756), after_update _notify_loop /var/lib/kolla/venv/lib/python3.6/site-packages/neutron_lib/callbacks/manager.py:177
2025-11-03 01:55:13.302 22 DEBUG neutron.wsgi [-] (22) accepted ('10.0.0.27', 56594) server /var/lib/kolla/venv/lib/python3.6/site-packages/eventlet/wsgi.py:1004
2025-11-03 01:55:13.306 22 INFO neutron.wsgi [-] 10.0.0.27 "GET / HTTP/1.1" status: 200 len: 227 time: 0.0026348
2025-11-03 01:55:15.453 27 DEBUG neutron_lib.callbacks.manager [req-06f0058f-a218-46cb-8a1a-a9bd1a0d0a19 - - - - -] Publish callbacks ['neutron.services.segments.db._update_segment_host_mapping_for_agent-8733643079539', 'neutron.plugins.ml2.plugin.Ml2Plugin._retry_binding_revived_agents-1303774'] for agent (3079b8d1-f07d-493e-bb31-e309de4b4a1a), after_update _notify_loop /var/lib/kolla/venv/lib/python3.6/site-packages/neutron_lib/callbacks/manager.py:177
2025-11-03 01:55:21.145 29 DEBUG neutron.db.agents_db [req-962f0a47-5dd9-4edf-9018-62b1110ebc5d - - - - -] Agent healthcheck: found 2 active agents agent_health_check /var/lib/kolla/venv/lib/python3.6/site-packages/neutron/db/agents_db.py:318
2025-11-03 01:55:34.718 26 DEBUG neutron_lib.callbacks.manager [req-44f2fe28-5d28-45d4-a017-2faa446b6ede - - - - -] Publish callbacks ['neutron.services.segments.db._update_segment_host_mapping_for_agent-8733643079539', 'neutron.plugins.ml2.plugin.Ml2Plugin._retry_binding_revived_agents-1303774'] for agent (a68ffc29-f72f-4d4e-a31b-c62795ed6756), after_update _notify_loop /var/lib/kolla/venv/lib/python3.6/site-packages/neutron_lib/callbacks/manager.py:177
2025-11-03 01:55:43.347 22 DEBUG neutron.wsgi [-] (22) accepted ('10.0.0.27', 49000) server /var/lib/kolla/venv/lib/python3.6/site-packages/eventlet/wsgi.py:1004
2025-11-03 01:55:43.350 22 INFO neutron.wsgi [-] 10.0.0.27 "GET / HTTP/1.1" status: 200 len: 227 time: 0.0029306
2025-11-03 01:55:45.449 25 DEBUG neutron_lib.callbacks.manager [req-9296d61e-37b8-4486-a21f-80494a55b40f - - - - -] Publish callbacks ['neutron.services.segments.db._update_segment_host_mapping_for_agent-8733643079539', 'neutron.plugins.ml2.plugin.Ml2Plugin._retry_binding_revived_agents-1303774'] for agent (3079b8d1-f07d-493e-bb31-e309de4b4a1a), after_update _notify_loop /var/lib/kolla/venv/lib/python3.6/site-packages/neutron_lib/callbacks/manager.py:177
2025-11-03 01:55:58.144 29 DEBUG neutron.db.agents_db [req-962f0a47-5dd9-4edf-9018-62b1110ebc5d - - - - -] Agent healthcheck: found 2 active agents agent_health_check /var/lib/kolla/venv/lib/python3.6/site-packages/neutron/db/agents_db.py:318
2025-11-03 01:56:04.721 24 DEBUG neutron_lib.callbacks.manager [req-44f2fe28-5d28-45d4-a017-2faa446b6ede - - - - -] Publish callbacks ['neutron.services.segments.db._update_segment_host_mapping_for_agent-8733643079539', 'neutron.plugins.ml2.plugin.Ml2Plugin._retry_binding_revived_agents-1303774'] for agent (a68ffc29-f72f-4d4e-a31b-c62795ed6756), after_update _notify_loop /var/lib/kolla/venv/lib/python3.6/site-packages/neutron_lib/callbacks/manager.py:177
2025-11-03 01:56:13.400 22 DEBUG neutron.wsgi [-] (22) accepted ('10.0.0.27', 48546) server /var/lib/kolla/venv/lib/python3.6/site-packages/eventlet/wsgi.py:1004
2025-11-03 01:56:13.404 22 INFO neutron.wsgi [-] 10.0.0.27 "GET / HTTP/1.1" status: 200 len: 227 time: 0.0029283
2025-11-03 01:56:15.446 28 DEBUG neutron_lib.callbacks.manager [req-921f718a-fc44-47e8-9f4e-8ca6e3c01965 - - - - -] Publish callbacks ['neutron.services.segments.db._update_segment_host_mapping_for_agent-8733643079539', 'neutron.plugins.ml2.plugin.Ml2Plugin._retry_binding_revived_agents-1303774'] for agent (3079b8d1-f07d-493e-bb31-e309de4b4a1a), after_update _notify_loop /var/lib/kolla/venv/lib/python3.6/site-packages/neutron_lib/callbacks/manager.py:177
2025-11-03 01:56:34.724 23 DEBUG neutron_lib.callbacks.manager [req-44f2fe28-5d28-45d4-a017-2faa446b6ede - - - - -] Publish callbacks ['neutron.services.segments.db._update_segment_host_mapping_for_agent-8733643079539', 'neutron.plugins.ml2.plugin.Ml2Plugin._retry_binding_revived_agents-1303774'] for agent (a68ffc29-f72f-4d4e-a31b-c62795ed6756), after_update _notify_loop /var/lib/kolla/venv/lib/python3.6/site-packages/neutron_lib/callbacks/manager.py:177
2025-11-03 01:56:35.142 29 DEBUG neutron.db.agents_db [req-962f0a47-5dd9-4edf-9018-62b1110ebc5d - - - - -] Agent healthcheck: found 2 active agents agent_health_check /var/lib/kolla/venv/lib/python3.6/site-packages/neutron/db/agents_db.py:318
2025-11-03 01:56:43.450 22 DEBUG neutron.wsgi [-] (22) accepted ('10.0.0.27', 57494) server /var/lib/kolla/venv/lib/python3.6/site-packages/eventlet/wsgi.py:1004
2025-11-03 01:56:43.453 22 INFO neutron.wsgi [-] 10.0.0.27 "GET / HTTP/1.1" status: 200 len: 227 time: 0.0026090
2025-11-03 01:56:45.444 27 DEBUG neutron_lib.callbacks.manager [req-54e62e73-df31-41f4-94f0-4c7160bfd463 - - - - -] Publish callbacks ['neutron.services.segments.db._update_segment_host_mapping_for_agent-8733643079539', 'neutron.plugins.ml2.plugin.Ml2Plugin._retry_binding_revived_agents-1303774'] for agent (3079b8d1-f07d-493e-bb31-e309de4b4a1a), after_update _notify_loop /var/lib/kolla/venv/lib/python3.6/site-packages/neutron_lib/callbacks/manager.py:177
2025-11-03 01:57:04.719 26 DEBUG neutron_lib.callbacks.manager [req-44f2fe28-5d28-45d4-a017-2faa446b6ede - - - - -] Publish callbacks ['neutron.services.segments.db._update_segment_host_mapping_for_agent-8733643079539', 'neutron.plugins.ml2.plugin.Ml2Plugin._retry_binding_revived_agents-1303774'] for agent (a68ffc29-f72f-4d4e-a31b-c62795ed6756), after_update _notify_loop /var/lib/kolla/venv/lib/python3.6/site-packages/neutron_lib/callbacks/manager.py:177
2025-11-03 01:57:12.140 29 DEBUG neutron.db.agents_db [req-962f0a47-5dd9-4edf-9018-62b1110ebc5d - - - - -] Agent healthcheck: found 2 active agents agent_health_check /var/lib/kolla/venv/lib/python3.6/site-packages/neutron/db/agents_db.py:318
2025-11-03 01:57:13.502 22 DEBUG neutron.wsgi [-] (22) accepted ('10.0.0.27', 54620) server /var/lib/kolla/venv/lib/python3.6/site-packages/eventlet/wsgi.py:1004
2025-11-03 01:57:13.506 22 INFO neutron.wsgi [-] 10.0.0.27 "GET / HTTP/1.1" status: 200 len: 227 time: 0.0024850
2025-11-03 01:57:15.443 25 DEBUG neutron_lib.callbacks.manager [req-f8693716-71d4-4d0c-8a7f-498ce8b3e8f0 - - - - -] Publish callbacks ['neutron.services.segments.db._update_segment_host_mapping_for_agent-8733643079539', 'neutron.plugins.ml2.plugin.Ml2Plugin._retry_binding_revived_agents-1303774'] for agent (3079b8d1-f07d-493e-bb31-e309de4b4a1a), after_update _notify_loop /var/lib/kolla/venv/lib/python3.6/site-packages/neutron_lib/callbacks/manager.py:177
2025-11-03 01:57:17.430 7 INFO oslo_service.service [-] Caught SIGTERM, stopping children
2025-11-03 01:57:17.431 7 DEBUG oslo_concurrency.lockutils [-] Acquired lock "singleton_lock" lock /var/lib/kolla/venv/lib/python3.6/site-packages/oslo_concurrency/lockutils.py:294
2025-11-03 01:57:17.431 7 DEBUG oslo_concurrency.lockutils [-] Releasing lock "singleton_lock" lock /var/lib/kolla/venv/lib/python3.6/site-packages/oslo_concurrency/lockutils.py:312
2025-11-03 01:57:17.432 7 DEBUG oslo_service.service [-] Stop services. stop /var/lib/kolla/venv/lib/python3.6/site-packages/oslo_service/service.py:695
2025-11-03 01:57:17.432 7 DEBUG neutron.service [-] calling RpcWorker stop() stop /var/lib/kolla/venv/lib/python3.6/site-packages/neutron/service.py:138
2025-11-03 01:57:17.432 7 DEBUG neutron.service [-] calling RpcWorker stop() stop /var/lib/kolla/venv/lib/python3.6/site-packages/neutron/service.py:138
2025-11-03 01:57:17.432 7 DEBUG oslo_service.service [-] Killing children. stop /var/lib/kolla/venv/lib/python3.6/site-packages/oslo_service/service.py:700
2025-11-03 01:57:17.432 7 INFO oslo_service.service [-] Waiting on 8 children to exit
2025-11-03 01:57:17.433 29 DEBUG neutron.service [-] calling RpcWorker stop() stop /var/lib/kolla/venv/lib/python3.6/site-packages/neutron/service.py:138
2025-11-03 01:57:17.433 25 DEBUG neutron.service [-] calling RpcWorker stop() stop /var/lib/kolla/venv/lib/python3.6/site-packages/neutron/service.py:138
2025-11-03 01:57:17.433 29 DEBUG neutron.service [-] calling stop on stop /var/lib/kolla/venv/lib/python3.6/site-packages/neutron/service.py:141
2025-11-03 01:57:17.435 27 DEBUG neutron.service [-] calling RpcWorker stop() stop /var/lib/kolla/venv/lib/python3.6/site-packages/neutron/service.py:138
2025-11-03 01:57:17.433 25 DEBUG neutron.service [-] calling stop on stop /var/lib/kolla/venv/lib/python3.6/site-packages/neutron/service.py:141
2025-11-03 01:57:17.435 27 DEBUG neutron.service [-] calling stop on stop /var/lib/kolla/venv/lib/python3.6/site-packages/neutron/service.py:141
2025-11-03 01:57:17.438 24 DEBUG neutron.service [-] calling RpcWorker stop() stop /var/lib/kolla/venv/lib/python3.6/site-packages/neutron/service.py:138
2025-11-03 01:57:17.438 24 DEBUG neutron.service [-] calling stop on stop /var/lib/kolla/venv/lib/python3.6/site-packages/neutron/service.py:141
2025-11-03 01:57:17.442 22 INFO neutron.wsgi [-] (22) wsgi exited, is_accepting=True
2025-11-03 01:57:17.443 22 DEBUG oslo_concurrency.lockutils [req-e88ba1ab-fdda-49e5-ab7b-60d0e1581672 - - - - -] Acquired lock "singleton_lock" lock /var/lib/kolla/venv/lib/python3.6/site-packages/oslo_concurrency/lockutils.py:294
2025-11-03 01:57:17.443 22 DEBUG oslo_concurrency.lockutils [req-e88ba1ab-fdda-49e5-ab7b-60d0e1581672 - - - - -] Releasing lock "singleton_lock" lock /var/lib/kolla/venv/lib/python3.6/site-packages/oslo_concurrency/lockutils.py:312
2025-11-03 01:57:17.448 23 DEBUG neutron.service [-] calling RpcWorker stop() stop /var/lib/kolla/venv/lib/python3.6/site-packages/neutron/service.py:138
2025-11-03 01:57:17.448 7 INFO oslo_service.service [-] Child 22 exited with status 0
2025-11-03 01:57:17.448 26 DEBUG neutron.service [-] calling RpcWorker stop() stop /var/lib/kolla/venv/lib/python3.6/site-packages/neutron/service.py:138
2025-11-03 01:57:17.448 28 DEBUG neutron.service [-] calling RpcWorker stop() stop /var/lib/kolla/venv/lib/python3.6/site-packages/neutron/service.py:138
2025-11-03 01:57:17.448 23 DEBUG neutron.service [-] calling stop on stop /var/lib/kolla/venv/lib/python3.6/site-packages/neutron/service.py:141
2025-11-03 01:57:17.450 28 DEBUG neutron.service [-] calling stop on stop /var/lib/kolla/venv/lib/python3.6/site-packages/neutron/service.py:141
2025-11-03 01:57:17.450 26 DEBUG neutron.service [-] calling stop on stop /var/lib/kolla/venv/lib/python3.6/site-packages/neutron/service.py:141
2025-11-03 01:57:17.918 26 DEBUG oslo_concurrency.lockutils [req-e88ba1ab-fdda-49e5-ab7b-60d0e1581672 - - - - -] Acquired lock "singleton_lock" lock /var/lib/kolla/venv/lib/python3.6/site-packages/oslo_concurrency/lockutils.py:294
2025-11-03 01:57:17.918 26 DEBUG oslo_concurrency.lockutils [req-e88ba1ab-fdda-49e5-ab7b-60d0e1581672 - - - - -] Releasing lock "singleton_lock" lock /var/lib/kolla/venv/lib/python3.6/site-packages/oslo_concurrency/lockutils.py:312
2025-11-03 01:57:17.919 26 DEBUG neutron.service [req-e88ba1ab-fdda-49e5-ab7b-60d0e1581672 - - - - -] calling RpcWorker wait() _wait /var/lib/kolla/venv/lib/python3.6/site-packages/neutron/service.py:128
2025-11-03 01:57:17.920 26 DEBUG neutron.service [req-e88ba1ab-fdda-49e5-ab7b-60d0e1581672 - - - - -] calling wait on _wait /var/lib/kolla/venv/lib/python3.6/site-packages/neutron/service.py:131
2025-11-03 01:57:17.930 26 WARNING amqp [req-e88ba1ab-fdda-49e5-ab7b-60d0e1581672 - - - - -] Received method (60, 30) during closing channel 1. This method will be ignored
2025-11-03 01:57:17.931 26 DEBUG neutron.service [req-e88ba1ab-fdda-49e5-ab7b-60d0e1581672 - - - - -] returning from RpcWorker wait() _wait /var/lib/kolla/venv/lib/python3.6/site-packages/neutron/service.py:135
2025-11-03 01:57:17.935 7 INFO oslo_service.service [-] Child 26 exited with status 0
2025-11-03 01:57:18.643 27 DEBUG oslo_concurrency.lockutils [req-e88ba1ab-fdda-49e5-ab7b-60d0e1581672 - - - - -] Acquired lock "singleton_lock" lock /var/lib/kolla/venv/lib/python3.6/site-packages/oslo_concurrency/lockutils.py:294
2025-11-03 01:57:18.644 27 DEBUG oslo_concurrency.lockutils [req-e88ba1ab-fdda-49e5-ab7b-60d0e1581672 - - - - -] Releasing lock "singleton_lock" lock /var/lib/kolla/venv/lib/python3.6/site-packages/oslo_concurrency/lockutils.py:312
2025-11-03 01:57:18.644 27 DEBUG neutron.service [req-e88ba1ab-fdda-49e5-ab7b-60d0e1581672 - - - - -] calling RpcWorker wait() _wait /var/lib/kolla/venv/lib/python3.6/site-packages/neutron/service.py:128
2025-11-03 01:57:18.644 27 DEBUG neutron.service [req-e88ba1ab-fdda-49e5-ab7b-60d0e1581672 - - - - -] calling wait on _wait /var/lib/kolla/venv/lib/python3.6/site-packages/neutron/service.py:131
2025-11-03 01:57:18.672 27 WARNING amqp [req-e88ba1ab-fdda-49e5-ab7b-60d0e1581672 - - - - -] Received method (60, 30) during closing channel 1. This method will be ignored
2025-11-03 01:57:18.673 27 DEBUG neutron.service [req-e88ba1ab-fdda-49e5-ab7b-60d0e1581672 - - - - -] returning from RpcWorker wait() _wait /var/lib/kolla/venv/lib/python3.6/site-packages/neutron/service.py:135
2025-11-03 01:57:18.678 7 INFO oslo_service.service [-] Child 27 exited with status 0
2025-11-03 01:57:21.125 23 DEBUG neutron.service [-] calling stop on stop /var/lib/kolla/venv/lib/python3.6/site-packages/neutron/service.py:141
2025-11-03 01:57:21.128 25 DEBUG neutron.service [-] calling stop on stop /var/lib/kolla/venv/lib/python3.6/site-packages/neutron/service.py:141
2025-11-03 01:57:21.136 24 DEBUG neutron.service [-] calling stop on stop /var/lib/kolla/venv/lib/python3.6/site-packages/neutron/service.py:141
2025-11-03 01:57:21.142 23 DEBUG neutron.service [-] calling stop on stop /var/lib/kolla/venv/lib/python3.6/site-packages/neutron/service.py:141
2025-11-03 01:57:21.145 28 DEBUG oslo_concurrency.lockutils [req-e88ba1ab-fdda-49e5-ab7b-60d0e1581672 - - - - -] Acquired lock "singleton_lock" lock /var/lib/kolla/venv/lib/python3.6/site-packages/oslo_concurrency/lockutils.py:294
2025-11-03 01:57:21.145 28 DEBUG oslo_concurrency.lockutils [req-e88ba1ab-fdda-49e5-ab7b-60d0e1581672 - - - - -] Releasing lock "singleton_lock" lock /var/lib/kolla/venv/lib/python3.6/site-packages/oslo_concurrency/lockutils.py:312
2025-11-03 01:57:21.146 28 DEBUG neutron.service [req-e88ba1ab-fdda-49e5-ab7b-60d0e1581672 - - - - -] calling RpcWorker wait() _wait /var/lib/kolla/venv/lib/python3.6/site-packages/neutron/service.py:128
2025-11-03 01:57:21.146 28 DEBUG neutron.service [req-e88ba1ab-fdda-49e5-ab7b-60d0e1581672 - - - - -] calling wait on _wait /var/lib/kolla/venv/lib/python3.6/site-packages/neutron/service.py:131
2025-11-03 01:57:21.153 28 WARNING amqp [req-e88ba1ab-fdda-49e5-ab7b-60d0e1581672 - - - - -] Received method (60, 30) during closing channel 1. This method will be ignored
2025-11-03 01:57:21.155 28 DEBUG neutron.service [req-e88ba1ab-fdda-49e5-ab7b-60d0e1581672 - - - - -] returning from RpcWorker wait() _wait /var/lib/kolla/venv/lib/python3.6/site-packages/neutron/service.py:135
2025-11-03 01:57:21.156 25 DEBUG neutron.service [-] calling stop on stop /var/lib/kolla/venv/lib/python3.6/site-packages/neutron/service.py:141
2025-11-03 01:57:21.158 24 DEBUG neutron.service [-] calling stop on stop /var/lib/kolla/venv/lib/python3.6/site-packages/neutron/service.py:141
2025-11-03 01:57:21.160 23 DEBUG neutron.service [-] calling stop on stop /var/lib/kolla/venv/lib/python3.6/site-packages/neutron/service.py:141
2025-11-03 01:57:21.162 7 INFO oslo_service.service [-] Child 28 exited with status 0
2025-11-03 01:57:21.164 29 DEBUG oslo_concurrency.lockutils [req-e88ba1ab-fdda-49e5-ab7b-60d0e1581672 - - - - -] Acquired lock "singleton_lock" lock /var/lib/kolla/venv/lib/python3.6/site-packages/oslo_concurrency/lockutils.py:294
2025-11-03 01:57:21.165 29 DEBUG oslo_concurrency.lockutils [req-e88ba1ab-fdda-49e5-ab7b-60d0e1581672 - - - - -] Releasing lock "singleton_lock" lock /var/lib/kolla/venv/lib/python3.6/site-packages/oslo_concurrency/lockutils.py:312
2025-11-03 01:57:21.165 29 DEBUG neutron.service [req-e88ba1ab-fdda-49e5-ab7b-60d0e1581672 - - - - -] calling RpcWorker wait() _wait /var/lib/kolla/venv/lib/python3.6/site-packages/neutron/service.py:128
2025-11-03 01:57:21.165 29 DEBUG neutron.service [req-e88ba1ab-fdda-49e5-ab7b-60d0e1581672 - - - - -] calling wait on _wait /var/lib/kolla/venv/lib/python3.6/site-packages/neutron/service.py:131
2025-11-03 01:57:21.171 29 WARNING amqp [req-e88ba1ab-fdda-49e5-ab7b-60d0e1581672 - - - - -] Received method (60, 30) during closing channel 1. This method will be ignored
2025-11-03 01:57:21.172 29 DEBUG neutron.service [req-e88ba1ab-fdda-49e5-ab7b-60d0e1581672 - - - - -] returning from RpcWorker wait() _wait /var/lib/kolla/venv/lib/python3.6/site-packages/neutron/service.py:135
2025-11-03 01:57:21.177 23 DEBUG oslo_concurrency.lockutils [req-e88ba1ab-fdda-49e5-ab7b-60d0e1581672 - - - - -] Acquired lock "singleton_lock" lock /var/lib/kolla/venv/lib/python3.6/site-packages/oslo_concurrency/lockutils.py:294
2025-11-03 01:57:21.178 23 DEBUG oslo_concurrency.lockutils [req-e88ba1ab-fdda-49e5-ab7b-60d0e1581672 - - - - -] Releasing lock "singleton_lock" lock /var/lib/kolla/venv/lib/python3.6/site-packages/oslo_concurrency/lockutils.py:312
2025-11-03 01:57:21.178 7 INFO oslo_service.service [-] Child 29 exited with status 0
2025-11-03 01:57:21.178 23 DEBUG neutron.service [req-e88ba1ab-fdda-49e5-ab7b-60d0e1581672 - - - - -] calling RpcWorker wait() _wait /var/lib/kolla/venv/lib/python3.6/site-packages/neutron/service.py:128
2025-11-03 01:57:21.178 23 DEBUG neutron.service [req-e88ba1ab-fdda-49e5-ab7b-60d0e1581672 - - - - -] calling wait on _wait /var/lib/kolla/venv/lib/python3.6/site-packages/neutron/service.py:131
2025-11-03 01:57:21.181 24 DEBUG neutron.service [-] calling stop on stop /var/lib/kolla/venv/lib/python3.6/site-packages/neutron/service.py:141
2025-11-03 01:57:21.184 23 WARNING amqp [req-e88ba1ab-fdda-49e5-ab7b-60d0e1581672 - - - - -] Received method (60, 30) during closing channel 1. This method will be ignored
2025-11-03 01:57:21.185 23 DEBUG neutron.service [req-e88ba1ab-fdda-49e5-ab7b-60d0e1581672 - - - - -] calling wait on _wait /var/lib/kolla/venv/lib/python3.6/site-packages/neutron/service.py:131
2025-11-03 01:57:21.190 23 WARNING amqp [req-e88ba1ab-fdda-49e5-ab7b-60d0e1581672 - - - - -] Received method (60, 30) during closing channel 1. This method will be ignored
2025-11-03 01:57:21.191 23 DEBUG neutron.service [req-e88ba1ab-fdda-49e5-ab7b-60d0e1581672 - - - - -] calling wait on _wait /var/lib/kolla/venv/lib/python3.6/site-packages/neutron/service.py:131
2025-11-03 01:57:21.194 24 DEBUG oslo_concurrency.lockutils [req-e88ba1ab-fdda-49e5-ab7b-60d0e1581672 - - - - -] Acquired lock "singleton_lock" lock /var/lib/kolla/venv/lib/python3.6/site-packages/oslo_concurrency/lockutils.py:294
2025-11-03 01:57:21.196 24 DEBUG oslo_concurrency.lockutils [req-e88ba1ab-fdda-49e5-ab7b-60d0e1581672 - - - - -] Releasing lock "singleton_lock" lock /var/lib/kolla/venv/lib/python3.6/site-packages/oslo_concurrency/lockutils.py:312
2025-11-03 01:57:21.196 24 DEBUG neutron.service [req-e88ba1ab-fdda-49e5-ab7b-60d0e1581672 - - - - -] calling RpcWorker wait() _wait /var/lib/kolla/venv/lib/python3.6/site-packages/neutron/service.py:128
2025-11-03 01:57:21.196 24 DEBUG neutron.service [req-e88ba1ab-fdda-49e5-ab7b-60d0e1581672 - - - - -] calling wait on _wait /var/lib/kolla/venv/lib/python3.6/site-packages/neutron/service.py:131
2025-11-03 01:57:21.198 23 WARNING amqp [req-e88ba1ab-fdda-49e5-ab7b-60d0e1581672 - - - - -] Received method (60, 30) during closing channel 1. This method will be ignored
2025-11-03 01:57:21.199 23 DEBUG neutron.service [req-e88ba1ab-fdda-49e5-ab7b-60d0e1581672 - - - - -] calling wait on _wait /var/lib/kolla/venv/lib/python3.6/site-packages/neutron/service.py:131
2025-11-03 01:57:21.201 24 WARNING amqp [req-e88ba1ab-fdda-49e5-ab7b-60d0e1581672 - - - - -] Received method (60, 30) during closing channel 1. This method will be ignored
2025-11-03 01:57:21.204 24 DEBUG neutron.service [req-e88ba1ab-fdda-49e5-ab7b-60d0e1581672 - - - - -] calling wait on _wait /var/lib/kolla/venv/lib/python3.6/site-packages/neutron/service.py:131
2025-11-03 01:57:21.206 23 WARNING amqp [req-e88ba1ab-fdda-49e5-ab7b-60d0e1581672 - - - - -] Received method (60, 30) during closing channel 1. This method will be ignored
2025-11-03 01:57:21.207 23 DEBUG neutron.service [req-e88ba1ab-fdda-49e5-ab7b-60d0e1581672 - - - - -] returning from RpcWorker wait() _wait /var/lib/kolla/venv/lib/python3.6/site-packages/neutron/service.py:135
2025-11-03 01:57:21.208 24 WARNING amqp [req-e88ba1ab-fdda-49e5-ab7b-60d0e1581672 - - - - -] Received method (60, 30) during closing channel 1. This method will be ignored
2025-11-03 01:57:21.216 7 INFO oslo_service.service [-] Child 23 exited with status 0
2025-11-03 01:57:21.216 24 DEBUG neutron.service [req-e88ba1ab-fdda-49e5-ab7b-60d0e1581672 - - - - -] calling wait on _wait /var/lib/kolla/venv/lib/python3.6/site-packages/neutron/service.py:131
2025-11-03 01:57:21.223 24 WARNING amqp [req-e88ba1ab-fdda-49e5-ab7b-60d0e1581672 - - - - -] Received method (60, 30) during closing channel 1. This method will be ignored
2025-11-03 01:57:21.224 24 DEBUG neutron.service [req-e88ba1ab-fdda-49e5-ab7b-60d0e1581672 - - - - -] calling wait on _wait /var/lib/kolla/venv/lib/python3.6/site-packages/neutron/service.py:131
2025-11-03 01:57:21.229 24 WARNING amqp [req-e88ba1ab-fdda-49e5-ab7b-60d0e1581672 - - - - -] Received method (60, 30) during closing channel 1. This method will be ignored
2025-11-03 01:57:21.230 24 DEBUG neutron.service [req-e88ba1ab-fdda-49e5-ab7b-60d0e1581672 - - - - -] returning from RpcWorker wait() _wait /var/lib/kolla/venv/lib/python3.6/site-packages/neutron/service.py:135
2025-11-03 01:57:21.237 7 INFO oslo_service.service [-] Child 24 exited with status 0
2025-11-03 01:57:23.633 25 DEBUG neutron.service [-] calling stop on stop /var/lib/kolla/venv/lib/python3.6/site-packages/neutron/service.py:141
2025-11-03 01:57:26.195 25 DEBUG oslo_concurrency.lockutils [req-e88ba1ab-fdda-49e5-ab7b-60d0e1581672 - - - - -] Acquired lock "singleton_lock" lock /var/lib/kolla/venv/lib/python3.6/site-packages/oslo_concurrency/lockutils.py:294
2025-11-03 01:57:26.196 25 DEBUG oslo_concurrency.lockutils [req-e88ba1ab-fdda-49e5-ab7b-60d0e1581672 - - - - -] Releasing lock "singleton_lock" lock /var/lib/kolla/venv/lib/python3.6/site-packages/oslo_concurrency/lockutils.py:312
2025-11-03 01:57:26.196 25 DEBUG neutron.service [req-e88ba1ab-fdda-49e5-ab7b-60d0e1581672 - - - - -] calling RpcWorker wait() _wait /var/lib/kolla/venv/lib/python3.6/site-packages/neutron/service.py:128
2025-11-03 01:57:26.197 25 DEBUG neutron.service [req-e88ba1ab-fdda-49e5-ab7b-60d0e1581672 - - - - -] calling wait on _wait /var/lib/kolla/venv/lib/python3.6/site-packages/neutron/service.py:131
2025-11-03 01:57:26.205 25 WARNING amqp [req-e88ba1ab-fdda-49e5-ab7b-60d0e1581672 - - - - -] Received method (60, 30) during closing channel 1. This method will be ignored
2025-11-03 01:57:26.207 25 DEBUG neutron.service [req-e88ba1ab-fdda-49e5-ab7b-60d0e1581672 - - - - -] calling wait on _wait /var/lib/kolla/venv/lib/python3.6/site-packages/neutron/service.py:131
2025-11-03 01:57:26.214 25 WARNING amqp [req-e88ba1ab-fdda-49e5-ab7b-60d0e1581672 - - - - -] Received method (60, 30) during closing channel 1. This method will be ignored
2025-11-03 01:57:26.215 25 DEBUG neutron.service [req-e88ba1ab-fdda-49e5-ab7b-60d0e1581672 - - - - -] calling wait on _wait /var/lib/kolla/venv/lib/python3.6/site-packages/neutron/service.py:131
2025-11-03 01:57:26.221 25 WARNING amqp [req-e88ba1ab-fdda-49e5-ab7b-60d0e1581672 - - - - -] Received method (60, 30) during closing channel 1. This method will be ignored
2025-11-03 01:57:26.222 25 DEBUG neutron.service [req-e88ba1ab-fdda-49e5-ab7b-60d0e1581672 - - - - -] calling wait on _wait /var/lib/kolla/venv/lib/python3.6/site-packages/neutron/service.py:131
2025-11-03 01:57:26.227 25 WARNING amqp [req-e88ba1ab-fdda-49e5-ab7b-60d0e1581672 - - - - -] Received method (60, 30) during closing channel 1. This method will be ignored
2025-11-03 01:57:26.229 25 DEBUG neutron.service [req-e88ba1ab-fdda-49e5-ab7b-60d0e1581672 - - - - -] returning from RpcWorker wait() _wait /var/lib/kolla/venv/lib/python3.6/site-packages/neutron/service.py:135
2025-11-03 01:57:26.236 7 INFO oslo_service.service [-] Child 25 exited with status 0
2025-11-03 01:57:26.236 7 INFO oslo_service.service [-] Wait called after thread killed. Cleaning up.
2025-11-03 01:57:26.236 7 DEBUG oslo_service.service [-] Stop services. stop /var/lib/kolla/venv/lib/python3.6/site-packages/oslo_service/service.py:695
2025-11-03 01:57:26.236 7 DEBUG oslo_service.service [-] Killing children. stop /var/lib/kolla/venv/lib/python3.6/site-packages/oslo_service/service.py:700
2025-11-03 01:57:28.832 7 INFO neutron.common.config [-] Logging enabled!
2025-11-03 01:57:28.832 7 INFO neutron.common.config [-] /var/lib/kolla/venv/bin/neutron-server version 20.5.1.dev23
2025-11-03 01:57:28.832 7 DEBUG neutron.common.config [-] command line: /var/lib/kolla/venv/bin/neutron-server --config-file /etc/neutron/neutron.conf --config-file /etc/neutron/ContrailPlugin.ini --config-file /etc/neutron/api-paste.ini setup_logging /var/lib/kolla/venv/lib/python3.6/site-packages/neutron/common/config.py:115
2025-11-03 01:57:28.836 7 INFO neutron.common.config [-] Logging enabled!
2025-11-03 01:57:28.836 7 INFO neutron.common.config [-] /var/lib/kolla/venv/bin/neutron-server version 20.5.1.dev23
2025-11-03 01:57:28.836 7 DEBUG neutron.common.config [-] command line: /var/lib/kolla/venv/bin/neutron-server --config-file /etc/neutron/neutron.conf --config-file /etc/neutron/ContrailPlugin.ini --config-file /etc/neutron/api-paste.ini setup_logging /var/lib/kolla/venv/lib/python3.6/site-packages/neutron/common/config.py:115
2025-11-03 01:57:28.836 7 DEBUG neutron.common.config [-] ******************************************************************************** log_opt_values /var/lib/kolla/venv/lib/python3.6/site-packages/oslo_config/cfg.py:2589
2025-11-03 01:57:28.837 7 DEBUG neutron.common.config [-] Configuration options gathered from: log_opt_values /var/lib/kolla/venv/lib/python3.6/site-packages/oslo_config/cfg.py:2590
2025-11-03 01:57:28.837 7 DEBUG neutron.common.config [-] command line args: ['--config-file', '/etc/neutron/neutron.conf', '--config-file', '/etc/neutron/ContrailPlugin.ini', '--config-file', '/etc/neutron/api-paste.ini'] log_opt_values /var/lib/kolla/venv/lib/python3.6/site-packages/oslo_config/cfg.py:2591
2025-11-03 01:57:28.838 7 DEBUG neutron.common.config [-] config files: ['/etc/neutron/neutron.conf', '/etc/neutron/ContrailPlugin.ini', '/etc/neutron/api-paste.ini'] log_opt_values /var/lib/kolla/venv/lib/python3.6/site-packages/oslo_config/cfg.py:2593
2025-11-03 01:57:28.838 7 DEBUG neutron.common.config [-] ================================================================================ log_opt_values /var/lib/kolla/venv/lib/python3.6/site-packages/oslo_config/cfg.py:2594
2025-11-03 01:57:28.838 7 DEBUG neutron.common.config [-] allow_bulk = True log_opt_values /var/lib/kolla/venv/lib/python3.6/site-packages/oslo_config/cfg.py:2603
