2025-10-27 00:41:52.592 129084 DEBUG oslo_service.service [req-03429a8d-4060-450a-bc9e-b78e6866a426 - - - - -] wsgi.wsgi_log_format = %(client_ip)s "%(request_line)s" status: %(status_code)s len: %(body_length)s time: %(wall_seconds).7f log_opt_values /usr/lib/python3/dist-packages/oslo_config/cfg.py:2609
2025-10-27 00:41:52.593 129084 DEBUG oslo_service.service [req-03429a8d-4060-450a-bc9e-b78e6866a426 - - - - -] zvm.ca_file = None log_opt_values /usr/lib/python3/dist-packages/oslo_config/cfg.py:2609
2025-10-27 00:41:52.593 129084 DEBUG oslo_service.service [req-03429a8d-4060-450a-bc9e-b78e6866a426 - - - - -] zvm.cloud_connector_url = None log_opt_values /usr/lib/python3/dist-packages/oslo_config/cfg.py:2609
2025-10-27 00:41:52.593 129084 DEBUG oslo_service.service [req-03429a8d-4060-450a-bc9e-b78e6866a426 - - - - -] zvm.image_tmp_path = /var/lib/nova/images log_opt_values /usr/lib/python3/dist-packages/oslo_config/cfg.py:2609
2025-10-27 00:41:52.593 129084 DEBUG oslo_service.service [req-03429a8d-4060-450a-bc9e-b78e6866a426 - - - - -] zvm.reachable_timeout = 300 log_opt_values /usr/lib/python3/dist-packages/oslo_config/cfg.py:2609
2025-10-27 00:41:52.593 129084 DEBUG oslo_service.service [req-03429a8d-4060-450a-bc9e-b78e6866a426 - - - - -] oslo_messaging_metrics.metrics_buffer_size = 1000 log_opt_values /usr/lib/python3/dist-packages/oslo_config/cfg.py:2609
2025-10-27 00:41:52.593 129084 DEBUG oslo_service.service [req-03429a8d-4060-450a-bc9e-b78e6866a426 - - - - -] oslo_messaging_metrics.metrics_enabled = False log_opt_values /usr/lib/python3/dist-packages/oslo_config/cfg.py:2609
2025-10-27 00:41:52.594 129084 DEBUG oslo_service.service [req-03429a8d-4060-450a-bc9e-b78e6866a426 - - - - -] oslo_messaging_metrics.metrics_process_name = log_opt_values /usr/lib/python3/dist-packages/oslo_config/cfg.py:2609
2025-10-27 00:41:52.594 129084 DEBUG oslo_service.service [req-03429a8d-4060-450a-bc9e-b78e6866a426 - - - - -] oslo_messaging_metrics.metrics_socket_file = /var/tmp/metrics_collector.sock log_opt_values /usr/lib/python3/dist-packages/oslo_config/cfg.py:2609
2025-10-27 00:41:52.594 129084 DEBUG oslo_service.service [req-03429a8d-4060-450a-bc9e-b78e6866a426 - - - - -] oslo_messaging_metrics.metrics_thread_stop_timeout = 10 log_opt_values /usr/lib/python3/dist-packages/oslo_config/cfg.py:2609
2025-10-27 00:41:52.594 129084 DEBUG oslo_service.service [req-03429a8d-4060-450a-bc9e-b78e6866a426 - - - - -] oslo_policy.enforce_new_defaults = False log_opt_values /usr/lib/python3/dist-packages/oslo_config/cfg.py:2609
2025-10-27 00:41:52.594 129084 DEBUG oslo_service.service [req-03429a8d-4060-450a-bc9e-b78e6866a426 - - - - -] oslo_policy.enforce_scope = False log_opt_values /usr/lib/python3/dist-packages/oslo_config/cfg.py:2609
2025-10-27 00:41:52.594 129084 DEBUG oslo_service.service [req-03429a8d-4060-450a-bc9e-b78e6866a426 - - - - -] oslo_policy.policy_default_rule = default log_opt_values /usr/lib/python3/dist-packages/oslo_config/cfg.py:2609
2025-10-27 00:41:52.595 129084 DEBUG oslo_service.service [req-03429a8d-4060-450a-bc9e-b78e6866a426 - - - - -] oslo_policy.policy_dirs = ['policy.d'] log_opt_values /usr/lib/python3/dist-packages/oslo_config/cfg.py:2609
2025-10-27 00:41:52.595 129084 DEBUG oslo_service.service [req-03429a8d-4060-450a-bc9e-b78e6866a426 - - - - -] oslo_policy.policy_file = policy.yaml log_opt_values /usr/lib/python3/dist-packages/oslo_config/cfg.py:2609
2025-10-27 00:41:52.595 129084 DEBUG oslo_service.service [req-03429a8d-4060-450a-bc9e-b78e6866a426 - - - - -] oslo_policy.remote_content_type = application/x-www-form-urlencoded log_opt_values /usr/lib/python3/dist-packages/oslo_config/cfg.py:2609
2025-10-27 00:41:52.595 129084 DEBUG oslo_service.service [req-03429a8d-4060-450a-bc9e-b78e6866a426 - - - - -] oslo_policy.remote_ssl_ca_crt_file = None log_opt_values /usr/lib/python3/dist-packages/oslo_config/cfg.py:2609
2025-10-27 00:41:52.595 129084 DEBUG oslo_service.service [req-03429a8d-4060-450a-bc9e-b78e6866a426 - - - - -] oslo_policy.remote_ssl_client_crt_file = None log_opt_values /usr/lib/python3/dist-packages/oslo_config/cfg.py:2609
2025-10-27 00:41:52.595 129084 DEBUG oslo_service.service [req-03429a8d-4060-450a-bc9e-b78e6866a426 - - - - -] oslo_policy.remote_ssl_client_key_file = None log_opt_values /usr/lib/python3/dist-packages/oslo_config/cfg.py:2609
2025-10-27 00:41:52.596 129084 DEBUG oslo_service.service [req-03429a8d-4060-450a-bc9e-b78e6866a426 - - - - -] oslo_policy.remote_ssl_verify_server_crt = False log_opt_values /usr/lib/python3/dist-packages/oslo_config/cfg.py:2609
2025-10-27 00:41:52.596 129084 DEBUG oslo_service.service [req-03429a8d-4060-450a-bc9e-b78e6866a426 - - - - -] oslo_versionedobjects.fatal_exception_format_errors = False log_opt_values /usr/lib/python3/dist-packages/oslo_config/cfg.py:2609
2025-10-27 00:41:52.596 129084 DEBUG oslo_service.service [req-03429a8d-4060-450a-bc9e-b78e6866a426 - - - - -] oslo_middleware.http_basic_auth_user_file = /etc/htpasswd log_opt_values /usr/lib/python3/dist-packages/oslo_config/cfg.py:2609
2025-10-27 00:41:52.596 129084 DEBUG oslo_service.service [req-03429a8d-4060-450a-bc9e-b78e6866a426 - - - - -] profiler.connection_string = messaging:// log_opt_values /usr/lib/python3/dist-packages/oslo_config/cfg.py:2609
2025-10-27 00:41:52.596 129084 DEBUG oslo_service.service [req-03429a8d-4060-450a-bc9e-b78e6866a426 - - - - -] profiler.enabled = False log_opt_values /usr/lib/python3/dist-packages/oslo_config/cfg.py:2609
2025-10-27 00:41:52.596 129084 DEBUG oslo_service.service [req-03429a8d-4060-450a-bc9e-b78e6866a426 - - - - -] profiler.es_doc_type = notification log_opt_values /usr/lib/python3/dist-packages/oslo_config/cfg.py:2609
2025-10-27 00:41:52.597 129084 DEBUG oslo_service.service [req-03429a8d-4060-450a-bc9e-b78e6866a426 - - - - -] profiler.es_scroll_size = 10000 log_opt_values /usr/lib/python3/dist-packages/oslo_config/cfg.py:2609
2025-10-27 00:41:52.597 129084 DEBUG oslo_service.service [req-03429a8d-4060-450a-bc9e-b78e6866a426 - - - - -] profiler.es_scroll_time = 2m log_opt_values /usr/lib/python3/dist-packages/oslo_config/cfg.py:2609
2025-10-27 00:41:52.597 129084 DEBUG oslo_service.service [req-03429a8d-4060-450a-bc9e-b78e6866a426 - - - - -] profiler.filter_error_trace = False log_opt_values /usr/lib/python3/dist-packages/oslo_config/cfg.py:2609
2025-10-27 00:41:52.597 129084 DEBUG oslo_service.service [req-03429a8d-4060-450a-bc9e-b78e6866a426 - - - - -] profiler.hmac_keys = SECRET_KEY log_opt_values /usr/lib/python3/dist-packages/oslo_config/cfg.py:2609
2025-10-27 00:41:52.597 129084 DEBUG oslo_service.service [req-03429a8d-4060-450a-bc9e-b78e6866a426 - - - - -] profiler.sentinel_service_name = mymaster log_opt_values /usr/lib/python3/dist-packages/oslo_config/cfg.py:2609
2025-10-27 00:41:52.597 129084 DEBUG oslo_service.service [req-03429a8d-4060-450a-bc9e-b78e6866a426 - - - - -] profiler.socket_timeout = 0.1 log_opt_values /usr/lib/python3/dist-packages/oslo_config/cfg.py:2609
2025-10-27 00:41:52.597 129084 DEBUG oslo_service.service [req-03429a8d-4060-450a-bc9e-b78e6866a426 - - - - -] profiler.trace_sqlalchemy = False log_opt_values /usr/lib/python3/dist-packages/oslo_config/cfg.py:2609
2025-10-27 00:41:52.598 129084 DEBUG oslo_service.service [req-03429a8d-4060-450a-bc9e-b78e6866a426 - - - - -] remote_debug.host = None log_opt_values /usr/lib/python3/dist-packages/oslo_config/cfg.py:2609
2025-10-27 00:41:52.598 129084 DEBUG oslo_service.service [req-03429a8d-4060-450a-bc9e-b78e6866a426 - - - - -] remote_debug.port = None log_opt_values /usr/lib/python3/dist-packages/oslo_config/cfg.py:2609
2025-10-27 00:41:52.598 129084 DEBUG oslo_service.service [req-03429a8d-4060-450a-bc9e-b78e6866a426 - - - - -] oslo_messaging_rabbit.amqp_auto_delete = False log_opt_values /usr/lib/python3/dist-packages/oslo_config/cfg.py:2609
2025-10-27 00:41:52.598 129084 DEBUG oslo_service.service [req-03429a8d-4060-450a-bc9e-b78e6866a426 - - - - -] oslo_messaging_rabbit.amqp_durable_queues = False log_opt_values /usr/lib/python3/dist-packages/oslo_config/cfg.py:2609
2025-10-27 00:41:52.598 129084 DEBUG oslo_service.service [req-03429a8d-4060-450a-bc9e-b78e6866a426 - - - - -] oslo_messaging_rabbit.conn_pool_min_size = 2 log_opt_values /usr/lib/python3/dist-packages/oslo_config/cfg.py:2609
2025-10-27 00:41:52.598 129084 DEBUG oslo_service.service [req-03429a8d-4060-450a-bc9e-b78e6866a426 - - - - -] oslo_messaging_rabbit.conn_pool_ttl = 1200 log_opt_values /usr/lib/python3/dist-packages/oslo_config/cfg.py:2609
2025-10-27 00:41:52.599 129084 DEBUG oslo_service.service [req-03429a8d-4060-450a-bc9e-b78e6866a426 - - - - -] oslo_messaging_rabbit.direct_mandatory_flag = True log_opt_values /usr/lib/python3/dist-packages/oslo_config/cfg.py:2609
2025-10-27 00:41:52.599 129084 DEBUG oslo_service.service [req-03429a8d-4060-450a-bc9e-b78e6866a426 - - - - -] oslo_messaging_rabbit.enable_cancel_on_failover = False log_opt_values /usr/lib/python3/dist-packages/oslo_config/cfg.py:2609
2025-10-27 00:41:52.599 129084 DEBUG oslo_service.service [req-03429a8d-4060-450a-bc9e-b78e6866a426 - - - - -] oslo_messaging_rabbit.heartbeat_in_pthread = False log_opt_values /usr/lib/python3/dist-packages/oslo_config/cfg.py:2609
2025-10-27 00:41:52.599 129084 DEBUG oslo_service.service [req-03429a8d-4060-450a-bc9e-b78e6866a426 - - - - -] oslo_messaging_rabbit.heartbeat_rate = 2 log_opt_values /usr/lib/python3/dist-packages/oslo_config/cfg.py:2609
2025-10-27 00:41:52.599 129084 DEBUG oslo_service.service [req-03429a8d-4060-450a-bc9e-b78e6866a426 - - - - -] oslo_messaging_rabbit.heartbeat_timeout_threshold = 60 log_opt_values /usr/lib/python3/dist-packages/oslo_config/cfg.py:2609
2025-10-27 00:41:52.599 129084 DEBUG oslo_service.service [req-03429a8d-4060-450a-bc9e-b78e6866a426 - - - - -] oslo_messaging_rabbit.kombu_compression = None log_opt_values /usr/lib/python3/dist-packages/oslo_config/cfg.py:2609
2025-10-27 00:41:52.599 129084 DEBUG oslo_service.service [req-03429a8d-4060-450a-bc9e-b78e6866a426 - - - - -] oslo_messaging_rabbit.kombu_failover_strategy = round-robin log_opt_values /usr/lib/python3/dist-packages/oslo_config/cfg.py:2609
2025-10-27 00:41:52.600 129084 DEBUG oslo_service.service [req-03429a8d-4060-450a-bc9e-b78e6866a426 - - - - -] oslo_messaging_rabbit.kombu_missing_consumer_retry_timeout = 60 log_opt_values /usr/lib/python3/dist-packages/oslo_config/cfg.py:2609
2025-10-27 00:41:52.600 129084 DEBUG oslo_service.service [req-03429a8d-4060-450a-bc9e-b78e6866a426 - - - - -] oslo_messaging_rabbit.kombu_reconnect_delay = 1.0 log_opt_values /usr/lib/python3/dist-packages/oslo_config/cfg.py:2609
2025-10-27 00:41:52.600 129084 DEBUG oslo_service.service [req-03429a8d-4060-450a-bc9e-b78e6866a426 - - - - -] oslo_messaging_rabbit.rabbit_ha_queues = False log_opt_values /usr/lib/python3/dist-packages/oslo_config/cfg.py:2609
2025-10-27 00:41:52.600 129084 DEBUG oslo_service.service [req-03429a8d-4060-450a-bc9e-b78e6866a426 - - - - -] oslo_messaging_rabbit.rabbit_interval_max = 30 log_opt_values /usr/lib/python3/dist-packages/oslo_config/cfg.py:2609
2025-10-27 00:41:52.600 129084 DEBUG oslo_service.service [req-03429a8d-4060-450a-bc9e-b78e6866a426 - - - - -] oslo_messaging_rabbit.rabbit_login_method = AMQPLAIN log_opt_values /usr/lib/python3/dist-packages/oslo_config/cfg.py:2609
2025-10-27 00:41:52.600 129084 DEBUG oslo_service.service [req-03429a8d-4060-450a-bc9e-b78e6866a426 - - - - -] oslo_messaging_rabbit.rabbit_qos_prefetch_count = 0 log_opt_values /usr/lib/python3/dist-packages/oslo_config/cfg.py:2609
2025-10-27 00:41:52.601 129084 DEBUG oslo_service.service [req-03429a8d-4060-450a-bc9e-b78e6866a426 - - - - -] oslo_messaging_rabbit.rabbit_quorum_queue = False log_opt_values /usr/lib/python3/dist-packages/oslo_config/cfg.py:2609
2025-10-27 00:41:52.601 129084 DEBUG oslo_service.service [req-03429a8d-4060-450a-bc9e-b78e6866a426 - - - - -] oslo_messaging_rabbit.rabbit_retry_backoff = 2 log_opt_values /usr/lib/python3/dist-packages/oslo_config/cfg.py:2609
2025-10-27 00:41:52.601 129084 DEBUG oslo_service.service [req-03429a8d-4060-450a-bc9e-b78e6866a426 - - - - -] oslo_messaging_rabbit.rabbit_retry_interval = 1 log_opt_values /usr/lib/python3/dist-packages/oslo_config/cfg.py:2609
2025-10-27 00:41:52.601 129084 DEBUG oslo_service.service [req-03429a8d-4060-450a-bc9e-b78e6866a426 - - - - -] oslo_messaging_rabbit.rabbit_transient_queues_ttl = 1800 log_opt_values /usr/lib/python3/dist-packages/oslo_config/cfg.py:2609
2025-10-27 00:41:52.601 129084 DEBUG oslo_service.service [req-03429a8d-4060-450a-bc9e-b78e6866a426 - - - - -] oslo_messaging_rabbit.rpc_conn_pool_size = 30 log_opt_values /usr/lib/python3/dist-packages/oslo_config/cfg.py:2609
2025-10-27 00:41:52.601 129084 DEBUG oslo_service.service [req-03429a8d-4060-450a-bc9e-b78e6866a426 - - - - -] oslo_messaging_rabbit.ssl = False log_opt_values /usr/lib/python3/dist-packages/oslo_config/cfg.py:2609
2025-10-27 00:41:52.601 129084 DEBUG oslo_service.service [req-03429a8d-4060-450a-bc9e-b78e6866a426 - - - - -] oslo_messaging_rabbit.ssl_ca_file = log_opt_values /usr/lib/python3/dist-packages/oslo_config/cfg.py:2609
2025-10-27 00:41:52.602 129084 DEBUG oslo_service.service [req-03429a8d-4060-450a-bc9e-b78e6866a426 - - - - -] oslo_messaging_rabbit.ssl_cert_file = log_opt_values /usr/lib/python3/dist-packages/oslo_config/cfg.py:2609
2025-10-27 00:41:52.602 129084 DEBUG oslo_service.service [req-03429a8d-4060-450a-bc9e-b78e6866a426 - - - - -] oslo_messaging_rabbit.ssl_key_file = log_opt_values /usr/lib/python3/dist-packages/oslo_config/cfg.py:2609
2025-10-27 00:41:52.602 129084 DEBUG oslo_service.service [req-03429a8d-4060-450a-bc9e-b78e6866a426 - - - - -] oslo_messaging_rabbit.ssl_version = log_opt_values /usr/lib/python3/dist-packages/oslo_config/cfg.py:2609
2025-10-27 00:41:52.602 129084 DEBUG oslo_service.service [req-03429a8d-4060-450a-bc9e-b78e6866a426 - - - - -] oslo_messaging_notifications.driver = ['messagingv2'] log_opt_values /usr/lib/python3/dist-packages/oslo_config/cfg.py:2609
2025-10-27 00:41:52.602 129084 DEBUG oslo_service.service [req-03429a8d-4060-450a-bc9e-b78e6866a426 - - - - -] oslo_messaging_notifications.retry = -1 log_opt_values /usr/lib/python3/dist-packages/oslo_config/cfg.py:2609
2025-10-27 00:41:52.602 129084 DEBUG oslo_service.service [req-03429a8d-4060-450a-bc9e-b78e6866a426 - - - - -] oslo_messaging_notifications.topics = ['notifications'] log_opt_values /usr/lib/python3/dist-packages/oslo_config/cfg.py:2609
2025-10-27 00:41:52.603 129084 DEBUG oslo_service.service [req-03429a8d-4060-450a-bc9e-b78e6866a426 - - - - -] oslo_messaging_notifications.transport_url = **** log_opt_values /usr/lib/python3/dist-packages/oslo_config/cfg.py:2609
2025-10-27 00:41:52.603 129084 DEBUG oslo_service.service [req-03429a8d-4060-450a-bc9e-b78e6866a426 - - - - -] oslo_limit.auth_section = None log_opt_values /usr/lib/python3/dist-packages/oslo_config/cfg.py:2609
2025-10-27 00:41:52.603 129084 DEBUG oslo_service.service [req-03429a8d-4060-450a-bc9e-b78e6866a426 - - - - -] oslo_limit.auth_type = None log_opt_values /usr/lib/python3/dist-packages/oslo_config/cfg.py:2609
2025-10-27 00:41:52.603 129084 DEBUG oslo_service.service [req-03429a8d-4060-450a-bc9e-b78e6866a426 - - - - -] oslo_limit.cafile = None log_opt_values /usr/lib/python3/dist-packages/oslo_config/cfg.py:2609
2025-10-27 00:41:52.603 129084 DEBUG oslo_service.service [req-03429a8d-4060-450a-bc9e-b78e6866a426 - - - - -] oslo_limit.certfile = None log_opt_values /usr/lib/python3/dist-packages/oslo_config/cfg.py:2609
2025-10-27 00:41:52.604 129084 DEBUG oslo_service.service [req-03429a8d-4060-450a-bc9e-b78e6866a426 - - - - -] oslo_limit.collect_timing = False log_opt_values /usr/lib/python3/dist-packages/oslo_config/cfg.py:2609
2025-10-27 00:41:52.604 129084 DEBUG oslo_service.service [req-03429a8d-4060-450a-bc9e-b78e6866a426 - - - - -] oslo_limit.connect_retries = None log_opt_values /usr/lib/python3/dist-packages/oslo_config/cfg.py:2609
2025-10-27 00:41:52.604 129084 DEBUG oslo_service.service [req-03429a8d-4060-450a-bc9e-b78e6866a426 - - - - -] oslo_limit.connect_retry_delay = None log_opt_values /usr/lib/python3/dist-packages/oslo_config/cfg.py:2609
2025-10-27 00:41:52.604 129084 DEBUG oslo_service.service [req-03429a8d-4060-450a-bc9e-b78e6866a426 - - - - -] oslo_limit.endpoint_id = None log_opt_values /usr/lib/python3/dist-packages/oslo_config/cfg.py:2609
2025-10-27 00:41:52.604 129084 DEBUG oslo_service.service [req-03429a8d-4060-450a-bc9e-b78e6866a426 - - - - -] oslo_limit.endpoint_override = None log_opt_values /usr/lib/python3/dist-packages/oslo_config/cfg.py:2609
2025-10-27 00:41:52.604 129084 DEBUG oslo_service.service [req-03429a8d-4060-450a-bc9e-b78e6866a426 - - - - -] oslo_limit.insecure = False log_opt_values /usr/lib/python3/dist-packages/oslo_config/cfg.py:2609
2025-10-27 00:41:52.604 129084 DEBUG oslo_service.service [req-03429a8d-4060-450a-bc9e-b78e6866a426 - - - - -] oslo_limit.keyfile = None log_opt_values /usr/lib/python3/dist-packages/oslo_config/cfg.py:2609
2025-10-27 00:41:52.605 129084 DEBUG oslo_service.service [req-03429a8d-4060-450a-bc9e-b78e6866a426 - - - - -] oslo_limit.max_version = None log_opt_values /usr/lib/python3/dist-packages/oslo_config/cfg.py:2609
2025-10-27 00:41:52.605 129084 DEBUG oslo_service.service [req-03429a8d-4060-450a-bc9e-b78e6866a426 - - - - -] oslo_limit.min_version = None log_opt_values /usr/lib/python3/dist-packages/oslo_config/cfg.py:2609
2025-10-27 00:41:52.605 129084 DEBUG oslo_service.service [req-03429a8d-4060-450a-bc9e-b78e6866a426 - - - - -] oslo_limit.region_name = None log_opt_values /usr/lib/python3/dist-packages/oslo_config/cfg.py:2609
2025-10-27 00:41:52.605 129084 DEBUG oslo_service.service [req-03429a8d-4060-450a-bc9e-b78e6866a426 - - - - -] oslo_limit.service_name = None log_opt_values /usr/lib/python3/dist-packages/oslo_config/cfg.py:2609
2025-10-27 00:41:52.605 129084 DEBUG oslo_service.service [req-03429a8d-4060-450a-bc9e-b78e6866a426 - - - - -] oslo_limit.service_type = None log_opt_values /usr/lib/python3/dist-packages/oslo_config/cfg.py:2609
2025-10-27 00:41:52.605 129084 DEBUG oslo_service.service [req-03429a8d-4060-450a-bc9e-b78e6866a426 - - - - -] oslo_limit.split_loggers = False log_opt_values /usr/lib/python3/dist-packages/oslo_config/cfg.py:2609
2025-10-27 00:41:52.606 129084 DEBUG oslo_service.service [req-03429a8d-4060-450a-bc9e-b78e6866a426 - - - - -] oslo_limit.status_code_retries = None log_opt_values /usr/lib/python3/dist-packages/oslo_config/cfg.py:2609
2025-10-27 00:41:52.606 129084 DEBUG oslo_service.service [req-03429a8d-4060-450a-bc9e-b78e6866a426 - - - - -] oslo_limit.status_code_retry_delay = None log_opt_values /usr/lib/python3/dist-packages/oslo_config/cfg.py:2609
2025-10-27 00:41:52.606 129084 DEBUG oslo_service.service [req-03429a8d-4060-450a-bc9e-b78e6866a426 - - - - -] oslo_limit.timeout = None log_opt_values /usr/lib/python3/dist-packages/oslo_config/cfg.py:2609
2025-10-27 00:41:52.606 129084 DEBUG oslo_service.service [req-03429a8d-4060-450a-bc9e-b78e6866a426 - - - - -] oslo_limit.valid_interfaces = None log_opt_values /usr/lib/python3/dist-packages/oslo_config/cfg.py:2609
2025-10-27 00:41:52.606 129084 DEBUG oslo_service.service [req-03429a8d-4060-450a-bc9e-b78e6866a426 - - - - -] oslo_limit.version = None log_opt_values /usr/lib/python3/dist-packages/oslo_config/cfg.py:2609
2025-10-27 00:41:52.606 129084 DEBUG oslo_service.service [req-03429a8d-4060-450a-bc9e-b78e6866a426 - - - - -] oslo_reports.file_event_handler = None log_opt_values /usr/lib/python3/dist-packages/oslo_config/cfg.py:2609
2025-10-27 00:41:52.606 129084 DEBUG oslo_service.service [req-03429a8d-4060-450a-bc9e-b78e6866a426 - - - - -] oslo_reports.file_event_handler_interval = 1 log_opt_values /usr/lib/python3/dist-packages/oslo_config/cfg.py:2609
2025-10-27 00:41:52.607 129084 DEBUG oslo_service.service [req-03429a8d-4060-450a-bc9e-b78e6866a426 - - - - -] oslo_reports.log_dir = None log_opt_values /usr/lib/python3/dist-packages/oslo_config/cfg.py:2609
2025-10-27 00:41:52.607 129084 DEBUG oslo_service.service [req-03429a8d-4060-450a-bc9e-b78e6866a426 - - - - -] ******************************************************************************** log_opt_values /usr/lib/python3/dist-packages/oslo_config/cfg.py:2613
2025-10-27 00:41:53.510 129392 DEBUG oslo_messaging._drivers.amqpdriver [-] AMQPListener connection timeout poll /usr/lib/python3/dist-packages/oslo_messaging/_drivers/amqpdriver.py:360
2025-10-27 00:41:53.510 129392 DEBUG oslo_messaging._drivers.amqpdriver [-] Listener is running poll /usr/lib/python3/dist-packages/oslo_messaging/_drivers/amqpdriver.py:343
2025-10-27 00:41:53.510 129392 DEBUG oslo_messaging._drivers.amqpdriver [-] AMQPListener connection consume poll /usr/lib/python3/dist-packages/oslo_messaging/_drivers/amqpdriver.py:357
2025-10-27 00:41:53.535 129395 DEBUG oslo_messaging._drivers.amqpdriver [-] AMQPListener connection timeout poll /usr/lib/python3/dist-packages/oslo_messaging/_drivers/amqpdriver.py:360
2025-10-27 00:41:53.535 129395 DEBUG oslo_messaging._drivers.amqpdriver [-] Listener is running poll /usr/lib/python3/dist-packages/oslo_messaging/_drivers/amqpdriver.py:343
2025-10-27 00:41:53.535 129395 DEBUG oslo_messaging._drivers.amqpdriver [-] AMQPListener connection consume poll /usr/lib/python3/dist-packages/oslo_messaging/_drivers/amqpdriver.py:357
2025-10-27 00:41:53.540 129393 DEBUG oslo_messaging._drivers.amqpdriver [-] AMQPListener connection timeout poll /usr/lib/python3/dist-packages/oslo_messaging/_drivers/amqpdriver.py:360
2025-10-27 00:41:53.541 129393 DEBUG oslo_messaging._drivers.amqpdriver [-] Listener is running poll /usr/lib/python3/dist-packages/oslo_messaging/_drivers/amqpdriver.py:343
2025-10-27 00:41:53.541 129394 DEBUG oslo_messaging._drivers.amqpdriver [-] AMQPListener connection timeout poll /usr/lib/python3/dist-packages/oslo_messaging/_drivers/amqpdriver.py:360
2025-10-27 00:41:53.541 129393 DEBUG oslo_messaging._drivers.amqpdriver [-] AMQPListener connection consume poll /usr/lib/python3/dist-packages/oslo_messaging/_drivers/amqpdriver.py:357
2025-10-27 00:41:53.541 129394 DEBUG oslo_messaging._drivers.amqpdriver [-] Listener is running poll /usr/lib/python3/dist-packages/oslo_messaging/_drivers/amqpdriver.py:343
2025-10-27 00:41:53.541 129394 DEBUG oslo_messaging._drivers.amqpdriver [-] AMQPListener connection consume poll /usr/lib/python3/dist-packages/oslo_messaging/_drivers/amqpdriver.py:357
2025-10-27 00:41:55.512 129392 DEBUG oslo_messaging._drivers.amqpdriver [-] AMQPListener connection timeout poll /usr/lib/python3/dist-packages/oslo_messaging/_drivers/amqpdriver.py:360
2025-10-27 00:41:55.512 129392 DEBUG oslo_messaging._drivers.amqpdriver [-] Listener is running poll /usr/lib/python3/dist-packages/oslo_messaging/_drivers/amqpdriver.py:343
2025-10-27 00:41:55.512 129392 DEBUG oslo_messaging._drivers.amqpdriver [-] AMQPListener connection consume poll /usr/lib/python3/dist-packages/oslo_messaging/_drivers/amqpdriver.py:357
2025-10-27 00:41:55.537 129395 DEBUG oslo_messaging._drivers.amqpdriver [-] AMQPListener connection timeout poll /usr/lib/python3/dist-packages/oslo_messaging/_drivers/amqpdriver.py:360
2025-10-27 00:41:55.538 129395 DEBUG oslo_messaging._drivers.amqpdriver [-] Listener is running poll /usr/lib/python3/dist-packages/oslo_messaging/_drivers/amqpdriver.py:343
2025-10-27 00:41:55.538 129395 DEBUG oslo_messaging._drivers.amqpdriver [-] AMQPListener connection consume poll /usr/lib/python3/dist-packages/oslo_messaging/_drivers/amqpdriver.py:357
2025-10-27 00:41:55.543 129393 DEBUG oslo_messaging._drivers.amqpdriver [-] AMQPListener connection timeout poll /usr/lib/python3/dist-packages/oslo_messaging/_drivers/amqpdriver.py:360
2025-10-27 00:41:55.543 129393 DEBUG oslo_messaging._drivers.amqpdriver [-] Listener is running poll /usr/lib/python3/dist-packages/oslo_messaging/_drivers/amqpdriver.py:343
2025-10-27 00:41:55.543 129393 DEBUG oslo_messaging._drivers.amqpdriver [-] AMQPListener connection consume poll /usr/lib/python3/dist-packages/oslo_messaging/_drivers/amqpdriver.py:357
2025-10-27 00:41:55.543 129394 DEBUG oslo_messaging._drivers.amqpdriver [-] AMQPListener connection timeout poll /usr/lib/python3/dist-packages/oslo_messaging/_drivers/amqpdriver.py:360
2025-10-27 00:41:55.544 129394 DEBUG oslo_messaging._drivers.amqpdriver [-] Listener is running poll /usr/lib/python3/dist-packages/oslo_messaging/_drivers/amqpdriver.py:343
2025-10-27 00:41:55.544 129394 DEBUG oslo_messaging._drivers.amqpdriver [-] AMQPListener connection consume poll /usr/lib/python3/dist-packages/oslo_messaging/_drivers/amqpdriver.py:357
2025-10-27 00:41:59.515 129392 DEBUG oslo_messaging._drivers.amqpdriver [-] AMQPListener connection timeout poll /usr/lib/python3/dist-packages/oslo_messaging/_drivers/amqpdriver.py:360
2025-10-27 00:41:59.515 129392 DEBUG oslo_messaging._drivers.amqpdriver [-] Listener is running poll /usr/lib/python3/dist-packages/oslo_messaging/_drivers/amqpdriver.py:343
2025-10-27 00:41:59.515 129392 DEBUG oslo_messaging._drivers.amqpdriver [-] AMQPListener connection consume poll /usr/lib/python3/dist-packages/oslo_messaging/_drivers/amqpdriver.py:357
2025-10-27 00:41:59.541 129395 DEBUG oslo_messaging._drivers.amqpdriver [-] AMQPListener connection timeout poll /usr/lib/python3/dist-packages/oslo_messaging/_drivers/amqpdriver.py:360
2025-10-27 00:41:59.541 129395 DEBUG oslo_messaging._drivers.amqpdriver [-] Listener is running poll /usr/lib/python3/dist-packages/oslo_messaging/_drivers/amqpdriver.py:343
2025-10-27 00:41:59.541 129395 DEBUG oslo_messaging._drivers.amqpdriver [-] AMQPListener connection consume poll /usr/lib/python3/dist-packages/oslo_messaging/_drivers/amqpdriver.py:357
2025-10-27 00:41:59.546 129394 DEBUG oslo_messaging._drivers.amqpdriver [-] AMQPListener connection timeout poll /usr/lib/python3/dist-packages/oslo_messaging/_drivers/amqpdriver.py:360
2025-10-27 00:41:59.546 129393 DEBUG oslo_messaging._drivers.amqpdriver [-] AMQPListener connection timeout poll /usr/lib/python3/dist-packages/oslo_messaging/_drivers/amqpdriver.py:360
2025-10-27 00:41:59.547 129394 DEBUG oslo_messaging._drivers.amqpdriver [-] Listener is running poll /usr/lib/python3/dist-packages/oslo_messaging/_drivers/amqpdriver.py:343
2025-10-27 00:41:59.547 129394 DEBUG oslo_messaging._drivers.amqpdriver [-] AMQPListener connection consume poll /usr/lib/python3/dist-packages/oslo_messaging/_drivers/amqpdriver.py:357
2025-10-27 00:41:59.547 129393 DEBUG oslo_messaging._drivers.amqpdriver [-] Listener is running poll /usr/lib/python3/dist-packages/oslo_messaging/_drivers/amqpdriver.py:343
2025-10-27 00:41:59.547 129393 DEBUG oslo_messaging._drivers.amqpdriver [-] AMQPListener connection consume poll /usr/lib/python3/dist-packages/oslo_messaging/_drivers/amqpdriver.py:357
2025-10-27 00:42:02.537 129394 DEBUG oslo_service.periodic_task [req-2465ba2d-0631-46d4-aa6c-107c95c7dc00 - - - - -] Running periodic task SchedulerManager._discover_hosts_in_cells run_periodic_tasks /usr/lib/python3/dist-packages/oslo_service/periodic_task.py:210
2025-10-27 00:42:02.539 129394 DEBUG oslo_db.sqlalchemy.engines [req-2465ba2d-0631-46d4-aa6c-107c95c7dc00 - - - - -] Parent process 129084 forked (129394) with an open database connection, which is being discarded and recreated. checkout /usr/lib/python3/dist-packages/oslo_db/sqlalchemy/engines.py:413
2025-10-27 00:42:02.545 129394 DEBUG oslo_concurrency.lockutils [req-2465ba2d-0631-46d4-aa6c-107c95c7dc00 - - - - -] Lock "53170cb8-4fdd-4d62-9489-f89feaa6df62" acquired by "nova.context.set_target_cell..get_or_set_cached_cell_and_set_connections" :: waited 0.000s inner /usr/lib/python3/dist-packages/oslo_concurrency/lockutils.py:386
2025-10-27 00:42:02.547 129394 DEBUG oslo_concurrency.lockutils [req-2465ba2d-0631-46d4-aa6c-107c95c7dc00 - - - - -] Lock "53170cb8-4fdd-4d62-9489-f89feaa6df62" "released" by "nova.context.set_target_cell..get_or_set_cached_cell_and_set_connections" :: held 0.002s inner /usr/lib/python3/dist-packages/oslo_concurrency/lockutils.py:400
2025-10-27 00:42:02.553 129394 DEBUG oslo_db.sqlalchemy.engines [req-2465ba2d-0631-46d4-aa6c-107c95c7dc00 - - - - -] MySQL server mode set to STRICT_TRANS_TABLES,STRICT_ALL_TABLES,NO_ZERO_IN_DATE,NO_ZERO_DATE,ERROR_FOR_DIVISION_BY_ZERO,TRADITIONAL,NO_ENGINE_SUBSTITUTION _check_effective_sql_mode /usr/lib/python3/dist-packages/oslo_db/sqlalchemy/engines.py:314
2025-10-27 00:42:02.615 129394 INFO nova.scheduler.manager [req-2465ba2d-0631-46d4-aa6c-107c95c7dc00 - - - - -] Discovered 1 new hosts: cell1:cn-jenkins-deploy-platform-juju-os-607-1
2025-10-27 00:42:04.535 129395 DEBUG oslo_service.periodic_task [req-17d5cc02-0aaa-4e15-9075-396f51524c9a - - - - -] Running periodic task SchedulerManager._discover_hosts_in_cells run_periodic_tasks /usr/lib/python3/dist-packages/oslo_service/periodic_task.py:210
2025-10-27 00:42:04.536 129395 DEBUG oslo_db.sqlalchemy.engines [req-17d5cc02-0aaa-4e15-9075-396f51524c9a - - - - -] Parent process 129084 forked (129395) with an open database connection, which is being discarded and recreated. checkout /usr/lib/python3/dist-packages/oslo_db/sqlalchemy/engines.py:413
2025-10-27 00:42:04.543 129395 DEBUG oslo_concurrency.lockutils [req-17d5cc02-0aaa-4e15-9075-396f51524c9a - - - - -] Lock "53170cb8-4fdd-4d62-9489-f89feaa6df62" acquired by "nova.context.set_target_cell..get_or_set_cached_cell_and_set_connections" :: waited 0.000s inner /usr/lib/python3/dist-packages/oslo_concurrency/lockutils.py:386
2025-10-27 00:42:04.545 129395 DEBUG oslo_concurrency.lockutils [req-17d5cc02-0aaa-4e15-9075-396f51524c9a - - - - -] Lock "53170cb8-4fdd-4d62-9489-f89feaa6df62" "released" by "nova.context.set_target_cell..get_or_set_cached_cell_and_set_connections" :: held 0.002s inner /usr/lib/python3/dist-packages/oslo_concurrency/lockutils.py:400
2025-10-27 00:42:04.551 129395 DEBUG oslo_db.sqlalchemy.engines [req-17d5cc02-0aaa-4e15-9075-396f51524c9a - - - - -] MySQL server mode set to STRICT_TRANS_TABLES,STRICT_ALL_TABLES,NO_ZERO_IN_DATE,NO_ZERO_DATE,ERROR_FOR_DIVISION_BY_ZERO,TRADITIONAL,NO_ENGINE_SUBSTITUTION _check_effective_sql_mode /usr/lib/python3/dist-packages/oslo_db/sqlalchemy/engines.py:314
2025-10-27 00:42:07.516 129392 DEBUG oslo_messaging._drivers.amqpdriver [-] AMQPListener connection timeout poll /usr/lib/python3/dist-packages/oslo_messaging/_drivers/amqpdriver.py:360
2025-10-27 00:42:07.516 129392 DEBUG oslo_messaging._drivers.amqpdriver [-] Listener is running poll /usr/lib/python3/dist-packages/oslo_messaging/_drivers/amqpdriver.py:343
2025-10-27 00:42:07.516 129392 DEBUG oslo_messaging._drivers.amqpdriver [-] AMQPListener connection consume poll /usr/lib/python3/dist-packages/oslo_messaging/_drivers/amqpdriver.py:357
2025-10-27 00:42:07.543 129395 DEBUG oslo_messaging._drivers.amqpdriver [-] AMQPListener connection timeout poll /usr/lib/python3/dist-packages/oslo_messaging/_drivers/amqpdriver.py:360
2025-10-27 00:42:07.543 129395 DEBUG oslo_messaging._drivers.amqpdriver [-] Listener is running poll /usr/lib/python3/dist-packages/oslo_messaging/_drivers/amqpdriver.py:343
2025-10-27 00:42:07.544 129395 DEBUG oslo_messaging._drivers.amqpdriver [-] AMQPListener connection consume poll /usr/lib/python3/dist-packages/oslo_messaging/_drivers/amqpdriver.py:357
2025-10-27 00:42:07.548 129394 DEBUG oslo_messaging._drivers.amqpdriver [-] AMQPListener connection timeout poll /usr/lib/python3/dist-packages/oslo_messaging/_drivers/amqpdriver.py:360
2025-10-27 00:42:07.548 129394 DEBUG oslo_messaging._drivers.amqpdriver [-] Listener is running poll /usr/lib/python3/dist-packages/oslo_messaging/_drivers/amqpdriver.py:343
2025-10-27 00:42:07.548 129394 DEBUG oslo_messaging._drivers.amqpdriver [-] AMQPListener connection consume poll /usr/lib/python3/dist-packages/oslo_messaging/_drivers/amqpdriver.py:357
2025-10-27 00:42:07.548 129393 DEBUG oslo_messaging._drivers.amqpdriver [-] AMQPListener connection timeout poll /usr/lib/python3/dist-packages/oslo_messaging/_drivers/amqpdriver.py:360
2025-10-27 00:42:07.549 129393 DEBUG oslo_messaging._drivers.amqpdriver [-] Listener is running poll /usr/lib/python3/dist-packages/oslo_messaging/_drivers/amqpdriver.py:343
2025-10-27 00:42:07.549 129393 DEBUG oslo_messaging._drivers.amqpdriver [-] AMQPListener connection consume poll /usr/lib/python3/dist-packages/oslo_messaging/_drivers/amqpdriver.py:357
2025-10-27 00:42:28.507 129392 DEBUG oslo_service.periodic_task [req-04f3d72b-af22-4841-bf73-3f3f83874741 - - - - -] Running periodic task SchedulerManager._discover_hosts_in_cells run_periodic_tasks /usr/lib/python3/dist-packages/oslo_service/periodic_task.py:210
2025-10-27 00:42:28.508 129392 DEBUG oslo_db.sqlalchemy.engines [req-04f3d72b-af22-4841-bf73-3f3f83874741 - - - - -] Parent process 129084 forked (129392) with an open database connection, which is being discarded and recreated. checkout /usr/lib/python3/dist-packages/oslo_db/sqlalchemy/engines.py:413
2025-10-27 00:42:28.515 129392 DEBUG oslo_concurrency.lockutils [req-04f3d72b-af22-4841-bf73-3f3f83874741 - - - - -] Lock "53170cb8-4fdd-4d62-9489-f89feaa6df62" acquired by "nova.context.set_target_cell..get_or_set_cached_cell_and_set_connections" :: waited 0.000s inner /usr/lib/python3/dist-packages/oslo_concurrency/lockutils.py:386
2025-10-27 00:42:28.517 129392 DEBUG oslo_concurrency.lockutils [req-04f3d72b-af22-4841-bf73-3f3f83874741 - - - - -] Lock "53170cb8-4fdd-4d62-9489-f89feaa6df62" "released" by "nova.context.set_target_cell..get_or_set_cached_cell_and_set_connections" :: held 0.002s inner /usr/lib/python3/dist-packages/oslo_concurrency/lockutils.py:400
2025-10-27 00:42:28.523 129392 DEBUG oslo_db.sqlalchemy.engines [req-04f3d72b-af22-4841-bf73-3f3f83874741 - - - - -] MySQL server mode set to STRICT_TRANS_TABLES,STRICT_ALL_TABLES,NO_ZERO_IN_DATE,NO_ZERO_DATE,ERROR_FOR_DIVISION_BY_ZERO,TRADITIONAL,NO_ENGINE_SUBSTITUTION _check_effective_sql_mode /usr/lib/python3/dist-packages/oslo_db/sqlalchemy/engines.py:314
2025-10-27 00:42:32.621 129394 DEBUG oslo_service.periodic_task [req-2465ba2d-0631-46d4-aa6c-107c95c7dc00 - - - - -] Running periodic task SchedulerManager._discover_hosts_in_cells run_periodic_tasks /usr/lib/python3/dist-packages/oslo_service/periodic_task.py:210
2025-10-27 00:42:32.625 129394 DEBUG oslo_concurrency.lockutils [req-39699335-eb78-4dd4-8641-d37edc6187c2 - - - - -] Lock "53170cb8-4fdd-4d62-9489-f89feaa6df62" acquired by "nova.context.set_target_cell..get_or_set_cached_cell_and_set_connections" :: waited 0.000s inner /usr/lib/python3/dist-packages/oslo_concurrency/lockutils.py:386
2025-10-27 00:42:32.625 129394 DEBUG oslo_concurrency.lockutils [req-39699335-eb78-4dd4-8641-d37edc6187c2 - - - - -] Lock "53170cb8-4fdd-4d62-9489-f89feaa6df62" "released" by "nova.context.set_target_cell..get_or_set_cached_cell_and_set_connections" :: held 0.000s inner /usr/lib/python3/dist-packages/oslo_concurrency/lockutils.py:400
2025-10-27 00:42:34.568 129395 DEBUG oslo_service.periodic_task [req-17d5cc02-0aaa-4e15-9075-396f51524c9a - - - - -] Running periodic task SchedulerManager._discover_hosts_in_cells run_periodic_tasks /usr/lib/python3/dist-packages/oslo_service/periodic_task.py:210
2025-10-27 00:42:34.573 129395 DEBUG oslo_concurrency.lockutils [req-acea30b0-a3b0-4982-93be-d942ace291be - - - - -] Lock "53170cb8-4fdd-4d62-9489-f89feaa6df62" acquired by "nova.context.set_target_cell..get_or_set_cached_cell_and_set_connections" :: waited 0.000s inner /usr/lib/python3/dist-packages/oslo_concurrency/lockutils.py:386
2025-10-27 00:42:34.573 129395 DEBUG oslo_concurrency.lockutils [req-acea30b0-a3b0-4982-93be-d942ace291be - - - - -] Lock "53170cb8-4fdd-4d62-9489-f89feaa6df62" "released" by "nova.context.set_target_cell..get_or_set_cached_cell_and_set_connections" :: held 0.000s inner /usr/lib/python3/dist-packages/oslo_concurrency/lockutils.py:400
2025-10-27 00:42:37.503 129392 DEBUG oslo_messaging._drivers.amqpdriver [-] AMQPListener connection timeout poll /usr/lib/python3/dist-packages/oslo_messaging/_drivers/amqpdriver.py:360
2025-10-27 00:42:37.504 129392 DEBUG oslo_messaging._drivers.amqpdriver [-] Listener is running poll /usr/lib/python3/dist-packages/oslo_messaging/_drivers/amqpdriver.py:343
2025-10-27 00:42:37.504 129392 DEBUG oslo_messaging._drivers.amqpdriver [-] AMQPListener connection consume poll /usr/lib/python3/dist-packages/oslo_messaging/_drivers/amqpdriver.py:357
2025-10-27 00:42:37.519 129395 DEBUG oslo_messaging._drivers.amqpdriver [-] AMQPListener connection timeout poll /usr/lib/python3/dist-packages/oslo_messaging/_drivers/amqpdriver.py:360
2025-10-27 00:42:37.520 129395 DEBUG oslo_messaging._drivers.amqpdriver [-] Listener is running poll /usr/lib/python3/dist-packages/oslo_messaging/_drivers/amqpdriver.py:343
2025-10-27 00:42:37.520 129395 DEBUG oslo_messaging._drivers.amqpdriver [-] AMQPListener connection consume poll /usr/lib/python3/dist-packages/oslo_messaging/_drivers/amqpdriver.py:357
2025-10-27 00:42:37.527 129394 DEBUG oslo_messaging._drivers.amqpdriver [-] AMQPListener connection timeout poll /usr/lib/python3/dist-packages/oslo_messaging/_drivers/amqpdriver.py:360
2025-10-27 00:42:37.528 129394 DEBUG oslo_messaging._drivers.amqpdriver [-] Listener is running poll /usr/lib/python3/dist-packages/oslo_messaging/_drivers/amqpdriver.py:343
2025-10-27 00:42:37.528 129394 DEBUG oslo_messaging._drivers.amqpdriver [-] AMQPListener connection consume poll /usr/lib/python3/dist-packages/oslo_messaging/_drivers/amqpdriver.py:357
2025-10-27 00:42:37.535 129393 DEBUG oslo_messaging._drivers.amqpdriver [-] AMQPListener connection timeout poll /usr/lib/python3/dist-packages/oslo_messaging/_drivers/amqpdriver.py:360
2025-10-27 00:42:37.536 129393 DEBUG oslo_messaging._drivers.amqpdriver [-] Listener is running poll /usr/lib/python3/dist-packages/oslo_messaging/_drivers/amqpdriver.py:343
2025-10-27 00:42:37.536 129393 DEBUG oslo_messaging._drivers.amqpdriver [-] AMQPListener connection consume poll /usr/lib/python3/dist-packages/oslo_messaging/_drivers/amqpdriver.py:357
2025-10-27 00:42:48.537 129393 DEBUG oslo_service.periodic_task [req-116d1cfa-2409-4906-8272-006f2ab333f1 - - - - -] Running periodic task SchedulerManager._discover_hosts_in_cells run_periodic_tasks /usr/lib/python3/dist-packages/oslo_service/periodic_task.py:210
2025-10-27 00:42:48.538 129393 DEBUG oslo_db.sqlalchemy.engines [req-116d1cfa-2409-4906-8272-006f2ab333f1 - - - - -] Parent process 129084 forked (129393) with an open database connection, which is being discarded and recreated. checkout /usr/lib/python3/dist-packages/oslo_db/sqlalchemy/engines.py:413
2025-10-27 00:42:48.545 129393 DEBUG oslo_concurrency.lockutils [req-116d1cfa-2409-4906-8272-006f2ab333f1 - - - - -] Lock "53170cb8-4fdd-4d62-9489-f89feaa6df62" acquired by "nova.context.set_target_cell..get_or_set_cached_cell_and_set_connections" :: waited 0.000s inner /usr/lib/python3/dist-packages/oslo_concurrency/lockutils.py:386
2025-10-27 00:42:48.547 129393 DEBUG oslo_concurrency.lockutils [req-116d1cfa-2409-4906-8272-006f2ab333f1 - - - - -] Lock "53170cb8-4fdd-4d62-9489-f89feaa6df62" "released" by "nova.context.set_target_cell..get_or_set_cached_cell_and_set_connections" :: held 0.002s inner /usr/lib/python3/dist-packages/oslo_concurrency/lockutils.py:400
2025-10-27 00:42:48.553 129393 DEBUG oslo_db.sqlalchemy.engines [req-116d1cfa-2409-4906-8272-006f2ab333f1 - - - - -] MySQL server mode set to STRICT_TRANS_TABLES,STRICT_ALL_TABLES,NO_ZERO_IN_DATE,NO_ZERO_DATE,ERROR_FOR_DIVISION_BY_ZERO,TRADITIONAL,NO_ENGINE_SUBSTITUTION _check_effective_sql_mode /usr/lib/python3/dist-packages/oslo_db/sqlalchemy/engines.py:314
2025-10-27 00:42:58.534 129392 DEBUG oslo_service.periodic_task [req-04f3d72b-af22-4841-bf73-3f3f83874741 - - - - -] Running periodic task SchedulerManager._discover_hosts_in_cells run_periodic_tasks /usr/lib/python3/dist-packages/oslo_service/periodic_task.py:210
2025-10-27 00:42:58.539 129392 DEBUG oslo_concurrency.lockutils [req-9f722e7f-82a7-4a88-8d01-633a250b17a8 - - - - -] Lock "53170cb8-4fdd-4d62-9489-f89feaa6df62" acquired by "nova.context.set_target_cell..get_or_set_cached_cell_and_set_connections" :: waited 0.000s inner /usr/lib/python3/dist-packages/oslo_concurrency/lockutils.py:386
2025-10-27 00:42:58.539 129392 DEBUG oslo_concurrency.lockutils [req-9f722e7f-82a7-4a88-8d01-633a250b17a8 - - - - -] Lock "53170cb8-4fdd-4d62-9489-f89feaa6df62" "released" by "nova.context.set_target_cell..get_or_set_cached_cell_and_set_connections" :: held 0.000s inner /usr/lib/python3/dist-packages/oslo_concurrency/lockutils.py:400
2025-10-27 00:43:03.539 129394 DEBUG oslo_service.periodic_task [req-39699335-eb78-4dd4-8641-d37edc6187c2 - - - - -] Running periodic task SchedulerManager._discover_hosts_in_cells run_periodic_tasks /usr/lib/python3/dist-packages/oslo_service/periodic_task.py:210
2025-10-27 00:43:03.544 129394 DEBUG oslo_concurrency.lockutils [req-98d95d83-7cd7-4fc1-b75a-ab021cbdd2bd - - - - -] Lock "53170cb8-4fdd-4d62-9489-f89feaa6df62" acquired by "nova.context.set_target_cell..get_or_set_cached_cell_and_set_connections" :: waited 0.000s inner /usr/lib/python3/dist-packages/oslo_concurrency/lockutils.py:386
2025-10-27 00:43:03.544 129394 DEBUG oslo_concurrency.lockutils [req-98d95d83-7cd7-4fc1-b75a-ab021cbdd2bd - - - - -] Lock "53170cb8-4fdd-4d62-9489-f89feaa6df62" "released" by "nova.context.set_target_cell..get_or_set_cached_cell_and_set_connections" :: held 0.000s inner /usr/lib/python3/dist-packages/oslo_concurrency/lockutils.py:400
2025-10-27 00:43:04.585 129395 DEBUG oslo_service.periodic_task [req-acea30b0-a3b0-4982-93be-d942ace291be - - - - -] Running periodic task SchedulerManager._discover_hosts_in_cells run_periodic_tasks /usr/lib/python3/dist-packages/oslo_service/periodic_task.py:210
2025-10-27 00:43:04.590 129395 DEBUG oslo_concurrency.lockutils [req-bca6e9dc-7e42-4d5a-8e17-f286ff9b743c - - - - -] Lock "53170cb8-4fdd-4d62-9489-f89feaa6df62" acquired by "nova.context.set_target_cell..get_or_set_cached_cell_and_set_connections" :: waited 0.000s inner /usr/lib/python3/dist-packages/oslo_concurrency/lockutils.py:386
2025-10-27 00:43:04.590 129395 DEBUG oslo_concurrency.lockutils [req-bca6e9dc-7e42-4d5a-8e17-f286ff9b743c - - - - -] Lock "53170cb8-4fdd-4d62-9489-f89feaa6df62" "released" by "nova.context.set_target_cell..get_or_set_cached_cell_and_set_connections" :: held 0.000s inner /usr/lib/python3/dist-packages/oslo_concurrency/lockutils.py:400
2025-10-27 00:43:09.507 129392 DEBUG oslo_messaging._drivers.amqpdriver [-] AMQPListener connection timeout poll /usr/lib/python3/dist-packages/oslo_messaging/_drivers/amqpdriver.py:360
2025-10-27 00:43:09.507 129392 DEBUG oslo_messaging._drivers.amqpdriver [-] Listener is running poll /usr/lib/python3/dist-packages/oslo_messaging/_drivers/amqpdriver.py:343
2025-10-27 00:43:09.507 129392 DEBUG oslo_messaging._drivers.amqpdriver [-] AMQPListener connection consume poll /usr/lib/python3/dist-packages/oslo_messaging/_drivers/amqpdriver.py:357
2025-10-27 00:43:09.523 129395 DEBUG oslo_messaging._drivers.amqpdriver [-] AMQPListener connection timeout poll /usr/lib/python3/dist-packages/oslo_messaging/_drivers/amqpdriver.py:360
2025-10-27 00:43:09.523 129395 DEBUG oslo_messaging._drivers.amqpdriver [-] Listener is running poll /usr/lib/python3/dist-packages/oslo_messaging/_drivers/amqpdriver.py:343
2025-10-27 00:43:09.523 129395 DEBUG oslo_messaging._drivers.amqpdriver [-] AMQPListener connection consume poll /usr/lib/python3/dist-packages/oslo_messaging/_drivers/amqpdriver.py:357
2025-10-27 00:43:09.531 129394 DEBUG oslo_messaging._drivers.amqpdriver [-] AMQPListener connection timeout poll /usr/lib/python3/dist-packages/oslo_messaging/_drivers/amqpdriver.py:360
2025-10-27 00:43:09.531 129394 DEBUG oslo_messaging._drivers.amqpdriver [-] Listener is running poll /usr/lib/python3/dist-packages/oslo_messaging/_drivers/amqpdriver.py:343
2025-10-27 00:43:09.531 129394 DEBUG oslo_messaging._drivers.amqpdriver [-] AMQPListener connection consume poll /usr/lib/python3/dist-packages/oslo_messaging/_drivers/amqpdriver.py:357
2025-10-27 00:43:09.538 129393 DEBUG oslo_messaging._drivers.amqpdriver [-] AMQPListener connection timeout poll /usr/lib/python3/dist-packages/oslo_messaging/_drivers/amqpdriver.py:360
2025-10-27 00:43:09.539 129393 DEBUG oslo_messaging._drivers.amqpdriver [-] Listener is running poll /usr/lib/python3/dist-packages/oslo_messaging/_drivers/amqpdriver.py:343
2025-10-27 00:43:09.539 129393 DEBUG oslo_messaging._drivers.amqpdriver [-] AMQPListener connection consume poll /usr/lib/python3/dist-packages/oslo_messaging/_drivers/amqpdriver.py:357
2025-10-27 00:43:18.566 129393 DEBUG oslo_service.periodic_task [req-116d1cfa-2409-4906-8272-006f2ab333f1 - - - - -] Running periodic task SchedulerManager._discover_hosts_in_cells run_periodic_tasks /usr/lib/python3/dist-packages/oslo_service/periodic_task.py:210
2025-10-27 00:43:18.571 129393 DEBUG oslo_concurrency.lockutils [req-cfc1532d-a0dc-4c42-9a09-5796a0142782 - - - - -] Lock "53170cb8-4fdd-4d62-9489-f89feaa6df62" acquired by "nova.context.set_target_cell..get_or_set_cached_cell_and_set_connections" :: waited 0.000s inner /usr/lib/python3/dist-packages/oslo_concurrency/lockutils.py:386
2025-10-27 00:43:18.571 129393 DEBUG oslo_concurrency.lockutils [req-cfc1532d-a0dc-4c42-9a09-5796a0142782 - - - - -] Lock "53170cb8-4fdd-4d62-9489-f89feaa6df62" "released" by "nova.context.set_target_cell..get_or_set_cached_cell_and_set_connections" :: held 0.000s inner /usr/lib/python3/dist-packages/oslo_concurrency/lockutils.py:400
2025-10-27 00:43:28.546 129392 DEBUG oslo_service.periodic_task [req-9f722e7f-82a7-4a88-8d01-633a250b17a8 - - - - -] Running periodic task SchedulerManager._discover_hosts_in_cells run_periodic_tasks /usr/lib/python3/dist-packages/oslo_service/periodic_task.py:210
2025-10-27 00:43:28.551 129392 DEBUG oslo_concurrency.lockutils [req-6ef9c0f1-f596-4de3-8274-981dd00b2afd - - - - -] Lock "53170cb8-4fdd-4d62-9489-f89feaa6df62" acquired by "nova.context.set_target_cell..get_or_set_cached_cell_and_set_connections" :: waited 0.000s inner /usr/lib/python3/dist-packages/oslo_concurrency/lockutils.py:386
2025-10-27 00:43:28.551 129392 DEBUG oslo_concurrency.lockutils [req-6ef9c0f1-f596-4de3-8274-981dd00b2afd - - - - -] Lock "53170cb8-4fdd-4d62-9489-f89feaa6df62" "released" by "nova.context.set_target_cell..get_or_set_cached_cell_and_set_connections" :: held 0.000s inner /usr/lib/python3/dist-packages/oslo_concurrency/lockutils.py:400
2025-10-27 00:43:33.555 129394 DEBUG oslo_service.periodic_task [req-98d95d83-7cd7-4fc1-b75a-ab021cbdd2bd - - - - -] Running periodic task SchedulerManager._discover_hosts_in_cells run_periodic_tasks /usr/lib/python3/dist-packages/oslo_service/periodic_task.py:210
2025-10-27 00:43:33.560 129394 DEBUG oslo_concurrency.lockutils [req-6bd249b9-f9f7-4f73-bc3a-9cabb46897aa - - - - -] Lock "53170cb8-4fdd-4d62-9489-f89feaa6df62" acquired by "nova.context.set_target_cell..get_or_set_cached_cell_and_set_connections" :: waited 0.000s inner /usr/lib/python3/dist-packages/oslo_concurrency/lockutils.py:386
2025-10-27 00:43:33.561 129394 DEBUG oslo_concurrency.lockutils [req-6bd249b9-f9f7-4f73-bc3a-9cabb46897aa - - - - -] Lock "53170cb8-4fdd-4d62-9489-f89feaa6df62" "released" by "nova.context.set_target_cell..get_or_set_cached_cell_and_set_connections" :: held 0.000s inner /usr/lib/python3/dist-packages/oslo_concurrency/lockutils.py:400
2025-10-27 00:43:35.537 129395 DEBUG oslo_service.periodic_task [req-bca6e9dc-7e42-4d5a-8e17-f286ff9b743c - - - - -] Running periodic task SchedulerManager._discover_hosts_in_cells run_periodic_tasks /usr/lib/python3/dist-packages/oslo_service/periodic_task.py:210
2025-10-27 00:43:35.542 129395 DEBUG oslo_concurrency.lockutils [req-120512ed-42e7-4beb-a610-f640d9d58e68 - - - - -] Lock "53170cb8-4fdd-4d62-9489-f89feaa6df62" acquired by "nova.context.set_target_cell..get_or_set_cached_cell_and_set_connections" :: waited 0.000s inner /usr/lib/python3/dist-packages/oslo_concurrency/lockutils.py:386
2025-10-27 00:43:35.542 129395 DEBUG oslo_concurrency.lockutils [req-120512ed-42e7-4beb-a610-f640d9d58e68 - - - - -] Lock "53170cb8-4fdd-4d62-9489-f89feaa6df62" "released" by "nova.context.set_target_cell..get_or_set_cached_cell_and_set_connections" :: held 0.000s inner /usr/lib/python3/dist-packages/oslo_concurrency/lockutils.py:400
2025-10-27 00:43:48.576 129393 DEBUG oslo_service.periodic_task [req-cfc1532d-a0dc-4c42-9a09-5796a0142782 - - - - -] Running periodic task SchedulerManager._discover_hosts_in_cells run_periodic_tasks /usr/lib/python3/dist-packages/oslo_service/periodic_task.py:210
2025-10-27 00:43:48.582 129393 DEBUG oslo_concurrency.lockutils [req-cedf7493-617c-4f3f-874f-f036ce496f9e - - - - -] Lock "53170cb8-4fdd-4d62-9489-f89feaa6df62" acquired by "nova.context.set_target_cell..get_or_set_cached_cell_and_set_connections" :: waited 0.000s inner /usr/lib/python3/dist-packages/oslo_concurrency/lockutils.py:386
2025-10-27 00:43:48.583 129393 DEBUG oslo_concurrency.lockutils [req-cedf7493-617c-4f3f-874f-f036ce496f9e - - - - -] Lock "53170cb8-4fdd-4d62-9489-f89feaa6df62" "released" by "nova.context.set_target_cell..get_or_set_cached_cell_and_set_connections" :: held 0.000s inner /usr/lib/python3/dist-packages/oslo_concurrency/lockutils.py:400
2025-10-27 00:43:58.557 129392 DEBUG oslo_service.periodic_task [req-6ef9c0f1-f596-4de3-8274-981dd00b2afd - - - - -] Running periodic task SchedulerManager._discover_hosts_in_cells run_periodic_tasks /usr/lib/python3/dist-packages/oslo_service/periodic_task.py:210
2025-10-27 00:43:58.562 129392 DEBUG oslo_concurrency.lockutils [req-6fa19765-2bc6-4d66-98c9-dbbb53834d4b - - - - -] Lock "53170cb8-4fdd-4d62-9489-f89feaa6df62" acquired by "nova.context.set_target_cell..get_or_set_cached_cell_and_set_connections" :: waited 0.000s inner /usr/lib/python3/dist-packages/oslo_concurrency/lockutils.py:386
