2025-10-23 01:45:55.881 7 DEBUG oslo_service.service [-] ml2_type_gre.tunnel_id_ranges = [] log_opt_values /var/lib/kolla/venv/lib/python3.6/site-packages/oslo_config/cfg.py:2611
2025-10-23 01:45:55.881 7 DEBUG oslo_service.service [-] ml2_type_vlan.network_vlan_ranges = [] log_opt_values /var/lib/kolla/venv/lib/python3.6/site-packages/oslo_config/cfg.py:2611
2025-10-23 01:45:55.881 7 DEBUG oslo_service.service [-] ml2_type_vxlan.vni_ranges = [] log_opt_values /var/lib/kolla/venv/lib/python3.6/site-packages/oslo_config/cfg.py:2611
2025-10-23 01:45:55.882 7 DEBUG oslo_service.service [-] ml2_type_vxlan.vxlan_group = None log_opt_values /var/lib/kolla/venv/lib/python3.6/site-packages/oslo_config/cfg.py:2611
2025-10-23 01:45:55.882 7 DEBUG oslo_service.service [-] database.backend = sqlalchemy log_opt_values /var/lib/kolla/venv/lib/python3.6/site-packages/oslo_config/cfg.py:2611
2025-10-23 01:45:55.882 7 DEBUG oslo_service.service [-] database.connection = **** log_opt_values /var/lib/kolla/venv/lib/python3.6/site-packages/oslo_config/cfg.py:2611
2025-10-23 01:45:55.882 7 DEBUG oslo_service.service [-] database.connection_debug = 0 log_opt_values /var/lib/kolla/venv/lib/python3.6/site-packages/oslo_config/cfg.py:2611
2025-10-23 01:45:55.882 7 DEBUG oslo_service.service [-] database.connection_parameters = log_opt_values /var/lib/kolla/venv/lib/python3.6/site-packages/oslo_config/cfg.py:2611
2025-10-23 01:45:55.882 7 DEBUG oslo_service.service [-] database.connection_recycle_time = 10 log_opt_values /var/lib/kolla/venv/lib/python3.6/site-packages/oslo_config/cfg.py:2611
2025-10-23 01:45:55.882 7 DEBUG oslo_service.service [-] database.connection_trace = False log_opt_values /var/lib/kolla/venv/lib/python3.6/site-packages/oslo_config/cfg.py:2611
2025-10-23 01:45:55.882 7 DEBUG oslo_service.service [-] database.db_inc_retry_interval = True log_opt_values /var/lib/kolla/venv/lib/python3.6/site-packages/oslo_config/cfg.py:2611
2025-10-23 01:45:55.882 7 DEBUG oslo_service.service [-] database.db_max_retries = 20 log_opt_values /var/lib/kolla/venv/lib/python3.6/site-packages/oslo_config/cfg.py:2611
2025-10-23 01:45:55.882 7 DEBUG oslo_service.service [-] database.db_max_retry_interval = 10 log_opt_values /var/lib/kolla/venv/lib/python3.6/site-packages/oslo_config/cfg.py:2611
2025-10-23 01:45:55.882 7 DEBUG oslo_service.service [-] database.db_retry_interval = 1 log_opt_values /var/lib/kolla/venv/lib/python3.6/site-packages/oslo_config/cfg.py:2611
2025-10-23 01:45:55.882 7 DEBUG oslo_service.service [-] database.max_overflow = 50 log_opt_values /var/lib/kolla/venv/lib/python3.6/site-packages/oslo_config/cfg.py:2611
2025-10-23 01:45:55.882 7 DEBUG oslo_service.service [-] database.max_pool_size = 1 log_opt_values /var/lib/kolla/venv/lib/python3.6/site-packages/oslo_config/cfg.py:2611
2025-10-23 01:45:55.882 7 DEBUG oslo_service.service [-] database.max_retries = -1 log_opt_values /var/lib/kolla/venv/lib/python3.6/site-packages/oslo_config/cfg.py:2611
2025-10-23 01:45:55.883 7 DEBUG oslo_service.service [-] database.mysql_enable_ndb = False log_opt_values /var/lib/kolla/venv/lib/python3.6/site-packages/oslo_config/cfg.py:2611
2025-10-23 01:45:55.884 7 DEBUG oslo_service.service [-] database.mysql_sql_mode = TRADITIONAL log_opt_values /var/lib/kolla/venv/lib/python3.6/site-packages/oslo_config/cfg.py:2611
2025-10-23 01:45:55.884 7 DEBUG oslo_service.service [-] database.pool_timeout = None log_opt_values /var/lib/kolla/venv/lib/python3.6/site-packages/oslo_config/cfg.py:2611
2025-10-23 01:45:55.884 7 DEBUG oslo_service.service [-] database.retry_interval = 10 log_opt_values /var/lib/kolla/venv/lib/python3.6/site-packages/oslo_config/cfg.py:2611
2025-10-23 01:45:55.884 7 DEBUG oslo_service.service [-] database.slave_connection = **** log_opt_values /var/lib/kolla/venv/lib/python3.6/site-packages/oslo_config/cfg.py:2611
2025-10-23 01:45:55.884 7 DEBUG oslo_service.service [-] database.sqlite_synchronous = True log_opt_values /var/lib/kolla/venv/lib/python3.6/site-packages/oslo_config/cfg.py:2611
2025-10-23 01:45:55.884 7 DEBUG oslo_service.service [-] database.use_db_reconnect = False log_opt_values /var/lib/kolla/venv/lib/python3.6/site-packages/oslo_config/cfg.py:2611
2025-10-23 01:45:55.884 7 DEBUG oslo_service.service [-] ******************************************************************************** log_opt_values /var/lib/kolla/venv/lib/python3.6/site-packages/oslo_config/cfg.py:2613
2025-10-23 01:45:57.475 22 DEBUG neutron.wsgi [-] (22) accepted ('10.0.0.241', 57214) server /var/lib/kolla/venv/lib/python3.6/site-packages/eventlet/wsgi.py:1004
2025-10-23 01:45:57.484 22 INFO neutron.wsgi [-] 10.0.0.241 "GET / HTTP/1.1" status: 200 len: 228 time: 0.0074065
2025-10-23 01:45:59.816 24 DEBUG neutron.api.rpc.handlers.dhcp_rpc [req-6604d070-3cae-4a41-a778-58711361a0c0 - - - - -] get_active_networks_info from cn-jenkins-deploy-platform-ansible-os-4451-1 get_active_networks_info /var/lib/kolla/venv/lib/python3.6/site-packages/neutron/api/rpc/handlers/dhcp_rpc.py:159
2025-10-23 01:45:59.839 26 DEBUG neutron_lib.callbacks.manager [req-f4662b08-04f2-48d0-95d1-9b9035fe5138 - - - - -] Publish callbacks ['neutron.services.segments.db._update_segment_host_mapping_for_agent-8772131132736', 'neutron.services.l3_router.l3_router_plugin.DVRResourceOperationHandler.create_fip_agent_gw_ports-8116669'] for agent (12da7ceb-f405-4c83-9c2a-18ed071ed25b), after_create _notify_loop /var/lib/kolla/venv/lib/python3.6/site-packages/neutron_lib/callbacks/manager.py:177
2025-10-23 01:45:59.857 24 DEBUG neutron.scheduler.dhcp_agent_scheduler [req-6604d070-3cae-4a41-a778-58711361a0c0 - - - - -] No non-hosted networks auto_schedule_networks /var/lib/kolla/venv/lib/python3.6/site-packages/neutron/scheduler/dhcp_agent_scheduler.py:60
2025-10-23 01:46:17.413 27 DEBUG neutron_lib.callbacks.manager [req-c4753ff6-1f47-4c4f-84b6-fc0525240241 - - - - -] Publish callbacks ['neutron.services.segments.db._update_segment_host_mapping_for_agent-8772131132736', 'neutron.services.l3_router.l3_router_plugin.DVRResourceOperationHandler.create_fip_agent_gw_ports-8116669'] for agent (14007b41-42ca-49b0-a087-1669c5e29d9a), after_create _notify_loop /var/lib/kolla/venv/lib/python3.6/site-packages/neutron_lib/callbacks/manager.py:177
2025-10-23 01:46:27.531 22 DEBUG neutron.wsgi [-] (22) accepted ('10.0.0.241', 60426) server /var/lib/kolla/venv/lib/python3.6/site-packages/eventlet/wsgi.py:1004
2025-10-23 01:46:27.536 22 INFO neutron.wsgi [-] 10.0.0.241 "GET / HTTP/1.1" status: 200 len: 228 time: 0.0035713
2025-10-23 01:46:29.832 28 DEBUG neutron_lib.callbacks.manager [req-a39f5420-be01-460b-a9eb-3a0067551073 - - - - -] Publish callbacks ['neutron.services.segments.db._update_segment_host_mapping_for_agent-8772131132736', 'neutron.plugins.ml2.plugin.Ml2Plugin._retry_binding_revived_agents--9223372036853962760'] for agent (12da7ceb-f405-4c83-9c2a-18ed071ed25b), after_update _notify_loop /var/lib/kolla/venv/lib/python3.6/site-packages/neutron_lib/callbacks/manager.py:177
2025-10-23 01:46:45.797 29 DEBUG neutron.db.agents_db [req-9233fd36-b7d7-4cfd-8bbd-9aa9a64c55b4 - - - - -] Agent healthcheck: found 2 active agents agent_health_check /var/lib/kolla/venv/lib/python3.6/site-packages/neutron/db/agents_db.py:318
2025-10-23 01:46:47.392 23 DEBUG neutron_lib.callbacks.manager [req-c4753ff6-1f47-4c4f-84b6-fc0525240241 - - - - -] Publish callbacks ['neutron.services.segments.db._update_segment_host_mapping_for_agent-8772131132736', 'neutron.plugins.ml2.plugin.Ml2Plugin._retry_binding_revived_agents--9223372036853962760'] for agent (14007b41-42ca-49b0-a087-1669c5e29d9a), after_update _notify_loop /var/lib/kolla/venv/lib/python3.6/site-packages/neutron_lib/callbacks/manager.py:177
2025-10-23 01:46:57.582 22 DEBUG neutron.wsgi [-] (22) accepted ('10.0.0.241', 52374) server /var/lib/kolla/venv/lib/python3.6/site-packages/eventlet/wsgi.py:1004
2025-10-23 01:46:57.586 22 INFO neutron.wsgi [-] 10.0.0.241 "GET / HTTP/1.1" status: 200 len: 228 time: 0.0029216
2025-10-23 01:46:59.858 24 DEBUG neutron_lib.callbacks.manager [req-490c0c41-e791-40d5-b4d5-21e6655a19e8 - - - - -] Publish callbacks ['neutron.services.segments.db._update_segment_host_mapping_for_agent-8772131132736', 'neutron.plugins.ml2.plugin.Ml2Plugin._retry_binding_revived_agents--9223372036853962760'] for agent (12da7ceb-f405-4c83-9c2a-18ed071ed25b), after_update _notify_loop /var/lib/kolla/venv/lib/python3.6/site-packages/neutron_lib/callbacks/manager.py:177
2025-10-23 01:47:17.395 25 DEBUG neutron_lib.callbacks.manager [req-c4753ff6-1f47-4c4f-84b6-fc0525240241 - - - - -] Publish callbacks ['neutron.services.segments.db._update_segment_host_mapping_for_agent-8772131132736', 'neutron.plugins.ml2.plugin.Ml2Plugin._retry_binding_revived_agents--9223372036853962760'] for agent (14007b41-42ca-49b0-a087-1669c5e29d9a), after_update _notify_loop /var/lib/kolla/venv/lib/python3.6/site-packages/neutron_lib/callbacks/manager.py:177
2025-10-23 01:47:22.786 29 DEBUG neutron.db.agents_db [req-9233fd36-b7d7-4cfd-8bbd-9aa9a64c55b4 - - - - -] Agent healthcheck: found 2 active agents agent_health_check /var/lib/kolla/venv/lib/python3.6/site-packages/neutron/db/agents_db.py:318
2025-10-23 01:47:27.634 22 DEBUG neutron.wsgi [-] (22) accepted ('10.0.0.241', 60990) server /var/lib/kolla/venv/lib/python3.6/site-packages/eventlet/wsgi.py:1004
2025-10-23 01:47:27.639 22 INFO neutron.wsgi [-] 10.0.0.241 "GET / HTTP/1.1" status: 200 len: 228 time: 0.0036652
2025-10-23 01:47:29.827 26 DEBUG neutron_lib.callbacks.manager [req-100bf03f-834e-4785-bc72-5b70484fa8e0 - - - - -] Publish callbacks ['neutron.services.segments.db._update_segment_host_mapping_for_agent-8772131132736', 'neutron.plugins.ml2.plugin.Ml2Plugin._retry_binding_revived_agents--9223372036853962760'] for agent (12da7ceb-f405-4c83-9c2a-18ed071ed25b), after_update _notify_loop /var/lib/kolla/venv/lib/python3.6/site-packages/neutron_lib/callbacks/manager.py:177
2025-10-23 01:47:47.452 27 DEBUG neutron_lib.callbacks.manager [req-c4753ff6-1f47-4c4f-84b6-fc0525240241 - - - - -] Publish callbacks ['neutron.services.segments.db._update_segment_host_mapping_for_agent-8772131132736', 'neutron.plugins.ml2.plugin.Ml2Plugin._retry_binding_revived_agents--9223372036853962760'] for agent (14007b41-42ca-49b0-a087-1669c5e29d9a), after_update _notify_loop /var/lib/kolla/venv/lib/python3.6/site-packages/neutron_lib/callbacks/manager.py:177
2025-10-23 01:47:57.685 22 DEBUG neutron.wsgi [-] (22) accepted ('10.0.0.241', 52730) server /var/lib/kolla/venv/lib/python3.6/site-packages/eventlet/wsgi.py:1004
2025-10-23 01:47:57.691 22 INFO neutron.wsgi [-] 10.0.0.241 "GET / HTTP/1.1" status: 200 len: 228 time: 0.0043733
2025-10-23 01:47:59.785 29 DEBUG neutron.db.agents_db [req-9233fd36-b7d7-4cfd-8bbd-9aa9a64c55b4 - - - - -] Agent healthcheck: found 2 active agents agent_health_check /var/lib/kolla/venv/lib/python3.6/site-packages/neutron/db/agents_db.py:318
2025-10-23 01:47:59.826 28 DEBUG neutron_lib.callbacks.manager [req-7ec995b0-0ac6-468d-9aa3-d929222c33df - - - - -] Publish callbacks ['neutron.services.segments.db._update_segment_host_mapping_for_agent-8772131132736', 'neutron.plugins.ml2.plugin.Ml2Plugin._retry_binding_revived_agents--9223372036853962760'] for agent (12da7ceb-f405-4c83-9c2a-18ed071ed25b), after_update _notify_loop /var/lib/kolla/venv/lib/python3.6/site-packages/neutron_lib/callbacks/manager.py:177
2025-10-23 01:48:17.386 23 DEBUG neutron_lib.callbacks.manager [req-c4753ff6-1f47-4c4f-84b6-fc0525240241 - - - - -] Publish callbacks ['neutron.services.segments.db._update_segment_host_mapping_for_agent-8772131132736', 'neutron.plugins.ml2.plugin.Ml2Plugin._retry_binding_revived_agents--9223372036853962760'] for agent (14007b41-42ca-49b0-a087-1669c5e29d9a), after_update _notify_loop /var/lib/kolla/venv/lib/python3.6/site-packages/neutron_lib/callbacks/manager.py:177
2025-10-23 01:48:27.736 22 DEBUG neutron.wsgi [-] (22) accepted ('10.0.0.241', 52444) server /var/lib/kolla/venv/lib/python3.6/site-packages/eventlet/wsgi.py:1004
2025-10-23 01:48:27.742 22 INFO neutron.wsgi [-] 10.0.0.241 "GET / HTTP/1.1" status: 200 len: 228 time: 0.0045941
2025-10-23 01:48:29.823 24 DEBUG neutron_lib.callbacks.manager [req-b3f1e7a3-ce7e-499a-88c9-41c0a6a97c7a - - - - -] Publish callbacks ['neutron.services.segments.db._update_segment_host_mapping_for_agent-8772131132736', 'neutron.plugins.ml2.plugin.Ml2Plugin._retry_binding_revived_agents--9223372036853962760'] for agent (12da7ceb-f405-4c83-9c2a-18ed071ed25b), after_update _notify_loop /var/lib/kolla/venv/lib/python3.6/site-packages/neutron_lib/callbacks/manager.py:177
2025-10-23 01:48:36.783 29 DEBUG neutron.db.agents_db [req-9233fd36-b7d7-4cfd-8bbd-9aa9a64c55b4 - - - - -] Agent healthcheck: found 2 active agents agent_health_check /var/lib/kolla/venv/lib/python3.6/site-packages/neutron/db/agents_db.py:318
2025-10-23 01:48:47.387 25 DEBUG neutron_lib.callbacks.manager [req-c4753ff6-1f47-4c4f-84b6-fc0525240241 - - - - -] Publish callbacks ['neutron.services.segments.db._update_segment_host_mapping_for_agent-8772131132736', 'neutron.plugins.ml2.plugin.Ml2Plugin._retry_binding_revived_agents--9223372036853962760'] for agent (14007b41-42ca-49b0-a087-1669c5e29d9a), after_update _notify_loop /var/lib/kolla/venv/lib/python3.6/site-packages/neutron_lib/callbacks/manager.py:177
2025-10-23 01:48:57.790 22 DEBUG neutron.wsgi [-] (22) accepted ('10.0.0.241', 56646) server /var/lib/kolla/venv/lib/python3.6/site-packages/eventlet/wsgi.py:1004
2025-10-23 01:48:57.794 22 INFO neutron.wsgi [-] 10.0.0.241 "GET / HTTP/1.1" status: 200 len: 228 time: 0.0030580
2025-10-23 01:48:59.819 26 DEBUG neutron_lib.callbacks.manager [req-7e0e5252-f0e4-42bc-8a8e-6d92ff4f340e - - - - -] Publish callbacks ['neutron.services.segments.db._update_segment_host_mapping_for_agent-8772131132736', 'neutron.plugins.ml2.plugin.Ml2Plugin._retry_binding_revived_agents--9223372036853962760'] for agent (12da7ceb-f405-4c83-9c2a-18ed071ed25b), after_update _notify_loop /var/lib/kolla/venv/lib/python3.6/site-packages/neutron_lib/callbacks/manager.py:177
2025-10-23 01:49:13.779 29 DEBUG neutron.db.agents_db [req-9233fd36-b7d7-4cfd-8bbd-9aa9a64c55b4 - - - - -] Agent healthcheck: found 2 active agents agent_health_check /var/lib/kolla/venv/lib/python3.6/site-packages/neutron/db/agents_db.py:318
2025-10-23 01:49:17.388 27 DEBUG neutron_lib.callbacks.manager [req-c4753ff6-1f47-4c4f-84b6-fc0525240241 - - - - -] Publish callbacks ['neutron.services.segments.db._update_segment_host_mapping_for_agent-8772131132736', 'neutron.plugins.ml2.plugin.Ml2Plugin._retry_binding_revived_agents--9223372036853962760'] for agent (14007b41-42ca-49b0-a087-1669c5e29d9a), after_update _notify_loop /var/lib/kolla/venv/lib/python3.6/site-packages/neutron_lib/callbacks/manager.py:177
2025-10-23 01:49:27.840 22 DEBUG neutron.wsgi [-] (22) accepted ('10.0.0.241', 48186) server /var/lib/kolla/venv/lib/python3.6/site-packages/eventlet/wsgi.py:1004
2025-10-23 01:49:27.844 22 INFO neutron.wsgi [-] 10.0.0.241 "GET / HTTP/1.1" status: 200 len: 228 time: 0.0028234
2025-10-23 01:49:29.816 28 DEBUG neutron_lib.callbacks.manager [req-be5775fb-692e-487e-8ce2-57be6db33d7d - - - - -] Publish callbacks ['neutron.services.segments.db._update_segment_host_mapping_for_agent-8772131132736', 'neutron.plugins.ml2.plugin.Ml2Plugin._retry_binding_revived_agents--9223372036853962760'] for agent (12da7ceb-f405-4c83-9c2a-18ed071ed25b), after_update _notify_loop /var/lib/kolla/venv/lib/python3.6/site-packages/neutron_lib/callbacks/manager.py:177
2025-10-23 01:49:47.389 23 DEBUG neutron_lib.callbacks.manager [req-c4753ff6-1f47-4c4f-84b6-fc0525240241 - - - - -] Publish callbacks ['neutron.services.segments.db._update_segment_host_mapping_for_agent-8772131132736', 'neutron.plugins.ml2.plugin.Ml2Plugin._retry_binding_revived_agents--9223372036853962760'] for agent (14007b41-42ca-49b0-a087-1669c5e29d9a), after_update _notify_loop /var/lib/kolla/venv/lib/python3.6/site-packages/neutron_lib/callbacks/manager.py:177
2025-10-23 01:49:50.780 29 DEBUG neutron.db.agents_db [req-9233fd36-b7d7-4cfd-8bbd-9aa9a64c55b4 - - - - -] Agent healthcheck: found 2 active agents agent_health_check /var/lib/kolla/venv/lib/python3.6/site-packages/neutron/db/agents_db.py:318
2025-10-23 01:49:57.888 22 DEBUG neutron.wsgi [-] (22) accepted ('10.0.0.241', 55072) server /var/lib/kolla/venv/lib/python3.6/site-packages/eventlet/wsgi.py:1004
2025-10-23 01:49:57.891 22 INFO neutron.wsgi [-] 10.0.0.241 "GET / HTTP/1.1" status: 200 len: 228 time: 0.0026805
2025-10-23 01:49:59.812 24 DEBUG neutron_lib.callbacks.manager [req-5cc54b02-85a7-4a1f-aece-e8567fcdab73 - - - - -] Publish callbacks ['neutron.services.segments.db._update_segment_host_mapping_for_agent-8772131132736', 'neutron.plugins.ml2.plugin.Ml2Plugin._retry_binding_revived_agents--9223372036853962760'] for agent (12da7ceb-f405-4c83-9c2a-18ed071ed25b), after_update _notify_loop /var/lib/kolla/venv/lib/python3.6/site-packages/neutron_lib/callbacks/manager.py:177
2025-10-23 01:50:17.418 25 DEBUG neutron_lib.callbacks.manager [req-c4753ff6-1f47-4c4f-84b6-fc0525240241 - - - - -] Publish callbacks ['neutron.services.segments.db._update_segment_host_mapping_for_agent-8772131132736', 'neutron.plugins.ml2.plugin.Ml2Plugin._retry_binding_revived_agents--9223372036853962760'] for agent (14007b41-42ca-49b0-a087-1669c5e29d9a), after_update _notify_loop /var/lib/kolla/venv/lib/python3.6/site-packages/neutron_lib/callbacks/manager.py:177
2025-10-23 01:50:27.779 29 DEBUG neutron.db.agents_db [req-9233fd36-b7d7-4cfd-8bbd-9aa9a64c55b4 - - - - -] Agent healthcheck: found 2 active agents agent_health_check /var/lib/kolla/venv/lib/python3.6/site-packages/neutron/db/agents_db.py:318
2025-10-23 01:50:27.942 22 DEBUG neutron.wsgi [-] (22) accepted ('10.0.0.241', 44938) server /var/lib/kolla/venv/lib/python3.6/site-packages/eventlet/wsgi.py:1004
2025-10-23 01:50:27.946 22 INFO neutron.wsgi [-] 10.0.0.241 "GET / HTTP/1.1" status: 200 len: 228 time: 0.0031798
2025-10-23 01:50:29.813 26 DEBUG neutron_lib.callbacks.manager [req-5da1ee22-8599-4f5e-89ad-5252835cfea3 - - - - -] Publish callbacks ['neutron.services.segments.db._update_segment_host_mapping_for_agent-8772131132736', 'neutron.plugins.ml2.plugin.Ml2Plugin._retry_binding_revived_agents--9223372036853962760'] for agent (12da7ceb-f405-4c83-9c2a-18ed071ed25b), after_update _notify_loop /var/lib/kolla/venv/lib/python3.6/site-packages/neutron_lib/callbacks/manager.py:177
2025-10-23 01:50:47.395 27 DEBUG neutron_lib.callbacks.manager [req-c4753ff6-1f47-4c4f-84b6-fc0525240241 - - - - -] Publish callbacks ['neutron.services.segments.db._update_segment_host_mapping_for_agent-8772131132736', 'neutron.plugins.ml2.plugin.Ml2Plugin._retry_binding_revived_agents--9223372036853962760'] for agent (14007b41-42ca-49b0-a087-1669c5e29d9a), after_update _notify_loop /var/lib/kolla/venv/lib/python3.6/site-packages/neutron_lib/callbacks/manager.py:177
2025-10-23 01:50:58.000 22 DEBUG neutron.wsgi [-] (22) accepted ('10.0.0.241', 44984) server /var/lib/kolla/venv/lib/python3.6/site-packages/eventlet/wsgi.py:1004
2025-10-23 01:50:58.005 22 INFO neutron.wsgi [-] 10.0.0.241 "GET / HTTP/1.1" status: 200 len: 228 time: 0.0032301
2025-10-23 01:50:59.836 28 DEBUG neutron_lib.callbacks.manager [req-9601820d-c522-497e-821f-5bf43ccd8967 - - - - -] Publish callbacks ['neutron.services.segments.db._update_segment_host_mapping_for_agent-8772131132736', 'neutron.plugins.ml2.plugin.Ml2Plugin._retry_binding_revived_agents--9223372036853962760'] for agent (12da7ceb-f405-4c83-9c2a-18ed071ed25b), after_update _notify_loop /var/lib/kolla/venv/lib/python3.6/site-packages/neutron_lib/callbacks/manager.py:177
2025-10-23 01:51:04.777 29 DEBUG neutron.db.agents_db [req-9233fd36-b7d7-4cfd-8bbd-9aa9a64c55b4 - - - - -] Agent healthcheck: found 2 active agents agent_health_check /var/lib/kolla/venv/lib/python3.6/site-packages/neutron/db/agents_db.py:318
2025-10-23 01:51:17.398 23 DEBUG neutron_lib.callbacks.manager [req-c4753ff6-1f47-4c4f-84b6-fc0525240241 - - - - -] Publish callbacks ['neutron.services.segments.db._update_segment_host_mapping_for_agent-8772131132736', 'neutron.plugins.ml2.plugin.Ml2Plugin._retry_binding_revived_agents--9223372036853962760'] for agent (14007b41-42ca-49b0-a087-1669c5e29d9a), after_update _notify_loop /var/lib/kolla/venv/lib/python3.6/site-packages/neutron_lib/callbacks/manager.py:177
2025-10-23 01:51:28.050 22 DEBUG neutron.wsgi [-] (22) accepted ('10.0.0.241', 36048) server /var/lib/kolla/venv/lib/python3.6/site-packages/eventlet/wsgi.py:1004
2025-10-23 01:51:28.053 22 INFO neutron.wsgi [-] 10.0.0.241 "GET / HTTP/1.1" status: 200 len: 228 time: 0.0030541
2025-10-23 01:51:29.830 24 DEBUG neutron_lib.callbacks.manager [req-6c22570e-b128-408c-8410-92791275b93e - - - - -] Publish callbacks ['neutron.services.segments.db._update_segment_host_mapping_for_agent-8772131132736', 'neutron.plugins.ml2.plugin.Ml2Plugin._retry_binding_revived_agents--9223372036853962760'] for agent (12da7ceb-f405-4c83-9c2a-18ed071ed25b), after_update _notify_loop /var/lib/kolla/venv/lib/python3.6/site-packages/neutron_lib/callbacks/manager.py:177
2025-10-23 01:51:41.776 29 DEBUG neutron.db.agents_db [req-9233fd36-b7d7-4cfd-8bbd-9aa9a64c55b4 - - - - -] Agent healthcheck: found 2 active agents agent_health_check /var/lib/kolla/venv/lib/python3.6/site-packages/neutron/db/agents_db.py:318
2025-10-23 01:51:47.401 25 DEBUG neutron_lib.callbacks.manager [req-c4753ff6-1f47-4c4f-84b6-fc0525240241 - - - - -] Publish callbacks ['neutron.services.segments.db._update_segment_host_mapping_for_agent-8772131132736', 'neutron.plugins.ml2.plugin.Ml2Plugin._retry_binding_revived_agents--9223372036853962760'] for agent (14007b41-42ca-49b0-a087-1669c5e29d9a), after_update _notify_loop /var/lib/kolla/venv/lib/python3.6/site-packages/neutron_lib/callbacks/manager.py:177
2025-10-23 01:51:58.099 22 DEBUG neutron.wsgi [-] (22) accepted ('10.0.0.241', 59252) server /var/lib/kolla/venv/lib/python3.6/site-packages/eventlet/wsgi.py:1004
2025-10-23 01:51:58.103 22 INFO neutron.wsgi [-] 10.0.0.241 "GET / HTTP/1.1" status: 200 len: 228 time: 0.0025334
2025-10-23 01:51:59.817 26 DEBUG neutron_lib.callbacks.manager [req-8533a06c-73a5-41bb-bd8b-09846ae5669d - - - - -] Publish callbacks ['neutron.services.segments.db._update_segment_host_mapping_for_agent-8772131132736', 'neutron.plugins.ml2.plugin.Ml2Plugin._retry_binding_revived_agents--9223372036853962760'] for agent (12da7ceb-f405-4c83-9c2a-18ed071ed25b), after_update _notify_loop /var/lib/kolla/venv/lib/python3.6/site-packages/neutron_lib/callbacks/manager.py:177
2025-10-23 01:52:17.401 27 DEBUG neutron_lib.callbacks.manager [req-c4753ff6-1f47-4c4f-84b6-fc0525240241 - - - - -] Publish callbacks ['neutron.services.segments.db._update_segment_host_mapping_for_agent-8772131132736', 'neutron.plugins.ml2.plugin.Ml2Plugin._retry_binding_revived_agents--9223372036853962760'] for agent (14007b41-42ca-49b0-a087-1669c5e29d9a), after_update _notify_loop /var/lib/kolla/venv/lib/python3.6/site-packages/neutron_lib/callbacks/manager.py:177
2025-10-23 01:52:18.776 29 DEBUG neutron.db.agents_db [req-9233fd36-b7d7-4cfd-8bbd-9aa9a64c55b4 - - - - -] Agent healthcheck: found 2 active agents agent_health_check /var/lib/kolla/venv/lib/python3.6/site-packages/neutron/db/agents_db.py:318
2025-10-23 01:52:28.147 22 DEBUG neutron.wsgi [-] (22) accepted ('10.0.0.241', 41522) server /var/lib/kolla/venv/lib/python3.6/site-packages/eventlet/wsgi.py:1004
2025-10-23 01:52:28.152 22 INFO neutron.wsgi [-] 10.0.0.241 "GET / HTTP/1.1" status: 200 len: 228 time: 0.0034161
2025-10-23 01:52:29.814 28 DEBUG neutron_lib.callbacks.manager [req-e1574a22-b076-474d-81d7-c49c2fd709d0 - - - - -] Publish callbacks ['neutron.services.segments.db._update_segment_host_mapping_for_agent-8772131132736', 'neutron.plugins.ml2.plugin.Ml2Plugin._retry_binding_revived_agents--9223372036853962760'] for agent (12da7ceb-f405-4c83-9c2a-18ed071ed25b), after_update _notify_loop /var/lib/kolla/venv/lib/python3.6/site-packages/neutron_lib/callbacks/manager.py:177
2025-10-23 01:52:47.402 23 DEBUG neutron_lib.callbacks.manager [req-c4753ff6-1f47-4c4f-84b6-fc0525240241 - - - - -] Publish callbacks ['neutron.services.segments.db._update_segment_host_mapping_for_agent-8772131132736', 'neutron.plugins.ml2.plugin.Ml2Plugin._retry_binding_revived_agents--9223372036853962760'] for agent (14007b41-42ca-49b0-a087-1669c5e29d9a), after_update _notify_loop /var/lib/kolla/venv/lib/python3.6/site-packages/neutron_lib/callbacks/manager.py:177
2025-10-23 01:52:55.777 29 DEBUG neutron.db.agents_db [req-9233fd36-b7d7-4cfd-8bbd-9aa9a64c55b4 - - - - -] Agent healthcheck: found 2 active agents agent_health_check /var/lib/kolla/venv/lib/python3.6/site-packages/neutron/db/agents_db.py:318
2025-10-23 01:52:58.196 22 DEBUG neutron.wsgi [-] (22) accepted ('10.0.0.241', 56314) server /var/lib/kolla/venv/lib/python3.6/site-packages/eventlet/wsgi.py:1004
2025-10-23 01:52:58.200 22 INFO neutron.wsgi [-] 10.0.0.241 "GET / HTTP/1.1" status: 200 len: 228 time: 0.0026708
2025-10-23 01:52:59.811 24 DEBUG neutron_lib.callbacks.manager [req-51b29fc6-ffb0-450b-84cd-b4db222c1618 - - - - -] Publish callbacks ['neutron.services.segments.db._update_segment_host_mapping_for_agent-8772131132736', 'neutron.plugins.ml2.plugin.Ml2Plugin._retry_binding_revived_agents--9223372036853962760'] for agent (12da7ceb-f405-4c83-9c2a-18ed071ed25b), after_update _notify_loop /var/lib/kolla/venv/lib/python3.6/site-packages/neutron_lib/callbacks/manager.py:177
2025-10-23 01:53:17.405 25 DEBUG neutron_lib.callbacks.manager [req-c4753ff6-1f47-4c4f-84b6-fc0525240241 - - - - -] Publish callbacks ['neutron.services.segments.db._update_segment_host_mapping_for_agent-8772131132736', 'neutron.plugins.ml2.plugin.Ml2Plugin._retry_binding_revived_agents--9223372036853962760'] for agent (14007b41-42ca-49b0-a087-1669c5e29d9a), after_update _notify_loop /var/lib/kolla/venv/lib/python3.6/site-packages/neutron_lib/callbacks/manager.py:177
2025-10-23 01:53:28.257 22 DEBUG neutron.wsgi [-] (22) accepted ('10.0.0.241', 40552) server /var/lib/kolla/venv/lib/python3.6/site-packages/eventlet/wsgi.py:1004
2025-10-23 01:53:28.261 22 INFO neutron.wsgi [-] 10.0.0.241 "GET / HTTP/1.1" status: 200 len: 228 time: 0.0035269
2025-10-23 01:53:29.808 26 DEBUG neutron_lib.callbacks.manager [req-4ed198e3-e512-44e6-9944-cd0a334c228c - - - - -] Publish callbacks ['neutron.services.segments.db._update_segment_host_mapping_for_agent-8772131132736', 'neutron.plugins.ml2.plugin.Ml2Plugin._retry_binding_revived_agents--9223372036853962760'] for agent (12da7ceb-f405-4c83-9c2a-18ed071ed25b), after_update _notify_loop /var/lib/kolla/venv/lib/python3.6/site-packages/neutron_lib/callbacks/manager.py:177
2025-10-23 01:53:32.774 29 DEBUG neutron.db.agents_db [req-9233fd36-b7d7-4cfd-8bbd-9aa9a64c55b4 - - - - -] Agent healthcheck: found 2 active agents agent_health_check /var/lib/kolla/venv/lib/python3.6/site-packages/neutron/db/agents_db.py:318
2025-10-23 01:53:47.408 27 DEBUG neutron_lib.callbacks.manager [req-c4753ff6-1f47-4c4f-84b6-fc0525240241 - - - - -] Publish callbacks ['neutron.services.segments.db._update_segment_host_mapping_for_agent-8772131132736', 'neutron.plugins.ml2.plugin.Ml2Plugin._retry_binding_revived_agents--9223372036853962760'] for agent (14007b41-42ca-49b0-a087-1669c5e29d9a), after_update _notify_loop /var/lib/kolla/venv/lib/python3.6/site-packages/neutron_lib/callbacks/manager.py:177
2025-10-23 01:53:58.307 22 DEBUG neutron.wsgi [-] (22) accepted ('10.0.0.241', 36478) server /var/lib/kolla/venv/lib/python3.6/site-packages/eventlet/wsgi.py:1004
2025-10-23 01:53:58.311 22 INFO neutron.wsgi [-] 10.0.0.241 "GET / HTTP/1.1" status: 200 len: 228 time: 0.0030584
2025-10-23 01:53:59.806 28 DEBUG neutron_lib.callbacks.manager [req-50822779-eb21-4be8-8b3a-d233c966a305 - - - - -] Publish callbacks ['neutron.services.segments.db._update_segment_host_mapping_for_agent-8772131132736', 'neutron.plugins.ml2.plugin.Ml2Plugin._retry_binding_revived_agents--9223372036853962760'] for agent (12da7ceb-f405-4c83-9c2a-18ed071ed25b), after_update _notify_loop /var/lib/kolla/venv/lib/python3.6/site-packages/neutron_lib/callbacks/manager.py:177
2025-10-23 01:54:09.775 29 DEBUG neutron.db.agents_db [req-9233fd36-b7d7-4cfd-8bbd-9aa9a64c55b4 - - - - -] Agent healthcheck: found 2 active agents agent_health_check /var/lib/kolla/venv/lib/python3.6/site-packages/neutron/db/agents_db.py:318
2025-10-23 01:54:17.409 23 DEBUG neutron_lib.callbacks.manager [req-c4753ff6-1f47-4c4f-84b6-fc0525240241 - - - - -] Publish callbacks ['neutron.services.segments.db._update_segment_host_mapping_for_agent-8772131132736', 'neutron.plugins.ml2.plugin.Ml2Plugin._retry_binding_revived_agents--9223372036853962760'] for agent (14007b41-42ca-49b0-a087-1669c5e29d9a), after_update _notify_loop /var/lib/kolla/venv/lib/python3.6/site-packages/neutron_lib/callbacks/manager.py:177
2025-10-23 01:54:26.067 7 INFO oslo_service.service [-] Caught SIGTERM, stopping children
2025-10-23 01:54:26.068 7 DEBUG oslo_concurrency.lockutils [-] Acquired lock "singleton_lock" lock /var/lib/kolla/venv/lib/python3.6/site-packages/oslo_concurrency/lockutils.py:294
2025-10-23 01:54:26.068 7 DEBUG oslo_concurrency.lockutils [-] Releasing lock "singleton_lock" lock /var/lib/kolla/venv/lib/python3.6/site-packages/oslo_concurrency/lockutils.py:312
2025-10-23 01:54:26.068 7 DEBUG oslo_service.service [-] Stop services. stop /var/lib/kolla/venv/lib/python3.6/site-packages/oslo_service/service.py:695
2025-10-23 01:54:26.069 7 DEBUG neutron.service [-] calling RpcWorker stop() stop /var/lib/kolla/venv/lib/python3.6/site-packages/neutron/service.py:138
2025-10-23 01:54:26.069 7 DEBUG neutron.service [-] calling RpcWorker stop() stop /var/lib/kolla/venv/lib/python3.6/site-packages/neutron/service.py:138
2025-10-23 01:54:26.069 7 DEBUG oslo_service.service [-] Killing children. stop /var/lib/kolla/venv/lib/python3.6/site-packages/oslo_service/service.py:700
2025-10-23 01:54:26.069 7 INFO oslo_service.service [-] Waiting on 8 children to exit
2025-10-23 01:54:26.070 23 DEBUG neutron.service [-] calling RpcWorker stop() stop /var/lib/kolla/venv/lib/python3.6/site-packages/neutron/service.py:138
2025-10-23 01:54:26.070 27 DEBUG neutron.service [-] calling RpcWorker stop() stop /var/lib/kolla/venv/lib/python3.6/site-packages/neutron/service.py:138
2025-10-23 01:54:26.070 22 INFO neutron.wsgi [-] (22) wsgi exited, is_accepting=True
2025-10-23 01:54:26.070 29 DEBUG neutron.service [-] calling RpcWorker stop() stop /var/lib/kolla/venv/lib/python3.6/site-packages/neutron/service.py:138
2025-10-23 01:54:26.070 29 DEBUG neutron.service [-] calling stop on stop /var/lib/kolla/venv/lib/python3.6/site-packages/neutron/service.py:141
2025-10-23 01:54:26.071 22 DEBUG oslo_concurrency.lockutils [req-25c77ce3-7c3d-48ae-8938-ec310f2b126a - - - - -] Acquired lock "singleton_lock" lock /var/lib/kolla/venv/lib/python3.6/site-packages/oslo_concurrency/lockutils.py:294
2025-10-23 01:54:26.072 22 DEBUG oslo_concurrency.lockutils [req-25c77ce3-7c3d-48ae-8938-ec310f2b126a - - - - -] Releasing lock "singleton_lock" lock /var/lib/kolla/venv/lib/python3.6/site-packages/oslo_concurrency/lockutils.py:312
2025-10-23 01:54:26.072 24 DEBUG neutron.service [-] calling RpcWorker stop() stop /var/lib/kolla/venv/lib/python3.6/site-packages/neutron/service.py:138
2025-10-23 01:54:26.070 23 DEBUG neutron.service [-] calling stop on stop /var/lib/kolla/venv/lib/python3.6/site-packages/neutron/service.py:141
2025-10-23 01:54:26.070 27 DEBUG neutron.service [-] calling stop on stop /var/lib/kolla/venv/lib/python3.6/site-packages/neutron/service.py:141
2025-10-23 01:54:26.073 28 DEBUG neutron.service [-] calling RpcWorker stop() stop /var/lib/kolla/venv/lib/python3.6/site-packages/neutron/service.py:138
2025-10-23 01:54:26.073 25 DEBUG neutron.service [-] calling RpcWorker stop() stop /var/lib/kolla/venv/lib/python3.6/site-packages/neutron/service.py:138
2025-10-23 01:54:26.072 24 DEBUG neutron.service [-] calling stop on stop /var/lib/kolla/venv/lib/python3.6/site-packages/neutron/service.py:141
2025-10-23 01:54:26.073 26 DEBUG neutron.service [-] calling RpcWorker stop() stop /var/lib/kolla/venv/lib/python3.6/site-packages/neutron/service.py:138
2025-10-23 01:54:26.073 25 DEBUG neutron.service [-] calling stop on stop /var/lib/kolla/venv/lib/python3.6/site-packages/neutron/service.py:141
2025-10-23 01:54:26.073 28 DEBUG neutron.service [-] calling stop on stop /var/lib/kolla/venv/lib/python3.6/site-packages/neutron/service.py:141
2025-10-23 01:54:26.074 26 DEBUG neutron.service [-] calling stop on stop /var/lib/kolla/venv/lib/python3.6/site-packages/neutron/service.py:141
2025-10-23 01:54:26.078 7 INFO oslo_service.service [-] Child 22 exited with status 0
2025-10-23 01:54:28.004 28 DEBUG oslo_concurrency.lockutils [req-25c77ce3-7c3d-48ae-8938-ec310f2b126a - - - - -] Acquired lock "singleton_lock" lock /var/lib/kolla/venv/lib/python3.6/site-packages/oslo_concurrency/lockutils.py:294
2025-10-23 01:54:28.005 28 DEBUG oslo_concurrency.lockutils [req-25c77ce3-7c3d-48ae-8938-ec310f2b126a - - - - -] Releasing lock "singleton_lock" lock /var/lib/kolla/venv/lib/python3.6/site-packages/oslo_concurrency/lockutils.py:312
2025-10-23 01:54:28.005 28 DEBUG neutron.service [req-25c77ce3-7c3d-48ae-8938-ec310f2b126a - - - - -] calling RpcWorker wait() _wait /var/lib/kolla/venv/lib/python3.6/site-packages/neutron/service.py:128
2025-10-23 01:54:28.005 28 DEBUG neutron.service [req-25c77ce3-7c3d-48ae-8938-ec310f2b126a - - - - -] calling wait on _wait /var/lib/kolla/venv/lib/python3.6/site-packages/neutron/service.py:131
2025-10-23 01:54:28.013 28 WARNING amqp [req-25c77ce3-7c3d-48ae-8938-ec310f2b126a - - - - -] Received method (60, 30) during closing channel 1. This method will be ignored
2025-10-23 01:54:28.014 28 DEBUG neutron.service [req-25c77ce3-7c3d-48ae-8938-ec310f2b126a - - - - -] returning from RpcWorker wait() _wait /var/lib/kolla/venv/lib/python3.6/site-packages/neutron/service.py:135
2025-10-23 01:54:28.020 7 INFO oslo_service.service [-] Child 28 exited with status 0
2025-10-23 01:54:29.808 24 DEBUG neutron_lib.callbacks.manager [req-d517c57a-49bc-41e7-8403-f0ddf03c856e - - - - -] Publish callbacks ['neutron.services.segments.db._update_segment_host_mapping_for_agent-8772131132736', 'neutron.plugins.ml2.plugin.Ml2Plugin._retry_binding_revived_agents--9223372036853962760'] for agent (12da7ceb-f405-4c83-9c2a-18ed071ed25b), after_update _notify_loop /var/lib/kolla/venv/lib/python3.6/site-packages/neutron_lib/callbacks/manager.py:177
2025-10-23 01:54:30.777 23 DEBUG neutron.service [-] calling stop on stop /var/lib/kolla/venv/lib/python3.6/site-packages/neutron/service.py:141
2025-10-23 01:54:30.784 24 DEBUG neutron.service [-] calling stop on stop /var/lib/kolla/venv/lib/python3.6/site-packages/neutron/service.py:141
2025-10-23 01:54:30.788 25 DEBUG neutron.service [-] calling stop on stop /var/lib/kolla/venv/lib/python3.6/site-packages/neutron/service.py:141
2025-10-23 01:54:30.792 26 DEBUG oslo_concurrency.lockutils [req-25c77ce3-7c3d-48ae-8938-ec310f2b126a - - - - -] Acquired lock "singleton_lock" lock /var/lib/kolla/venv/lib/python3.6/site-packages/oslo_concurrency/lockutils.py:294
2025-10-23 01:54:30.793 26 DEBUG oslo_concurrency.lockutils [req-25c77ce3-7c3d-48ae-8938-ec310f2b126a - - - - -] Releasing lock "singleton_lock" lock /var/lib/kolla/venv/lib/python3.6/site-packages/oslo_concurrency/lockutils.py:312
2025-10-23 01:54:30.793 26 DEBUG neutron.service [req-25c77ce3-7c3d-48ae-8938-ec310f2b126a - - - - -] calling RpcWorker wait() _wait /var/lib/kolla/venv/lib/python3.6/site-packages/neutron/service.py:128
2025-10-23 01:54:30.793 26 DEBUG neutron.service [req-25c77ce3-7c3d-48ae-8938-ec310f2b126a - - - - -] calling wait on _wait /var/lib/kolla/venv/lib/python3.6/site-packages/neutron/service.py:131
2025-10-23 01:54:30.800 26 WARNING amqp [req-25c77ce3-7c3d-48ae-8938-ec310f2b126a - - - - -] Received method (60, 30) during closing channel 1. This method will be ignored
2025-10-23 01:54:30.802 26 DEBUG neutron.service [req-25c77ce3-7c3d-48ae-8938-ec310f2b126a - - - - -] returning from RpcWorker wait() _wait /var/lib/kolla/venv/lib/python3.6/site-packages/neutron/service.py:135
2025-10-23 01:54:30.804 24 DEBUG neutron.service [-] calling stop on stop /var/lib/kolla/venv/lib/python3.6/site-packages/neutron/service.py:141
2025-10-23 01:54:30.804 27 DEBUG oslo_concurrency.lockutils [req-25c77ce3-7c3d-48ae-8938-ec310f2b126a - - - - -] Acquired lock "singleton_lock" lock /var/lib/kolla/venv/lib/python3.6/site-packages/oslo_concurrency/lockutils.py:294
2025-10-23 01:54:30.805 27 DEBUG oslo_concurrency.lockutils [req-25c77ce3-7c3d-48ae-8938-ec310f2b126a - - - - -] Releasing lock "singleton_lock" lock /var/lib/kolla/venv/lib/python3.6/site-packages/oslo_concurrency/lockutils.py:312
2025-10-23 01:54:30.805 27 DEBUG neutron.service [req-25c77ce3-7c3d-48ae-8938-ec310f2b126a - - - - -] calling RpcWorker wait() _wait /var/lib/kolla/venv/lib/python3.6/site-packages/neutron/service.py:128
2025-10-23 01:54:30.805 27 DEBUG neutron.service [req-25c77ce3-7c3d-48ae-8938-ec310f2b126a - - - - -] calling wait on _wait /var/lib/kolla/venv/lib/python3.6/site-packages/neutron/service.py:131
2025-10-23 01:54:30.808 23 DEBUG neutron.service [-] calling stop on stop /var/lib/kolla/venv/lib/python3.6/site-packages/neutron/service.py:141
2025-10-23 01:54:30.809 29 DEBUG oslo_concurrency.lockutils [req-25c77ce3-7c3d-48ae-8938-ec310f2b126a - - - - -] Acquired lock "singleton_lock" lock /var/lib/kolla/venv/lib/python3.6/site-packages/oslo_concurrency/lockutils.py:294
2025-10-23 01:54:30.811 29 DEBUG oslo_concurrency.lockutils [req-25c77ce3-7c3d-48ae-8938-ec310f2b126a - - - - -] Releasing lock "singleton_lock" lock /var/lib/kolla/venv/lib/python3.6/site-packages/oslo_concurrency/lockutils.py:312
2025-10-23 01:54:30.811 29 DEBUG neutron.service [req-25c77ce3-7c3d-48ae-8938-ec310f2b126a - - - - -] calling RpcWorker wait() _wait /var/lib/kolla/venv/lib/python3.6/site-packages/neutron/service.py:128
2025-10-23 01:54:30.812 29 DEBUG neutron.service [req-25c77ce3-7c3d-48ae-8938-ec310f2b126a - - - - -] calling wait on _wait /var/lib/kolla/venv/lib/python3.6/site-packages/neutron/service.py:131
2025-10-23 01:54:30.814 7 INFO oslo_service.service [-] Child 26 exited with status 0
2025-10-23 01:54:30.817 27 WARNING amqp [req-25c77ce3-7c3d-48ae-8938-ec310f2b126a - - - - -] Received method (60, 30) during closing channel 1. This method will be ignored
2025-10-23 01:54:30.818 27 DEBUG neutron.service [req-25c77ce3-7c3d-48ae-8938-ec310f2b126a - - - - -] returning from RpcWorker wait() _wait /var/lib/kolla/venv/lib/python3.6/site-packages/neutron/service.py:135
2025-10-23 01:54:30.819 29 WARNING amqp [req-25c77ce3-7c3d-48ae-8938-ec310f2b126a - - - - -] Received method (60, 30) during closing channel 1. This method will be ignored
2025-10-23 01:54:30.819 25 DEBUG neutron.service [-] calling stop on stop /var/lib/kolla/venv/lib/python3.6/site-packages/neutron/service.py:141
2025-10-23 01:54:30.820 29 DEBUG neutron.service [req-25c77ce3-7c3d-48ae-8938-ec310f2b126a - - - - -] returning from RpcWorker wait() _wait /var/lib/kolla/venv/lib/python3.6/site-packages/neutron/service.py:135
2025-10-23 01:54:30.824 7 INFO oslo_service.service [-] Child 27 exited with status 0
2025-10-23 01:54:30.826 24 DEBUG neutron.service [-] calling stop on stop /var/lib/kolla/venv/lib/python3.6/site-packages/neutron/service.py:141
2025-10-23 01:54:30.827 7 INFO oslo_service.service [-] Child 29 exited with status 0
2025-10-23 01:54:30.835 25 DEBUG neutron.service [-] calling stop on stop /var/lib/kolla/venv/lib/python3.6/site-packages/neutron/service.py:141
2025-10-23 01:54:30.854 25 DEBUG oslo_concurrency.lockutils [req-25c77ce3-7c3d-48ae-8938-ec310f2b126a - - - - -] Acquired lock "singleton_lock" lock /var/lib/kolla/venv/lib/python3.6/site-packages/oslo_concurrency/lockutils.py:294
2025-10-23 01:54:30.854 25 DEBUG oslo_concurrency.lockutils [req-25c77ce3-7c3d-48ae-8938-ec310f2b126a - - - - -] Releasing lock "singleton_lock" lock /var/lib/kolla/venv/lib/python3.6/site-packages/oslo_concurrency/lockutils.py:312
2025-10-23 01:54:30.855 25 DEBUG neutron.service [req-25c77ce3-7c3d-48ae-8938-ec310f2b126a - - - - -] calling RpcWorker wait() _wait /var/lib/kolla/venv/lib/python3.6/site-packages/neutron/service.py:128
2025-10-23 01:54:30.855 25 DEBUG neutron.service [req-25c77ce3-7c3d-48ae-8938-ec310f2b126a - - - - -] calling wait on _wait /var/lib/kolla/venv/lib/python3.6/site-packages/neutron/service.py:131
2025-10-23 01:54:30.856 24 DEBUG oslo_concurrency.lockutils [req-25c77ce3-7c3d-48ae-8938-ec310f2b126a - - - - -] Acquired lock "singleton_lock" lock /var/lib/kolla/venv/lib/python3.6/site-packages/oslo_concurrency/lockutils.py:294
2025-10-23 01:54:30.856 24 DEBUG oslo_concurrency.lockutils [req-25c77ce3-7c3d-48ae-8938-ec310f2b126a - - - - -] Releasing lock "singleton_lock" lock /var/lib/kolla/venv/lib/python3.6/site-packages/oslo_concurrency/lockutils.py:312
2025-10-23 01:54:30.857 24 DEBUG neutron.service [req-25c77ce3-7c3d-48ae-8938-ec310f2b126a - - - - -] calling RpcWorker wait() _wait /var/lib/kolla/venv/lib/python3.6/site-packages/neutron/service.py:128
2025-10-23 01:54:30.857 24 DEBUG neutron.service [req-25c77ce3-7c3d-48ae-8938-ec310f2b126a - - - - -] calling wait on _wait /var/lib/kolla/venv/lib/python3.6/site-packages/neutron/service.py:131
2025-10-23 01:54:30.861 25 WARNING amqp [req-25c77ce3-7c3d-48ae-8938-ec310f2b126a - - - - -] Received method (60, 30) during closing channel 1. This method will be ignored
2025-10-23 01:54:30.864 24 WARNING amqp [req-25c77ce3-7c3d-48ae-8938-ec310f2b126a - - - - -] Received method (60, 30) during closing channel 1. This method will be ignored
2025-10-23 01:54:30.863 25 DEBUG neutron.service [req-25c77ce3-7c3d-48ae-8938-ec310f2b126a - - - - -] calling wait on _wait /var/lib/kolla/venv/lib/python3.6/site-packages/neutron/service.py:131
2025-10-23 01:54:30.865 24 DEBUG neutron.service [req-25c77ce3-7c3d-48ae-8938-ec310f2b126a - - - - -] calling wait on _wait /var/lib/kolla/venv/lib/python3.6/site-packages/neutron/service.py:131
2025-10-23 01:54:30.869 25 WARNING amqp [req-25c77ce3-7c3d-48ae-8938-ec310f2b126a - - - - -] Received method (60, 30) during closing channel 1. This method will be ignored
2025-10-23 01:54:30.871 25 DEBUG neutron.service [req-25c77ce3-7c3d-48ae-8938-ec310f2b126a - - - - -] calling wait on _wait /var/lib/kolla/venv/lib/python3.6/site-packages/neutron/service.py:131
2025-10-23 01:54:30.873 24 WARNING amqp [req-25c77ce3-7c3d-48ae-8938-ec310f2b126a - - - - -] Received method (60, 30) during closing channel 1. This method will be ignored
2025-10-23 01:54:30.874 24 DEBUG neutron.service [req-25c77ce3-7c3d-48ae-8938-ec310f2b126a - - - - -] calling wait on _wait /var/lib/kolla/venv/lib/python3.6/site-packages/neutron/service.py:131
2025-10-23 01:54:30.876 25 WARNING amqp [req-25c77ce3-7c3d-48ae-8938-ec310f2b126a - - - - -] Received method (60, 30) during closing channel 1. This method will be ignored
2025-10-23 01:54:30.878 25 DEBUG neutron.service [req-25c77ce3-7c3d-48ae-8938-ec310f2b126a - - - - -] calling wait on _wait /var/lib/kolla/venv/lib/python3.6/site-packages/neutron/service.py:131
2025-10-23 01:54:30.880 24 WARNING amqp [req-25c77ce3-7c3d-48ae-8938-ec310f2b126a - - - - -] Received method (60, 30) during closing channel 1. This method will be ignored
2025-10-23 01:54:30.880 24 DEBUG neutron.service [req-25c77ce3-7c3d-48ae-8938-ec310f2b126a - - - - -] calling wait on _wait /var/lib/kolla/venv/lib/python3.6/site-packages/neutron/service.py:131
2025-10-23 01:54:30.885 25 WARNING amqp [req-25c77ce3-7c3d-48ae-8938-ec310f2b126a - - - - -] Received method (60, 30) during closing channel 1. This method will be ignored
2025-10-23 01:54:30.886 25 DEBUG neutron.service [req-25c77ce3-7c3d-48ae-8938-ec310f2b126a - - - - -] returning from RpcWorker wait() _wait /var/lib/kolla/venv/lib/python3.6/site-packages/neutron/service.py:135
2025-10-23 01:54:30.888 24 WARNING amqp [req-25c77ce3-7c3d-48ae-8938-ec310f2b126a - - - - -] Received method (60, 30) during closing channel 1. This method will be ignored
2025-10-23 01:54:30.889 24 DEBUG neutron.service [req-25c77ce3-7c3d-48ae-8938-ec310f2b126a - - - - -] returning from RpcWorker wait() _wait /var/lib/kolla/venv/lib/python3.6/site-packages/neutron/service.py:135
2025-10-23 01:54:30.894 7 INFO oslo_service.service [-] Child 25 exited with status 0
2025-10-23 01:54:30.897 7 INFO oslo_service.service [-] Child 24 exited with status 0
2025-10-23 01:54:38.925 7 INFO neutron.common.config [-] Logging enabled!
2025-10-23 01:54:38.925 7 INFO neutron.common.config [-] /var/lib/kolla/venv/bin/neutron-server version 20.5.1.dev23
2025-10-23 01:54:38.925 7 DEBUG neutron.common.config [-] command line: /var/lib/kolla/venv/bin/neutron-server --config-file /etc/neutron/neutron.conf --config-file /etc/neutron/ContrailPlugin.ini --config-file /etc/neutron/api-paste.ini setup_logging /var/lib/kolla/venv/lib/python3.6/site-packages/neutron/common/config.py:115
2025-10-23 01:54:38.931 7 INFO neutron.common.config [-] Logging enabled!
2025-10-23 01:54:38.932 7 INFO neutron.common.config [-] /var/lib/kolla/venv/bin/neutron-server version 20.5.1.dev23
2025-10-23 01:54:38.933 7 DEBUG neutron.common.config [-] command line: /var/lib/kolla/venv/bin/neutron-server --config-file /etc/neutron/neutron.conf --config-file /etc/neutron/ContrailPlugin.ini --config-file /etc/neutron/api-paste.ini setup_logging /var/lib/kolla/venv/lib/python3.6/site-packages/neutron/common/config.py:115
2025-10-23 01:54:38.933 7 DEBUG neutron.common.config [-] ******************************************************************************** log_opt_values /var/lib/kolla/venv/lib/python3.6/site-packages/oslo_config/cfg.py:2589
2025-10-23 01:54:38.935 7 DEBUG neutron.common.config [-] Configuration options gathered from: log_opt_values /var/lib/kolla/venv/lib/python3.6/site-packages/oslo_config/cfg.py:2590
2025-10-23 01:54:38.937 7 DEBUG neutron.common.config [-] command line args: ['--config-file', '/etc/neutron/neutron.conf', '--config-file', '/etc/neutron/ContrailPlugin.ini', '--config-file', '/etc/neutron/api-paste.ini'] log_opt_values /var/lib/kolla/venv/lib/python3.6/site-packages/oslo_config/cfg.py:2591
2025-10-23 01:54:38.938 7 DEBUG neutron.common.config [-] config files: ['/etc/neutron/neutron.conf', '/etc/neutron/ContrailPlugin.ini', '/etc/neutron/api-paste.ini'] log_opt_values /var/lib/kolla/venv/lib/python3.6/site-packages/oslo_config/cfg.py:2593
2025-10-23 01:54:38.938 7 DEBUG neutron.common.config [-] ================================================================================ log_opt_values /var/lib/kolla/venv/lib/python3.6/site-packages/oslo_config/cfg.py:2594
2025-10-23 01:54:38.939 7 DEBUG neutron.common.config [-] allow_bulk = True log_opt_values /var/lib/kolla/venv/lib/python3.6/site-packages/oslo_config/cfg.py:2603
2025-10-23 01:54:38.939 7 WARNING oslo_config.cfg [-] Deprecated: Option "allow_overlapping_ips" from group "DEFAULT" is deprecated for removal. Its value may be silently ignored in the future.
2025-10-23 01:54:38.939 7 DEBUG neutron.common.config [-] allow_overlapping_ips = True log_opt_values /var/lib/kolla/venv/lib/python3.6/site-packages/oslo_config/cfg.py:2603
2025-10-23 01:54:38.939 7 DEBUG neutron.common.config [-] api_extensions_path = /opt/plugin/site-packages/neutron_plugin_contrail/extensions:/opt/plugin/site-packages/neutron_lbaas/extensions log_opt_values /var/lib/kolla/venv/lib/python3.6/site-packages/oslo_config/cfg.py:2603
2025-10-23 01:54:38.939 7 DEBUG neutron.common.config [-] api_paste_config = /etc/neutron/api-paste.ini log_opt_values /var/lib/kolla/venv/lib/python3.6/site-packages/oslo_config/cfg.py:2603
2025-10-23 01:54:38.939 7 DEBUG neutron.common.config [-] api_workers = 1 log_opt_values /var/lib/kolla/venv/lib/python3.6/site-packages/oslo_config/cfg.py:2603
2025-10-23 01:54:38.940 7 DEBUG neutron.common.config [-] auth_strategy = keystone log_opt_values /var/lib/kolla/venv/lib/python3.6/site-packages/oslo_config/cfg.py:2603
2025-10-23 01:54:38.940 7 DEBUG neutron.common.config [-] backlog = 4096 log_opt_values /var/lib/kolla/venv/lib/python3.6/site-packages/oslo_config/cfg.py:2603
2025-10-23 01:54:38.941 7 DEBUG neutron.common.config [-] base_mac = fa:16:3e:00:00:00 log_opt_values /var/lib/kolla/venv/lib/python3.6/site-packages/oslo_config/cfg.py:2603
2025-10-23 01:54:38.942 7 DEBUG neutron.common.config [-] bind_host = 10.0.0.241 log_opt_values /var/lib/kolla/venv/lib/python3.6/site-packages/oslo_config/cfg.py:2603
2025-10-23 01:54:38.942 7 DEBUG neutron.common.config [-] bind_port = 9696 log_opt_values /var/lib/kolla/venv/lib/python3.6/site-packages/oslo_config/cfg.py:2603
2025-10-23 01:54:38.943 7 DEBUG neutron.common.config [-] client_socket_timeout = 900 log_opt_values /var/lib/kolla/venv/lib/python3.6/site-packages/oslo_config/cfg.py:2603
2025-10-23 01:54:38.944 7 DEBUG neutron.common.config [-] config_dir = [] log_opt_values /var/lib/kolla/venv/lib/python3.6/site-packages/oslo_config/cfg.py:2603
2025-10-23 01:54:38.944 7 DEBUG neutron.common.config [-] config_file = ['/etc/neutron/neutron.conf', '/etc/neutron/ContrailPlugin.ini', '/etc/neutron/api-paste.ini'] log_opt_values /var/lib/kolla/venv/lib/python3.6/site-packages/oslo_config/cfg.py:2603
2025-10-23 01:54:38.945 7 DEBUG neutron.common.config [-] config_source = [] log_opt_values /var/lib/kolla/venv/lib/python3.6/site-packages/oslo_config/cfg.py:2603
2025-10-23 01:54:38.946 7 DEBUG neutron.common.config [-] control_exchange = neutron log_opt_values /var/lib/kolla/venv/lib/python3.6/site-packages/oslo_config/cfg.py:2603
