2025-10-20 01:52:40.199 7 DEBUG oslo_service.service [-] ml2_type_gre.tunnel_id_ranges = [] log_opt_values /var/lib/kolla/venv/lib/python3.6/site-packages/oslo_config/cfg.py:2611
2025-10-20 01:52:40.200 7 DEBUG oslo_service.service [-] ml2_type_vlan.network_vlan_ranges = [] log_opt_values /var/lib/kolla/venv/lib/python3.6/site-packages/oslo_config/cfg.py:2611
2025-10-20 01:52:40.200 7 DEBUG oslo_service.service [-] ml2_type_vxlan.vni_ranges = [] log_opt_values /var/lib/kolla/venv/lib/python3.6/site-packages/oslo_config/cfg.py:2611
2025-10-20 01:52:40.200 7 DEBUG oslo_service.service [-] ml2_type_vxlan.vxlan_group = None log_opt_values /var/lib/kolla/venv/lib/python3.6/site-packages/oslo_config/cfg.py:2611
2025-10-20 01:52:40.200 7 DEBUG oslo_service.service [-] database.backend = sqlalchemy log_opt_values /var/lib/kolla/venv/lib/python3.6/site-packages/oslo_config/cfg.py:2611
2025-10-20 01:52:40.200 7 DEBUG oslo_service.service [-] database.connection = **** log_opt_values /var/lib/kolla/venv/lib/python3.6/site-packages/oslo_config/cfg.py:2611
2025-10-20 01:52:40.200 7 DEBUG oslo_service.service [-] database.connection_debug = 0 log_opt_values /var/lib/kolla/venv/lib/python3.6/site-packages/oslo_config/cfg.py:2611
2025-10-20 01:52:40.200 7 DEBUG oslo_service.service [-] database.connection_parameters = log_opt_values /var/lib/kolla/venv/lib/python3.6/site-packages/oslo_config/cfg.py:2611
2025-10-20 01:52:40.200 7 DEBUG oslo_service.service [-] database.connection_recycle_time = 10 log_opt_values /var/lib/kolla/venv/lib/python3.6/site-packages/oslo_config/cfg.py:2611
2025-10-20 01:52:40.200 7 DEBUG oslo_service.service [-] database.connection_trace = False log_opt_values /var/lib/kolla/venv/lib/python3.6/site-packages/oslo_config/cfg.py:2611
2025-10-20 01:52:40.200 7 DEBUG oslo_service.service [-] database.db_inc_retry_interval = True log_opt_values /var/lib/kolla/venv/lib/python3.6/site-packages/oslo_config/cfg.py:2611
2025-10-20 01:52:40.200 7 DEBUG oslo_service.service [-] database.db_max_retries = 20 log_opt_values /var/lib/kolla/venv/lib/python3.6/site-packages/oslo_config/cfg.py:2611
2025-10-20 01:52:40.201 7 DEBUG oslo_service.service [-] database.db_max_retry_interval = 10 log_opt_values /var/lib/kolla/venv/lib/python3.6/site-packages/oslo_config/cfg.py:2611
2025-10-20 01:52:40.201 7 DEBUG oslo_service.service [-] database.db_retry_interval = 1 log_opt_values /var/lib/kolla/venv/lib/python3.6/site-packages/oslo_config/cfg.py:2611
2025-10-20 01:52:40.201 7 DEBUG oslo_service.service [-] database.max_overflow = 50 log_opt_values /var/lib/kolla/venv/lib/python3.6/site-packages/oslo_config/cfg.py:2611
2025-10-20 01:52:40.201 7 DEBUG oslo_service.service [-] database.max_pool_size = 1 log_opt_values /var/lib/kolla/venv/lib/python3.6/site-packages/oslo_config/cfg.py:2611
2025-10-20 01:52:40.201 7 DEBUG oslo_service.service [-] database.max_retries = -1 log_opt_values /var/lib/kolla/venv/lib/python3.6/site-packages/oslo_config/cfg.py:2611
2025-10-20 01:52:40.201 7 DEBUG oslo_service.service [-] database.mysql_enable_ndb = False log_opt_values /var/lib/kolla/venv/lib/python3.6/site-packages/oslo_config/cfg.py:2611
2025-10-20 01:52:40.201 7 DEBUG oslo_service.service [-] database.mysql_sql_mode = TRADITIONAL log_opt_values /var/lib/kolla/venv/lib/python3.6/site-packages/oslo_config/cfg.py:2611
2025-10-20 01:52:40.201 7 DEBUG oslo_service.service [-] database.pool_timeout = None log_opt_values /var/lib/kolla/venv/lib/python3.6/site-packages/oslo_config/cfg.py:2611
2025-10-20 01:52:40.201 7 DEBUG oslo_service.service [-] database.retry_interval = 10 log_opt_values /var/lib/kolla/venv/lib/python3.6/site-packages/oslo_config/cfg.py:2611
2025-10-20 01:52:40.201 7 DEBUG oslo_service.service [-] database.slave_connection = **** log_opt_values /var/lib/kolla/venv/lib/python3.6/site-packages/oslo_config/cfg.py:2611
2025-10-20 01:52:40.202 7 DEBUG oslo_service.service [-] database.sqlite_synchronous = True log_opt_values /var/lib/kolla/venv/lib/python3.6/site-packages/oslo_config/cfg.py:2611
2025-10-20 01:52:40.202 7 DEBUG oslo_service.service [-] database.use_db_reconnect = False log_opt_values /var/lib/kolla/venv/lib/python3.6/site-packages/oslo_config/cfg.py:2611
2025-10-20 01:52:40.202 7 DEBUG oslo_service.service [-] ******************************************************************************** log_opt_values /var/lib/kolla/venv/lib/python3.6/site-packages/oslo_config/cfg.py:2613
2025-10-20 01:52:41.998 22 DEBUG neutron.wsgi [-] (22) accepted ('10.0.0.56', 52610) server /var/lib/kolla/venv/lib/python3.6/site-packages/eventlet/wsgi.py:1004
2025-10-20 01:52:42.005 22 INFO neutron.wsgi [-] 10.0.0.56 "GET / HTTP/1.1" status: 200 len: 227 time: 0.0049036
2025-10-20 01:52:44.142 24 DEBUG neutron.api.rpc.handlers.dhcp_rpc [req-85327be5-9d21-400f-a4e9-7a90368d4178 - - - - -] get_active_networks_info from cn-jenkins-deploy-platform-ansible-os-4369-1 get_active_networks_info /var/lib/kolla/venv/lib/python3.6/site-packages/neutron/api/rpc/handlers/dhcp_rpc.py:159
2025-10-20 01:52:44.163 26 DEBUG neutron_lib.callbacks.manager [req-e023966e-dc57-4f35-9a78-526c60611241 - - - - -] Publish callbacks ['neutron.services.segments.db._update_segment_host_mapping_for_agent-8784204987200', 'neutron.services.l3_router.l3_router_plugin.DVRResourceOperationHandler.create_fip_agent_gw_ports-583357'] for agent (f7a52258-f514-4e58-bea6-5c0b392aaeef), after_create _notify_loop /var/lib/kolla/venv/lib/python3.6/site-packages/neutron_lib/callbacks/manager.py:177
2025-10-20 01:52:44.175 24 DEBUG neutron.scheduler.dhcp_agent_scheduler [req-85327be5-9d21-400f-a4e9-7a90368d4178 - - - - -] No non-hosted networks auto_schedule_networks /var/lib/kolla/venv/lib/python3.6/site-packages/neutron/scheduler/dhcp_agent_scheduler.py:60
2025-10-20 01:53:02.536 28 DEBUG neutron_lib.callbacks.manager [req-3a8b5816-7819-476f-a1e9-7c06db0de339 - - - - -] Publish callbacks ['neutron.services.segments.db._update_segment_host_mapping_for_agent-8784204987200', 'neutron.services.l3_router.l3_router_plugin.DVRResourceOperationHandler.create_fip_agent_gw_ports-583357'] for agent (fbecfe02-3599-4253-a925-07e9f219ed9f), after_create _notify_loop /var/lib/kolla/venv/lib/python3.6/site-packages/neutron_lib/callbacks/manager.py:177
2025-10-20 01:53:12.047 22 DEBUG neutron.wsgi [-] (22) accepted ('10.0.0.56', 57914) server /var/lib/kolla/venv/lib/python3.6/site-packages/eventlet/wsgi.py:1004
2025-10-20 01:53:12.050 22 INFO neutron.wsgi [-] 10.0.0.56 "GET / HTTP/1.1" status: 200 len: 227 time: 0.0029850
2025-10-20 01:53:14.152 27 DEBUG neutron_lib.callbacks.manager [req-29d71040-6b10-4c57-aba9-820b63ef8ee2 - - - - -] Publish callbacks ['neutron.services.segments.db._update_segment_host_mapping_for_agent-8784204987200', 'neutron.plugins.ml2.plugin.Ml2Plugin._retry_binding_revived_agents-1845461'] for agent (f7a52258-f514-4e58-bea6-5c0b392aaeef), after_update _notify_loop /var/lib/kolla/venv/lib/python3.6/site-packages/neutron_lib/callbacks/manager.py:177
2025-10-20 01:53:32.493 24 DEBUG neutron_lib.callbacks.manager [req-3a8b5816-7819-476f-a1e9-7c06db0de339 - - - - -] Publish callbacks ['neutron.services.segments.db._update_segment_host_mapping_for_agent-8784204987200', 'neutron.plugins.ml2.plugin.Ml2Plugin._retry_binding_revived_agents-1845461'] for agent (fbecfe02-3599-4253-a925-07e9f219ed9f), after_update _notify_loop /var/lib/kolla/venv/lib/python3.6/site-packages/neutron_lib/callbacks/manager.py:177
2025-10-20 01:53:42.089 22 DEBUG neutron.wsgi [-] (22) accepted ('10.0.0.56', 53036) server /var/lib/kolla/venv/lib/python3.6/site-packages/eventlet/wsgi.py:1004
2025-10-20 01:53:42.093 22 INFO neutron.wsgi [-] 10.0.0.56 "GET / HTTP/1.1" status: 200 len: 227 time: 0.0026679
2025-10-20 01:53:44.149 25 DEBUG neutron_lib.callbacks.manager [req-fafdc01f-6086-40a8-9a24-5b9e60091b9f - - - - -] Publish callbacks ['neutron.services.segments.db._update_segment_host_mapping_for_agent-8784204987200', 'neutron.plugins.ml2.plugin.Ml2Plugin._retry_binding_revived_agents-1845461'] for agent (f7a52258-f514-4e58-bea6-5c0b392aaeef), after_update _notify_loop /var/lib/kolla/venv/lib/python3.6/site-packages/neutron_lib/callbacks/manager.py:177
2025-10-20 01:53:49.108 29 DEBUG neutron.db.agents_db [req-a14567b4-46a3-4166-93db-3f8b310cacb5 - - - - -] Agent healthcheck: found 2 active agents agent_health_check /var/lib/kolla/venv/lib/python3.6/site-packages/neutron/db/agents_db.py:318
2025-10-20 01:54:02.505 23 DEBUG neutron_lib.callbacks.manager [req-3a8b5816-7819-476f-a1e9-7c06db0de339 - - - - -] Publish callbacks ['neutron.services.segments.db._update_segment_host_mapping_for_agent-8784204987200', 'neutron.plugins.ml2.plugin.Ml2Plugin._retry_binding_revived_agents-1845461'] for agent (fbecfe02-3599-4253-a925-07e9f219ed9f), after_update _notify_loop /var/lib/kolla/venv/lib/python3.6/site-packages/neutron_lib/callbacks/manager.py:177
2025-10-20 01:54:12.134 22 DEBUG neutron.wsgi [-] (22) accepted ('10.0.0.56', 39856) server /var/lib/kolla/venv/lib/python3.6/site-packages/eventlet/wsgi.py:1004
2025-10-20 01:54:12.138 22 INFO neutron.wsgi [-] 10.0.0.56 "GET / HTTP/1.1" status: 200 len: 227 time: 0.0028017
2025-10-20 01:54:14.131 26 DEBUG neutron_lib.callbacks.manager [req-225c0f3a-039e-4b6b-ae45-649ad0b98132 - - - - -] Publish callbacks ['neutron.services.segments.db._update_segment_host_mapping_for_agent-8784204987200', 'neutron.plugins.ml2.plugin.Ml2Plugin._retry_binding_revived_agents-1845461'] for agent (f7a52258-f514-4e58-bea6-5c0b392aaeef), after_update _notify_loop /var/lib/kolla/venv/lib/python3.6/site-packages/neutron_lib/callbacks/manager.py:177
2025-10-20 01:54:26.104 29 DEBUG neutron.db.agents_db [req-a14567b4-46a3-4166-93db-3f8b310cacb5 - - - - -] Agent healthcheck: found 2 active agents agent_health_check /var/lib/kolla/venv/lib/python3.6/site-packages/neutron/db/agents_db.py:318
2025-10-20 01:54:32.495 28 DEBUG neutron_lib.callbacks.manager [req-3a8b5816-7819-476f-a1e9-7c06db0de339 - - - - -] Publish callbacks ['neutron.services.segments.db._update_segment_host_mapping_for_agent-8784204987200', 'neutron.plugins.ml2.plugin.Ml2Plugin._retry_binding_revived_agents-1845461'] for agent (fbecfe02-3599-4253-a925-07e9f219ed9f), after_update _notify_loop /var/lib/kolla/venv/lib/python3.6/site-packages/neutron_lib/callbacks/manager.py:177
2025-10-20 01:54:42.178 22 DEBUG neutron.wsgi [-] (22) accepted ('10.0.0.56', 35116) server /var/lib/kolla/venv/lib/python3.6/site-packages/eventlet/wsgi.py:1004
2025-10-20 01:54:42.181 22 INFO neutron.wsgi [-] 10.0.0.56 "GET / HTTP/1.1" status: 200 len: 227 time: 0.0025342
2025-10-20 01:54:44.130 27 DEBUG neutron_lib.callbacks.manager [req-a8e5194a-4d67-4c44-b928-115495dcd3bb - - - - -] Publish callbacks ['neutron.services.segments.db._update_segment_host_mapping_for_agent-8784204987200', 'neutron.plugins.ml2.plugin.Ml2Plugin._retry_binding_revived_agents-1845461'] for agent (f7a52258-f514-4e58-bea6-5c0b392aaeef), after_update _notify_loop /var/lib/kolla/venv/lib/python3.6/site-packages/neutron_lib/callbacks/manager.py:177
2025-10-20 01:55:02.495 24 DEBUG neutron_lib.callbacks.manager [req-3a8b5816-7819-476f-a1e9-7c06db0de339 - - - - -] Publish callbacks ['neutron.services.segments.db._update_segment_host_mapping_for_agent-8784204987200', 'neutron.plugins.ml2.plugin.Ml2Plugin._retry_binding_revived_agents-1845461'] for agent (fbecfe02-3599-4253-a925-07e9f219ed9f), after_update _notify_loop /var/lib/kolla/venv/lib/python3.6/site-packages/neutron_lib/callbacks/manager.py:177
2025-10-20 01:55:03.102 29 DEBUG neutron.db.agents_db [req-a14567b4-46a3-4166-93db-3f8b310cacb5 - - - - -] Agent healthcheck: found 2 active agents agent_health_check /var/lib/kolla/venv/lib/python3.6/site-packages/neutron/db/agents_db.py:318
2025-10-20 01:55:12.222 22 DEBUG neutron.wsgi [-] (22) accepted ('10.0.0.56', 36550) server /var/lib/kolla/venv/lib/python3.6/site-packages/eventlet/wsgi.py:1004
2025-10-20 01:55:12.227 22 INFO neutron.wsgi [-] 10.0.0.56 "GET / HTTP/1.1" status: 200 len: 227 time: 0.0043740
2025-10-20 01:55:14.125 25 DEBUG neutron_lib.callbacks.manager [req-03e56485-352e-43a2-bb1d-fbbdfb12d561 - - - - -] Publish callbacks ['neutron.services.segments.db._update_segment_host_mapping_for_agent-8784204987200', 'neutron.plugins.ml2.plugin.Ml2Plugin._retry_binding_revived_agents-1845461'] for agent (f7a52258-f514-4e58-bea6-5c0b392aaeef), after_update _notify_loop /var/lib/kolla/venv/lib/python3.6/site-packages/neutron_lib/callbacks/manager.py:177
2025-10-20 01:55:32.497 23 DEBUG neutron_lib.callbacks.manager [req-3a8b5816-7819-476f-a1e9-7c06db0de339 - - - - -] Publish callbacks ['neutron.services.segments.db._update_segment_host_mapping_for_agent-8784204987200', 'neutron.plugins.ml2.plugin.Ml2Plugin._retry_binding_revived_agents-1845461'] for agent (fbecfe02-3599-4253-a925-07e9f219ed9f), after_update _notify_loop /var/lib/kolla/venv/lib/python3.6/site-packages/neutron_lib/callbacks/manager.py:177
2025-10-20 01:55:40.114 29 DEBUG neutron.db.agents_db [req-a14567b4-46a3-4166-93db-3f8b310cacb5 - - - - -] Agent healthcheck: found 2 active agents agent_health_check /var/lib/kolla/venv/lib/python3.6/site-packages/neutron/db/agents_db.py:318
2025-10-20 01:55:42.267 22 DEBUG neutron.wsgi [-] (22) accepted ('10.0.0.56', 38214) server /var/lib/kolla/venv/lib/python3.6/site-packages/eventlet/wsgi.py:1004
2025-10-20 01:55:42.271 22 INFO neutron.wsgi [-] 10.0.0.56 "GET / HTTP/1.1" status: 200 len: 227 time: 0.0025213
2025-10-20 01:55:44.136 26 DEBUG neutron_lib.callbacks.manager [req-8d969083-95a3-4b6e-a975-f48ef71339ce - - - - -] Publish callbacks ['neutron.services.segments.db._update_segment_host_mapping_for_agent-8784204987200', 'neutron.plugins.ml2.plugin.Ml2Plugin._retry_binding_revived_agents-1845461'] for agent (f7a52258-f514-4e58-bea6-5c0b392aaeef), after_update _notify_loop /var/lib/kolla/venv/lib/python3.6/site-packages/neutron_lib/callbacks/manager.py:177
2025-10-20 01:56:02.500 28 DEBUG neutron_lib.callbacks.manager [req-3a8b5816-7819-476f-a1e9-7c06db0de339 - - - - -] Publish callbacks ['neutron.services.segments.db._update_segment_host_mapping_for_agent-8784204987200', 'neutron.plugins.ml2.plugin.Ml2Plugin._retry_binding_revived_agents-1845461'] for agent (fbecfe02-3599-4253-a925-07e9f219ed9f), after_update _notify_loop /var/lib/kolla/venv/lib/python3.6/site-packages/neutron_lib/callbacks/manager.py:177
2025-10-20 01:56:12.311 22 DEBUG neutron.wsgi [-] (22) accepted ('10.0.0.56', 37548) server /var/lib/kolla/venv/lib/python3.6/site-packages/eventlet/wsgi.py:1004
2025-10-20 01:56:12.314 22 INFO neutron.wsgi [-] 10.0.0.56 "GET / HTTP/1.1" status: 200 len: 227 time: 0.0025361
2025-10-20 01:56:14.132 27 DEBUG neutron_lib.callbacks.manager [req-55219f6e-1115-44d6-b443-147cbaa207df - - - - -] Publish callbacks ['neutron.services.segments.db._update_segment_host_mapping_for_agent-8784204987200', 'neutron.plugins.ml2.plugin.Ml2Plugin._retry_binding_revived_agents-1845461'] for agent (f7a52258-f514-4e58-bea6-5c0b392aaeef), after_update _notify_loop /var/lib/kolla/venv/lib/python3.6/site-packages/neutron_lib/callbacks/manager.py:177
2025-10-20 01:56:17.111 29 DEBUG neutron.db.agents_db [req-a14567b4-46a3-4166-93db-3f8b310cacb5 - - - - -] Agent healthcheck: found 2 active agents agent_health_check /var/lib/kolla/venv/lib/python3.6/site-packages/neutron/db/agents_db.py:318
2025-10-20 01:56:32.501 24 DEBUG neutron_lib.callbacks.manager [req-3a8b5816-7819-476f-a1e9-7c06db0de339 - - - - -] Publish callbacks ['neutron.services.segments.db._update_segment_host_mapping_for_agent-8784204987200', 'neutron.plugins.ml2.plugin.Ml2Plugin._retry_binding_revived_agents-1845461'] for agent (fbecfe02-3599-4253-a925-07e9f219ed9f), after_update _notify_loop /var/lib/kolla/venv/lib/python3.6/site-packages/neutron_lib/callbacks/manager.py:177
2025-10-20 01:56:42.356 22 DEBUG neutron.wsgi [-] (22) accepted ('10.0.0.56', 49532) server /var/lib/kolla/venv/lib/python3.6/site-packages/eventlet/wsgi.py:1004
2025-10-20 01:56:42.359 22 INFO neutron.wsgi [-] 10.0.0.56 "GET / HTTP/1.1" status: 200 len: 227 time: 0.0026567
2025-10-20 01:56:44.130 25 DEBUG neutron_lib.callbacks.manager [req-8502d832-5e57-4b95-8f2d-73509ffecdd8 - - - - -] Publish callbacks ['neutron.services.segments.db._update_segment_host_mapping_for_agent-8784204987200', 'neutron.plugins.ml2.plugin.Ml2Plugin._retry_binding_revived_agents-1845461'] for agent (f7a52258-f514-4e58-bea6-5c0b392aaeef), after_update _notify_loop /var/lib/kolla/venv/lib/python3.6/site-packages/neutron_lib/callbacks/manager.py:177
2025-10-20 01:56:54.122 29 DEBUG neutron.db.agents_db [req-a14567b4-46a3-4166-93db-3f8b310cacb5 - - - - -] Agent healthcheck: found 2 active agents agent_health_check /var/lib/kolla/venv/lib/python3.6/site-packages/neutron/db/agents_db.py:318
2025-10-20 01:57:02.507 23 DEBUG neutron_lib.callbacks.manager [req-3a8b5816-7819-476f-a1e9-7c06db0de339 - - - - -] Publish callbacks ['neutron.services.segments.db._update_segment_host_mapping_for_agent-8784204987200', 'neutron.plugins.ml2.plugin.Ml2Plugin._retry_binding_revived_agents-1845461'] for agent (fbecfe02-3599-4253-a925-07e9f219ed9f), after_update _notify_loop /var/lib/kolla/venv/lib/python3.6/site-packages/neutron_lib/callbacks/manager.py:177
2025-10-20 01:57:12.400 22 DEBUG neutron.wsgi [-] (22) accepted ('10.0.0.56', 58648) server /var/lib/kolla/venv/lib/python3.6/site-packages/eventlet/wsgi.py:1004
2025-10-20 01:57:12.403 22 INFO neutron.wsgi [-] 10.0.0.56 "GET / HTTP/1.1" status: 200 len: 227 time: 0.0025709
2025-10-20 01:57:14.126 26 DEBUG neutron_lib.callbacks.manager [req-71b28ff2-61aa-4786-b3ac-856486d85192 - - - - -] Publish callbacks ['neutron.services.segments.db._update_segment_host_mapping_for_agent-8784204987200', 'neutron.plugins.ml2.plugin.Ml2Plugin._retry_binding_revived_agents-1845461'] for agent (f7a52258-f514-4e58-bea6-5c0b392aaeef), after_update _notify_loop /var/lib/kolla/venv/lib/python3.6/site-packages/neutron_lib/callbacks/manager.py:177
2025-10-20 01:57:31.118 29 DEBUG neutron.db.agents_db [req-a14567b4-46a3-4166-93db-3f8b310cacb5 - - - - -] Agent healthcheck: found 2 active agents agent_health_check /var/lib/kolla/venv/lib/python3.6/site-packages/neutron/db/agents_db.py:318
2025-10-20 01:57:32.508 28 DEBUG neutron_lib.callbacks.manager [req-3a8b5816-7819-476f-a1e9-7c06db0de339 - - - - -] Publish callbacks ['neutron.services.segments.db._update_segment_host_mapping_for_agent-8784204987200', 'neutron.plugins.ml2.plugin.Ml2Plugin._retry_binding_revived_agents-1845461'] for agent (fbecfe02-3599-4253-a925-07e9f219ed9f), after_update _notify_loop /var/lib/kolla/venv/lib/python3.6/site-packages/neutron_lib/callbacks/manager.py:177
2025-10-20 01:57:42.444 22 DEBUG neutron.wsgi [-] (22) accepted ('10.0.0.56', 48622) server /var/lib/kolla/venv/lib/python3.6/site-packages/eventlet/wsgi.py:1004
2025-10-20 01:57:42.449 22 INFO neutron.wsgi [-] 10.0.0.56 "GET / HTTP/1.1" status: 200 len: 227 time: 0.0028086
2025-10-20 01:57:44.133 27 DEBUG neutron_lib.callbacks.manager [req-7f8edd10-62df-44ac-a489-3d21d318fd1c - - - - -] Publish callbacks ['neutron.services.segments.db._update_segment_host_mapping_for_agent-8784204987200', 'neutron.plugins.ml2.plugin.Ml2Plugin._retry_binding_revived_agents-1845461'] for agent (f7a52258-f514-4e58-bea6-5c0b392aaeef), after_update _notify_loop /var/lib/kolla/venv/lib/python3.6/site-packages/neutron_lib/callbacks/manager.py:177
2025-10-20 01:58:02.509 24 DEBUG neutron_lib.callbacks.manager [req-3a8b5816-7819-476f-a1e9-7c06db0de339 - - - - -] Publish callbacks ['neutron.services.segments.db._update_segment_host_mapping_for_agent-8784204987200', 'neutron.plugins.ml2.plugin.Ml2Plugin._retry_binding_revived_agents-1845461'] for agent (fbecfe02-3599-4253-a925-07e9f219ed9f), after_update _notify_loop /var/lib/kolla/venv/lib/python3.6/site-packages/neutron_lib/callbacks/manager.py:177
2025-10-20 01:58:08.116 29 DEBUG neutron.db.agents_db [req-a14567b4-46a3-4166-93db-3f8b310cacb5 - - - - -] Agent healthcheck: found 2 active agents agent_health_check /var/lib/kolla/venv/lib/python3.6/site-packages/neutron/db/agents_db.py:318
2025-10-20 01:58:12.492 22 DEBUG neutron.wsgi [-] (22) accepted ('10.0.0.56', 37132) server /var/lib/kolla/venv/lib/python3.6/site-packages/eventlet/wsgi.py:1004
2025-10-20 01:58:12.495 22 INFO neutron.wsgi [-] 10.0.0.56 "GET / HTTP/1.1" status: 200 len: 227 time: 0.0025618
2025-10-20 01:58:14.127 25 DEBUG neutron_lib.callbacks.manager [req-20458700-6e12-4b4c-b3d5-b29c4a8a30a9 - - - - -] Publish callbacks ['neutron.services.segments.db._update_segment_host_mapping_for_agent-8784204987200', 'neutron.plugins.ml2.plugin.Ml2Plugin._retry_binding_revived_agents-1845461'] for agent (f7a52258-f514-4e58-bea6-5c0b392aaeef), after_update _notify_loop /var/lib/kolla/venv/lib/python3.6/site-packages/neutron_lib/callbacks/manager.py:177
2025-10-20 01:58:32.511 23 DEBUG neutron_lib.callbacks.manager [req-3a8b5816-7819-476f-a1e9-7c06db0de339 - - - - -] Publish callbacks ['neutron.services.segments.db._update_segment_host_mapping_for_agent-8784204987200', 'neutron.plugins.ml2.plugin.Ml2Plugin._retry_binding_revived_agents-1845461'] for agent (fbecfe02-3599-4253-a925-07e9f219ed9f), after_update _notify_loop /var/lib/kolla/venv/lib/python3.6/site-packages/neutron_lib/callbacks/manager.py:177
2025-10-20 01:58:42.540 22 DEBUG neutron.wsgi [-] (22) accepted ('10.0.0.56', 53278) server /var/lib/kolla/venv/lib/python3.6/site-packages/eventlet/wsgi.py:1004
2025-10-20 01:58:42.544 22 INFO neutron.wsgi [-] 10.0.0.56 "GET / HTTP/1.1" status: 200 len: 227 time: 0.0028915
2025-10-20 01:58:44.134 26 DEBUG neutron_lib.callbacks.manager [req-e36376ea-0401-4a56-9abc-e8ddff6a191b - - - - -] Publish callbacks ['neutron.services.segments.db._update_segment_host_mapping_for_agent-8784204987200', 'neutron.plugins.ml2.plugin.Ml2Plugin._retry_binding_revived_agents-1845461'] for agent (f7a52258-f514-4e58-bea6-5c0b392aaeef), after_update _notify_loop /var/lib/kolla/venv/lib/python3.6/site-packages/neutron_lib/callbacks/manager.py:177
2025-10-20 01:58:45.125 29 DEBUG neutron.db.agents_db [req-a14567b4-46a3-4166-93db-3f8b310cacb5 - - - - -] Agent healthcheck: found 2 active agents agent_health_check /var/lib/kolla/venv/lib/python3.6/site-packages/neutron/db/agents_db.py:318
2025-10-20 01:59:02.513 28 DEBUG neutron_lib.callbacks.manager [req-3a8b5816-7819-476f-a1e9-7c06db0de339 - - - - -] Publish callbacks ['neutron.services.segments.db._update_segment_host_mapping_for_agent-8784204987200', 'neutron.plugins.ml2.plugin.Ml2Plugin._retry_binding_revived_agents-1845461'] for agent (fbecfe02-3599-4253-a925-07e9f219ed9f), after_update _notify_loop /var/lib/kolla/venv/lib/python3.6/site-packages/neutron_lib/callbacks/manager.py:177
2025-10-20 01:59:12.583 22 DEBUG neutron.wsgi [-] (22) accepted ('10.0.0.56', 53814) server /var/lib/kolla/venv/lib/python3.6/site-packages/eventlet/wsgi.py:1004
2025-10-20 01:59:12.586 22 INFO neutron.wsgi [-] 10.0.0.56 "GET / HTTP/1.1" status: 200 len: 227 time: 0.0023928
2025-10-20 01:59:14.138 27 DEBUG neutron_lib.callbacks.manager [req-ed93ae55-dc6c-4135-be5b-af79e123b5b2 - - - - -] Publish callbacks ['neutron.services.segments.db._update_segment_host_mapping_for_agent-8784204987200', 'neutron.plugins.ml2.plugin.Ml2Plugin._retry_binding_revived_agents-1845461'] for agent (f7a52258-f514-4e58-bea6-5c0b392aaeef), after_update _notify_loop /var/lib/kolla/venv/lib/python3.6/site-packages/neutron_lib/callbacks/manager.py:177
2025-10-20 01:59:22.121 29 DEBUG neutron.db.agents_db [req-a14567b4-46a3-4166-93db-3f8b310cacb5 - - - - -] Agent healthcheck: found 2 active agents agent_health_check /var/lib/kolla/venv/lib/python3.6/site-packages/neutron/db/agents_db.py:318
2025-10-20 01:59:32.516 24 DEBUG neutron_lib.callbacks.manager [req-3a8b5816-7819-476f-a1e9-7c06db0de339 - - - - -] Publish callbacks ['neutron.services.segments.db._update_segment_host_mapping_for_agent-8784204987200', 'neutron.plugins.ml2.plugin.Ml2Plugin._retry_binding_revived_agents-1845461'] for agent (fbecfe02-3599-4253-a925-07e9f219ed9f), after_update _notify_loop /var/lib/kolla/venv/lib/python3.6/site-packages/neutron_lib/callbacks/manager.py:177
2025-10-20 01:59:42.644 22 DEBUG neutron.wsgi [-] (22) accepted ('10.0.0.56', 37256) server /var/lib/kolla/venv/lib/python3.6/site-packages/eventlet/wsgi.py:1004
2025-10-20 01:59:42.647 22 INFO neutron.wsgi [-] 10.0.0.56 "GET / HTTP/1.1" status: 200 len: 227 time: 0.0024633
2025-10-20 01:59:44.145 25 DEBUG neutron_lib.callbacks.manager [req-3217c391-fee8-4ca3-979e-edb6f83a4eb1 - - - - -] Publish callbacks ['neutron.services.segments.db._update_segment_host_mapping_for_agent-8784204987200', 'neutron.plugins.ml2.plugin.Ml2Plugin._retry_binding_revived_agents-1845461'] for agent (f7a52258-f514-4e58-bea6-5c0b392aaeef), after_update _notify_loop /var/lib/kolla/venv/lib/python3.6/site-packages/neutron_lib/callbacks/manager.py:177
2025-10-20 01:59:59.130 29 DEBUG neutron.db.agents_db [req-a14567b4-46a3-4166-93db-3f8b310cacb5 - - - - -] Agent healthcheck: found 2 active agents agent_health_check /var/lib/kolla/venv/lib/python3.6/site-packages/neutron/db/agents_db.py:318
2025-10-20 02:00:02.517 23 DEBUG neutron_lib.callbacks.manager [req-3a8b5816-7819-476f-a1e9-7c06db0de339 - - - - -] Publish callbacks ['neutron.services.segments.db._update_segment_host_mapping_for_agent-8784204987200', 'neutron.plugins.ml2.plugin.Ml2Plugin._retry_binding_revived_agents-1845461'] for agent (fbecfe02-3599-4253-a925-07e9f219ed9f), after_update _notify_loop /var/lib/kolla/venv/lib/python3.6/site-packages/neutron_lib/callbacks/manager.py:177
2025-10-20 02:00:12.688 22 DEBUG neutron.wsgi [-] (22) accepted ('10.0.0.56', 34400) server /var/lib/kolla/venv/lib/python3.6/site-packages/eventlet/wsgi.py:1004
2025-10-20 02:00:12.692 22 INFO neutron.wsgi [-] 10.0.0.56 "GET / HTTP/1.1" status: 200 len: 227 time: 0.0028679
2025-10-20 02:00:14.248 26 DEBUG neutron_lib.callbacks.manager [req-5f55596b-9dcd-4e8b-bbe0-a0ec2a6a3fa3 - - - - -] Publish callbacks ['neutron.services.segments.db._update_segment_host_mapping_for_agent-8784204987200', 'neutron.plugins.ml2.plugin.Ml2Plugin._retry_binding_revived_agents-1845461'] for agent (f7a52258-f514-4e58-bea6-5c0b392aaeef), after_update _notify_loop /var/lib/kolla/venv/lib/python3.6/site-packages/neutron_lib/callbacks/manager.py:177
2025-10-20 02:00:32.354 7 INFO oslo_service.service [-] Caught SIGTERM, stopping children
2025-10-20 02:00:32.354 7 DEBUG oslo_concurrency.lockutils [-] Acquired lock "singleton_lock" lock /var/lib/kolla/venv/lib/python3.6/site-packages/oslo_concurrency/lockutils.py:294
2025-10-20 02:00:32.355 7 DEBUG oslo_concurrency.lockutils [-] Releasing lock "singleton_lock" lock /var/lib/kolla/venv/lib/python3.6/site-packages/oslo_concurrency/lockutils.py:312
2025-10-20 02:00:32.355 7 DEBUG oslo_service.service [-] Stop services. stop /var/lib/kolla/venv/lib/python3.6/site-packages/oslo_service/service.py:695
2025-10-20 02:00:32.355 7 DEBUG neutron.service [-] calling RpcWorker stop() stop /var/lib/kolla/venv/lib/python3.6/site-packages/neutron/service.py:138
2025-10-20 02:00:32.355 7 DEBUG neutron.service [-] calling RpcWorker stop() stop /var/lib/kolla/venv/lib/python3.6/site-packages/neutron/service.py:138
2025-10-20 02:00:32.355 7 DEBUG oslo_service.service [-] Killing children. stop /var/lib/kolla/venv/lib/python3.6/site-packages/oslo_service/service.py:700
2025-10-20 02:00:32.355 7 INFO oslo_service.service [-] Waiting on 8 children to exit
2025-10-20 02:00:32.356 22 INFO neutron.wsgi [-] (22) wsgi exited, is_accepting=True
2025-10-20 02:00:32.356 22 DEBUG oslo_concurrency.lockutils [req-73fbdd9b-97a2-40ad-96c7-fbe6a2a9ff37 - - - - -] Acquired lock "singleton_lock" lock /var/lib/kolla/venv/lib/python3.6/site-packages/oslo_concurrency/lockutils.py:294
2025-10-20 02:00:32.357 22 DEBUG oslo_concurrency.lockutils [req-73fbdd9b-97a2-40ad-96c7-fbe6a2a9ff37 - - - - -] Releasing lock "singleton_lock" lock /var/lib/kolla/venv/lib/python3.6/site-packages/oslo_concurrency/lockutils.py:312
2025-10-20 02:00:32.360 7 INFO oslo_service.service [-] Child 22 exited with status 0
2025-10-20 02:00:32.360 23 DEBUG neutron.service [-] calling RpcWorker stop() stop /var/lib/kolla/venv/lib/python3.6/site-packages/neutron/service.py:138
2025-10-20 02:00:32.362 26 DEBUG neutron.service [-] calling RpcWorker stop() stop /var/lib/kolla/venv/lib/python3.6/site-packages/neutron/service.py:138
2025-10-20 02:00:32.363 29 DEBUG neutron.service [-] calling RpcWorker stop() stop /var/lib/kolla/venv/lib/python3.6/site-packages/neutron/service.py:138
2025-10-20 02:00:32.361 23 DEBUG neutron.service [-] calling stop on stop /var/lib/kolla/venv/lib/python3.6/site-packages/neutron/service.py:141
2025-10-20 02:00:32.369 26 DEBUG neutron.service [-] calling stop on stop /var/lib/kolla/venv/lib/python3.6/site-packages/neutron/service.py:141
2025-10-20 02:00:32.372 29 DEBUG neutron.service [-] calling stop on stop /var/lib/kolla/venv/lib/python3.6/site-packages/neutron/service.py:141
2025-10-20 02:00:32.374 24 DEBUG neutron.service [-] calling RpcWorker stop() stop /var/lib/kolla/venv/lib/python3.6/site-packages/neutron/service.py:138
2025-10-20 02:00:32.375 28 DEBUG neutron.service [-] calling RpcWorker stop() stop /var/lib/kolla/venv/lib/python3.6/site-packages/neutron/service.py:138
2025-10-20 02:00:32.375 27 DEBUG neutron.service [-] calling RpcWorker stop() stop /var/lib/kolla/venv/lib/python3.6/site-packages/neutron/service.py:138
2025-10-20 02:00:32.374 24 DEBUG neutron.service [-] calling stop on stop /var/lib/kolla/venv/lib/python3.6/site-packages/neutron/service.py:141
2025-10-20 02:00:32.375 28 DEBUG neutron.service [-] calling stop on stop /var/lib/kolla/venv/lib/python3.6/site-packages/neutron/service.py:141
2025-10-20 02:00:32.377 25 DEBUG neutron.service [-] calling RpcWorker stop() stop /var/lib/kolla/venv/lib/python3.6/site-packages/neutron/service.py:138
2025-10-20 02:00:32.375 27 DEBUG neutron.service [-] calling stop on stop /var/lib/kolla/venv/lib/python3.6/site-packages/neutron/service.py:141
2025-10-20 02:00:32.378 25 DEBUG neutron.service [-] calling stop on stop /var/lib/kolla/venv/lib/python3.6/site-packages/neutron/service.py:141
2025-10-20 02:00:32.511 28 DEBUG oslo_concurrency.lockutils [req-73fbdd9b-97a2-40ad-96c7-fbe6a2a9ff37 - - - - -] Acquired lock "singleton_lock" lock /var/lib/kolla/venv/lib/python3.6/site-packages/oslo_concurrency/lockutils.py:294
2025-10-20 02:00:32.512 28 DEBUG oslo_concurrency.lockutils [req-73fbdd9b-97a2-40ad-96c7-fbe6a2a9ff37 - - - - -] Releasing lock "singleton_lock" lock /var/lib/kolla/venv/lib/python3.6/site-packages/oslo_concurrency/lockutils.py:312
2025-10-20 02:00:32.512 28 DEBUG neutron.service [req-73fbdd9b-97a2-40ad-96c7-fbe6a2a9ff37 - - - - -] calling RpcWorker wait() _wait /var/lib/kolla/venv/lib/python3.6/site-packages/neutron/service.py:128
2025-10-20 02:00:32.512 28 DEBUG neutron.service [req-73fbdd9b-97a2-40ad-96c7-fbe6a2a9ff37 - - - - -] calling wait on _wait /var/lib/kolla/venv/lib/python3.6/site-packages/neutron/service.py:131
2025-10-20 02:00:32.519 28 DEBUG neutron_lib.callbacks.manager [req-3a8b5816-7819-476f-a1e9-7c06db0de339 - - - - -] Publish callbacks ['neutron.services.segments.db._update_segment_host_mapping_for_agent-8784204987200', 'neutron.plugins.ml2.plugin.Ml2Plugin._retry_binding_revived_agents-1845461'] for agent (fbecfe02-3599-4253-a925-07e9f219ed9f), after_update _notify_loop /var/lib/kolla/venv/lib/python3.6/site-packages/neutron_lib/callbacks/manager.py:177
2025-10-20 02:00:32.526 28 WARNING amqp [req-73fbdd9b-97a2-40ad-96c7-fbe6a2a9ff37 - - - - -] Received method (60, 30) during closing channel 1. This method will be ignored
2025-10-20 02:00:32.527 28 DEBUG neutron.service [req-73fbdd9b-97a2-40ad-96c7-fbe6a2a9ff37 - - - - -] returning from RpcWorker wait() _wait /var/lib/kolla/venv/lib/python3.6/site-packages/neutron/service.py:135
2025-10-20 02:00:32.532 7 INFO oslo_service.service [-] Child 28 exited with status 0
2025-10-20 02:00:35.112 25 DEBUG neutron.service [-] calling stop on stop /var/lib/kolla/venv/lib/python3.6/site-packages/neutron/service.py:141
2025-10-20 02:00:35.114 24 DEBUG neutron.service [-] calling stop on stop /var/lib/kolla/venv/lib/python3.6/site-packages/neutron/service.py:141
2025-10-20 02:00:35.119 24 DEBUG neutron.service [-] calling stop on stop /var/lib/kolla/venv/lib/python3.6/site-packages/neutron/service.py:141
2025-10-20 02:00:35.125 23 DEBUG neutron.service [-] calling stop on stop /var/lib/kolla/venv/lib/python3.6/site-packages/neutron/service.py:141
2025-10-20 02:00:35.126 24 DEBUG neutron.service [-] calling stop on stop /var/lib/kolla/venv/lib/python3.6/site-packages/neutron/service.py:141
2025-10-20 02:00:35.131 23 DEBUG neutron.service [-] calling stop on stop /var/lib/kolla/venv/lib/python3.6/site-packages/neutron/service.py:141
2025-10-20 02:00:35.131 27 DEBUG oslo_concurrency.lockutils [req-73fbdd9b-97a2-40ad-96c7-fbe6a2a9ff37 - - - - -] Acquired lock "singleton_lock" lock /var/lib/kolla/venv/lib/python3.6/site-packages/oslo_concurrency/lockutils.py:294
2025-10-20 02:00:35.132 27 DEBUG oslo_concurrency.lockutils [req-73fbdd9b-97a2-40ad-96c7-fbe6a2a9ff37 - - - - -] Releasing lock "singleton_lock" lock /var/lib/kolla/venv/lib/python3.6/site-packages/oslo_concurrency/lockutils.py:312
2025-10-20 02:00:35.132 27 DEBUG neutron.service [req-73fbdd9b-97a2-40ad-96c7-fbe6a2a9ff37 - - - - -] calling RpcWorker wait() _wait /var/lib/kolla/venv/lib/python3.6/site-packages/neutron/service.py:128
2025-10-20 02:00:35.132 27 DEBUG neutron.service [req-73fbdd9b-97a2-40ad-96c7-fbe6a2a9ff37 - - - - -] calling wait on _wait /var/lib/kolla/venv/lib/python3.6/site-packages/neutron/service.py:131
2025-10-20 02:00:35.134 25 DEBUG neutron.service [-] calling stop on stop /var/lib/kolla/venv/lib/python3.6/site-packages/neutron/service.py:141
2025-10-20 02:00:35.135 29 DEBUG oslo_concurrency.lockutils [req-73fbdd9b-97a2-40ad-96c7-fbe6a2a9ff37 - - - - -] Acquired lock "singleton_lock" lock /var/lib/kolla/venv/lib/python3.6/site-packages/oslo_concurrency/lockutils.py:294
2025-10-20 02:00:35.136 29 DEBUG oslo_concurrency.lockutils [req-73fbdd9b-97a2-40ad-96c7-fbe6a2a9ff37 - - - - -] Releasing lock "singleton_lock" lock /var/lib/kolla/venv/lib/python3.6/site-packages/oslo_concurrency/lockutils.py:312
2025-10-20 02:00:35.136 29 DEBUG neutron.service [req-73fbdd9b-97a2-40ad-96c7-fbe6a2a9ff37 - - - - -] calling RpcWorker wait() _wait /var/lib/kolla/venv/lib/python3.6/site-packages/neutron/service.py:128
2025-10-20 02:00:35.136 29 DEBUG neutron.service [req-73fbdd9b-97a2-40ad-96c7-fbe6a2a9ff37 - - - - -] calling wait on _wait /var/lib/kolla/venv/lib/python3.6/site-packages/neutron/service.py:131
2025-10-20 02:00:35.141 27 WARNING amqp [req-73fbdd9b-97a2-40ad-96c7-fbe6a2a9ff37 - - - - -] Received method (60, 30) during closing channel 1. This method will be ignored
2025-10-20 02:00:35.141 24 DEBUG oslo_concurrency.lockutils [req-73fbdd9b-97a2-40ad-96c7-fbe6a2a9ff37 - - - - -] Acquired lock "singleton_lock" lock /var/lib/kolla/venv/lib/python3.6/site-packages/oslo_concurrency/lockutils.py:294
2025-10-20 02:00:35.142 24 DEBUG oslo_concurrency.lockutils [req-73fbdd9b-97a2-40ad-96c7-fbe6a2a9ff37 - - - - -] Releasing lock "singleton_lock" lock /var/lib/kolla/venv/lib/python3.6/site-packages/oslo_concurrency/lockutils.py:312
2025-10-20 02:00:35.142 27 DEBUG neutron.service [req-73fbdd9b-97a2-40ad-96c7-fbe6a2a9ff37 - - - - -] returning from RpcWorker wait() _wait /var/lib/kolla/venv/lib/python3.6/site-packages/neutron/service.py:135
2025-10-20 02:00:35.143 24 DEBUG neutron.service [req-73fbdd9b-97a2-40ad-96c7-fbe6a2a9ff37 - - - - -] calling RpcWorker wait() _wait /var/lib/kolla/venv/lib/python3.6/site-packages/neutron/service.py:128
2025-10-20 02:00:35.144 24 DEBUG neutron.service [req-73fbdd9b-97a2-40ad-96c7-fbe6a2a9ff37 - - - - -] calling wait on _wait /var/lib/kolla/venv/lib/python3.6/site-packages/neutron/service.py:131
2025-10-20 02:00:35.144 29 WARNING amqp [req-73fbdd9b-97a2-40ad-96c7-fbe6a2a9ff37 - - - - -] Received method (60, 30) during closing channel 1. This method will be ignored
2025-10-20 02:00:35.145 29 DEBUG neutron.service [req-73fbdd9b-97a2-40ad-96c7-fbe6a2a9ff37 - - - - -] returning from RpcWorker wait() _wait /var/lib/kolla/venv/lib/python3.6/site-packages/neutron/service.py:135
2025-10-20 02:00:35.149 24 WARNING amqp [req-73fbdd9b-97a2-40ad-96c7-fbe6a2a9ff37 - - - - -] Received method (60, 30) during closing channel 1. This method will be ignored
2025-10-20 02:00:35.150 24 DEBUG neutron.service [req-73fbdd9b-97a2-40ad-96c7-fbe6a2a9ff37 - - - - -] calling wait on _wait /var/lib/kolla/venv/lib/python3.6/site-packages/neutron/service.py:131
2025-10-20 02:00:35.150 7 INFO oslo_service.service [-] Child 29 exited with status 0
2025-10-20 02:00:35.153 7 INFO oslo_service.service [-] Child 27 exited with status 0
2025-10-20 02:00:35.155 24 WARNING amqp [req-73fbdd9b-97a2-40ad-96c7-fbe6a2a9ff37 - - - - -] Received method (60, 30) during closing channel 1. This method will be ignored
2025-10-20 02:00:35.156 24 DEBUG neutron.service [req-73fbdd9b-97a2-40ad-96c7-fbe6a2a9ff37 - - - - -] calling wait on _wait /var/lib/kolla/venv/lib/python3.6/site-packages/neutron/service.py:131
2025-10-20 02:00:35.160 24 WARNING amqp [req-73fbdd9b-97a2-40ad-96c7-fbe6a2a9ff37 - - - - -] Received method (60, 30) during closing channel 1. This method will be ignored
2025-10-20 02:00:35.161 24 DEBUG neutron.service [req-73fbdd9b-97a2-40ad-96c7-fbe6a2a9ff37 - - - - -] calling wait on _wait /var/lib/kolla/venv/lib/python3.6/site-packages/neutron/service.py:131
2025-10-20 02:00:35.166 24 WARNING amqp [req-73fbdd9b-97a2-40ad-96c7-fbe6a2a9ff37 - - - - -] Received method (60, 30) during closing channel 1. This method will be ignored
2025-10-20 02:00:35.167 24 DEBUG neutron.service [req-73fbdd9b-97a2-40ad-96c7-fbe6a2a9ff37 - - - - -] returning from RpcWorker wait() _wait /var/lib/kolla/venv/lib/python3.6/site-packages/neutron/service.py:135
2025-10-20 02:00:35.174 7 INFO oslo_service.service [-] Child 24 exited with status 0
2025-10-20 02:00:35.718 23 DEBUG neutron.service [-] calling stop on stop /var/lib/kolla/venv/lib/python3.6/site-packages/neutron/service.py:141
2025-10-20 02:00:37.346 26 DEBUG oslo_concurrency.lockutils [req-73fbdd9b-97a2-40ad-96c7-fbe6a2a9ff37 - - - - -] Acquired lock "singleton_lock" lock /var/lib/kolla/venv/lib/python3.6/site-packages/oslo_concurrency/lockutils.py:294
2025-10-20 02:00:37.347 26 DEBUG oslo_concurrency.lockutils [req-73fbdd9b-97a2-40ad-96c7-fbe6a2a9ff37 - - - - -] Releasing lock "singleton_lock" lock /var/lib/kolla/venv/lib/python3.6/site-packages/oslo_concurrency/lockutils.py:312
2025-10-20 02:00:37.347 26 DEBUG neutron.service [req-73fbdd9b-97a2-40ad-96c7-fbe6a2a9ff37 - - - - -] calling RpcWorker wait() _wait /var/lib/kolla/venv/lib/python3.6/site-packages/neutron/service.py:128
2025-10-20 02:00:37.347 26 DEBUG neutron.service [req-73fbdd9b-97a2-40ad-96c7-fbe6a2a9ff37 - - - - -] calling wait on _wait /var/lib/kolla/venv/lib/python3.6/site-packages/neutron/service.py:131
2025-10-20 02:00:37.347 25 DEBUG neutron.service [-] calling stop on stop /var/lib/kolla/venv/lib/python3.6/site-packages/neutron/service.py:141
2025-10-20 02:00:37.354 26 WARNING amqp [req-73fbdd9b-97a2-40ad-96c7-fbe6a2a9ff37 - - - - -] Received method (60, 30) during closing channel 1. This method will be ignored
2025-10-20 02:00:37.355 26 DEBUG neutron.service [req-73fbdd9b-97a2-40ad-96c7-fbe6a2a9ff37 - - - - -] returning from RpcWorker wait() _wait /var/lib/kolla/venv/lib/python3.6/site-packages/neutron/service.py:135
2025-10-20 02:00:37.364 7 INFO oslo_service.service [-] Child 26 exited with status 0
2025-10-20 02:00:45.771 7 INFO neutron.common.config [-] Logging enabled!
2025-10-20 02:00:45.771 7 INFO neutron.common.config [-] /var/lib/kolla/venv/bin/neutron-server version 20.5.1.dev23
2025-10-20 02:00:45.771 7 DEBUG neutron.common.config [-] command line: /var/lib/kolla/venv/bin/neutron-server --config-file /etc/neutron/neutron.conf --config-file /etc/neutron/ContrailPlugin.ini --config-file /etc/neutron/api-paste.ini setup_logging /var/lib/kolla/venv/lib/python3.6/site-packages/neutron/common/config.py:115
2025-10-20 02:00:45.775 7 INFO neutron.common.config [-] Logging enabled!
2025-10-20 02:00:45.775 7 INFO neutron.common.config [-] /var/lib/kolla/venv/bin/neutron-server version 20.5.1.dev23
2025-10-20 02:00:45.776 7 DEBUG neutron.common.config [-] command line: /var/lib/kolla/venv/bin/neutron-server --config-file /etc/neutron/neutron.conf --config-file /etc/neutron/ContrailPlugin.ini --config-file /etc/neutron/api-paste.ini setup_logging /var/lib/kolla/venv/lib/python3.6/site-packages/neutron/common/config.py:115
2025-10-20 02:00:45.776 7 DEBUG neutron.common.config [-] ******************************************************************************** log_opt_values /var/lib/kolla/venv/lib/python3.6/site-packages/oslo_config/cfg.py:2589
2025-10-20 02:00:45.777 7 DEBUG neutron.common.config [-] Configuration options gathered from: log_opt_values /var/lib/kolla/venv/lib/python3.6/site-packages/oslo_config/cfg.py:2590
2025-10-20 02:00:45.777 7 DEBUG neutron.common.config [-] command line args: ['--config-file', '/etc/neutron/neutron.conf', '--config-file', '/etc/neutron/ContrailPlugin.ini', '--config-file', '/etc/neutron/api-paste.ini'] log_opt_values /var/lib/kolla/venv/lib/python3.6/site-packages/oslo_config/cfg.py:2591
2025-10-20 02:00:45.777 7 DEBUG neutron.common.config [-] config files: ['/etc/neutron/neutron.conf', '/etc/neutron/ContrailPlugin.ini', '/etc/neutron/api-paste.ini'] log_opt_values /var/lib/kolla/venv/lib/python3.6/site-packages/oslo_config/cfg.py:2593
2025-10-20 02:00:45.778 7 DEBUG neutron.common.config [-] ================================================================================ log_opt_values /var/lib/kolla/venv/lib/python3.6/site-packages/oslo_config/cfg.py:2594
2025-10-20 02:00:45.778 7 DEBUG neutron.common.config [-] allow_bulk = True log_opt_values /var/lib/kolla/venv/lib/python3.6/site-packages/oslo_config/cfg.py:2603
2025-10-20 02:00:45.778 7 WARNING oslo_config.cfg [-] Deprecated: Option "allow_overlapping_ips" from group "DEFAULT" is deprecated for removal. Its value may be silently ignored in the future.
2025-10-20 02:00:45.778 7 DEBUG neutron.common.config [-] allow_overlapping_ips = True log_opt_values /var/lib/kolla/venv/lib/python3.6/site-packages/oslo_config/cfg.py:2603
2025-10-20 02:00:45.778 7 DEBUG neutron.common.config [-] api_extensions_path = /opt/plugin/site-packages/neutron_plugin_contrail/extensions:/opt/plugin/site-packages/neutron_lbaas/extensions log_opt_values /var/lib/kolla/venv/lib/python3.6/site-packages/oslo_config/cfg.py:2603
2025-10-20 02:00:45.778 7 DEBUG neutron.common.config [-] api_paste_config = /etc/neutron/api-paste.ini log_opt_values /var/lib/kolla/venv/lib/python3.6/site-packages/oslo_config/cfg.py:2603
2025-10-20 02:00:45.778 7 DEBUG neutron.common.config [-] api_workers = 1 log_opt_values /var/lib/kolla/venv/lib/python3.6/site-packages/oslo_config/cfg.py:2603
2025-10-20 02:00:45.778 7 DEBUG neutron.common.config [-] auth_strategy = keystone log_opt_values /var/lib/kolla/venv/lib/python3.6/site-packages/oslo_config/cfg.py:2603
2025-10-20 02:00:45.779 7 DEBUG neutron.common.config [-] backlog = 4096 log_opt_values /var/lib/kolla/venv/lib/python3.6/site-packages/oslo_config/cfg.py:2603
2025-10-20 02:00:45.779 7 DEBUG neutron.common.config [-] base_mac = fa:16:3e:00:00:00 log_opt_values /var/lib/kolla/venv/lib/python3.6/site-packages/oslo_config/cfg.py:2603
2025-10-20 02:00:45.779 7 DEBUG neutron.common.config [-] bind_host = 10.0.0.56 log_opt_values /var/lib/kolla/venv/lib/python3.6/site-packages/oslo_config/cfg.py:2603
2025-10-20 02:00:45.779 7 DEBUG neutron.common.config [-] bind_port = 9696 log_opt_values /var/lib/kolla/venv/lib/python3.6/site-packages/oslo_config/cfg.py:2603
2025-10-20 02:00:45.779 7 DEBUG neutron.common.config [-] client_socket_timeout = 900 log_opt_values /var/lib/kolla/venv/lib/python3.6/site-packages/oslo_config/cfg.py:2603
2025-10-20 02:00:45.779 7 DEBUG neutron.common.config [-] config_dir = [] log_opt_values /var/lib/kolla/venv/lib/python3.6/site-packages/oslo_config/cfg.py:2603
2025-10-20 02:00:45.779 7 DEBUG neutron.common.config [-] config_file = ['/etc/neutron/neutron.conf', '/etc/neutron/ContrailPlugin.ini', '/etc/neutron/api-paste.ini'] log_opt_values /var/lib/kolla/venv/lib/python3.6/site-packages/oslo_config/cfg.py:2603
2025-10-20 02:00:45.779 7 DEBUG neutron.common.config [-] config_source = [] log_opt_values /var/lib/kolla/venv/lib/python3.6/site-packages/oslo_config/cfg.py:2603
2025-10-20 02:00:45.780 7 DEBUG neutron.common.config [-] control_exchange = neutron log_opt_values /var/lib/kolla/venv/lib/python3.6/site-packages/oslo_config/cfg.py:2603
2025-10-20 02:00:45.780 7 DEBUG neutron.common.config [-] core_plugin = neutron_plugin_contrail.plugins.opencontrail.contrail_plugin.NeutronPluginContrailCoreV2 log_opt_values /var/lib/kolla/venv/lib/python3.6/site-packages/oslo_config/cfg.py:2603
2025-10-20 02:00:45.780 7 DEBUG neutron.common.config [-] debug = True log_opt_values /var/lib/kolla/venv/lib/python3.6/site-packages/oslo_config/cfg.py:2603
2025-10-20 02:00:45.780 7 DEBUG neutron.common.config [-] default_availability_zones = [] log_opt_values /var/lib/kolla/venv/lib/python3.6/site-packages/oslo_config/cfg.py:2603
2025-10-20 02:00:45.780 7 DEBUG neutron.common.config [-] default_log_levels = ['amqp=WARN', 'amqplib=WARN', 'boto=WARN', 'qpid=WARN', 'sqlalchemy=WARN', 'suds=INFO', 'oslo.messaging=INFO', 'oslo_messaging=INFO', 'iso8601=WARN', 'requests.packages.urllib3.connectionpool=WARN', 'urllib3.connectionpool=WARN', 'websocket=WARN', 'requests.packages.urllib3.util.retry=WARN', 'urllib3.util.retry=WARN', 'keystonemiddleware=WARN', 'routes.middleware=WARN', 'stevedore=WARN', 'taskflow=WARN', 'keystoneauth=WARN', 'oslo.cache=INFO', 'oslo_policy=INFO', 'dogpile.core.dogpile=INFO', 'OFPHandler=INFO', 'OfctlService=INFO', 'os_ken.base.app_manager=INFO', 'os_ken.controller.controller=INFO'] log_opt_values /var/lib/kolla/venv/lib/python3.6/site-packages/oslo_config/cfg.py:2603
2025-10-20 02:00:45.780 7 DEBUG neutron.common.config [-] dhcp_agent_notification = True log_opt_values /var/lib/kolla/venv/lib/python3.6/site-packages/oslo_config/cfg.py:2603
2025-10-20 02:00:45.780 7 DEBUG neutron.common.config [-] dhcp_lease_duration = 86400 log_opt_values /var/lib/kolla/venv/lib/python3.6/site-packages/oslo_config/cfg.py:2603
2025-10-20 02:00:45.780 7 DEBUG neutron.common.config [-] dns_domain = openstacklocal log_opt_values /var/lib/kolla/venv/lib/python3.6/site-packages/oslo_config/cfg.py:2603
2025-10-20 02:00:45.782 7 DEBUG neutron.common.config [-] enable_traditional_dhcp = True log_opt_values /var/lib/kolla/venv/lib/python3.6/site-packages/oslo_config/cfg.py:2603
2025-10-20 02:00:45.782 7 DEBUG neutron.common.config [-] external_dns_driver = None log_opt_values /var/lib/kolla/venv/lib/python3.6/site-packages/oslo_config/cfg.py:2603
2025-10-20 02:00:45.782 7 DEBUG neutron.common.config [-] filter_validation = True log_opt_values /var/lib/kolla/venv/lib/python3.6/site-packages/oslo_config/cfg.py:2603
2025-10-20 02:00:45.782 7 DEBUG neutron.common.config [-] global_physnet_mtu = 1500 log_opt_values /var/lib/kolla/venv/lib/python3.6/site-packages/oslo_config/cfg.py:2603
2025-10-20 02:00:45.782 7 DEBUG neutron.common.config [-] host = cn-jenkins-deploy-platform-ansible-os-4369-1 log_opt_values /var/lib/kolla/venv/lib/python3.6/site-packages/oslo_config/cfg.py:2603
2025-10-20 02:00:45.783 7 DEBUG neutron.common.config [-] http_retries = 3 log_opt_values /var/lib/kolla/venv/lib/python3.6/site-packages/oslo_config/cfg.py:2603
2025-10-20 02:00:45.783 7 DEBUG neutron.common.config [-] instance_format = [instance: %(uuid)s] log_opt_values /var/lib/kolla/venv/lib/python3.6/site-packages/oslo_config/cfg.py:2603
2025-10-20 02:00:45.783 7 DEBUG neutron.common.config [-] instance_uuid_format = [instance: %(uuid)s] log_opt_values /var/lib/kolla/venv/lib/python3.6/site-packages/oslo_config/cfg.py:2603
2025-10-20 02:00:45.783 7 DEBUG neutron.common.config [-] ipam_driver = internal log_opt_values /var/lib/kolla/venv/lib/python3.6/site-packages/oslo_config/cfg.py:2603
2025-10-20 02:00:45.783 7 DEBUG neutron.common.config [-] ipv6_pd_enabled = False log_opt_values /var/lib/kolla/venv/lib/python3.6/site-packages/oslo_config/cfg.py:2603
2025-10-20 02:00:45.783 7 DEBUG neutron.common.config [-] log_config_append = None log_opt_values /var/lib/kolla/venv/lib/python3.6/site-packages/oslo_config/cfg.py:2603
2025-10-20 02:00:45.784 7 DEBUG neutron.common.config [-] log_date_format = %Y-%m-%d %H:%M:%S log_opt_values /var/lib/kolla/venv/lib/python3.6/site-packages/oslo_config/cfg.py:2603
2025-10-20 02:00:45.784 7 DEBUG neutron.common.config [-] log_dir = /var/log/kolla/neutron log_opt_values /var/lib/kolla/venv/lib/python3.6/site-packages/oslo_config/cfg.py:2603
2025-10-20 02:00:45.784 7 DEBUG neutron.common.config [-] log_file = None log_opt_values /var/lib/kolla/venv/lib/python3.6/site-packages/oslo_config/cfg.py:2603
2025-10-20 02:00:45.784 7 DEBUG neutron.common.config [-] log_rotate_interval = 1 log_opt_values /var/lib/kolla/venv/lib/python3.6/site-packages/oslo_config/cfg.py:2603
2025-10-20 02:00:45.785 7 DEBUG neutron.common.config [-] log_rotate_interval_type = days log_opt_values /var/lib/kolla/venv/lib/python3.6/site-packages/oslo_config/cfg.py:2603
2025-10-20 02:00:45.785 7 DEBUG neutron.common.config [-] log_rotation_type = none log_opt_values /var/lib/kolla/venv/lib/python3.6/site-packages/oslo_config/cfg.py:2603
