2024-09-19 02:24:33.376 7 DEBUG oslo_service.service [-] ml2_type_gre.tunnel_id_ranges = [] log_opt_values /var/lib/kolla/venv/lib/python3.6/site-packages/oslo_config/cfg.py:2611
2024-09-19 02:24:33.377 7 DEBUG oslo_service.service [-] ml2_type_vlan.network_vlan_ranges = [] log_opt_values /var/lib/kolla/venv/lib/python3.6/site-packages/oslo_config/cfg.py:2611
2024-09-19 02:24:33.377 7 DEBUG oslo_service.service [-] ml2_type_vxlan.vni_ranges = [] log_opt_values /var/lib/kolla/venv/lib/python3.6/site-packages/oslo_config/cfg.py:2611
2024-09-19 02:24:33.377 7 DEBUG oslo_service.service [-] ml2_type_vxlan.vxlan_group = None log_opt_values /var/lib/kolla/venv/lib/python3.6/site-packages/oslo_config/cfg.py:2611
2024-09-19 02:24:33.377 7 DEBUG oslo_service.service [-] database.backend = sqlalchemy log_opt_values /var/lib/kolla/venv/lib/python3.6/site-packages/oslo_config/cfg.py:2611
2024-09-19 02:24:33.377 7 DEBUG oslo_service.service [-] database.connection = **** log_opt_values /var/lib/kolla/venv/lib/python3.6/site-packages/oslo_config/cfg.py:2611
2024-09-19 02:24:33.377 7 DEBUG oslo_service.service [-] database.connection_debug = 0 log_opt_values /var/lib/kolla/venv/lib/python3.6/site-packages/oslo_config/cfg.py:2611
2024-09-19 02:24:33.377 7 DEBUG oslo_service.service [-] database.connection_parameters = log_opt_values /var/lib/kolla/venv/lib/python3.6/site-packages/oslo_config/cfg.py:2611
2024-09-19 02:24:33.377 7 DEBUG oslo_service.service [-] database.connection_recycle_time = 10 log_opt_values /var/lib/kolla/venv/lib/python3.6/site-packages/oslo_config/cfg.py:2611
2024-09-19 02:24:33.377 7 DEBUG oslo_service.service [-] database.connection_trace = False log_opt_values /var/lib/kolla/venv/lib/python3.6/site-packages/oslo_config/cfg.py:2611
2024-09-19 02:24:33.377 7 DEBUG oslo_service.service [-] database.db_inc_retry_interval = True log_opt_values /var/lib/kolla/venv/lib/python3.6/site-packages/oslo_config/cfg.py:2611
2024-09-19 02:24:33.377 7 DEBUG oslo_service.service [-] database.db_max_retries = 20 log_opt_values /var/lib/kolla/venv/lib/python3.6/site-packages/oslo_config/cfg.py:2611
2024-09-19 02:24:33.377 7 DEBUG oslo_service.service [-] database.db_max_retry_interval = 10 log_opt_values /var/lib/kolla/venv/lib/python3.6/site-packages/oslo_config/cfg.py:2611
2024-09-19 02:24:33.378 7 DEBUG oslo_service.service [-] database.db_retry_interval = 1 log_opt_values /var/lib/kolla/venv/lib/python3.6/site-packages/oslo_config/cfg.py:2611
2024-09-19 02:24:33.378 7 DEBUG oslo_service.service [-] database.max_overflow = 50 log_opt_values /var/lib/kolla/venv/lib/python3.6/site-packages/oslo_config/cfg.py:2611
2024-09-19 02:24:33.379 7 DEBUG oslo_service.service [-] database.max_pool_size = 1 log_opt_values /var/lib/kolla/venv/lib/python3.6/site-packages/oslo_config/cfg.py:2611
2024-09-19 02:24:33.379 7 DEBUG oslo_service.service [-] database.max_retries = -1 log_opt_values /var/lib/kolla/venv/lib/python3.6/site-packages/oslo_config/cfg.py:2611
2024-09-19 02:24:33.379 7 DEBUG oslo_service.service [-] database.mysql_enable_ndb = False log_opt_values /var/lib/kolla/venv/lib/python3.6/site-packages/oslo_config/cfg.py:2611
2024-09-19 02:24:33.379 7 DEBUG oslo_service.service [-] database.mysql_sql_mode = TRADITIONAL log_opt_values /var/lib/kolla/venv/lib/python3.6/site-packages/oslo_config/cfg.py:2611
2024-09-19 02:24:33.379 7 DEBUG oslo_service.service [-] database.pool_timeout = None log_opt_values /var/lib/kolla/venv/lib/python3.6/site-packages/oslo_config/cfg.py:2611
2024-09-19 02:24:33.379 7 DEBUG oslo_service.service [-] database.retry_interval = 10 log_opt_values /var/lib/kolla/venv/lib/python3.6/site-packages/oslo_config/cfg.py:2611
2024-09-19 02:24:33.379 7 DEBUG oslo_service.service [-] database.slave_connection = **** log_opt_values /var/lib/kolla/venv/lib/python3.6/site-packages/oslo_config/cfg.py:2611
2024-09-19 02:24:33.379 7 DEBUG oslo_service.service [-] database.sqlite_synchronous = True log_opt_values /var/lib/kolla/venv/lib/python3.6/site-packages/oslo_config/cfg.py:2611
2024-09-19 02:24:33.379 7 DEBUG oslo_service.service [-] database.use_db_reconnect = False log_opt_values /var/lib/kolla/venv/lib/python3.6/site-packages/oslo_config/cfg.py:2611
2024-09-19 02:24:33.379 7 DEBUG oslo_service.service [-] ******************************************************************************** log_opt_values /var/lib/kolla/venv/lib/python3.6/site-packages/oslo_config/cfg.py:2613
2024-09-19 02:24:34.062 22 DEBUG neutron.wsgi [-] (22) accepted ('10.0.0.24', 35848) server /var/lib/kolla/venv/lib/python3.6/site-packages/eventlet/wsgi.py:1004
2024-09-19 02:24:34.070 22 INFO neutron.wsgi [-] 10.0.0.24 "GET / HTTP/1.1" status: 200 len: 227 time: 0.0056119
2024-09-19 02:24:37.918 24 DEBUG neutron.api.rpc.handlers.dhcp_rpc [req-4c435d2b-aa26-43fe-83b5-628edf534758 - - - - -] get_active_networks_info from cn-jenkins-deploy-platform-ansible-os-1997-1 get_active_networks_info /var/lib/kolla/venv/lib/python3.6/site-packages/neutron/api/rpc/handlers/dhcp_rpc.py:159
2024-09-19 02:24:37.944 28 DEBUG neutron_lib.callbacks.manager [req-a8cd8f56-eb06-41a0-a9bf-9809c7c99852 - - - - -] Publish callbacks ['neutron.services.segments.db._update_segment_host_mapping_for_agent-8757904819776', 'neutron.services.l3_router.l3_router_plugin.DVRResourceOperationHandler.create_fip_agent_gw_ports-732349'] for agent (1436d2d1-50b5-4662-960e-d24e038d234c), after_create _notify_loop /var/lib/kolla/venv/lib/python3.6/site-packages/neutron_lib/callbacks/manager.py:177
2024-09-19 02:24:37.963 24 DEBUG neutron.scheduler.dhcp_agent_scheduler [req-4c435d2b-aa26-43fe-83b5-628edf534758 - - - - -] No non-hosted networks auto_schedule_networks /var/lib/kolla/venv/lib/python3.6/site-packages/neutron/scheduler/dhcp_agent_scheduler.py:60
2024-09-19 02:24:51.512 27 DEBUG neutron_lib.callbacks.manager [req-ef775a8a-c10c-4d39-bc7d-18cdadf8c6d7 - - - - -] Publish callbacks ['neutron.services.segments.db._update_segment_host_mapping_for_agent-8757904819776', 'neutron.services.l3_router.l3_router_plugin.DVRResourceOperationHandler.create_fip_agent_gw_ports-732349'] for agent (a2ae08d5-5507-47f3-aead-27ede4ea753e), after_create _notify_loop /var/lib/kolla/venv/lib/python3.6/site-packages/neutron_lib/callbacks/manager.py:177
2024-09-19 02:25:04.119 22 DEBUG neutron.wsgi [-] (22) accepted ('10.0.0.24', 40214) server /var/lib/kolla/venv/lib/python3.6/site-packages/eventlet/wsgi.py:1004
2024-09-19 02:25:04.124 22 INFO neutron.wsgi [-] 10.0.0.24 "GET / HTTP/1.1" status: 200 len: 227 time: 0.0040081
2024-09-19 02:25:07.937 26 DEBUG neutron_lib.callbacks.manager [req-5b803339-746d-49f8-9b70-2a32c902ebac - - - - -] Publish callbacks ['neutron.services.segments.db._update_segment_host_mapping_for_agent-8757904819776', 'neutron.plugins.ml2.plugin.Ml2Plugin._retry_binding_revived_agents-1374483'] for agent (1436d2d1-50b5-4662-960e-d24e038d234c), after_update _notify_loop /var/lib/kolla/venv/lib/python3.6/site-packages/neutron_lib/callbacks/manager.py:177
2024-09-19 02:25:21.486 25 DEBUG neutron_lib.callbacks.manager [req-ef775a8a-c10c-4d39-bc7d-18cdadf8c6d7 - - - - -] Publish callbacks ['neutron.services.segments.db._update_segment_host_mapping_for_agent-8757904819776', 'neutron.plugins.ml2.plugin.Ml2Plugin._retry_binding_revived_agents-1374483'] for agent (a2ae08d5-5507-47f3-aead-27ede4ea753e), after_update _notify_loop /var/lib/kolla/venv/lib/python3.6/site-packages/neutron_lib/callbacks/manager.py:177
2024-09-19 02:25:34.170 22 DEBUG neutron.wsgi [-] (22) accepted ('10.0.0.24', 34716) server /var/lib/kolla/venv/lib/python3.6/site-packages/eventlet/wsgi.py:1004
2024-09-19 02:25:34.174 22 INFO neutron.wsgi [-] 10.0.0.24 "GET / HTTP/1.1" status: 200 len: 227 time: 0.0034811
2024-09-19 02:25:37.942 23 DEBUG neutron_lib.callbacks.manager [req-d3f47775-e984-440a-8190-ceb53e7106a4 - - - - -] Publish callbacks ['neutron.services.segments.db._update_segment_host_mapping_for_agent-8757904819776', 'neutron.plugins.ml2.plugin.Ml2Plugin._retry_binding_revived_agents-1374483'] for agent (1436d2d1-50b5-4662-960e-d24e038d234c), after_update _notify_loop /var/lib/kolla/venv/lib/python3.6/site-packages/neutron_lib/callbacks/manager.py:177
2024-09-19 02:25:41.255 29 DEBUG neutron.db.agents_db [req-c490a81e-3c30-448b-ac29-ae37a8f26c33 - - - - -] Agent healthcheck: found 2 active agents agent_health_check /var/lib/kolla/venv/lib/python3.6/site-packages/neutron/db/agents_db.py:318
2024-09-19 02:25:51.476 24 DEBUG neutron_lib.callbacks.manager [req-ef775a8a-c10c-4d39-bc7d-18cdadf8c6d7 - - - - -] Publish callbacks ['neutron.services.segments.db._update_segment_host_mapping_for_agent-8757904819776', 'neutron.plugins.ml2.plugin.Ml2Plugin._retry_binding_revived_agents-1374483'] for agent (a2ae08d5-5507-47f3-aead-27ede4ea753e), after_update _notify_loop /var/lib/kolla/venv/lib/python3.6/site-packages/neutron_lib/callbacks/manager.py:177
2024-09-19 02:26:04.219 22 DEBUG neutron.wsgi [-] (22) accepted ('10.0.0.24', 45640) server /var/lib/kolla/venv/lib/python3.6/site-packages/eventlet/wsgi.py:1004
2024-09-19 02:26:04.223 22 INFO neutron.wsgi [-] 10.0.0.24 "GET / HTTP/1.1" status: 200 len: 227 time: 0.0032873
2024-09-19 02:26:07.932 28 DEBUG neutron_lib.callbacks.manager [req-61f78be3-3bbf-423b-bf1e-5632c11423d4 - - - - -] Publish callbacks ['neutron.services.segments.db._update_segment_host_mapping_for_agent-8757904819776', 'neutron.plugins.ml2.plugin.Ml2Plugin._retry_binding_revived_agents-1374483'] for agent (1436d2d1-50b5-4662-960e-d24e038d234c), after_update _notify_loop /var/lib/kolla/venv/lib/python3.6/site-packages/neutron_lib/callbacks/manager.py:177
2024-09-19 02:26:18.257 29 DEBUG neutron.db.agents_db [req-c490a81e-3c30-448b-ac29-ae37a8f26c33 - - - - -] Agent healthcheck: found 2 active agents agent_health_check /var/lib/kolla/venv/lib/python3.6/site-packages/neutron/db/agents_db.py:318
2024-09-19 02:26:21.475 27 DEBUG neutron_lib.callbacks.manager [req-ef775a8a-c10c-4d39-bc7d-18cdadf8c6d7 - - - - -] Publish callbacks ['neutron.services.segments.db._update_segment_host_mapping_for_agent-8757904819776', 'neutron.plugins.ml2.plugin.Ml2Plugin._retry_binding_revived_agents-1374483'] for agent (a2ae08d5-5507-47f3-aead-27ede4ea753e), after_update _notify_loop /var/lib/kolla/venv/lib/python3.6/site-packages/neutron_lib/callbacks/manager.py:177
2024-09-19 02:26:34.266 22 DEBUG neutron.wsgi [-] (22) accepted ('10.0.0.24', 39744) server /var/lib/kolla/venv/lib/python3.6/site-packages/eventlet/wsgi.py:1004
2024-09-19 02:26:34.270 22 INFO neutron.wsgi [-] 10.0.0.24 "GET / HTTP/1.1" status: 200 len: 227 time: 0.0032666
2024-09-19 02:26:37.930 26 DEBUG neutron_lib.callbacks.manager [req-305126d9-82ba-48bb-8f18-24cbc1a8a523 - - - - -] Publish callbacks ['neutron.services.segments.db._update_segment_host_mapping_for_agent-8757904819776', 'neutron.plugins.ml2.plugin.Ml2Plugin._retry_binding_revived_agents-1374483'] for agent (1436d2d1-50b5-4662-960e-d24e038d234c), after_update _notify_loop /var/lib/kolla/venv/lib/python3.6/site-packages/neutron_lib/callbacks/manager.py:177
2024-09-19 02:26:51.475 25 DEBUG neutron_lib.callbacks.manager [req-ef775a8a-c10c-4d39-bc7d-18cdadf8c6d7 - - - - -] Publish callbacks ['neutron.services.segments.db._update_segment_host_mapping_for_agent-8757904819776', 'neutron.plugins.ml2.plugin.Ml2Plugin._retry_binding_revived_agents-1374483'] for agent (a2ae08d5-5507-47f3-aead-27ede4ea753e), after_update _notify_loop /var/lib/kolla/venv/lib/python3.6/site-packages/neutron_lib/callbacks/manager.py:177
2024-09-19 02:26:55.255 29 DEBUG neutron.db.agents_db [req-c490a81e-3c30-448b-ac29-ae37a8f26c33 - - - - -] Agent healthcheck: found 2 active agents agent_health_check /var/lib/kolla/venv/lib/python3.6/site-packages/neutron/db/agents_db.py:318
2024-09-19 02:27:04.323 22 DEBUG neutron.wsgi [-] (22) accepted ('10.0.0.24', 42742) server /var/lib/kolla/venv/lib/python3.6/site-packages/eventlet/wsgi.py:1004
2024-09-19 02:27:04.329 22 INFO neutron.wsgi [-] 10.0.0.24 "GET / HTTP/1.1" status: 200 len: 227 time: 0.0053501
2024-09-19 02:27:07.929 23 DEBUG neutron_lib.callbacks.manager [req-63a3077e-978f-4a8d-afb6-bb06cfba821f - - - - -] Publish callbacks ['neutron.services.segments.db._update_segment_host_mapping_for_agent-8757904819776', 'neutron.plugins.ml2.plugin.Ml2Plugin._retry_binding_revived_agents-1374483'] for agent (1436d2d1-50b5-4662-960e-d24e038d234c), after_update _notify_loop /var/lib/kolla/venv/lib/python3.6/site-packages/neutron_lib/callbacks/manager.py:177
2024-09-19 02:27:21.479 24 DEBUG neutron_lib.callbacks.manager [req-ef775a8a-c10c-4d39-bc7d-18cdadf8c6d7 - - - - -] Publish callbacks ['neutron.services.segments.db._update_segment_host_mapping_for_agent-8757904819776', 'neutron.plugins.ml2.plugin.Ml2Plugin._retry_binding_revived_agents-1374483'] for agent (a2ae08d5-5507-47f3-aead-27ede4ea753e), after_update _notify_loop /var/lib/kolla/venv/lib/python3.6/site-packages/neutron_lib/callbacks/manager.py:177
2024-09-19 02:27:32.254 29 DEBUG neutron.db.agents_db [req-c490a81e-3c30-448b-ac29-ae37a8f26c33 - - - - -] Agent healthcheck: found 2 active agents agent_health_check /var/lib/kolla/venv/lib/python3.6/site-packages/neutron/db/agents_db.py:318
2024-09-19 02:27:34.375 22 DEBUG neutron.wsgi [-] (22) accepted ('10.0.0.24', 40096) server /var/lib/kolla/venv/lib/python3.6/site-packages/eventlet/wsgi.py:1004
2024-09-19 02:27:34.379 22 INFO neutron.wsgi [-] 10.0.0.24 "GET / HTTP/1.1" status: 200 len: 227 time: 0.0031016
2024-09-19 02:27:37.934 28 DEBUG neutron_lib.callbacks.manager [req-d1ca7315-6f8b-43f5-bd98-411aa259cb40 - - - - -] Publish callbacks ['neutron.services.segments.db._update_segment_host_mapping_for_agent-8757904819776', 'neutron.plugins.ml2.plugin.Ml2Plugin._retry_binding_revived_agents-1374483'] for agent (1436d2d1-50b5-4662-960e-d24e038d234c), after_update _notify_loop /var/lib/kolla/venv/lib/python3.6/site-packages/neutron_lib/callbacks/manager.py:177
2024-09-19 02:27:51.479 27 DEBUG neutron_lib.callbacks.manager [req-ef775a8a-c10c-4d39-bc7d-18cdadf8c6d7 - - - - -] Publish callbacks ['neutron.services.segments.db._update_segment_host_mapping_for_agent-8757904819776', 'neutron.plugins.ml2.plugin.Ml2Plugin._retry_binding_revived_agents-1374483'] for agent (a2ae08d5-5507-47f3-aead-27ede4ea753e), after_update _notify_loop /var/lib/kolla/venv/lib/python3.6/site-packages/neutron_lib/callbacks/manager.py:177
2024-09-19 02:28:04.426 22 DEBUG neutron.wsgi [-] (22) accepted ('10.0.0.24', 36340) server /var/lib/kolla/venv/lib/python3.6/site-packages/eventlet/wsgi.py:1004
2024-09-19 02:28:04.430 22 INFO neutron.wsgi [-] 10.0.0.24 "GET / HTTP/1.1" status: 200 len: 227 time: 0.0032949
2024-09-19 02:28:07.924 26 DEBUG neutron_lib.callbacks.manager [req-858eeb25-fb9d-4e66-a6f9-1814d8e3f4bc - - - - -] Publish callbacks ['neutron.services.segments.db._update_segment_host_mapping_for_agent-8757904819776', 'neutron.plugins.ml2.plugin.Ml2Plugin._retry_binding_revived_agents-1374483'] for agent (1436d2d1-50b5-4662-960e-d24e038d234c), after_update _notify_loop /var/lib/kolla/venv/lib/python3.6/site-packages/neutron_lib/callbacks/manager.py:177
2024-09-19 02:28:09.251 29 DEBUG neutron.db.agents_db [req-c490a81e-3c30-448b-ac29-ae37a8f26c33 - - - - -] Agent healthcheck: found 2 active agents agent_health_check /var/lib/kolla/venv/lib/python3.6/site-packages/neutron/db/agents_db.py:318
2024-09-19 02:28:21.482 25 DEBUG neutron_lib.callbacks.manager [req-ef775a8a-c10c-4d39-bc7d-18cdadf8c6d7 - - - - -] Publish callbacks ['neutron.services.segments.db._update_segment_host_mapping_for_agent-8757904819776', 'neutron.plugins.ml2.plugin.Ml2Plugin._retry_binding_revived_agents-1374483'] for agent (a2ae08d5-5507-47f3-aead-27ede4ea753e), after_update _notify_loop /var/lib/kolla/venv/lib/python3.6/site-packages/neutron_lib/callbacks/manager.py:177
2024-09-19 02:28:34.481 22 DEBUG neutron.wsgi [-] (22) accepted ('10.0.0.24', 36250) server /var/lib/kolla/venv/lib/python3.6/site-packages/eventlet/wsgi.py:1004
2024-09-19 02:28:34.485 22 INFO neutron.wsgi [-] 10.0.0.24 "GET / HTTP/1.1" status: 200 len: 227 time: 0.0034363
2024-09-19 02:28:37.922 23 DEBUG neutron_lib.callbacks.manager [req-05e4174b-a6bf-48aa-ac31-bc15b31eb3b5 - - - - -] Publish callbacks ['neutron.services.segments.db._update_segment_host_mapping_for_agent-8757904819776', 'neutron.plugins.ml2.plugin.Ml2Plugin._retry_binding_revived_agents-1374483'] for agent (1436d2d1-50b5-4662-960e-d24e038d234c), after_update _notify_loop /var/lib/kolla/venv/lib/python3.6/site-packages/neutron_lib/callbacks/manager.py:177
2024-09-19 02:28:46.259 29 DEBUG neutron.db.agents_db [req-c490a81e-3c30-448b-ac29-ae37a8f26c33 - - - - -] Agent healthcheck: found 2 active agents agent_health_check /var/lib/kolla/venv/lib/python3.6/site-packages/neutron/db/agents_db.py:318
2024-09-19 02:28:51.483 24 DEBUG neutron_lib.callbacks.manager [req-ef775a8a-c10c-4d39-bc7d-18cdadf8c6d7 - - - - -] Publish callbacks ['neutron.services.segments.db._update_segment_host_mapping_for_agent-8757904819776', 'neutron.plugins.ml2.plugin.Ml2Plugin._retry_binding_revived_agents-1374483'] for agent (a2ae08d5-5507-47f3-aead-27ede4ea753e), after_update _notify_loop /var/lib/kolla/venv/lib/python3.6/site-packages/neutron_lib/callbacks/manager.py:177
2024-09-19 02:29:04.540 22 DEBUG neutron.wsgi [-] (22) accepted ('10.0.0.24', 38542) server /var/lib/kolla/venv/lib/python3.6/site-packages/eventlet/wsgi.py:1004
2024-09-19 02:29:04.544 22 INFO neutron.wsgi [-] 10.0.0.24 "GET / HTTP/1.1" status: 200 len: 227 time: 0.0030742
2024-09-19 02:29:07.920 28 DEBUG neutron_lib.callbacks.manager [req-0c121fe5-cddf-4532-8b18-34e5359aba52 - - - - -] Publish callbacks ['neutron.services.segments.db._update_segment_host_mapping_for_agent-8757904819776', 'neutron.plugins.ml2.plugin.Ml2Plugin._retry_binding_revived_agents-1374483'] for agent (1436d2d1-50b5-4662-960e-d24e038d234c), after_update _notify_loop /var/lib/kolla/venv/lib/python3.6/site-packages/neutron_lib/callbacks/manager.py:177
2024-09-19 02:29:21.486 27 DEBUG neutron_lib.callbacks.manager [req-ef775a8a-c10c-4d39-bc7d-18cdadf8c6d7 - - - - -] Publish callbacks ['neutron.services.segments.db._update_segment_host_mapping_for_agent-8757904819776', 'neutron.plugins.ml2.plugin.Ml2Plugin._retry_binding_revived_agents-1374483'] for agent (a2ae08d5-5507-47f3-aead-27ede4ea753e), after_update _notify_loop /var/lib/kolla/venv/lib/python3.6/site-packages/neutron_lib/callbacks/manager.py:177
2024-09-19 02:29:23.258 29 DEBUG neutron.db.agents_db [req-c490a81e-3c30-448b-ac29-ae37a8f26c33 - - - - -] Agent healthcheck: found 2 active agents agent_health_check /var/lib/kolla/venv/lib/python3.6/site-packages/neutron/db/agents_db.py:318
2024-09-19 02:29:34.599 22 DEBUG neutron.wsgi [-] (22) accepted ('10.0.0.24', 45784) server /var/lib/kolla/venv/lib/python3.6/site-packages/eventlet/wsgi.py:1004
2024-09-19 02:29:34.604 22 INFO neutron.wsgi [-] 10.0.0.24 "GET / HTTP/1.1" status: 200 len: 227 time: 0.0035164
2024-09-19 02:29:37.975 26 DEBUG neutron_lib.callbacks.manager [req-f8a4282c-c19e-454f-bcef-498e4f72d796 - - - - -] Publish callbacks ['neutron.services.segments.db._update_segment_host_mapping_for_agent-8757904819776', 'neutron.plugins.ml2.plugin.Ml2Plugin._retry_binding_revived_agents-1374483'] for agent (1436d2d1-50b5-4662-960e-d24e038d234c), after_update _notify_loop /var/lib/kolla/venv/lib/python3.6/site-packages/neutron_lib/callbacks/manager.py:177
2024-09-19 02:29:51.487 25 DEBUG neutron_lib.callbacks.manager [req-ef775a8a-c10c-4d39-bc7d-18cdadf8c6d7 - - - - -] Publish callbacks ['neutron.services.segments.db._update_segment_host_mapping_for_agent-8757904819776', 'neutron.plugins.ml2.plugin.Ml2Plugin._retry_binding_revived_agents-1374483'] for agent (a2ae08d5-5507-47f3-aead-27ede4ea753e), after_update _notify_loop /var/lib/kolla/venv/lib/python3.6/site-packages/neutron_lib/callbacks/manager.py:177
2024-09-19 02:30:00.257 29 DEBUG neutron.db.agents_db [req-c490a81e-3c30-448b-ac29-ae37a8f26c33 - - - - -] Agent healthcheck: found 2 active agents agent_health_check /var/lib/kolla/venv/lib/python3.6/site-packages/neutron/db/agents_db.py:318
2024-09-19 02:30:04.653 22 DEBUG neutron.wsgi [-] (22) accepted ('10.0.0.24', 54808) server /var/lib/kolla/venv/lib/python3.6/site-packages/eventlet/wsgi.py:1004
2024-09-19 02:30:04.658 22 INFO neutron.wsgi [-] 10.0.0.24 "GET / HTTP/1.1" status: 200 len: 227 time: 0.0040991
2024-09-19 02:30:07.923 23 DEBUG neutron_lib.callbacks.manager [req-c8402e90-a448-47b0-97fa-0996271799c5 - - - - -] Publish callbacks ['neutron.services.segments.db._update_segment_host_mapping_for_agent-8757904819776', 'neutron.plugins.ml2.plugin.Ml2Plugin._retry_binding_revived_agents-1374483'] for agent (1436d2d1-50b5-4662-960e-d24e038d234c), after_update _notify_loop /var/lib/kolla/venv/lib/python3.6/site-packages/neutron_lib/callbacks/manager.py:177
2024-09-19 02:30:21.490 24 DEBUG neutron_lib.callbacks.manager [req-ef775a8a-c10c-4d39-bc7d-18cdadf8c6d7 - - - - -] Publish callbacks ['neutron.services.segments.db._update_segment_host_mapping_for_agent-8757904819776', 'neutron.plugins.ml2.plugin.Ml2Plugin._retry_binding_revived_agents-1374483'] for agent (a2ae08d5-5507-47f3-aead-27ede4ea753e), after_update _notify_loop /var/lib/kolla/venv/lib/python3.6/site-packages/neutron_lib/callbacks/manager.py:177
2024-09-19 02:30:34.702 22 DEBUG neutron.wsgi [-] (22) accepted ('10.0.0.24', 52896) server /var/lib/kolla/venv/lib/python3.6/site-packages/eventlet/wsgi.py:1004
2024-09-19 02:30:34.706 22 INFO neutron.wsgi [-] 10.0.0.24 "GET / HTTP/1.1" status: 200 len: 227 time: 0.0031867
2024-09-19 02:30:37.258 29 DEBUG neutron.db.agents_db [req-c490a81e-3c30-448b-ac29-ae37a8f26c33 - - - - -] Agent healthcheck: found 2 active agents agent_health_check /var/lib/kolla/venv/lib/python3.6/site-packages/neutron/db/agents_db.py:318
2024-09-19 02:30:37.921 28 DEBUG neutron_lib.callbacks.manager [req-a8052561-caae-4ac5-8e8f-28d13a520fcb - - - - -] Publish callbacks ['neutron.services.segments.db._update_segment_host_mapping_for_agent-8757904819776', 'neutron.plugins.ml2.plugin.Ml2Plugin._retry_binding_revived_agents-1374483'] for agent (1436d2d1-50b5-4662-960e-d24e038d234c), after_update _notify_loop /var/lib/kolla/venv/lib/python3.6/site-packages/neutron_lib/callbacks/manager.py:177
2024-09-19 02:30:51.500 27 DEBUG neutron_lib.callbacks.manager [req-ef775a8a-c10c-4d39-bc7d-18cdadf8c6d7 - - - - -] Publish callbacks ['neutron.services.segments.db._update_segment_host_mapping_for_agent-8757904819776', 'neutron.plugins.ml2.plugin.Ml2Plugin._retry_binding_revived_agents-1374483'] for agent (a2ae08d5-5507-47f3-aead-27ede4ea753e), after_update _notify_loop /var/lib/kolla/venv/lib/python3.6/site-packages/neutron_lib/callbacks/manager.py:177
2024-09-19 02:31:04.761 22 DEBUG neutron.wsgi [-] (22) accepted ('10.0.0.24', 45668) server /var/lib/kolla/venv/lib/python3.6/site-packages/eventlet/wsgi.py:1004
2024-09-19 02:31:04.765 22 INFO neutron.wsgi [-] 10.0.0.24 "GET / HTTP/1.1" status: 200 len: 227 time: 0.0040255
2024-09-19 02:31:07.938 26 DEBUG neutron_lib.callbacks.manager [req-e23a32d9-a40f-4ec8-adf4-e6157fcbd96e - - - - -] Publish callbacks ['neutron.services.segments.db._update_segment_host_mapping_for_agent-8757904819776', 'neutron.plugins.ml2.plugin.Ml2Plugin._retry_binding_revived_agents-1374483'] for agent (1436d2d1-50b5-4662-960e-d24e038d234c), after_update _notify_loop /var/lib/kolla/venv/lib/python3.6/site-packages/neutron_lib/callbacks/manager.py:177
2024-09-19 02:31:14.256 29 DEBUG neutron.db.agents_db [req-c490a81e-3c30-448b-ac29-ae37a8f26c33 - - - - -] Agent healthcheck: found 2 active agents agent_health_check /var/lib/kolla/venv/lib/python3.6/site-packages/neutron/db/agents_db.py:318
2024-09-19 02:31:21.496 25 DEBUG neutron_lib.callbacks.manager [req-ef775a8a-c10c-4d39-bc7d-18cdadf8c6d7 - - - - -] Publish callbacks ['neutron.services.segments.db._update_segment_host_mapping_for_agent-8757904819776', 'neutron.plugins.ml2.plugin.Ml2Plugin._retry_binding_revived_agents-1374483'] for agent (a2ae08d5-5507-47f3-aead-27ede4ea753e), after_update _notify_loop /var/lib/kolla/venv/lib/python3.6/site-packages/neutron_lib/callbacks/manager.py:177
2024-09-19 02:31:34.815 22 DEBUG neutron.wsgi [-] (22) accepted ('10.0.0.24', 52260) server /var/lib/kolla/venv/lib/python3.6/site-packages/eventlet/wsgi.py:1004
2024-09-19 02:31:34.820 22 INFO neutron.wsgi [-] 10.0.0.24 "GET / HTTP/1.1" status: 200 len: 227 time: 0.0033276
2024-09-19 02:31:37.918 23 DEBUG neutron_lib.callbacks.manager [req-76cbeba9-8027-49a5-824f-76f18aa3eef9 - - - - -] Publish callbacks ['neutron.services.segments.db._update_segment_host_mapping_for_agent-8757904819776', 'neutron.plugins.ml2.plugin.Ml2Plugin._retry_binding_revived_agents-1374483'] for agent (1436d2d1-50b5-4662-960e-d24e038d234c), after_update _notify_loop /var/lib/kolla/venv/lib/python3.6/site-packages/neutron_lib/callbacks/manager.py:177
2024-09-19 02:31:51.255 29 DEBUG neutron.db.agents_db [req-c490a81e-3c30-448b-ac29-ae37a8f26c33 - - - - -] Agent healthcheck: found 2 active agents agent_health_check /var/lib/kolla/venv/lib/python3.6/site-packages/neutron/db/agents_db.py:318
2024-09-19 02:31:51.497 24 DEBUG neutron_lib.callbacks.manager [req-ef775a8a-c10c-4d39-bc7d-18cdadf8c6d7 - - - - -] Publish callbacks ['neutron.services.segments.db._update_segment_host_mapping_for_agent-8757904819776', 'neutron.plugins.ml2.plugin.Ml2Plugin._retry_binding_revived_agents-1374483'] for agent (a2ae08d5-5507-47f3-aead-27ede4ea753e), after_update _notify_loop /var/lib/kolla/venv/lib/python3.6/site-packages/neutron_lib/callbacks/manager.py:177
2024-09-19 02:32:04.876 22 DEBUG neutron.wsgi [-] (22) accepted ('10.0.0.24', 45268) server /var/lib/kolla/venv/lib/python3.6/site-packages/eventlet/wsgi.py:1004
2024-09-19 02:32:04.881 22 INFO neutron.wsgi [-] 10.0.0.24 "GET / HTTP/1.1" status: 200 len: 227 time: 0.0039053
2024-09-19 02:32:07.919 28 DEBUG neutron_lib.callbacks.manager [req-7c4f72ea-2993-40cb-8207-58654103bdf2 - - - - -] Publish callbacks ['neutron.services.segments.db._update_segment_host_mapping_for_agent-8757904819776', 'neutron.plugins.ml2.plugin.Ml2Plugin._retry_binding_revived_agents-1374483'] for agent (1436d2d1-50b5-4662-960e-d24e038d234c), after_update _notify_loop /var/lib/kolla/venv/lib/python3.6/site-packages/neutron_lib/callbacks/manager.py:177
2024-09-19 02:32:21.499 27 DEBUG neutron_lib.callbacks.manager [req-ef775a8a-c10c-4d39-bc7d-18cdadf8c6d7 - - - - -] Publish callbacks ['neutron.services.segments.db._update_segment_host_mapping_for_agent-8757904819776', 'neutron.plugins.ml2.plugin.Ml2Plugin._retry_binding_revived_agents-1374483'] for agent (a2ae08d5-5507-47f3-aead-27ede4ea753e), after_update _notify_loop /var/lib/kolla/venv/lib/python3.6/site-packages/neutron_lib/callbacks/manager.py:177
2024-09-19 02:32:28.254 29 DEBUG neutron.db.agents_db [req-c490a81e-3c30-448b-ac29-ae37a8f26c33 - - - - -] Agent healthcheck: found 2 active agents agent_health_check /var/lib/kolla/venv/lib/python3.6/site-packages/neutron/db/agents_db.py:318
2024-09-19 02:32:34.934 22 DEBUG neutron.wsgi [-] (22) accepted ('10.0.0.24', 41740) server /var/lib/kolla/venv/lib/python3.6/site-packages/eventlet/wsgi.py:1004
2024-09-19 02:32:34.939 22 INFO neutron.wsgi [-] 10.0.0.24 "GET / HTTP/1.1" status: 200 len: 227 time: 0.0039580
2024-09-19 02:32:37.919 26 DEBUG neutron_lib.callbacks.manager [req-1af9372e-208f-402a-8bd4-5034cf189904 - - - - -] Publish callbacks ['neutron.services.segments.db._update_segment_host_mapping_for_agent-8757904819776', 'neutron.plugins.ml2.plugin.Ml2Plugin._retry_binding_revived_agents-1374483'] for agent (1436d2d1-50b5-4662-960e-d24e038d234c), after_update _notify_loop /var/lib/kolla/venv/lib/python3.6/site-packages/neutron_lib/callbacks/manager.py:177
2024-09-19 02:32:51.499 25 DEBUG neutron_lib.callbacks.manager [req-ef775a8a-c10c-4d39-bc7d-18cdadf8c6d7 - - - - -] Publish callbacks ['neutron.services.segments.db._update_segment_host_mapping_for_agent-8757904819776', 'neutron.plugins.ml2.plugin.Ml2Plugin._retry_binding_revived_agents-1374483'] for agent (a2ae08d5-5507-47f3-aead-27ede4ea753e), after_update _notify_loop /var/lib/kolla/venv/lib/python3.6/site-packages/neutron_lib/callbacks/manager.py:177
2024-09-19 02:33:04.985 22 DEBUG neutron.wsgi [-] (22) accepted ('10.0.0.24', 42446) server /var/lib/kolla/venv/lib/python3.6/site-packages/eventlet/wsgi.py:1004
2024-09-19 02:33:04.989 22 INFO neutron.wsgi [-] 10.0.0.24 "GET / HTTP/1.1" status: 200 len: 227 time: 0.0031505
2024-09-19 02:33:05.261 29 DEBUG neutron.db.agents_db [req-c490a81e-3c30-448b-ac29-ae37a8f26c33 - - - - -] Agent healthcheck: found 2 active agents agent_health_check /var/lib/kolla/venv/lib/python3.6/site-packages/neutron/db/agents_db.py:318
2024-09-19 02:33:07.918 23 DEBUG neutron_lib.callbacks.manager [req-1d5123c7-d1d5-4cc7-8be9-ca584e41b765 - - - - -] Publish callbacks ['neutron.services.segments.db._update_segment_host_mapping_for_agent-8757904819776', 'neutron.plugins.ml2.plugin.Ml2Plugin._retry_binding_revived_agents-1374483'] for agent (1436d2d1-50b5-4662-960e-d24e038d234c), after_update _notify_loop /var/lib/kolla/venv/lib/python3.6/site-packages/neutron_lib/callbacks/manager.py:177
2024-09-19 02:33:21.502 24 DEBUG neutron_lib.callbacks.manager [req-ef775a8a-c10c-4d39-bc7d-18cdadf8c6d7 - - - - -] Publish callbacks ['neutron.services.segments.db._update_segment_host_mapping_for_agent-8757904819776', 'neutron.plugins.ml2.plugin.Ml2Plugin._retry_binding_revived_agents-1374483'] for agent (a2ae08d5-5507-47f3-aead-27ede4ea753e), after_update _notify_loop /var/lib/kolla/venv/lib/python3.6/site-packages/neutron_lib/callbacks/manager.py:177
2024-09-19 02:33:35.047 22 DEBUG neutron.wsgi [-] (22) accepted ('10.0.0.24', 42522) server /var/lib/kolla/venv/lib/python3.6/site-packages/eventlet/wsgi.py:1004
2024-09-19 02:33:35.052 22 INFO neutron.wsgi [-] 10.0.0.24 "GET / HTTP/1.1" status: 200 len: 227 time: 0.0037813
2024-09-19 02:33:37.917 28 DEBUG neutron_lib.callbacks.manager [req-87445588-7635-485e-b19e-172f0655cc40 - - - - -] Publish callbacks ['neutron.services.segments.db._update_segment_host_mapping_for_agent-8757904819776', 'neutron.plugins.ml2.plugin.Ml2Plugin._retry_binding_revived_agents-1374483'] for agent (1436d2d1-50b5-4662-960e-d24e038d234c), after_update _notify_loop /var/lib/kolla/venv/lib/python3.6/site-packages/neutron_lib/callbacks/manager.py:177
2024-09-19 02:33:42.262 29 DEBUG neutron.db.agents_db [req-c490a81e-3c30-448b-ac29-ae37a8f26c33 - - - - -] Agent healthcheck: found 2 active agents agent_health_check /var/lib/kolla/venv/lib/python3.6/site-packages/neutron/db/agents_db.py:318
2024-09-19 02:33:51.504 27 DEBUG neutron_lib.callbacks.manager [req-ef775a8a-c10c-4d39-bc7d-18cdadf8c6d7 - - - - -] Publish callbacks ['neutron.services.segments.db._update_segment_host_mapping_for_agent-8757904819776', 'neutron.plugins.ml2.plugin.Ml2Plugin._retry_binding_revived_agents-1374483'] for agent (a2ae08d5-5507-47f3-aead-27ede4ea753e), after_update _notify_loop /var/lib/kolla/venv/lib/python3.6/site-packages/neutron_lib/callbacks/manager.py:177
2024-09-19 02:34:05.100 22 DEBUG neutron.wsgi [-] (22) accepted ('10.0.0.24', 49962) server /var/lib/kolla/venv/lib/python3.6/site-packages/eventlet/wsgi.py:1004
2024-09-19 02:34:05.106 22 INFO neutron.wsgi [-] 10.0.0.24 "GET / HTTP/1.1" status: 200 len: 227 time: 0.0044360
2024-09-19 02:34:07.914 26 DEBUG neutron_lib.callbacks.manager [req-5c2a5528-c8f2-41e8-9a5f-9089887854f6 - - - - -] Publish callbacks ['neutron.services.segments.db._update_segment_host_mapping_for_agent-8757904819776', 'neutron.plugins.ml2.plugin.Ml2Plugin._retry_binding_revived_agents-1374483'] for agent (1436d2d1-50b5-4662-960e-d24e038d234c), after_update _notify_loop /var/lib/kolla/venv/lib/python3.6/site-packages/neutron_lib/callbacks/manager.py:177
2024-09-19 02:34:19.260 29 DEBUG neutron.db.agents_db [req-c490a81e-3c30-448b-ac29-ae37a8f26c33 - - - - -] Agent healthcheck: found 2 active agents agent_health_check /var/lib/kolla/venv/lib/python3.6/site-packages/neutron/db/agents_db.py:318
2024-09-19 02:34:21.505 25 DEBUG neutron_lib.callbacks.manager [req-ef775a8a-c10c-4d39-bc7d-18cdadf8c6d7 - - - - -] Publish callbacks ['neutron.services.segments.db._update_segment_host_mapping_for_agent-8757904819776', 'neutron.plugins.ml2.plugin.Ml2Plugin._retry_binding_revived_agents-1374483'] for agent (a2ae08d5-5507-47f3-aead-27ede4ea753e), after_update _notify_loop /var/lib/kolla/venv/lib/python3.6/site-packages/neutron_lib/callbacks/manager.py:177
2024-09-19 02:34:35.159 22 DEBUG neutron.wsgi [-] (22) accepted ('10.0.0.24', 36804) server /var/lib/kolla/venv/lib/python3.6/site-packages/eventlet/wsgi.py:1004
2024-09-19 02:34:35.164 22 INFO neutron.wsgi [-] 10.0.0.24 "GET / HTTP/1.1" status: 200 len: 227 time: 0.0038798
2024-09-19 02:34:37.913 23 DEBUG neutron_lib.callbacks.manager [req-e511ae33-0292-4373-8e68-37ff93be22e0 - - - - -] Publish callbacks ['neutron.services.segments.db._update_segment_host_mapping_for_agent-8757904819776', 'neutron.plugins.ml2.plugin.Ml2Plugin._retry_binding_revived_agents-1374483'] for agent (1436d2d1-50b5-4662-960e-d24e038d234c), after_update _notify_loop /var/lib/kolla/venv/lib/python3.6/site-packages/neutron_lib/callbacks/manager.py:177
2024-09-19 02:34:51.507 24 DEBUG neutron_lib.callbacks.manager [req-ef775a8a-c10c-4d39-bc7d-18cdadf8c6d7 - - - - -] Publish callbacks ['neutron.services.segments.db._update_segment_host_mapping_for_agent-8757904819776', 'neutron.plugins.ml2.plugin.Ml2Plugin._retry_binding_revived_agents-1374483'] for agent (a2ae08d5-5507-47f3-aead-27ede4ea753e), after_update _notify_loop /var/lib/kolla/venv/lib/python3.6/site-packages/neutron_lib/callbacks/manager.py:177
2024-09-19 02:34:56.257 29 DEBUG neutron.db.agents_db [req-c490a81e-3c30-448b-ac29-ae37a8f26c33 - - - - -] Agent healthcheck: found 2 active agents agent_health_check /var/lib/kolla/venv/lib/python3.6/site-packages/neutron/db/agents_db.py:318
2024-09-19 02:35:05.211 22 DEBUG neutron.wsgi [-] (22) accepted ('10.0.0.24', 37632) server /var/lib/kolla/venv/lib/python3.6/site-packages/eventlet/wsgi.py:1004
2024-09-19 02:35:05.215 22 INFO neutron.wsgi [-] 10.0.0.24 "GET / HTTP/1.1" status: 200 len: 227 time: 0.0033212
2024-09-19 02:35:07.912 28 DEBUG neutron_lib.callbacks.manager [req-88a040a4-09b1-43d3-a110-1ab4b3ece365 - - - - -] Publish callbacks ['neutron.services.segments.db._update_segment_host_mapping_for_agent-8757904819776', 'neutron.plugins.ml2.plugin.Ml2Plugin._retry_binding_revived_agents-1374483'] for agent (1436d2d1-50b5-4662-960e-d24e038d234c), after_update _notify_loop /var/lib/kolla/venv/lib/python3.6/site-packages/neutron_lib/callbacks/manager.py:177
2024-09-19 02:35:21.511 27 DEBUG neutron_lib.callbacks.manager [req-ef775a8a-c10c-4d39-bc7d-18cdadf8c6d7 - - - - -] Publish callbacks ['neutron.services.segments.db._update_segment_host_mapping_for_agent-8757904819776', 'neutron.plugins.ml2.plugin.Ml2Plugin._retry_binding_revived_agents-1374483'] for agent (a2ae08d5-5507-47f3-aead-27ede4ea753e), after_update _notify_loop /var/lib/kolla/venv/lib/python3.6/site-packages/neutron_lib/callbacks/manager.py:177
2024-09-19 02:35:33.259 29 DEBUG neutron.db.agents_db [req-c490a81e-3c30-448b-ac29-ae37a8f26c33 - - - - -] Agent healthcheck: found 2 active agents agent_health_check /var/lib/kolla/venv/lib/python3.6/site-packages/neutron/db/agents_db.py:318
2024-09-19 02:35:35.283 22 DEBUG neutron.wsgi [-] (22) accepted ('10.0.0.24', 41028) server /var/lib/kolla/venv/lib/python3.6/site-packages/eventlet/wsgi.py:1004
2024-09-19 02:35:35.290 22 INFO neutron.wsgi [-] 10.0.0.24 "GET / HTTP/1.1" status: 200 len: 227 time: 0.0055246
2024-09-19 02:35:37.911 26 DEBUG neutron_lib.callbacks.manager [req-118d2e64-71b1-4e23-b25b-09e439719598 - - - - -] Publish callbacks ['neutron.services.segments.db._update_segment_host_mapping_for_agent-8757904819776', 'neutron.plugins.ml2.plugin.Ml2Plugin._retry_binding_revived_agents-1374483'] for agent (1436d2d1-50b5-4662-960e-d24e038d234c), after_update _notify_loop /var/lib/kolla/venv/lib/python3.6/site-packages/neutron_lib/callbacks/manager.py:177
2024-09-19 02:35:51.512 25 DEBUG neutron_lib.callbacks.manager [req-ef775a8a-c10c-4d39-bc7d-18cdadf8c6d7 - - - - -] Publish callbacks ['neutron.services.segments.db._update_segment_host_mapping_for_agent-8757904819776', 'neutron.plugins.ml2.plugin.Ml2Plugin._retry_binding_revived_agents-1374483'] for agent (a2ae08d5-5507-47f3-aead-27ede4ea753e), after_update _notify_loop /var/lib/kolla/venv/lib/python3.6/site-packages/neutron_lib/callbacks/manager.py:177
2024-09-19 02:36:05.339 22 DEBUG neutron.wsgi [-] (22) accepted ('10.0.0.24', 52452) server /var/lib/kolla/venv/lib/python3.6/site-packages/eventlet/wsgi.py:1004
2024-09-19 02:36:05.344 22 INFO neutron.wsgi [-] 10.0.0.24 "GET / HTTP/1.1" status: 200 len: 227 time: 0.0039573
2024-09-19 02:36:07.910 23 DEBUG neutron_lib.callbacks.manager [req-2688ac6f-41c5-4458-8b2c-daf69618f633 - - - - -] Publish callbacks ['neutron.services.segments.db._update_segment_host_mapping_for_agent-8757904819776', 'neutron.plugins.ml2.plugin.Ml2Plugin._retry_binding_revived_agents-1374483'] for agent (1436d2d1-50b5-4662-960e-d24e038d234c), after_update _notify_loop /var/lib/kolla/venv/lib/python3.6/site-packages/neutron_lib/callbacks/manager.py:177
2024-09-19 02:36:10.257 29 DEBUG neutron.db.agents_db [req-c490a81e-3c30-448b-ac29-ae37a8f26c33 - - - - -] Agent healthcheck: found 2 active agents agent_health_check /var/lib/kolla/venv/lib/python3.6/site-packages/neutron/db/agents_db.py:318
2024-09-19 02:36:21.516 24 DEBUG neutron_lib.callbacks.manager [req-ef775a8a-c10c-4d39-bc7d-18cdadf8c6d7 - - - - -] Publish callbacks ['neutron.services.segments.db._update_segment_host_mapping_for_agent-8757904819776', 'neutron.plugins.ml2.plugin.Ml2Plugin._retry_binding_revived_agents-1374483'] for agent (a2ae08d5-5507-47f3-aead-27ede4ea753e), after_update _notify_loop /var/lib/kolla/venv/lib/python3.6/site-packages/neutron_lib/callbacks/manager.py:177
2024-09-19 02:36:35.399 22 DEBUG neutron.wsgi [-] (22) accepted ('10.0.0.24', 52996) server /var/lib/kolla/venv/lib/python3.6/site-packages/eventlet/wsgi.py:1004
2024-09-19 02:36:35.403 22 INFO neutron.wsgi [-] 10.0.0.24 "GET / HTTP/1.1" status: 200 len: 227 time: 0.0030489
2024-09-19 02:36:37.911 28 DEBUG neutron_lib.callbacks.manager [req-9552744e-936b-4583-9319-f39cab3012ec - - - - -] Publish callbacks ['neutron.services.segments.db._update_segment_host_mapping_for_agent-8757904819776', 'neutron.plugins.ml2.plugin.Ml2Plugin._retry_binding_revived_agents-1374483'] for agent (1436d2d1-50b5-4662-960e-d24e038d234c), after_update _notify_loop /var/lib/kolla/venv/lib/python3.6/site-packages/neutron_lib/callbacks/manager.py:177
2024-09-19 02:36:47.258 29 DEBUG neutron.db.agents_db [req-c490a81e-3c30-448b-ac29-ae37a8f26c33 - - - - -] Agent healthcheck: found 2 active agents agent_health_check /var/lib/kolla/venv/lib/python3.6/site-packages/neutron/db/agents_db.py:318
2024-09-19 02:36:51.516 27 DEBUG neutron_lib.callbacks.manager [req-ef775a8a-c10c-4d39-bc7d-18cdadf8c6d7 - - - - -] Publish callbacks ['neutron.services.segments.db._update_segment_host_mapping_for_agent-8757904819776', 'neutron.plugins.ml2.plugin.Ml2Plugin._retry_binding_revived_agents-1374483'] for agent (a2ae08d5-5507-47f3-aead-27ede4ea753e), after_update _notify_loop /var/lib/kolla/venv/lib/python3.6/site-packages/neutron_lib/callbacks/manager.py:177
2024-09-19 02:37:05.465 22 DEBUG neutron.wsgi [-] (22) accepted ('10.0.0.24', 36182) server /var/lib/kolla/venv/lib/python3.6/site-packages/eventlet/wsgi.py:1004
2024-09-19 02:37:05.471 22 INFO neutron.wsgi [-] 10.0.0.24 "GET / HTTP/1.1" status: 200 len: 227 time: 0.0045445
2024-09-19 02:37:07.910 26 DEBUG neutron_lib.callbacks.manager [req-cf0c0535-b39a-41e0-a50d-11c20c3ae37f - - - - -] Publish callbacks ['neutron.services.segments.db._update_segment_host_mapping_for_agent-8757904819776', 'neutron.plugins.ml2.plugin.Ml2Plugin._retry_binding_revived_agents-1374483'] for agent (1436d2d1-50b5-4662-960e-d24e038d234c), after_update _notify_loop /var/lib/kolla/venv/lib/python3.6/site-packages/neutron_lib/callbacks/manager.py:177
2024-09-19 02:37:09.754 7 INFO oslo_service.service [-] Caught SIGTERM, stopping children
2024-09-19 02:37:09.755 7 DEBUG oslo_concurrency.lockutils [-] Acquired lock "singleton_lock" lock /var/lib/kolla/venv/lib/python3.6/site-packages/oslo_concurrency/lockutils.py:294
2024-09-19 02:37:09.755 7 DEBUG oslo_concurrency.lockutils [-] Releasing lock "singleton_lock" lock /var/lib/kolla/venv/lib/python3.6/site-packages/oslo_concurrency/lockutils.py:312
2024-09-19 02:37:09.755 7 DEBUG oslo_service.service [-] Stop services. stop /var/lib/kolla/venv/lib/python3.6/site-packages/oslo_service/service.py:695
2024-09-19 02:37:09.756 7 DEBUG neutron.service [-] calling RpcWorker stop() stop /var/lib/kolla/venv/lib/python3.6/site-packages/neutron/service.py:138
2024-09-19 02:37:09.756 7 DEBUG neutron.service [-] calling RpcWorker stop() stop /var/lib/kolla/venv/lib/python3.6/site-packages/neutron/service.py:138
2024-09-19 02:37:09.756 7 DEBUG oslo_service.service [-] Killing children. stop /var/lib/kolla/venv/lib/python3.6/site-packages/oslo_service/service.py:700
2024-09-19 02:37:09.756 7 INFO oslo_service.service [-] Waiting on 8 children to exit
2024-09-19 02:37:09.757 22 INFO neutron.wsgi [-] (22) wsgi exited, is_accepting=True
2024-09-19 02:37:09.756 24 DEBUG neutron.service [-] calling RpcWorker stop() stop /var/lib/kolla/venv/lib/python3.6/site-packages/neutron/service.py:138
2024-09-19 02:37:09.757 27 DEBUG neutron.service [-] calling RpcWorker stop() stop /var/lib/kolla/venv/lib/python3.6/site-packages/neutron/service.py:138
2024-09-19 02:37:09.757 24 DEBUG neutron.service [-] calling stop on stop /var/lib/kolla/venv/lib/python3.6/site-packages/neutron/service.py:141
2024-09-19 02:37:09.758 29 DEBUG neutron.service [-] calling RpcWorker stop() stop /var/lib/kolla/venv/lib/python3.6/site-packages/neutron/service.py:138
2024-09-19 02:37:09.759 22 DEBUG oslo_concurrency.lockutils [req-050c3787-1a96-43db-84b1-d0538e7c6d2e - - - - -] Acquired lock "singleton_lock" lock /var/lib/kolla/venv/lib/python3.6/site-packages/oslo_concurrency/lockutils.py:294
2024-09-19 02:37:09.757 27 DEBUG neutron.service [-] calling stop on stop /var/lib/kolla/venv/lib/python3.6/site-packages/neutron/service.py:141
2024-09-19 02:37:09.760 25 DEBUG neutron.service [-] calling RpcWorker stop() stop /var/lib/kolla/venv/lib/python3.6/site-packages/neutron/service.py:138
2024-09-19 02:37:09.758 29 DEBUG neutron.service [-] calling stop on stop /var/lib/kolla/venv/lib/python3.6/site-packages/neutron/service.py:141
2024-09-19 02:37:09.761 22 DEBUG oslo_concurrency.lockutils [req-050c3787-1a96-43db-84b1-d0538e7c6d2e - - - - -] Releasing lock "singleton_lock" lock /var/lib/kolla/venv/lib/python3.6/site-packages/oslo_concurrency/lockutils.py:312
2024-09-19 02:37:09.760 25 DEBUG neutron.service [-] calling stop on stop /var/lib/kolla/venv/lib/python3.6/site-packages/neutron/service.py:141
2024-09-19 02:37:09.767 7 INFO oslo_service.service [-] Child 22 exited with status 0
2024-09-19 02:37:09.767 28 DEBUG neutron.service [-] calling RpcWorker stop() stop /var/lib/kolla/venv/lib/python3.6/site-packages/neutron/service.py:138
2024-09-19 02:37:09.768 26 DEBUG neutron.service [-] calling RpcWorker stop() stop /var/lib/kolla/venv/lib/python3.6/site-packages/neutron/service.py:138
2024-09-19 02:37:09.769 26 DEBUG neutron.service [-] calling stop on stop /var/lib/kolla/venv/lib/python3.6/site-packages/neutron/service.py:141
2024-09-19 02:37:09.776 23 DEBUG neutron.service [-] calling RpcWorker stop() stop /var/lib/kolla/venv/lib/python3.6/site-packages/neutron/service.py:138
2024-09-19 02:37:09.771 28 DEBUG neutron.service [-] calling stop on stop /var/lib/kolla/venv/lib/python3.6/site-packages/neutron/service.py:141
2024-09-19 02:37:09.777 23 DEBUG neutron.service [-] calling stop on stop /var/lib/kolla/venv/lib/python3.6/site-packages/neutron/service.py:141
2024-09-19 02:37:09.957 26 DEBUG oslo_concurrency.lockutils [req-050c3787-1a96-43db-84b1-d0538e7c6d2e - - - - -] Acquired lock "singleton_lock" lock /var/lib/kolla/venv/lib/python3.6/site-packages/oslo_concurrency/lockutils.py:294
2024-09-19 02:37:09.957 26 DEBUG oslo_concurrency.lockutils [req-050c3787-1a96-43db-84b1-d0538e7c6d2e - - - - -] Releasing lock "singleton_lock" lock /var/lib/kolla/venv/lib/python3.6/site-packages/oslo_concurrency/lockutils.py:312
2024-09-19 02:37:09.958 26 DEBUG neutron.service [req-050c3787-1a96-43db-84b1-d0538e7c6d2e - - - - -] calling RpcWorker wait() _wait /var/lib/kolla/venv/lib/python3.6/site-packages/neutron/service.py:128
2024-09-19 02:37:09.958 26 DEBUG neutron.service [req-050c3787-1a96-43db-84b1-d0538e7c6d2e - - - - -] calling wait on _wait /var/lib/kolla/venv/lib/python3.6/site-packages/neutron/service.py:131
2024-09-19 02:37:09.965 26 WARNING amqp [req-050c3787-1a96-43db-84b1-d0538e7c6d2e - - - - -] Received method (60, 30) during closing channel 1. This method will be ignored
2024-09-19 02:37:09.966 26 DEBUG neutron.service [req-050c3787-1a96-43db-84b1-d0538e7c6d2e - - - - -] returning from RpcWorker wait() _wait /var/lib/kolla/venv/lib/python3.6/site-packages/neutron/service.py:135
2024-09-19 02:37:09.972 7 INFO oslo_service.service [-] Child 26 exited with status 0
2024-09-19 02:37:11.108 28 DEBUG oslo_concurrency.lockutils [req-050c3787-1a96-43db-84b1-d0538e7c6d2e - - - - -] Acquired lock "singleton_lock" lock /var/lib/kolla/venv/lib/python3.6/site-packages/oslo_concurrency/lockutils.py:294
2024-09-19 02:37:11.109 28 DEBUG oslo_concurrency.lockutils [req-050c3787-1a96-43db-84b1-d0538e7c6d2e - - - - -] Releasing lock "singleton_lock" lock /var/lib/kolla/venv/lib/python3.6/site-packages/oslo_concurrency/lockutils.py:312
2024-09-19 02:37:11.109 28 DEBUG neutron.service [req-050c3787-1a96-43db-84b1-d0538e7c6d2e - - - - -] calling RpcWorker wait() _wait /var/lib/kolla/venv/lib/python3.6/site-packages/neutron/service.py:128
2024-09-19 02:37:11.109 28 DEBUG neutron.service [req-050c3787-1a96-43db-84b1-d0538e7c6d2e - - - - -] calling wait on _wait /var/lib/kolla/venv/lib/python3.6/site-packages/neutron/service.py:131
2024-09-19 02:37:11.116 28 WARNING amqp [req-050c3787-1a96-43db-84b1-d0538e7c6d2e - - - - -] Received method (60, 30) during closing channel 1. This method will be ignored
2024-09-19 02:37:11.116 28 DEBUG neutron.service [req-050c3787-1a96-43db-84b1-d0538e7c6d2e - - - - -] returning from RpcWorker wait() _wait /var/lib/kolla/venv/lib/python3.6/site-packages/neutron/service.py:135
2024-09-19 02:37:11.123 7 INFO oslo_service.service [-] Child 28 exited with status 0
2024-09-19 02:37:13.239 23 DEBUG neutron.service [-] calling stop on stop /var/lib/kolla/venv/lib/python3.6/site-packages/neutron/service.py:141
2024-09-19 02:37:13.241 24 DEBUG neutron.service [-] calling stop on stop /var/lib/kolla/venv/lib/python3.6/site-packages/neutron/service.py:141
2024-09-19 02:37:13.256 25 DEBUG neutron.service [-] calling stop on stop /var/lib/kolla/venv/lib/python3.6/site-packages/neutron/service.py:141
2024-09-19 02:37:13.258 24 DEBUG neutron.service [-] calling stop on stop /var/lib/kolla/venv/lib/python3.6/site-packages/neutron/service.py:141
2024-09-19 02:37:13.264 23 DEBUG neutron.service [-] calling stop on stop /var/lib/kolla/venv/lib/python3.6/site-packages/neutron/service.py:141
2024-09-19 02:37:13.271 25 DEBUG neutron.service [-] calling stop on stop /var/lib/kolla/venv/lib/python3.6/site-packages/neutron/service.py:141
2024-09-19 02:37:13.290 25 DEBUG neutron.service [-] calling stop on stop /var/lib/kolla/venv/lib/python3.6/site-packages/neutron/service.py:141
2024-09-19 02:37:13.291 24 DEBUG neutron.service [-] calling stop on stop /var/lib/kolla/venv/lib/python3.6/site-packages/neutron/service.py:141
2024-09-19 02:37:13.292 23 DEBUG neutron.service [-] calling stop on stop /var/lib/kolla/venv/lib/python3.6/site-packages/neutron/service.py:141
2024-09-19 02:37:13.297 29 DEBUG oslo_concurrency.lockutils [req-050c3787-1a96-43db-84b1-d0538e7c6d2e - - - - -] Acquired lock "singleton_lock" lock /var/lib/kolla/venv/lib/python3.6/site-packages/oslo_concurrency/lockutils.py:294
2024-09-19 02:37:13.297 29 DEBUG oslo_concurrency.lockutils [req-050c3787-1a96-43db-84b1-d0538e7c6d2e - - - - -] Releasing lock "singleton_lock" lock /var/lib/kolla/venv/lib/python3.6/site-packages/oslo_concurrency/lockutils.py:312
2024-09-19 02:37:13.298 29 DEBUG neutron.service [req-050c3787-1a96-43db-84b1-d0538e7c6d2e - - - - -] calling RpcWorker wait() _wait /var/lib/kolla/venv/lib/python3.6/site-packages/neutron/service.py:128
2024-09-19 02:37:13.298 29 DEBUG neutron.service [req-050c3787-1a96-43db-84b1-d0538e7c6d2e - - - - -] calling wait on _wait /var/lib/kolla/venv/lib/python3.6/site-packages/neutron/service.py:131
2024-09-19 02:37:13.298 25 DEBUG oslo_concurrency.lockutils [req-050c3787-1a96-43db-84b1-d0538e7c6d2e - - - - -] Acquired lock "singleton_lock" lock /var/lib/kolla/venv/lib/python3.6/site-packages/oslo_concurrency/lockutils.py:294
2024-09-19 02:37:13.298 25 DEBUG oslo_concurrency.lockutils [req-050c3787-1a96-43db-84b1-d0538e7c6d2e - - - - -] Releasing lock "singleton_lock" lock /var/lib/kolla/venv/lib/python3.6/site-packages/oslo_concurrency/lockutils.py:312
2024-09-19 02:37:13.299 25 DEBUG neutron.service [req-050c3787-1a96-43db-84b1-d0538e7c6d2e - - - - -] calling RpcWorker wait() _wait /var/lib/kolla/venv/lib/python3.6/site-packages/neutron/service.py:128
2024-09-19 02:37:13.299 25 DEBUG neutron.service [req-050c3787-1a96-43db-84b1-d0538e7c6d2e - - - - -] calling wait on _wait /var/lib/kolla/venv/lib/python3.6/site-packages/neutron/service.py:131
