2025-10-16 02:03:06.558 7 DEBUG oslo_service.service [-] ml2_type_gre.tunnel_id_ranges = [] log_opt_values /var/lib/kolla/venv/lib/python3.6/site-packages/oslo_config/cfg.py:2611
2025-10-16 02:03:06.558 7 DEBUG oslo_service.service [-] ml2_type_vlan.network_vlan_ranges = [] log_opt_values /var/lib/kolla/venv/lib/python3.6/site-packages/oslo_config/cfg.py:2611
2025-10-16 02:03:06.559 7 DEBUG oslo_service.service [-] ml2_type_vxlan.vni_ranges = [] log_opt_values /var/lib/kolla/venv/lib/python3.6/site-packages/oslo_config/cfg.py:2611
2025-10-16 02:03:06.559 7 DEBUG oslo_service.service [-] ml2_type_vxlan.vxlan_group = None log_opt_values /var/lib/kolla/venv/lib/python3.6/site-packages/oslo_config/cfg.py:2611
2025-10-16 02:03:06.559 7 DEBUG oslo_service.service [-] database.backend = sqlalchemy log_opt_values /var/lib/kolla/venv/lib/python3.6/site-packages/oslo_config/cfg.py:2611
2025-10-16 02:03:06.559 7 DEBUG oslo_service.service [-] database.connection = **** log_opt_values /var/lib/kolla/venv/lib/python3.6/site-packages/oslo_config/cfg.py:2611
2025-10-16 02:03:06.559 7 DEBUG oslo_service.service [-] database.connection_debug = 0 log_opt_values /var/lib/kolla/venv/lib/python3.6/site-packages/oslo_config/cfg.py:2611
2025-10-16 02:03:06.559 7 DEBUG oslo_service.service [-] database.connection_parameters = log_opt_values /var/lib/kolla/venv/lib/python3.6/site-packages/oslo_config/cfg.py:2611
2025-10-16 02:03:06.559 7 DEBUG oslo_service.service [-] database.connection_recycle_time = 10 log_opt_values /var/lib/kolla/venv/lib/python3.6/site-packages/oslo_config/cfg.py:2611
2025-10-16 02:03:06.559 7 DEBUG oslo_service.service [-] database.connection_trace = False log_opt_values /var/lib/kolla/venv/lib/python3.6/site-packages/oslo_config/cfg.py:2611
2025-10-16 02:03:06.559 7 DEBUG oslo_service.service [-] database.db_inc_retry_interval = True log_opt_values /var/lib/kolla/venv/lib/python3.6/site-packages/oslo_config/cfg.py:2611
2025-10-16 02:03:06.559 7 DEBUG oslo_service.service [-] database.db_max_retries = 20 log_opt_values /var/lib/kolla/venv/lib/python3.6/site-packages/oslo_config/cfg.py:2611
2025-10-16 02:03:06.559 7 DEBUG oslo_service.service [-] database.db_max_retry_interval = 10 log_opt_values /var/lib/kolla/venv/lib/python3.6/site-packages/oslo_config/cfg.py:2611
2025-10-16 02:03:06.559 7 DEBUG oslo_service.service [-] database.db_retry_interval = 1 log_opt_values /var/lib/kolla/venv/lib/python3.6/site-packages/oslo_config/cfg.py:2611
2025-10-16 02:03:06.559 7 DEBUG oslo_service.service [-] database.max_overflow = 50 log_opt_values /var/lib/kolla/venv/lib/python3.6/site-packages/oslo_config/cfg.py:2611
2025-10-16 02:03:06.559 7 DEBUG oslo_service.service [-] database.max_pool_size = 1 log_opt_values /var/lib/kolla/venv/lib/python3.6/site-packages/oslo_config/cfg.py:2611
2025-10-16 02:03:06.559 7 DEBUG oslo_service.service [-] database.max_retries = -1 log_opt_values /var/lib/kolla/venv/lib/python3.6/site-packages/oslo_config/cfg.py:2611
2025-10-16 02:03:06.559 7 DEBUG oslo_service.service [-] database.mysql_enable_ndb = False log_opt_values /var/lib/kolla/venv/lib/python3.6/site-packages/oslo_config/cfg.py:2611
2025-10-16 02:03:06.559 7 DEBUG oslo_service.service [-] database.mysql_sql_mode = TRADITIONAL log_opt_values /var/lib/kolla/venv/lib/python3.6/site-packages/oslo_config/cfg.py:2611
2025-10-16 02:03:06.560 7 DEBUG oslo_service.service [-] database.pool_timeout = None log_opt_values /var/lib/kolla/venv/lib/python3.6/site-packages/oslo_config/cfg.py:2611
2025-10-16 02:03:06.560 7 DEBUG oslo_service.service [-] database.retry_interval = 10 log_opt_values /var/lib/kolla/venv/lib/python3.6/site-packages/oslo_config/cfg.py:2611
2025-10-16 02:03:06.560 7 DEBUG oslo_service.service [-] database.slave_connection = **** log_opt_values /var/lib/kolla/venv/lib/python3.6/site-packages/oslo_config/cfg.py:2611
2025-10-16 02:03:06.560 7 DEBUG oslo_service.service [-] database.sqlite_synchronous = True log_opt_values /var/lib/kolla/venv/lib/python3.6/site-packages/oslo_config/cfg.py:2611
2025-10-16 02:03:06.560 7 DEBUG oslo_service.service [-] database.use_db_reconnect = False log_opt_values /var/lib/kolla/venv/lib/python3.6/site-packages/oslo_config/cfg.py:2611
2025-10-16 02:03:06.560 7 DEBUG oslo_service.service [-] ******************************************************************************** log_opt_values /var/lib/kolla/venv/lib/python3.6/site-packages/oslo_config/cfg.py:2613
2025-10-16 02:03:08.200 22 DEBUG neutron.wsgi [-] (22) accepted ('10.0.0.73', 47416) server /var/lib/kolla/venv/lib/python3.6/site-packages/eventlet/wsgi.py:1004
2025-10-16 02:03:08.208 22 INFO neutron.wsgi [-] 10.0.0.73 "GET / HTTP/1.1" status: 200 len: 227 time: 0.0067043
2025-10-16 02:03:10.821 23 DEBUG neutron.api.rpc.handlers.dhcp_rpc [req-a2712536-12ed-4660-aa38-7162730579f3 - - - - -] get_active_networks_info from cn-jenkins-deploy-platform-ansible-os-4338-1 get_active_networks_info /var/lib/kolla/venv/lib/python3.6/site-packages/neutron/api/rpc/handlers/dhcp_rpc.py:159
2025-10-16 02:03:10.856 28 DEBUG neutron_lib.callbacks.manager [req-906d131b-93d1-4715-a094-df529c2f4c16 - - - - -] Publish callbacks ['neutron.services.segments.db._update_segment_host_mapping_for_agent-8755597277043', 'neutron.services.l3_router.l3_router_plugin.DVRResourceOperationHandler.create_fip_agent_gw_ports--9223372036846450428'] for agent (73138da7-1d36-4d88-9114-be6b9c579233), after_create _notify_loop /var/lib/kolla/venv/lib/python3.6/site-packages/neutron_lib/callbacks/manager.py:177
2025-10-16 02:03:10.869 23 DEBUG neutron.scheduler.dhcp_agent_scheduler [req-a2712536-12ed-4660-aa38-7162730579f3 - - - - -] No non-hosted networks auto_schedule_networks /var/lib/kolla/venv/lib/python3.6/site-packages/neutron/scheduler/dhcp_agent_scheduler.py:60
2025-10-16 02:03:28.228 26 DEBUG neutron_lib.callbacks.manager [req-c7d6aac3-23b0-4fe3-a6b4-e1e8b221fb2c - - - - -] Publish callbacks ['neutron.services.segments.db._update_segment_host_mapping_for_agent-8755597277043', 'neutron.services.l3_router.l3_router_plugin.DVRResourceOperationHandler.create_fip_agent_gw_ports--9223372036846450428'] for agent (f1173b7d-1fd5-4790-9ed4-cae7bb67254c), after_create _notify_loop /var/lib/kolla/venv/lib/python3.6/site-packages/neutron_lib/callbacks/manager.py:177
2025-10-16 02:03:38.251 22 DEBUG neutron.wsgi [-] (22) accepted ('10.0.0.73', 37382) server /var/lib/kolla/venv/lib/python3.6/site-packages/eventlet/wsgi.py:1004
2025-10-16 02:03:38.256 22 INFO neutron.wsgi [-] 10.0.0.73 "GET / HTTP/1.1" status: 200 len: 227 time: 0.0031803
2025-10-16 02:03:40.829 25 DEBUG neutron_lib.callbacks.manager [req-ccab731b-d283-4803-9ee8-b65130e6b01e - - - - -] Publish callbacks ['neutron.services.segments.db._update_segment_host_mapping_for_agent-8755597277043', 'neutron.plugins.ml2.plugin.Ml2Plugin._retry_binding_revived_agents--9223372036853980016'] for agent (73138da7-1d36-4d88-9114-be6b9c579233), after_update _notify_loop /var/lib/kolla/venv/lib/python3.6/site-packages/neutron_lib/callbacks/manager.py:177
2025-10-16 02:03:52.507 29 DEBUG neutron.db.agents_db [req-b5fad9b4-42b7-44ac-a590-fbbb9bbafc1d - - - - -] Agent healthcheck: found 2 active agents agent_health_check /var/lib/kolla/venv/lib/python3.6/site-packages/neutron/db/agents_db.py:318
2025-10-16 02:03:58.199 24 DEBUG neutron_lib.callbacks.manager [req-c7d6aac3-23b0-4fe3-a6b4-e1e8b221fb2c - - - - -] Publish callbacks ['neutron.services.segments.db._update_segment_host_mapping_for_agent-8755597277043', 'neutron.plugins.ml2.plugin.Ml2Plugin._retry_binding_revived_agents--9223372036853980016'] for agent (f1173b7d-1fd5-4790-9ed4-cae7bb67254c), after_update _notify_loop /var/lib/kolla/venv/lib/python3.6/site-packages/neutron_lib/callbacks/manager.py:177
2025-10-16 02:04:08.301 22 DEBUG neutron.wsgi [-] (22) accepted ('10.0.0.73', 46756) server /var/lib/kolla/venv/lib/python3.6/site-packages/eventlet/wsgi.py:1004
2025-10-16 02:04:08.306 22 INFO neutron.wsgi [-] 10.0.0.73 "GET / HTTP/1.1" status: 200 len: 227 time: 0.0029383
2025-10-16 02:04:10.818 23 DEBUG neutron_lib.callbacks.manager [req-df9868b8-81a5-4e12-806e-20c1a7e73438 - - - - -] Publish callbacks ['neutron.services.segments.db._update_segment_host_mapping_for_agent-8755597277043', 'neutron.plugins.ml2.plugin.Ml2Plugin._retry_binding_revived_agents--9223372036853980016'] for agent (73138da7-1d36-4d88-9114-be6b9c579233), after_update _notify_loop /var/lib/kolla/venv/lib/python3.6/site-packages/neutron_lib/callbacks/manager.py:177
2025-10-16 02:04:28.202 27 DEBUG neutron_lib.callbacks.manager [req-c7d6aac3-23b0-4fe3-a6b4-e1e8b221fb2c - - - - -] Publish callbacks ['neutron.services.segments.db._update_segment_host_mapping_for_agent-8755597277043', 'neutron.plugins.ml2.plugin.Ml2Plugin._retry_binding_revived_agents--9223372036853980016'] for agent (f1173b7d-1fd5-4790-9ed4-cae7bb67254c), after_update _notify_loop /var/lib/kolla/venv/lib/python3.6/site-packages/neutron_lib/callbacks/manager.py:177
2025-10-16 02:04:29.504 29 DEBUG neutron.db.agents_db [req-b5fad9b4-42b7-44ac-a590-fbbb9bbafc1d - - - - -] Agent healthcheck: found 2 active agents agent_health_check /var/lib/kolla/venv/lib/python3.6/site-packages/neutron/db/agents_db.py:318
2025-10-16 02:04:38.350 22 DEBUG neutron.wsgi [-] (22) accepted ('10.0.0.73', 59332) server /var/lib/kolla/venv/lib/python3.6/site-packages/eventlet/wsgi.py:1004
2025-10-16 02:04:38.354 22 INFO neutron.wsgi [-] 10.0.0.73 "GET / HTTP/1.1" status: 200 len: 227 time: 0.0029202
2025-10-16 02:04:40.817 28 DEBUG neutron_lib.callbacks.manager [req-beb06150-a44a-4d12-9e25-346aef576be5 - - - - -] Publish callbacks ['neutron.services.segments.db._update_segment_host_mapping_for_agent-8755597277043', 'neutron.plugins.ml2.plugin.Ml2Plugin._retry_binding_revived_agents--9223372036853980016'] for agent (73138da7-1d36-4d88-9114-be6b9c579233), after_update _notify_loop /var/lib/kolla/venv/lib/python3.6/site-packages/neutron_lib/callbacks/manager.py:177
2025-10-16 02:04:58.190 26 DEBUG neutron_lib.callbacks.manager [req-c7d6aac3-23b0-4fe3-a6b4-e1e8b221fb2c - - - - -] Publish callbacks ['neutron.services.segments.db._update_segment_host_mapping_for_agent-8755597277043', 'neutron.plugins.ml2.plugin.Ml2Plugin._retry_binding_revived_agents--9223372036853980016'] for agent (f1173b7d-1fd5-4790-9ed4-cae7bb67254c), after_update _notify_loop /var/lib/kolla/venv/lib/python3.6/site-packages/neutron_lib/callbacks/manager.py:177
2025-10-16 02:05:06.508 29 DEBUG neutron.db.agents_db [req-b5fad9b4-42b7-44ac-a590-fbbb9bbafc1d - - - - -] Agent healthcheck: found 2 active agents agent_health_check /var/lib/kolla/venv/lib/python3.6/site-packages/neutron/db/agents_db.py:318
2025-10-16 02:05:08.398 22 DEBUG neutron.wsgi [-] (22) accepted ('10.0.0.73', 57734) server /var/lib/kolla/venv/lib/python3.6/site-packages/eventlet/wsgi.py:1004
2025-10-16 02:05:08.402 22 INFO neutron.wsgi [-] 10.0.0.73 "GET / HTTP/1.1" status: 200 len: 227 time: 0.0026345
2025-10-16 02:05:10.815 25 DEBUG neutron_lib.callbacks.manager [req-7574a843-96ae-4469-ad98-9d9fd8f9aacf - - - - -] Publish callbacks ['neutron.services.segments.db._update_segment_host_mapping_for_agent-8755597277043', 'neutron.plugins.ml2.plugin.Ml2Plugin._retry_binding_revived_agents--9223372036853980016'] for agent (73138da7-1d36-4d88-9114-be6b9c579233), after_update _notify_loop /var/lib/kolla/venv/lib/python3.6/site-packages/neutron_lib/callbacks/manager.py:177
2025-10-16 02:05:28.189 24 DEBUG neutron_lib.callbacks.manager [req-c7d6aac3-23b0-4fe3-a6b4-e1e8b221fb2c - - - - -] Publish callbacks ['neutron.services.segments.db._update_segment_host_mapping_for_agent-8755597277043', 'neutron.plugins.ml2.plugin.Ml2Plugin._retry_binding_revived_agents--9223372036853980016'] for agent (f1173b7d-1fd5-4790-9ed4-cae7bb67254c), after_update _notify_loop /var/lib/kolla/venv/lib/python3.6/site-packages/neutron_lib/callbacks/manager.py:177
2025-10-16 02:05:38.450 22 DEBUG neutron.wsgi [-] (22) accepted ('10.0.0.73', 47286) server /var/lib/kolla/venv/lib/python3.6/site-packages/eventlet/wsgi.py:1004
2025-10-16 02:05:38.454 22 INFO neutron.wsgi [-] 10.0.0.73 "GET / HTTP/1.1" status: 200 len: 227 time: 0.0031877
2025-10-16 02:05:40.812 23 DEBUG neutron_lib.callbacks.manager [req-4f8fbad9-8af9-4298-9e74-9ac19bb6d71a - - - - -] Publish callbacks ['neutron.services.segments.db._update_segment_host_mapping_for_agent-8755597277043', 'neutron.plugins.ml2.plugin.Ml2Plugin._retry_binding_revived_agents--9223372036853980016'] for agent (73138da7-1d36-4d88-9114-be6b9c579233), after_update _notify_loop /var/lib/kolla/venv/lib/python3.6/site-packages/neutron_lib/callbacks/manager.py:177
2025-10-16 02:05:43.506 29 DEBUG neutron.db.agents_db [req-b5fad9b4-42b7-44ac-a590-fbbb9bbafc1d - - - - -] Agent healthcheck: found 2 active agents agent_health_check /var/lib/kolla/venv/lib/python3.6/site-packages/neutron/db/agents_db.py:318
2025-10-16 02:05:58.193 27 DEBUG neutron_lib.callbacks.manager [req-c7d6aac3-23b0-4fe3-a6b4-e1e8b221fb2c - - - - -] Publish callbacks ['neutron.services.segments.db._update_segment_host_mapping_for_agent-8755597277043', 'neutron.plugins.ml2.plugin.Ml2Plugin._retry_binding_revived_agents--9223372036853980016'] for agent (f1173b7d-1fd5-4790-9ed4-cae7bb67254c), after_update _notify_loop /var/lib/kolla/venv/lib/python3.6/site-packages/neutron_lib/callbacks/manager.py:177
2025-10-16 02:06:08.497 22 DEBUG neutron.wsgi [-] (22) accepted ('10.0.0.73', 59558) server /var/lib/kolla/venv/lib/python3.6/site-packages/eventlet/wsgi.py:1004
2025-10-16 02:06:08.502 22 INFO neutron.wsgi [-] 10.0.0.73 "GET / HTTP/1.1" status: 200 len: 227 time: 0.0034688
2025-10-16 02:06:10.810 28 DEBUG neutron_lib.callbacks.manager [req-2cedb296-0603-41cb-aa0a-3a91e844bb1c - - - - -] Publish callbacks ['neutron.services.segments.db._update_segment_host_mapping_for_agent-8755597277043', 'neutron.plugins.ml2.plugin.Ml2Plugin._retry_binding_revived_agents--9223372036853980016'] for agent (73138da7-1d36-4d88-9114-be6b9c579233), after_update _notify_loop /var/lib/kolla/venv/lib/python3.6/site-packages/neutron_lib/callbacks/manager.py:177
2025-10-16 02:06:20.502 29 DEBUG neutron.db.agents_db [req-b5fad9b4-42b7-44ac-a590-fbbb9bbafc1d - - - - -] Agent healthcheck: found 2 active agents agent_health_check /var/lib/kolla/venv/lib/python3.6/site-packages/neutron/db/agents_db.py:318
2025-10-16 02:06:28.195 26 DEBUG neutron_lib.callbacks.manager [req-c7d6aac3-23b0-4fe3-a6b4-e1e8b221fb2c - - - - -] Publish callbacks ['neutron.services.segments.db._update_segment_host_mapping_for_agent-8755597277043', 'neutron.plugins.ml2.plugin.Ml2Plugin._retry_binding_revived_agents--9223372036853980016'] for agent (f1173b7d-1fd5-4790-9ed4-cae7bb67254c), after_update _notify_loop /var/lib/kolla/venv/lib/python3.6/site-packages/neutron_lib/callbacks/manager.py:177
2025-10-16 02:06:38.547 22 DEBUG neutron.wsgi [-] (22) accepted ('10.0.0.73', 37118) server /var/lib/kolla/venv/lib/python3.6/site-packages/eventlet/wsgi.py:1004
2025-10-16 02:06:38.550 22 INFO neutron.wsgi [-] 10.0.0.73 "GET / HTTP/1.1" status: 200 len: 227 time: 0.0030262
2025-10-16 02:06:40.807 25 DEBUG neutron_lib.callbacks.manager [req-2bec8d33-bc02-4ec2-9ce2-61a567b5f1b7 - - - - -] Publish callbacks ['neutron.services.segments.db._update_segment_host_mapping_for_agent-8755597277043', 'neutron.plugins.ml2.plugin.Ml2Plugin._retry_binding_revived_agents--9223372036853980016'] for agent (73138da7-1d36-4d88-9114-be6b9c579233), after_update _notify_loop /var/lib/kolla/venv/lib/python3.6/site-packages/neutron_lib/callbacks/manager.py:177
2025-10-16 02:06:57.508 29 DEBUG neutron.db.agents_db [req-b5fad9b4-42b7-44ac-a590-fbbb9bbafc1d - - - - -] Agent healthcheck: found 2 active agents agent_health_check /var/lib/kolla/venv/lib/python3.6/site-packages/neutron/db/agents_db.py:318
2025-10-16 02:06:58.198 24 DEBUG neutron_lib.callbacks.manager [req-c7d6aac3-23b0-4fe3-a6b4-e1e8b221fb2c - - - - -] Publish callbacks ['neutron.services.segments.db._update_segment_host_mapping_for_agent-8755597277043', 'neutron.plugins.ml2.plugin.Ml2Plugin._retry_binding_revived_agents--9223372036853980016'] for agent (f1173b7d-1fd5-4790-9ed4-cae7bb67254c), after_update _notify_loop /var/lib/kolla/venv/lib/python3.6/site-packages/neutron_lib/callbacks/manager.py:177
2025-10-16 02:07:08.593 22 DEBUG neutron.wsgi [-] (22) accepted ('10.0.0.73', 53070) server /var/lib/kolla/venv/lib/python3.6/site-packages/eventlet/wsgi.py:1004
2025-10-16 02:07:08.597 22 INFO neutron.wsgi [-] 10.0.0.73 "GET / HTTP/1.1" status: 200 len: 227 time: 0.0026624
2025-10-16 02:07:10.805 23 DEBUG neutron_lib.callbacks.manager [req-212fdab7-c8db-4092-8a5f-c210adff9c76 - - - - -] Publish callbacks ['neutron.services.segments.db._update_segment_host_mapping_for_agent-8755597277043', 'neutron.plugins.ml2.plugin.Ml2Plugin._retry_binding_revived_agents--9223372036853980016'] for agent (73138da7-1d36-4d88-9114-be6b9c579233), after_update _notify_loop /var/lib/kolla/venv/lib/python3.6/site-packages/neutron_lib/callbacks/manager.py:177
2025-10-16 02:07:28.200 27 DEBUG neutron_lib.callbacks.manager [req-c7d6aac3-23b0-4fe3-a6b4-e1e8b221fb2c - - - - -] Publish callbacks ['neutron.services.segments.db._update_segment_host_mapping_for_agent-8755597277043', 'neutron.plugins.ml2.plugin.Ml2Plugin._retry_binding_revived_agents--9223372036853980016'] for agent (f1173b7d-1fd5-4790-9ed4-cae7bb67254c), after_update _notify_loop /var/lib/kolla/venv/lib/python3.6/site-packages/neutron_lib/callbacks/manager.py:177
2025-10-16 02:07:34.516 29 DEBUG neutron.db.agents_db [req-b5fad9b4-42b7-44ac-a590-fbbb9bbafc1d - - - - -] Agent healthcheck: found 2 active agents agent_health_check /var/lib/kolla/venv/lib/python3.6/site-packages/neutron/db/agents_db.py:318
2025-10-16 02:07:38.661 22 DEBUG neutron.wsgi [-] (22) accepted ('10.0.0.73', 43732) server /var/lib/kolla/venv/lib/python3.6/site-packages/eventlet/wsgi.py:1004
2025-10-16 02:07:38.667 22 INFO neutron.wsgi [-] 10.0.0.73 "GET / HTTP/1.1" status: 200 len: 227 time: 0.0052934
2025-10-16 02:07:40.802 28 DEBUG neutron_lib.callbacks.manager [req-551170dc-2158-4927-a946-4b19301a90ff - - - - -] Publish callbacks ['neutron.services.segments.db._update_segment_host_mapping_for_agent-8755597277043', 'neutron.plugins.ml2.plugin.Ml2Plugin._retry_binding_revived_agents--9223372036853980016'] for agent (73138da7-1d36-4d88-9114-be6b9c579233), after_update _notify_loop /var/lib/kolla/venv/lib/python3.6/site-packages/neutron_lib/callbacks/manager.py:177
2025-10-16 02:07:58.203 26 DEBUG neutron_lib.callbacks.manager [req-c7d6aac3-23b0-4fe3-a6b4-e1e8b221fb2c - - - - -] Publish callbacks ['neutron.services.segments.db._update_segment_host_mapping_for_agent-8755597277043', 'neutron.plugins.ml2.plugin.Ml2Plugin._retry_binding_revived_agents--9223372036853980016'] for agent (f1173b7d-1fd5-4790-9ed4-cae7bb67254c), after_update _notify_loop /var/lib/kolla/venv/lib/python3.6/site-packages/neutron_lib/callbacks/manager.py:177
2025-10-16 02:08:08.716 22 DEBUG neutron.wsgi [-] (22) accepted ('10.0.0.73', 54484) server /var/lib/kolla/venv/lib/python3.6/site-packages/eventlet/wsgi.py:1004
2025-10-16 02:08:08.719 22 INFO neutron.wsgi [-] 10.0.0.73 "GET / HTTP/1.1" status: 200 len: 227 time: 0.0024979
2025-10-16 02:08:10.866 25 DEBUG neutron_lib.callbacks.manager [req-f6a56c25-d0d1-4a7c-948d-8307344efb90 - - - - -] Publish callbacks ['neutron.services.segments.db._update_segment_host_mapping_for_agent-8755597277043', 'neutron.plugins.ml2.plugin.Ml2Plugin._retry_binding_revived_agents--9223372036853980016'] for agent (73138da7-1d36-4d88-9114-be6b9c579233), after_update _notify_loop /var/lib/kolla/venv/lib/python3.6/site-packages/neutron_lib/callbacks/manager.py:177
2025-10-16 02:08:11.522 29 DEBUG neutron.db.agents_db [req-b5fad9b4-42b7-44ac-a590-fbbb9bbafc1d - - - - -] Agent healthcheck: found 2 active agents agent_health_check /var/lib/kolla/venv/lib/python3.6/site-packages/neutron/db/agents_db.py:318
2025-10-16 02:08:28.207 24 DEBUG neutron_lib.callbacks.manager [req-c7d6aac3-23b0-4fe3-a6b4-e1e8b221fb2c - - - - -] Publish callbacks ['neutron.services.segments.db._update_segment_host_mapping_for_agent-8755597277043', 'neutron.plugins.ml2.plugin.Ml2Plugin._retry_binding_revived_agents--9223372036853980016'] for agent (f1173b7d-1fd5-4790-9ed4-cae7bb67254c), after_update _notify_loop /var/lib/kolla/venv/lib/python3.6/site-packages/neutron_lib/callbacks/manager.py:177
2025-10-16 02:08:38.763 22 DEBUG neutron.wsgi [-] (22) accepted ('10.0.0.73', 53490) server /var/lib/kolla/venv/lib/python3.6/site-packages/eventlet/wsgi.py:1004
2025-10-16 02:08:38.767 22 INFO neutron.wsgi [-] 10.0.0.73 "GET / HTTP/1.1" status: 200 len: 227 time: 0.0026557
2025-10-16 02:08:40.803 23 DEBUG neutron_lib.callbacks.manager [req-fea31bb6-54fa-4918-bbdd-4ffc36322dbe - - - - -] Publish callbacks ['neutron.services.segments.db._update_segment_host_mapping_for_agent-8755597277043', 'neutron.plugins.ml2.plugin.Ml2Plugin._retry_binding_revived_agents--9223372036853980016'] for agent (73138da7-1d36-4d88-9114-be6b9c579233), after_update _notify_loop /var/lib/kolla/venv/lib/python3.6/site-packages/neutron_lib/callbacks/manager.py:177
2025-10-16 02:08:48.520 29 DEBUG neutron.db.agents_db [req-b5fad9b4-42b7-44ac-a590-fbbb9bbafc1d - - - - -] Agent healthcheck: found 2 active agents agent_health_check /var/lib/kolla/venv/lib/python3.6/site-packages/neutron/db/agents_db.py:318
2025-10-16 02:08:58.208 27 DEBUG neutron_lib.callbacks.manager [req-c7d6aac3-23b0-4fe3-a6b4-e1e8b221fb2c - - - - -] Publish callbacks ['neutron.services.segments.db._update_segment_host_mapping_for_agent-8755597277043', 'neutron.plugins.ml2.plugin.Ml2Plugin._retry_binding_revived_agents--9223372036853980016'] for agent (f1173b7d-1fd5-4790-9ed4-cae7bb67254c), after_update _notify_loop /var/lib/kolla/venv/lib/python3.6/site-packages/neutron_lib/callbacks/manager.py:177
2025-10-16 02:09:08.812 22 DEBUG neutron.wsgi [-] (22) accepted ('10.0.0.73', 52728) server /var/lib/kolla/venv/lib/python3.6/site-packages/eventlet/wsgi.py:1004
2025-10-16 02:09:08.815 22 INFO neutron.wsgi [-] 10.0.0.73 "GET / HTTP/1.1" status: 200 len: 227 time: 0.0026672
2025-10-16 02:09:10.801 28 DEBUG neutron_lib.callbacks.manager [req-0b8c3ece-fbb4-4592-bd79-d660bce26c8c - - - - -] Publish callbacks ['neutron.services.segments.db._update_segment_host_mapping_for_agent-8755597277043', 'neutron.plugins.ml2.plugin.Ml2Plugin._retry_binding_revived_agents--9223372036853980016'] for agent (73138da7-1d36-4d88-9114-be6b9c579233), after_update _notify_loop /var/lib/kolla/venv/lib/python3.6/site-packages/neutron_lib/callbacks/manager.py:177
2025-10-16 02:09:25.518 29 DEBUG neutron.db.agents_db [req-b5fad9b4-42b7-44ac-a590-fbbb9bbafc1d - - - - -] Agent healthcheck: found 2 active agents agent_health_check /var/lib/kolla/venv/lib/python3.6/site-packages/neutron/db/agents_db.py:318
2025-10-16 02:09:28.209 26 DEBUG neutron_lib.callbacks.manager [req-c7d6aac3-23b0-4fe3-a6b4-e1e8b221fb2c - - - - -] Publish callbacks ['neutron.services.segments.db._update_segment_host_mapping_for_agent-8755597277043', 'neutron.plugins.ml2.plugin.Ml2Plugin._retry_binding_revived_agents--9223372036853980016'] for agent (f1173b7d-1fd5-4790-9ed4-cae7bb67254c), after_update _notify_loop /var/lib/kolla/venv/lib/python3.6/site-packages/neutron_lib/callbacks/manager.py:177
2025-10-16 02:09:38.859 22 DEBUG neutron.wsgi [-] (22) accepted ('10.0.0.73', 60828) server /var/lib/kolla/venv/lib/python3.6/site-packages/eventlet/wsgi.py:1004
2025-10-16 02:09:38.864 22 INFO neutron.wsgi [-] 10.0.0.73 "GET / HTTP/1.1" status: 200 len: 227 time: 0.0037684
2025-10-16 02:09:40.799 25 DEBUG neutron_lib.callbacks.manager [req-923196f1-8282-4c49-ac99-41498d3e59ac - - - - -] Publish callbacks ['neutron.services.segments.db._update_segment_host_mapping_for_agent-8755597277043', 'neutron.plugins.ml2.plugin.Ml2Plugin._retry_binding_revived_agents--9223372036853980016'] for agent (73138da7-1d36-4d88-9114-be6b9c579233), after_update _notify_loop /var/lib/kolla/venv/lib/python3.6/site-packages/neutron_lib/callbacks/manager.py:177
2025-10-16 02:09:58.213 24 DEBUG neutron_lib.callbacks.manager [req-c7d6aac3-23b0-4fe3-a6b4-e1e8b221fb2c - - - - -] Publish callbacks ['neutron.services.segments.db._update_segment_host_mapping_for_agent-8755597277043', 'neutron.plugins.ml2.plugin.Ml2Plugin._retry_binding_revived_agents--9223372036853980016'] for agent (f1173b7d-1fd5-4790-9ed4-cae7bb67254c), after_update _notify_loop /var/lib/kolla/venv/lib/python3.6/site-packages/neutron_lib/callbacks/manager.py:177
2025-10-16 02:10:02.514 29 DEBUG neutron.db.agents_db [req-b5fad9b4-42b7-44ac-a590-fbbb9bbafc1d - - - - -] Agent healthcheck: found 2 active agents agent_health_check /var/lib/kolla/venv/lib/python3.6/site-packages/neutron/db/agents_db.py:318
2025-10-16 02:10:08.913 22 DEBUG neutron.wsgi [-] (22) accepted ('10.0.0.73', 45084) server /var/lib/kolla/venv/lib/python3.6/site-packages/eventlet/wsgi.py:1004
2025-10-16 02:10:08.918 22 INFO neutron.wsgi [-] 10.0.0.73 "GET / HTTP/1.1" status: 200 len: 227 time: 0.0027952
2025-10-16 02:10:10.798 23 DEBUG neutron_lib.callbacks.manager [req-725c8130-118c-4fcf-bc61-82383b71b00d - - - - -] Publish callbacks ['neutron.services.segments.db._update_segment_host_mapping_for_agent-8755597277043', 'neutron.plugins.ml2.plugin.Ml2Plugin._retry_binding_revived_agents--9223372036853980016'] for agent (73138da7-1d36-4d88-9114-be6b9c579233), after_update _notify_loop /var/lib/kolla/venv/lib/python3.6/site-packages/neutron_lib/callbacks/manager.py:177
2025-10-16 02:10:28.217 27 DEBUG neutron_lib.callbacks.manager [req-c7d6aac3-23b0-4fe3-a6b4-e1e8b221fb2c - - - - -] Publish callbacks ['neutron.services.segments.db._update_segment_host_mapping_for_agent-8755597277043', 'neutron.plugins.ml2.plugin.Ml2Plugin._retry_binding_revived_agents--9223372036853980016'] for agent (f1173b7d-1fd5-4790-9ed4-cae7bb67254c), after_update _notify_loop /var/lib/kolla/venv/lib/python3.6/site-packages/neutron_lib/callbacks/manager.py:177
2025-10-16 02:10:38.965 22 DEBUG neutron.wsgi [-] (22) accepted ('10.0.0.73', 49672) server /var/lib/kolla/venv/lib/python3.6/site-packages/eventlet/wsgi.py:1004
2025-10-16 02:10:38.969 22 INFO neutron.wsgi [-] 10.0.0.73 "GET / HTTP/1.1" status: 200 len: 227 time: 0.0028348
2025-10-16 02:10:39.511 29 DEBUG neutron.db.agents_db [req-b5fad9b4-42b7-44ac-a590-fbbb9bbafc1d - - - - -] Agent healthcheck: found 2 active agents agent_health_check /var/lib/kolla/venv/lib/python3.6/site-packages/neutron/db/agents_db.py:318
2025-10-16 02:10:40.795 28 DEBUG neutron_lib.callbacks.manager [req-bcd00fa0-1036-4f57-a205-44118240ca0f - - - - -] Publish callbacks ['neutron.services.segments.db._update_segment_host_mapping_for_agent-8755597277043', 'neutron.plugins.ml2.plugin.Ml2Plugin._retry_binding_revived_agents--9223372036853980016'] for agent (73138da7-1d36-4d88-9114-be6b9c579233), after_update _notify_loop /var/lib/kolla/venv/lib/python3.6/site-packages/neutron_lib/callbacks/manager.py:177
2025-10-16 02:10:58.220 26 DEBUG neutron_lib.callbacks.manager [req-c7d6aac3-23b0-4fe3-a6b4-e1e8b221fb2c - - - - -] Publish callbacks ['neutron.services.segments.db._update_segment_host_mapping_for_agent-8755597277043', 'neutron.plugins.ml2.plugin.Ml2Plugin._retry_binding_revived_agents--9223372036853980016'] for agent (f1173b7d-1fd5-4790-9ed4-cae7bb67254c), after_update _notify_loop /var/lib/kolla/venv/lib/python3.6/site-packages/neutron_lib/callbacks/manager.py:177
2025-10-16 02:11:09.026 22 DEBUG neutron.wsgi [-] (22) accepted ('10.0.0.73', 38956) server /var/lib/kolla/venv/lib/python3.6/site-packages/eventlet/wsgi.py:1004
2025-10-16 02:11:09.030 22 INFO neutron.wsgi [-] 10.0.0.73 "GET / HTTP/1.1" status: 200 len: 227 time: 0.0029502
2025-10-16 02:11:10.795 25 DEBUG neutron_lib.callbacks.manager [req-3dc7f268-c987-4f4f-9b88-491e3d9048d3 - - - - -] Publish callbacks ['neutron.services.segments.db._update_segment_host_mapping_for_agent-8755597277043', 'neutron.plugins.ml2.plugin.Ml2Plugin._retry_binding_revived_agents--9223372036853980016'] for agent (73138da7-1d36-4d88-9114-be6b9c579233), after_update _notify_loop /var/lib/kolla/venv/lib/python3.6/site-packages/neutron_lib/callbacks/manager.py:177
2025-10-16 02:11:16.520 29 DEBUG neutron.db.agents_db [req-b5fad9b4-42b7-44ac-a590-fbbb9bbafc1d - - - - -] Agent healthcheck: found 2 active agents agent_health_check /var/lib/kolla/venv/lib/python3.6/site-packages/neutron/db/agents_db.py:318
2025-10-16 02:11:28.223 24 DEBUG neutron_lib.callbacks.manager [req-c7d6aac3-23b0-4fe3-a6b4-e1e8b221fb2c - - - - -] Publish callbacks ['neutron.services.segments.db._update_segment_host_mapping_for_agent-8755597277043', 'neutron.plugins.ml2.plugin.Ml2Plugin._retry_binding_revived_agents--9223372036853980016'] for agent (f1173b7d-1fd5-4790-9ed4-cae7bb67254c), after_update _notify_loop /var/lib/kolla/venv/lib/python3.6/site-packages/neutron_lib/callbacks/manager.py:177
2025-10-16 02:11:39.094 22 DEBUG neutron.wsgi [-] (22) accepted ('10.0.0.73', 33164) server /var/lib/kolla/venv/lib/python3.6/site-packages/eventlet/wsgi.py:1004
2025-10-16 02:11:39.097 22 INFO neutron.wsgi [-] 10.0.0.73 "GET / HTTP/1.1" status: 200 len: 227 time: 0.0028079
2025-10-16 02:11:40.796 23 DEBUG neutron_lib.callbacks.manager [req-eefb09ba-cc9a-4748-a157-3ade2921d46d - - - - -] Publish callbacks ['neutron.services.segments.db._update_segment_host_mapping_for_agent-8755597277043', 'neutron.plugins.ml2.plugin.Ml2Plugin._retry_binding_revived_agents--9223372036853980016'] for agent (73138da7-1d36-4d88-9114-be6b9c579233), after_update _notify_loop /var/lib/kolla/venv/lib/python3.6/site-packages/neutron_lib/callbacks/manager.py:177
2025-10-16 02:11:43.748 7 INFO oslo_service.service [-] Caught SIGTERM, stopping children
2025-10-16 02:11:43.749 7 DEBUG oslo_concurrency.lockutils [-] Acquired lock "singleton_lock" lock /var/lib/kolla/venv/lib/python3.6/site-packages/oslo_concurrency/lockutils.py:294
2025-10-16 02:11:43.749 7 DEBUG oslo_concurrency.lockutils [-] Releasing lock "singleton_lock" lock /var/lib/kolla/venv/lib/python3.6/site-packages/oslo_concurrency/lockutils.py:312
2025-10-16 02:11:43.750 7 DEBUG oslo_service.service [-] Stop services. stop /var/lib/kolla/venv/lib/python3.6/site-packages/oslo_service/service.py:695
2025-10-16 02:11:43.750 7 DEBUG neutron.service [-] calling RpcWorker stop() stop /var/lib/kolla/venv/lib/python3.6/site-packages/neutron/service.py:138
2025-10-16 02:11:43.750 7 DEBUG neutron.service [-] calling RpcWorker stop() stop /var/lib/kolla/venv/lib/python3.6/site-packages/neutron/service.py:138
2025-10-16 02:11:43.750 7 DEBUG oslo_service.service [-] Killing children. stop /var/lib/kolla/venv/lib/python3.6/site-packages/oslo_service/service.py:700
2025-10-16 02:11:43.751 7 INFO oslo_service.service [-] Waiting on 8 children to exit
2025-10-16 02:11:43.751 25 DEBUG neutron.service [-] calling RpcWorker stop() stop /var/lib/kolla/venv/lib/python3.6/site-packages/neutron/service.py:138
2025-10-16 02:11:43.751 22 INFO neutron.wsgi [-] (22) wsgi exited, is_accepting=True
2025-10-16 02:11:43.751 23 DEBUG neutron.service [-] calling RpcWorker stop() stop /var/lib/kolla/venv/lib/python3.6/site-packages/neutron/service.py:138
2025-10-16 02:11:43.752 23 DEBUG neutron.service [-] calling stop on stop /var/lib/kolla/venv/lib/python3.6/site-packages/neutron/service.py:141
2025-10-16 02:11:43.753 27 DEBUG neutron.service [-] calling RpcWorker stop() stop /var/lib/kolla/venv/lib/python3.6/site-packages/neutron/service.py:138
2025-10-16 02:11:43.754 29 DEBUG neutron.service [-] calling RpcWorker stop() stop /var/lib/kolla/venv/lib/python3.6/site-packages/neutron/service.py:138
2025-10-16 02:11:43.752 25 DEBUG neutron.service [-] calling stop on stop /var/lib/kolla/venv/lib/python3.6/site-packages/neutron/service.py:141
2025-10-16 02:11:43.756 28 DEBUG neutron.service [-] calling RpcWorker stop() stop /var/lib/kolla/venv/lib/python3.6/site-packages/neutron/service.py:138
2025-10-16 02:11:43.756 22 DEBUG oslo_concurrency.lockutils [req-76ccc99d-feb7-46ed-b588-c8835a2b1bf3 - - - - -] Acquired lock "singleton_lock" lock /var/lib/kolla/venv/lib/python3.6/site-packages/oslo_concurrency/lockutils.py:294
2025-10-16 02:11:43.756 22 DEBUG oslo_concurrency.lockutils [req-76ccc99d-feb7-46ed-b588-c8835a2b1bf3 - - - - -] Releasing lock "singleton_lock" lock /var/lib/kolla/venv/lib/python3.6/site-packages/oslo_concurrency/lockutils.py:312
2025-10-16 02:11:43.756 28 DEBUG neutron.service [-] calling stop on stop /var/lib/kolla/venv/lib/python3.6/site-packages/neutron/service.py:141
2025-10-16 02:11:43.755 29 DEBUG neutron.service [-] calling stop on stop /var/lib/kolla/venv/lib/python3.6/site-packages/neutron/service.py:141
2025-10-16 02:11:43.757 24 DEBUG neutron.service [-] calling RpcWorker stop() stop /var/lib/kolla/venv/lib/python3.6/site-packages/neutron/service.py:138
2025-10-16 02:11:43.753 27 DEBUG neutron.service [-] calling stop on stop /var/lib/kolla/venv/lib/python3.6/site-packages/neutron/service.py:141
2025-10-16 02:11:43.760 24 DEBUG neutron.service [-] calling stop on stop /var/lib/kolla/venv/lib/python3.6/site-packages/neutron/service.py:141
2025-10-16 02:11:43.768 7 INFO oslo_service.service [-] Child 22 exited with status 0
2025-10-16 02:11:43.776 26 DEBUG neutron.service [-] calling RpcWorker stop() stop /var/lib/kolla/venv/lib/python3.6/site-packages/neutron/service.py:138
2025-10-16 02:11:43.776 26 DEBUG neutron.service [-] calling stop on stop /var/lib/kolla/venv/lib/python3.6/site-packages/neutron/service.py:141
2025-10-16 02:11:46.491 23 DEBUG neutron.service [-] calling stop on stop /var/lib/kolla/venv/lib/python3.6/site-packages/neutron/service.py:141
2025-10-16 02:11:46.497 24 DEBUG neutron.service [-] calling stop on stop /var/lib/kolla/venv/lib/python3.6/site-packages/neutron/service.py:141
2025-10-16 02:11:46.503 25 DEBUG neutron.service [-] calling stop on stop /var/lib/kolla/venv/lib/python3.6/site-packages/neutron/service.py:141
2025-10-16 02:11:46.521 25 DEBUG neutron.service [-] calling stop on stop /var/lib/kolla/venv/lib/python3.6/site-packages/neutron/service.py:141
2025-10-16 02:11:46.522 26 DEBUG oslo_concurrency.lockutils [req-76ccc99d-feb7-46ed-b588-c8835a2b1bf3 - - - - -] Acquired lock "singleton_lock" lock /var/lib/kolla/venv/lib/python3.6/site-packages/oslo_concurrency/lockutils.py:294
2025-10-16 02:11:46.522 26 DEBUG oslo_concurrency.lockutils [req-76ccc99d-feb7-46ed-b588-c8835a2b1bf3 - - - - -] Releasing lock "singleton_lock" lock /var/lib/kolla/venv/lib/python3.6/site-packages/oslo_concurrency/lockutils.py:312
2025-10-16 02:11:46.522 28 DEBUG oslo_concurrency.lockutils [req-76ccc99d-feb7-46ed-b588-c8835a2b1bf3 - - - - -] Acquired lock "singleton_lock" lock /var/lib/kolla/venv/lib/python3.6/site-packages/oslo_concurrency/lockutils.py:294
2025-10-16 02:11:46.522 26 DEBUG neutron.service [req-76ccc99d-feb7-46ed-b588-c8835a2b1bf3 - - - - -] calling RpcWorker wait() _wait /var/lib/kolla/venv/lib/python3.6/site-packages/neutron/service.py:128
2025-10-16 02:11:46.522 28 DEBUG oslo_concurrency.lockutils [req-76ccc99d-feb7-46ed-b588-c8835a2b1bf3 - - - - -] Releasing lock "singleton_lock" lock /var/lib/kolla/venv/lib/python3.6/site-packages/oslo_concurrency/lockutils.py:312
2025-10-16 02:11:46.523 26 DEBUG neutron.service [req-76ccc99d-feb7-46ed-b588-c8835a2b1bf3 - - - - -] calling wait on _wait /var/lib/kolla/venv/lib/python3.6/site-packages/neutron/service.py:131
2025-10-16 02:11:46.523 28 DEBUG neutron.service [req-76ccc99d-feb7-46ed-b588-c8835a2b1bf3 - - - - -] calling RpcWorker wait() _wait /var/lib/kolla/venv/lib/python3.6/site-packages/neutron/service.py:128
2025-10-16 02:11:46.523 28 DEBUG neutron.service [req-76ccc99d-feb7-46ed-b588-c8835a2b1bf3 - - - - -] calling wait on _wait /var/lib/kolla/venv/lib/python3.6/site-packages/neutron/service.py:131
2025-10-16 02:11:46.525 23 DEBUG neutron.service [-] calling stop on stop /var/lib/kolla/venv/lib/python3.6/site-packages/neutron/service.py:141
2025-10-16 02:11:46.526 29 DEBUG oslo_concurrency.lockutils [req-76ccc99d-feb7-46ed-b588-c8835a2b1bf3 - - - - -] Acquired lock "singleton_lock" lock /var/lib/kolla/venv/lib/python3.6/site-packages/oslo_concurrency/lockutils.py:294
2025-10-16 02:11:46.528 29 DEBUG oslo_concurrency.lockutils [req-76ccc99d-feb7-46ed-b588-c8835a2b1bf3 - - - - -] Releasing lock "singleton_lock" lock /var/lib/kolla/venv/lib/python3.6/site-packages/oslo_concurrency/lockutils.py:312
2025-10-16 02:11:46.528 29 DEBUG neutron.service [req-76ccc99d-feb7-46ed-b588-c8835a2b1bf3 - - - - -] calling RpcWorker wait() _wait /var/lib/kolla/venv/lib/python3.6/site-packages/neutron/service.py:128
2025-10-16 02:11:46.528 29 DEBUG neutron.service [req-76ccc99d-feb7-46ed-b588-c8835a2b1bf3 - - - - -] calling wait on _wait /var/lib/kolla/venv/lib/python3.6/site-packages/neutron/service.py:131
2025-10-16 02:11:46.527 24 DEBUG neutron.service [-] calling stop on stop /var/lib/kolla/venv/lib/python3.6/site-packages/neutron/service.py:141
2025-10-16 02:11:46.529 26 WARNING amqp [req-76ccc99d-feb7-46ed-b588-c8835a2b1bf3 - - - - -] Received method (60, 30) during closing channel 1. This method will be ignored
2025-10-16 02:11:46.530 26 DEBUG neutron.service [req-76ccc99d-feb7-46ed-b588-c8835a2b1bf3 - - - - -] returning from RpcWorker wait() _wait /var/lib/kolla/venv/lib/python3.6/site-packages/neutron/service.py:135
2025-10-16 02:11:46.532 28 WARNING amqp [req-76ccc99d-feb7-46ed-b588-c8835a2b1bf3 - - - - -] Received method (60, 30) during closing channel 1. This method will be ignored
2025-10-16 02:11:46.534 28 DEBUG neutron.service [req-76ccc99d-feb7-46ed-b588-c8835a2b1bf3 - - - - -] returning from RpcWorker wait() _wait /var/lib/kolla/venv/lib/python3.6/site-packages/neutron/service.py:135
2025-10-16 02:11:46.534 29 WARNING amqp [req-76ccc99d-feb7-46ed-b588-c8835a2b1bf3 - - - - -] Received method (60, 30) during closing channel 1. This method will be ignored
2025-10-16 02:11:46.536 29 DEBUG neutron.service [req-76ccc99d-feb7-46ed-b588-c8835a2b1bf3 - - - - -] returning from RpcWorker wait() _wait /var/lib/kolla/venv/lib/python3.6/site-packages/neutron/service.py:135
2025-10-16 02:11:46.537 7 INFO oslo_service.service [-] Child 26 exited with status 0
2025-10-16 02:11:46.542 7 INFO oslo_service.service [-] Child 29 exited with status 0
2025-10-16 02:11:46.547 7 INFO oslo_service.service [-] Child 28 exited with status 0
2025-10-16 02:11:46.556 27 DEBUG oslo_concurrency.lockutils [req-76ccc99d-feb7-46ed-b588-c8835a2b1bf3 - - - - -] Acquired lock "singleton_lock" lock /var/lib/kolla/venv/lib/python3.6/site-packages/oslo_concurrency/lockutils.py:294
2025-10-16 02:11:46.557 27 DEBUG oslo_concurrency.lockutils [req-76ccc99d-feb7-46ed-b588-c8835a2b1bf3 - - - - -] Releasing lock "singleton_lock" lock /var/lib/kolla/venv/lib/python3.6/site-packages/oslo_concurrency/lockutils.py:312
2025-10-16 02:11:46.557 27 DEBUG neutron.service [req-76ccc99d-feb7-46ed-b588-c8835a2b1bf3 - - - - -] calling RpcWorker wait() _wait /var/lib/kolla/venv/lib/python3.6/site-packages/neutron/service.py:128
2025-10-16 02:11:46.558 27 DEBUG neutron.service [req-76ccc99d-feb7-46ed-b588-c8835a2b1bf3 - - - - -] calling wait on _wait /var/lib/kolla/venv/lib/python3.6/site-packages/neutron/service.py:131
2025-10-16 02:11:46.565 27 WARNING amqp [req-76ccc99d-feb7-46ed-b588-c8835a2b1bf3 - - - - -] Received method (60, 30) during closing channel 1. This method will be ignored
2025-10-16 02:11:46.567 27 DEBUG neutron.service [req-76ccc99d-feb7-46ed-b588-c8835a2b1bf3 - - - - -] returning from RpcWorker wait() _wait /var/lib/kolla/venv/lib/python3.6/site-packages/neutron/service.py:135
2025-10-16 02:11:46.574 7 INFO oslo_service.service [-] Child 27 exited with status 0
2025-10-16 02:11:48.988 23 DEBUG neutron.service [-] calling stop on stop /var/lib/kolla/venv/lib/python3.6/site-packages/neutron/service.py:141
2025-10-16 02:11:48.995 25 DEBUG neutron.service [-] calling stop on stop /var/lib/kolla/venv/lib/python3.6/site-packages/neutron/service.py:141
2025-10-16 02:11:51.439 24 DEBUG neutron.service [-] calling stop on stop /var/lib/kolla/venv/lib/python3.6/site-packages/neutron/service.py:141
2025-10-16 02:11:51.581 23 DEBUG oslo_concurrency.lockutils [req-76ccc99d-feb7-46ed-b588-c8835a2b1bf3 - - - - -] Acquired lock "singleton_lock" lock /var/lib/kolla/venv/lib/python3.6/site-packages/oslo_concurrency/lockutils.py:294
2025-10-16 02:11:51.581 23 DEBUG oslo_concurrency.lockutils [req-76ccc99d-feb7-46ed-b588-c8835a2b1bf3 - - - - -] Releasing lock "singleton_lock" lock /var/lib/kolla/venv/lib/python3.6/site-packages/oslo_concurrency/lockutils.py:312
2025-10-16 02:11:51.581 23 DEBUG neutron.service [req-76ccc99d-feb7-46ed-b588-c8835a2b1bf3 - - - - -] calling RpcWorker wait() _wait /var/lib/kolla/venv/lib/python3.6/site-packages/neutron/service.py:128
2025-10-16 02:11:51.581 24 DEBUG oslo_concurrency.lockutils [req-76ccc99d-feb7-46ed-b588-c8835a2b1bf3 - - - - -] Acquired lock "singleton_lock" lock /var/lib/kolla/venv/lib/python3.6/site-packages/oslo_concurrency/lockutils.py:294
2025-10-16 02:11:51.582 23 DEBUG neutron.service [req-76ccc99d-feb7-46ed-b588-c8835a2b1bf3 - - - - -] calling wait on _wait /var/lib/kolla/venv/lib/python3.6/site-packages/neutron/service.py:131
2025-10-16 02:11:51.582 24 DEBUG oslo_concurrency.lockutils [req-76ccc99d-feb7-46ed-b588-c8835a2b1bf3 - - - - -] Releasing lock "singleton_lock" lock /var/lib/kolla/venv/lib/python3.6/site-packages/oslo_concurrency/lockutils.py:312
2025-10-16 02:11:51.582 24 DEBUG neutron.service [req-76ccc99d-feb7-46ed-b588-c8835a2b1bf3 - - - - -] calling RpcWorker wait() _wait /var/lib/kolla/venv/lib/python3.6/site-packages/neutron/service.py:128
2025-10-16 02:11:51.582 24 DEBUG neutron.service [req-76ccc99d-feb7-46ed-b588-c8835a2b1bf3 - - - - -] calling wait on _wait /var/lib/kolla/venv/lib/python3.6/site-packages/neutron/service.py:131
2025-10-16 02:11:51.583 25 DEBUG oslo_concurrency.lockutils [req-76ccc99d-feb7-46ed-b588-c8835a2b1bf3 - - - - -] Acquired lock "singleton_lock" lock /var/lib/kolla/venv/lib/python3.6/site-packages/oslo_concurrency/lockutils.py:294
2025-10-16 02:11:51.584 25 DEBUG oslo_concurrency.lockutils [req-76ccc99d-feb7-46ed-b588-c8835a2b1bf3 - - - - -] Releasing lock "singleton_lock" lock /var/lib/kolla/venv/lib/python3.6/site-packages/oslo_concurrency/lockutils.py:312
2025-10-16 02:11:51.585 25 DEBUG neutron.service [req-76ccc99d-feb7-46ed-b588-c8835a2b1bf3 - - - - -] calling RpcWorker wait() _wait /var/lib/kolla/venv/lib/python3.6/site-packages/neutron/service.py:128
2025-10-16 02:11:51.587 25 DEBUG neutron.service [req-76ccc99d-feb7-46ed-b588-c8835a2b1bf3 - - - - -] calling wait on _wait /var/lib/kolla/venv/lib/python3.6/site-packages/neutron/service.py:131
2025-10-16 02:11:51.588 23 WARNING amqp [req-76ccc99d-feb7-46ed-b588-c8835a2b1bf3 - - - - -] Received method (60, 30) during closing channel 1. This method will be ignored
2025-10-16 02:11:51.590 23 DEBUG neutron.service [req-76ccc99d-feb7-46ed-b588-c8835a2b1bf3 - - - - -] calling wait on _wait /var/lib/kolla/venv/lib/python3.6/site-packages/neutron/service.py:131
2025-10-16 02:11:51.592 24 WARNING amqp [req-76ccc99d-feb7-46ed-b588-c8835a2b1bf3 - - - - -] Received method (60, 30) during closing channel 1. This method will be ignored
2025-10-16 02:11:51.594 25 WARNING amqp [req-76ccc99d-feb7-46ed-b588-c8835a2b1bf3 - - - - -] Received method (60, 30) during closing channel 1. This method will be ignored
2025-10-16 02:11:51.595 24 DEBUG neutron.service [req-76ccc99d-feb7-46ed-b588-c8835a2b1bf3 - - - - -] calling wait on _wait /var/lib/kolla/venv/lib/python3.6/site-packages/neutron/service.py:131
2025-10-16 02:11:51.596 25 DEBUG neutron.service [req-76ccc99d-feb7-46ed-b588-c8835a2b1bf3 - - - - -] calling wait on _wait /var/lib/kolla/venv/lib/python3.6/site-packages/neutron/service.py:131
2025-10-16 02:11:51.600 23 WARNING amqp [req-76ccc99d-feb7-46ed-b588-c8835a2b1bf3 - - - - -] Received method (60, 30) during closing channel 1. This method will be ignored
2025-10-16 02:11:51.602 25 WARNING amqp [req-76ccc99d-feb7-46ed-b588-c8835a2b1bf3 - - - - -] Received method (60, 30) during closing channel 1. This method will be ignored
2025-10-16 02:11:51.603 25 DEBUG neutron.service [req-76ccc99d-feb7-46ed-b588-c8835a2b1bf3 - - - - -] calling wait on _wait /var/lib/kolla/venv/lib/python3.6/site-packages/neutron/service.py:131
2025-10-16 02:11:51.604 23 DEBUG neutron.service [req-76ccc99d-feb7-46ed-b588-c8835a2b1bf3 - - - - -] calling wait on _wait /var/lib/kolla/venv/lib/python3.6/site-packages/neutron/service.py:131
2025-10-16 02:11:51.605 24 WARNING amqp [req-76ccc99d-feb7-46ed-b588-c8835a2b1bf3 - - - - -] Received method (60, 30) during closing channel 1. This method will be ignored
2025-10-16 02:11:51.607 24 DEBUG neutron.service [req-76ccc99d-feb7-46ed-b588-c8835a2b1bf3 - - - - -] calling wait on _wait /var/lib/kolla/venv/lib/python3.6/site-packages/neutron/service.py:131
2025-10-16 02:11:51.609 25 WARNING amqp [req-76ccc99d-feb7-46ed-b588-c8835a2b1bf3 - - - - -] Received method (60, 30) during closing channel 1. This method will be ignored
2025-10-16 02:11:51.610 25 DEBUG neutron.service [req-76ccc99d-feb7-46ed-b588-c8835a2b1bf3 - - - - -] calling wait on _wait /var/lib/kolla/venv/lib/python3.6/site-packages/neutron/service.py:131
2025-10-16 02:11:51.612 24 WARNING amqp [req-76ccc99d-feb7-46ed-b588-c8835a2b1bf3 - - - - -] Received method (60, 30) during closing channel 1. This method will be ignored
2025-10-16 02:11:51.614 24 DEBUG neutron.service [req-76ccc99d-feb7-46ed-b588-c8835a2b1bf3 - - - - -] calling wait on _wait /var/lib/kolla/venv/lib/python3.6/site-packages/neutron/service.py:131
2025-10-16 02:11:51.616 23 WARNING amqp [req-76ccc99d-feb7-46ed-b588-c8835a2b1bf3 - - - - -] Received method (60, 30) during closing channel 1. This method will be ignored
2025-10-16 02:11:51.617 23 DEBUG neutron.service [req-76ccc99d-feb7-46ed-b588-c8835a2b1bf3 - - - - -] calling wait on _wait /var/lib/kolla/venv/lib/python3.6/site-packages/neutron/service.py:131
2025-10-16 02:11:51.619 25 WARNING amqp [req-76ccc99d-feb7-46ed-b588-c8835a2b1bf3 - - - - -] Received method (60, 30) during closing channel 1. This method will be ignored
2025-10-16 02:11:51.622 23 WARNING amqp [req-76ccc99d-feb7-46ed-b588-c8835a2b1bf3 - - - - -] Received method (60, 30) during closing channel 1. This method will be ignored
2025-10-16 02:11:51.621 25 DEBUG neutron.service [req-76ccc99d-feb7-46ed-b588-c8835a2b1bf3 - - - - -] returning from RpcWorker wait() _wait /var/lib/kolla/venv/lib/python3.6/site-packages/neutron/service.py:135
2025-10-16 02:11:51.624 23 DEBUG neutron.service [req-76ccc99d-feb7-46ed-b588-c8835a2b1bf3 - - - - -] returning from RpcWorker wait() _wait /var/lib/kolla/venv/lib/python3.6/site-packages/neutron/service.py:135
2025-10-16 02:11:51.625 24 WARNING amqp [req-76ccc99d-feb7-46ed-b588-c8835a2b1bf3 - - - - -] Received method (60, 30) during closing channel 1. This method will be ignored
2025-10-16 02:11:51.627 24 DEBUG neutron.service [req-76ccc99d-feb7-46ed-b588-c8835a2b1bf3 - - - - -] returning from RpcWorker wait() _wait /var/lib/kolla/venv/lib/python3.6/site-packages/neutron/service.py:135
2025-10-16 02:11:51.635 7 INFO oslo_service.service [-] Child 25 exited with status 0
2025-10-16 02:11:51.636 7 INFO oslo_service.service [-] Child 24 exited with status 0
2025-10-16 02:11:51.639 7 INFO oslo_service.service [-] Child 23 exited with status 0
2025-10-16 02:11:51.639 7 INFO oslo_service.service [-] Wait called after thread killed. Cleaning up.
2025-10-16 02:11:51.639 7 DEBUG oslo_service.service [-] Stop services. stop /var/lib/kolla/venv/lib/python3.6/site-packages/oslo_service/service.py:695
2025-10-16 02:11:51.640 7 DEBUG oslo_service.service [-] Killing children. stop /var/lib/kolla/venv/lib/python3.6/site-packages/oslo_service/service.py:700
2025-10-16 02:11:54.418 7 INFO neutron.common.config [-] Logging enabled!
2025-10-16 02:11:54.419 7 INFO neutron.common.config [-] /var/lib/kolla/venv/bin/neutron-server version 20.5.1.dev23
2025-10-16 02:11:54.419 7 DEBUG neutron.common.config [-] command line: /var/lib/kolla/venv/bin/neutron-server --config-file /etc/neutron/neutron.conf --config-file /etc/neutron/ContrailPlugin.ini --config-file /etc/neutron/api-paste.ini setup_logging /var/lib/kolla/venv/lib/python3.6/site-packages/neutron/common/config.py:115
2025-10-16 02:11:54.423 7 INFO neutron.common.config [-] Logging enabled!
2025-10-16 02:11:54.424 7 INFO neutron.common.config [-] /var/lib/kolla/venv/bin/neutron-server version 20.5.1.dev23
2025-10-16 02:11:54.424 7 DEBUG neutron.common.config [-] command line: /var/lib/kolla/venv/bin/neutron-server --config-file /etc/neutron/neutron.conf --config-file /etc/neutron/ContrailPlugin.ini --config-file /etc/neutron/api-paste.ini setup_logging /var/lib/kolla/venv/lib/python3.6/site-packages/neutron/common/config.py:115
2025-10-16 02:11:54.424 7 DEBUG neutron.common.config [-] ******************************************************************************** log_opt_values /var/lib/kolla/venv/lib/python3.6/site-packages/oslo_config/cfg.py:2589
2025-10-16 02:11:54.424 7 DEBUG neutron.common.config [-] Configuration options gathered from: log_opt_values /var/lib/kolla/venv/lib/python3.6/site-packages/oslo_config/cfg.py:2590
2025-10-16 02:11:54.424 7 DEBUG neutron.common.config [-] command line args: ['--config-file', '/etc/neutron/neutron.conf', '--config-file', '/etc/neutron/ContrailPlugin.ini', '--config-file', '/etc/neutron/api-paste.ini'] log_opt_values /var/lib/kolla/venv/lib/python3.6/site-packages/oslo_config/cfg.py:2591
2025-10-16 02:11:54.425 7 DEBUG neutron.common.config [-] config files: ['/etc/neutron/neutron.conf', '/etc/neutron/ContrailPlugin.ini', '/etc/neutron/api-paste.ini'] log_opt_values /var/lib/kolla/venv/lib/python3.6/site-packages/oslo_config/cfg.py:2593
