2025-10-13 01:35:37.357 64578 DEBUG oslo_service.service [-] clients_nova.insecure = None log_opt_values /usr/lib/python3/dist-packages/oslo_config/cfg.py:2609
2025-10-13 01:35:37.357 64578 DEBUG oslo_service.service [-] clients_nova.key_file = None log_opt_values /usr/lib/python3/dist-packages/oslo_config/cfg.py:2609
2025-10-13 01:35:37.358 64578 DEBUG oslo_service.service [-] clients_octavia.ca_file = None log_opt_values /usr/lib/python3/dist-packages/oslo_config/cfg.py:2609
2025-10-13 01:35:37.358 64578 DEBUG oslo_service.service [-] clients_octavia.cert_file = None log_opt_values /usr/lib/python3/dist-packages/oslo_config/cfg.py:2609
2025-10-13 01:35:37.358 64578 DEBUG oslo_service.service [-] clients_octavia.endpoint_type = None log_opt_values /usr/lib/python3/dist-packages/oslo_config/cfg.py:2609
2025-10-13 01:35:37.358 64578 DEBUG oslo_service.service [-] clients_octavia.insecure = None log_opt_values /usr/lib/python3/dist-packages/oslo_config/cfg.py:2609
2025-10-13 01:35:37.358 64578 DEBUG oslo_service.service [-] clients_octavia.key_file = None log_opt_values /usr/lib/python3/dist-packages/oslo_config/cfg.py:2609
2025-10-13 01:35:37.358 64578 DEBUG oslo_service.service [-] clients_sahara.ca_file = None log_opt_values /usr/lib/python3/dist-packages/oslo_config/cfg.py:2609
2025-10-13 01:35:37.358 64578 DEBUG oslo_service.service [-] clients_sahara.cert_file = None log_opt_values /usr/lib/python3/dist-packages/oslo_config/cfg.py:2609
2025-10-13 01:35:37.358 64578 DEBUG oslo_service.service [-] clients_sahara.endpoint_type = None log_opt_values /usr/lib/python3/dist-packages/oslo_config/cfg.py:2609
2025-10-13 01:35:37.359 64578 DEBUG oslo_service.service [-] clients_sahara.insecure = None log_opt_values /usr/lib/python3/dist-packages/oslo_config/cfg.py:2609
2025-10-13 01:35:37.359 64578 DEBUG oslo_service.service [-] clients_sahara.key_file = None log_opt_values /usr/lib/python3/dist-packages/oslo_config/cfg.py:2609
2025-10-13 01:35:37.359 64578 DEBUG oslo_service.service [-] clients_senlin.ca_file = None log_opt_values /usr/lib/python3/dist-packages/oslo_config/cfg.py:2609
2025-10-13 01:35:37.359 64578 DEBUG oslo_service.service [-] clients_senlin.cert_file = None log_opt_values /usr/lib/python3/dist-packages/oslo_config/cfg.py:2609
2025-10-13 01:35:37.359 64578 DEBUG oslo_service.service [-] clients_senlin.endpoint_type = None log_opt_values /usr/lib/python3/dist-packages/oslo_config/cfg.py:2609
2025-10-13 01:35:37.359 64578 DEBUG oslo_service.service [-] clients_senlin.insecure = None log_opt_values /usr/lib/python3/dist-packages/oslo_config/cfg.py:2609
2025-10-13 01:35:37.359 64578 DEBUG oslo_service.service [-] clients_senlin.key_file = None log_opt_values /usr/lib/python3/dist-packages/oslo_config/cfg.py:2609
2025-10-13 01:35:37.359 64578 DEBUG oslo_service.service [-] clients_swift.ca_file = None log_opt_values /usr/lib/python3/dist-packages/oslo_config/cfg.py:2609
2025-10-13 01:35:37.360 64578 DEBUG oslo_service.service [-] clients_swift.cert_file = None log_opt_values /usr/lib/python3/dist-packages/oslo_config/cfg.py:2609
2025-10-13 01:35:37.360 64578 DEBUG oslo_service.service [-] clients_swift.endpoint_type = None log_opt_values /usr/lib/python3/dist-packages/oslo_config/cfg.py:2609
2025-10-13 01:35:37.360 64578 DEBUG oslo_service.service [-] clients_swift.insecure = None log_opt_values /usr/lib/python3/dist-packages/oslo_config/cfg.py:2609
2025-10-13 01:35:37.360 64578 DEBUG oslo_service.service [-] clients_swift.key_file = None log_opt_values /usr/lib/python3/dist-packages/oslo_config/cfg.py:2609
2025-10-13 01:35:37.360 64578 DEBUG oslo_service.service [-] clients_trove.ca_file = None log_opt_values /usr/lib/python3/dist-packages/oslo_config/cfg.py:2609
2025-10-13 01:35:37.360 64578 DEBUG oslo_service.service [-] clients_trove.cert_file = None log_opt_values /usr/lib/python3/dist-packages/oslo_config/cfg.py:2609
2025-10-13 01:35:37.360 64578 DEBUG oslo_service.service [-] clients_trove.endpoint_type = None log_opt_values /usr/lib/python3/dist-packages/oslo_config/cfg.py:2609
2025-10-13 01:35:37.360 64578 DEBUG oslo_service.service [-] clients_trove.insecure = None log_opt_values /usr/lib/python3/dist-packages/oslo_config/cfg.py:2609
2025-10-13 01:35:37.360 64578 DEBUG oslo_service.service [-] clients_trove.key_file = None log_opt_values /usr/lib/python3/dist-packages/oslo_config/cfg.py:2609
2025-10-13 01:35:37.361 64578 DEBUG oslo_service.service [-] clients_vitrage.ca_file = None log_opt_values /usr/lib/python3/dist-packages/oslo_config/cfg.py:2609
2025-10-13 01:35:37.361 64578 DEBUG oslo_service.service [-] clients_vitrage.cert_file = None log_opt_values /usr/lib/python3/dist-packages/oslo_config/cfg.py:2609
2025-10-13 01:35:37.361 64578 DEBUG oslo_service.service [-] clients_vitrage.endpoint_type = None log_opt_values /usr/lib/python3/dist-packages/oslo_config/cfg.py:2609
2025-10-13 01:35:37.361 64578 DEBUG oslo_service.service [-] clients_vitrage.insecure = None log_opt_values /usr/lib/python3/dist-packages/oslo_config/cfg.py:2609
2025-10-13 01:35:37.361 64578 DEBUG oslo_service.service [-] clients_vitrage.key_file = None log_opt_values /usr/lib/python3/dist-packages/oslo_config/cfg.py:2609
2025-10-13 01:35:37.362 64578 DEBUG oslo_service.service [-] clients_zaqar.ca_file = None log_opt_values /usr/lib/python3/dist-packages/oslo_config/cfg.py:2609
2025-10-13 01:35:37.362 64578 DEBUG oslo_service.service [-] clients_zaqar.cert_file = None log_opt_values /usr/lib/python3/dist-packages/oslo_config/cfg.py:2609
2025-10-13 01:35:37.362 64578 DEBUG oslo_service.service [-] clients_zaqar.endpoint_type = None log_opt_values /usr/lib/python3/dist-packages/oslo_config/cfg.py:2609
2025-10-13 01:35:37.362 64578 DEBUG oslo_service.service [-] clients_zaqar.insecure = None log_opt_values /usr/lib/python3/dist-packages/oslo_config/cfg.py:2609
2025-10-13 01:35:37.362 64578 DEBUG oslo_service.service [-] clients_zaqar.key_file = None log_opt_values /usr/lib/python3/dist-packages/oslo_config/cfg.py:2609
2025-10-13 01:35:37.362 64578 DEBUG oslo_service.service [-] database.backend = sqlalchemy log_opt_values /usr/lib/python3/dist-packages/oslo_config/cfg.py:2609
2025-10-13 01:35:37.363 64578 DEBUG oslo_service.service [-] database.connection = **** log_opt_values /usr/lib/python3/dist-packages/oslo_config/cfg.py:2609
2025-10-13 01:35:37.363 64578 DEBUG oslo_service.service [-] database.connection_debug = 0 log_opt_values /usr/lib/python3/dist-packages/oslo_config/cfg.py:2609
2025-10-13 01:35:37.363 64578 DEBUG oslo_service.service [-] database.connection_parameters = log_opt_values /usr/lib/python3/dist-packages/oslo_config/cfg.py:2609
2025-10-13 01:35:37.363 64578 DEBUG oslo_service.service [-] database.connection_recycle_time = 3600 log_opt_values /usr/lib/python3/dist-packages/oslo_config/cfg.py:2609
2025-10-13 01:35:37.363 64578 DEBUG oslo_service.service [-] database.connection_trace = False log_opt_values /usr/lib/python3/dist-packages/oslo_config/cfg.py:2609
2025-10-13 01:35:37.363 64578 DEBUG oslo_service.service [-] database.db_inc_retry_interval = True log_opt_values /usr/lib/python3/dist-packages/oslo_config/cfg.py:2609
2025-10-13 01:35:37.363 64578 DEBUG oslo_service.service [-] database.db_max_retries = 20 log_opt_values /usr/lib/python3/dist-packages/oslo_config/cfg.py:2609
2025-10-13 01:35:37.364 64578 DEBUG oslo_service.service [-] database.db_max_retry_interval = 10 log_opt_values /usr/lib/python3/dist-packages/oslo_config/cfg.py:2609
2025-10-13 01:35:37.364 64578 DEBUG oslo_service.service [-] database.db_retry_interval = 1 log_opt_values /usr/lib/python3/dist-packages/oslo_config/cfg.py:2609
2025-10-13 01:35:37.364 64578 DEBUG oslo_service.service [-] database.max_overflow = 50 log_opt_values /usr/lib/python3/dist-packages/oslo_config/cfg.py:2609
2025-10-13 01:35:37.364 64578 DEBUG oslo_service.service [-] database.max_pool_size = 5 log_opt_values /usr/lib/python3/dist-packages/oslo_config/cfg.py:2609
2025-10-13 01:35:37.364 64578 DEBUG oslo_service.service [-] database.max_retries = 10 log_opt_values /usr/lib/python3/dist-packages/oslo_config/cfg.py:2609
2025-10-13 01:35:37.364 64578 DEBUG oslo_service.service [-] database.mysql_enable_ndb = False log_opt_values /usr/lib/python3/dist-packages/oslo_config/cfg.py:2609
2025-10-13 01:35:37.364 64578 DEBUG oslo_service.service [-] database.mysql_sql_mode = TRADITIONAL log_opt_values /usr/lib/python3/dist-packages/oslo_config/cfg.py:2609
2025-10-13 01:35:37.364 64578 DEBUG oslo_service.service [-] database.pool_timeout = None log_opt_values /usr/lib/python3/dist-packages/oslo_config/cfg.py:2609
2025-10-13 01:35:37.364 64578 DEBUG oslo_service.service [-] database.retry_interval = 10 log_opt_values /usr/lib/python3/dist-packages/oslo_config/cfg.py:2609
2025-10-13 01:35:37.365 64578 DEBUG oslo_service.service [-] database.slave_connection = **** log_opt_values /usr/lib/python3/dist-packages/oslo_config/cfg.py:2609
2025-10-13 01:35:37.365 64578 DEBUG oslo_service.service [-] database.sqlite_synchronous = True log_opt_values /usr/lib/python3/dist-packages/oslo_config/cfg.py:2609
2025-10-13 01:35:37.365 64578 DEBUG oslo_service.service [-] database.use_db_reconnect = False log_opt_values /usr/lib/python3/dist-packages/oslo_config/cfg.py:2609
2025-10-13 01:35:37.365 64578 DEBUG oslo_service.service [-] oslo_messaging_metrics.metrics_buffer_size = 1000 log_opt_values /usr/lib/python3/dist-packages/oslo_config/cfg.py:2609
2025-10-13 01:35:37.365 64578 DEBUG oslo_service.service [-] oslo_messaging_metrics.metrics_enabled = False log_opt_values /usr/lib/python3/dist-packages/oslo_config/cfg.py:2609
2025-10-13 01:35:37.365 64578 DEBUG oslo_service.service [-] oslo_messaging_metrics.metrics_process_name = log_opt_values /usr/lib/python3/dist-packages/oslo_config/cfg.py:2609
2025-10-13 01:35:37.365 64578 DEBUG oslo_service.service [-] oslo_messaging_metrics.metrics_socket_file = /var/tmp/metrics_collector.sock log_opt_values /usr/lib/python3/dist-packages/oslo_config/cfg.py:2609
2025-10-13 01:35:37.366 64578 DEBUG oslo_service.service [-] oslo_messaging_metrics.metrics_thread_stop_timeout = 10 log_opt_values /usr/lib/python3/dist-packages/oslo_config/cfg.py:2609
2025-10-13 01:35:37.366 64578 DEBUG oslo_service.service [-] oslo_policy.enforce_new_defaults = False log_opt_values /usr/lib/python3/dist-packages/oslo_config/cfg.py:2609
2025-10-13 01:35:37.366 64578 DEBUG oslo_service.service [-] oslo_policy.enforce_scope = False log_opt_values /usr/lib/python3/dist-packages/oslo_config/cfg.py:2609
2025-10-13 01:35:37.366 64578 DEBUG oslo_service.service [-] oslo_policy.policy_default_rule = default log_opt_values /usr/lib/python3/dist-packages/oslo_config/cfg.py:2609
2025-10-13 01:35:37.366 64578 DEBUG oslo_service.service [-] oslo_policy.policy_dirs = ['policy.d'] log_opt_values /usr/lib/python3/dist-packages/oslo_config/cfg.py:2609
2025-10-13 01:35:37.366 64578 DEBUG oslo_service.service [-] oslo_policy.policy_file = policy.yaml log_opt_values /usr/lib/python3/dist-packages/oslo_config/cfg.py:2609
2025-10-13 01:35:37.366 64578 DEBUG oslo_service.service [-] oslo_policy.remote_content_type = application/x-www-form-urlencoded log_opt_values /usr/lib/python3/dist-packages/oslo_config/cfg.py:2609
2025-10-13 01:35:37.367 64578 DEBUG oslo_service.service [-] oslo_policy.remote_ssl_ca_crt_file = None log_opt_values /usr/lib/python3/dist-packages/oslo_config/cfg.py:2609
2025-10-13 01:35:37.367 64578 DEBUG oslo_service.service [-] oslo_policy.remote_ssl_client_crt_file = None log_opt_values /usr/lib/python3/dist-packages/oslo_config/cfg.py:2609
2025-10-13 01:35:37.367 64578 DEBUG oslo_service.service [-] oslo_policy.remote_ssl_client_key_file = None log_opt_values /usr/lib/python3/dist-packages/oslo_config/cfg.py:2609
2025-10-13 01:35:37.367 64578 DEBUG oslo_service.service [-] oslo_policy.remote_ssl_verify_server_crt = False log_opt_values /usr/lib/python3/dist-packages/oslo_config/cfg.py:2609
2025-10-13 01:35:37.367 64578 DEBUG oslo_service.service [-] trustee.auth_section = None log_opt_values /usr/lib/python3/dist-packages/oslo_config/cfg.py:2609
2025-10-13 01:35:37.367 64578 WARNING oslo_config.cfg [-] Deprecated: Option "auth_plugin" from group "trustee" is deprecated. Use option "auth_type" from group "trustee".
2025-10-13 01:35:37.368 64578 DEBUG oslo_service.service [-] trustee.auth_type = password log_opt_values /usr/lib/python3/dist-packages/oslo_config/cfg.py:2609
2025-10-13 01:35:37.368 64578 DEBUG oslo_service.service [-] oslo_versionedobjects.fatal_exception_format_errors = False log_opt_values /usr/lib/python3/dist-packages/oslo_config/cfg.py:2609
2025-10-13 01:35:37.368 64578 DEBUG oslo_service.service [-] oslo_messaging_rabbit.amqp_auto_delete = False log_opt_values /usr/lib/python3/dist-packages/oslo_config/cfg.py:2609
2025-10-13 01:35:37.368 64578 DEBUG oslo_service.service [-] oslo_messaging_rabbit.amqp_durable_queues = False log_opt_values /usr/lib/python3/dist-packages/oslo_config/cfg.py:2609
2025-10-13 01:35:37.368 64578 DEBUG oslo_service.service [-] oslo_messaging_rabbit.conn_pool_min_size = 2 log_opt_values /usr/lib/python3/dist-packages/oslo_config/cfg.py:2609
2025-10-13 01:35:37.368 64578 DEBUG oslo_service.service [-] oslo_messaging_rabbit.conn_pool_ttl = 1200 log_opt_values /usr/lib/python3/dist-packages/oslo_config/cfg.py:2609
2025-10-13 01:35:37.369 64578 DEBUG oslo_service.service [-] oslo_messaging_rabbit.direct_mandatory_flag = True log_opt_values /usr/lib/python3/dist-packages/oslo_config/cfg.py:2609
2025-10-13 01:35:37.369 64578 DEBUG oslo_service.service [-] oslo_messaging_rabbit.enable_cancel_on_failover = False log_opt_values /usr/lib/python3/dist-packages/oslo_config/cfg.py:2609
2025-10-13 01:35:37.369 64578 DEBUG oslo_service.service [-] oslo_messaging_rabbit.heartbeat_in_pthread = False log_opt_values /usr/lib/python3/dist-packages/oslo_config/cfg.py:2609
2025-10-13 01:35:37.369 64578 DEBUG oslo_service.service [-] oslo_messaging_rabbit.heartbeat_rate = 2 log_opt_values /usr/lib/python3/dist-packages/oslo_config/cfg.py:2609
2025-10-13 01:35:37.369 64578 DEBUG oslo_service.service [-] oslo_messaging_rabbit.heartbeat_timeout_threshold = 60 log_opt_values /usr/lib/python3/dist-packages/oslo_config/cfg.py:2609
2025-10-13 01:35:37.370 64578 DEBUG oslo_service.service [-] oslo_messaging_rabbit.kombu_compression = None log_opt_values /usr/lib/python3/dist-packages/oslo_config/cfg.py:2609
2025-10-13 01:35:37.370 64578 DEBUG oslo_service.service [-] oslo_messaging_rabbit.kombu_failover_strategy = round-robin log_opt_values /usr/lib/python3/dist-packages/oslo_config/cfg.py:2609
2025-10-13 01:35:37.370 64578 DEBUG oslo_service.service [-] oslo_messaging_rabbit.kombu_missing_consumer_retry_timeout = 60 log_opt_values /usr/lib/python3/dist-packages/oslo_config/cfg.py:2609
2025-10-13 01:35:37.370 64578 DEBUG oslo_service.service [-] oslo_messaging_rabbit.kombu_reconnect_delay = 1.0 log_opt_values /usr/lib/python3/dist-packages/oslo_config/cfg.py:2609
2025-10-13 01:35:37.370 64578 DEBUG oslo_service.service [-] oslo_messaging_rabbit.rabbit_ha_queues = False log_opt_values /usr/lib/python3/dist-packages/oslo_config/cfg.py:2609
2025-10-13 01:35:37.370 64578 DEBUG oslo_service.service [-] oslo_messaging_rabbit.rabbit_interval_max = 30 log_opt_values /usr/lib/python3/dist-packages/oslo_config/cfg.py:2609
2025-10-13 01:35:37.370 64578 DEBUG oslo_service.service [-] oslo_messaging_rabbit.rabbit_login_method = AMQPLAIN log_opt_values /usr/lib/python3/dist-packages/oslo_config/cfg.py:2609
2025-10-13 01:35:37.370 64578 DEBUG oslo_service.service [-] oslo_messaging_rabbit.rabbit_qos_prefetch_count = 0 log_opt_values /usr/lib/python3/dist-packages/oslo_config/cfg.py:2609
2025-10-13 01:35:37.371 64578 DEBUG oslo_service.service [-] oslo_messaging_rabbit.rabbit_quorum_queue = False log_opt_values /usr/lib/python3/dist-packages/oslo_config/cfg.py:2609
2025-10-13 01:35:37.371 64578 DEBUG oslo_service.service [-] oslo_messaging_rabbit.rabbit_retry_backoff = 2 log_opt_values /usr/lib/python3/dist-packages/oslo_config/cfg.py:2609
2025-10-13 01:35:37.371 64578 DEBUG oslo_service.service [-] oslo_messaging_rabbit.rabbit_retry_interval = 1 log_opt_values /usr/lib/python3/dist-packages/oslo_config/cfg.py:2609
2025-10-13 01:35:37.371 64578 DEBUG oslo_service.service [-] oslo_messaging_rabbit.rabbit_transient_queues_ttl = 1800 log_opt_values /usr/lib/python3/dist-packages/oslo_config/cfg.py:2609
2025-10-13 01:35:37.371 64578 DEBUG oslo_service.service [-] oslo_messaging_rabbit.rpc_conn_pool_size = 30 log_opt_values /usr/lib/python3/dist-packages/oslo_config/cfg.py:2609
2025-10-13 01:35:37.371 64578 DEBUG oslo_service.service [-] oslo_messaging_rabbit.ssl = False log_opt_values /usr/lib/python3/dist-packages/oslo_config/cfg.py:2609
2025-10-13 01:35:37.371 64578 DEBUG oslo_service.service [-] oslo_messaging_rabbit.ssl_ca_file = log_opt_values /usr/lib/python3/dist-packages/oslo_config/cfg.py:2609
2025-10-13 01:35:37.372 64578 DEBUG oslo_service.service [-] oslo_messaging_rabbit.ssl_cert_file = log_opt_values /usr/lib/python3/dist-packages/oslo_config/cfg.py:2609
2025-10-13 01:35:37.372 64578 DEBUG oslo_service.service [-] oslo_messaging_rabbit.ssl_key_file = log_opt_values /usr/lib/python3/dist-packages/oslo_config/cfg.py:2609
2025-10-13 01:35:37.372 64578 DEBUG oslo_service.service [-] oslo_messaging_rabbit.ssl_version = log_opt_values /usr/lib/python3/dist-packages/oslo_config/cfg.py:2609
2025-10-13 01:35:37.372 64578 DEBUG oslo_service.service [-] oslo_messaging_notifications.driver = [] log_opt_values /usr/lib/python3/dist-packages/oslo_config/cfg.py:2609
2025-10-13 01:35:37.372 64578 DEBUG oslo_service.service [-] oslo_messaging_notifications.retry = -1 log_opt_values /usr/lib/python3/dist-packages/oslo_config/cfg.py:2609
2025-10-13 01:35:37.372 64578 DEBUG oslo_service.service [-] oslo_messaging_notifications.topics = ['notifications'] log_opt_values /usr/lib/python3/dist-packages/oslo_config/cfg.py:2609
2025-10-13 01:35:37.372 64578 DEBUG oslo_service.service [-] oslo_messaging_notifications.transport_url = **** log_opt_values /usr/lib/python3/dist-packages/oslo_config/cfg.py:2609
2025-10-13 01:35:37.373 64578 DEBUG oslo_service.service [-] cache.backend = dogpile.cache.null log_opt_values /usr/lib/python3/dist-packages/oslo_config/cfg.py:2609
2025-10-13 01:35:37.373 64578 DEBUG oslo_service.service [-] cache.backend_argument = **** log_opt_values /usr/lib/python3/dist-packages/oslo_config/cfg.py:2609
2025-10-13 01:35:37.373 64578 DEBUG oslo_service.service [-] cache.config_prefix = cache.oslo log_opt_values /usr/lib/python3/dist-packages/oslo_config/cfg.py:2609
2025-10-13 01:35:37.373 64578 DEBUG oslo_service.service [-] cache.debug_cache_backend = False log_opt_values /usr/lib/python3/dist-packages/oslo_config/cfg.py:2609
2025-10-13 01:35:37.373 64578 DEBUG oslo_service.service [-] cache.enabled = False log_opt_values /usr/lib/python3/dist-packages/oslo_config/cfg.py:2609
2025-10-13 01:35:37.373 64578 DEBUG oslo_service.service [-] cache.expiration_time = 600 log_opt_values /usr/lib/python3/dist-packages/oslo_config/cfg.py:2609
2025-10-13 01:35:37.373 64578 DEBUG oslo_service.service [-] cache.memcache_dead_retry = 300 log_opt_values /usr/lib/python3/dist-packages/oslo_config/cfg.py:2609
2025-10-13 01:35:37.374 64578 DEBUG oslo_service.service [-] cache.memcache_pool_connection_get_timeout = 10 log_opt_values /usr/lib/python3/dist-packages/oslo_config/cfg.py:2609
2025-10-13 01:35:37.374 64578 DEBUG oslo_service.service [-] cache.memcache_pool_flush_on_reconnect = False log_opt_values /usr/lib/python3/dist-packages/oslo_config/cfg.py:2609
2025-10-13 01:35:37.374 64578 DEBUG oslo_service.service [-] cache.memcache_pool_maxsize = 10 log_opt_values /usr/lib/python3/dist-packages/oslo_config/cfg.py:2609
2025-10-13 01:35:37.374 64578 DEBUG oslo_service.service [-] cache.memcache_pool_unused_timeout = 60 log_opt_values /usr/lib/python3/dist-packages/oslo_config/cfg.py:2609
2025-10-13 01:35:37.374 64578 DEBUG oslo_service.service [-] cache.memcache_servers = ['localhost:11211'] log_opt_values /usr/lib/python3/dist-packages/oslo_config/cfg.py:2609
2025-10-13 01:35:37.374 64578 DEBUG oslo_service.service [-] cache.memcache_socket_timeout = 1.0 log_opt_values /usr/lib/python3/dist-packages/oslo_config/cfg.py:2609
2025-10-13 01:35:37.374 64578 DEBUG oslo_service.service [-] cache.proxies = [] log_opt_values /usr/lib/python3/dist-packages/oslo_config/cfg.py:2609
2025-10-13 01:35:37.374 64578 DEBUG oslo_service.service [-] cache.tls_allowed_ciphers = None log_opt_values /usr/lib/python3/dist-packages/oslo_config/cfg.py:2609
2025-10-13 01:35:37.374 64578 DEBUG oslo_service.service [-] cache.tls_cafile = None log_opt_values /usr/lib/python3/dist-packages/oslo_config/cfg.py:2609
2025-10-13 01:35:37.375 64578 DEBUG oslo_service.service [-] cache.tls_certfile = None log_opt_values /usr/lib/python3/dist-packages/oslo_config/cfg.py:2609
2025-10-13 01:35:37.375 64578 DEBUG oslo_service.service [-] cache.tls_enabled = False log_opt_values /usr/lib/python3/dist-packages/oslo_config/cfg.py:2609
2025-10-13 01:35:37.375 64578 DEBUG oslo_service.service [-] cache.tls_keyfile = None log_opt_values /usr/lib/python3/dist-packages/oslo_config/cfg.py:2609
2025-10-13 01:35:37.375 64578 DEBUG oslo_service.service [-] constraint_validation_cache.caching = True log_opt_values /usr/lib/python3/dist-packages/oslo_config/cfg.py:2609
2025-10-13 01:35:37.375 64578 DEBUG oslo_service.service [-] constraint_validation_cache.expiration_time = 60 log_opt_values /usr/lib/python3/dist-packages/oslo_config/cfg.py:2609
2025-10-13 01:35:37.375 64578 DEBUG oslo_service.service [-] service_extension_cache.caching = True log_opt_values /usr/lib/python3/dist-packages/oslo_config/cfg.py:2609
2025-10-13 01:35:37.375 64578 DEBUG oslo_service.service [-] service_extension_cache.expiration_time = 3600 log_opt_values /usr/lib/python3/dist-packages/oslo_config/cfg.py:2609
2025-10-13 01:35:37.376 64578 DEBUG oslo_service.service [-] resource_finder_cache.caching = True log_opt_values /usr/lib/python3/dist-packages/oslo_config/cfg.py:2609
2025-10-13 01:35:37.376 64578 DEBUG oslo_service.service [-] resource_finder_cache.expiration_time = 3600 log_opt_values /usr/lib/python3/dist-packages/oslo_config/cfg.py:2609
2025-10-13 01:35:37.376 64578 DEBUG oslo_service.service [-] yaql.limit_iterators = 200 log_opt_values /usr/lib/python3/dist-packages/oslo_config/cfg.py:2609
2025-10-13 01:35:37.376 64578 DEBUG oslo_service.service [-] yaql.memory_quota = 10000 log_opt_values /usr/lib/python3/dist-packages/oslo_config/cfg.py:2609
2025-10-13 01:35:37.376 64578 DEBUG oslo_service.service [-] ******************************************************************************** log_opt_values /usr/lib/python3/dist-packages/oslo_config/cfg.py:2613
2025-10-13 01:35:37.412 64807 DEBUG oslo_db.sqlalchemy.engines [req-f724ee58-b63f-42cc-80f5-3d2fcb9ea8c0 - - - - -] MySQL server mode set to STRICT_TRANS_TABLES,STRICT_ALL_TABLES,NO_ZERO_IN_DATE,NO_ZERO_DATE,ERROR_FOR_DIVISION_BY_ZERO,TRADITIONAL,NO_ENGINE_SUBSTITUTION _check_effective_sql_mode /usr/lib/python3/dist-packages/oslo_db/sqlalchemy/engines.py:314
2025-10-13 01:35:37.420 64805 DEBUG oslo_db.sqlalchemy.engines [req-c44bcb70-5b20-49e6-9428-03f30efc4d7b - - - - -] MySQL server mode set to STRICT_TRANS_TABLES,STRICT_ALL_TABLES,NO_ZERO_IN_DATE,NO_ZERO_DATE,ERROR_FOR_DIVISION_BY_ZERO,TRADITIONAL,NO_ENGINE_SUBSTITUTION _check_effective_sql_mode /usr/lib/python3/dist-packages/oslo_db/sqlalchemy/engines.py:314
2025-10-13 01:35:37.438 64806 DEBUG oslo_db.sqlalchemy.engines [req-27e3609c-41fc-4de6-bb9b-439fc44f5dd4 - - - - -] MySQL server mode set to STRICT_TRANS_TABLES,STRICT_ALL_TABLES,NO_ZERO_IN_DATE,NO_ZERO_DATE,ERROR_FOR_DIVISION_BY_ZERO,TRADITIONAL,NO_ENGINE_SUBSTITUTION _check_effective_sql_mode /usr/lib/python3/dist-packages/oslo_db/sqlalchemy/engines.py:314
2025-10-13 01:35:37.447 64808 DEBUG oslo_db.sqlalchemy.engines [req-aaabe196-b5b6-4e8f-8bf9-199564f252a1 - - - - -] MySQL server mode set to STRICT_TRANS_TABLES,STRICT_ALL_TABLES,NO_ZERO_IN_DATE,NO_ZERO_DATE,ERROR_FOR_DIVISION_BY_ZERO,TRADITIONAL,NO_ENGINE_SUBSTITUTION _check_effective_sql_mode /usr/lib/python3/dist-packages/oslo_db/sqlalchemy/engines.py:314
2025-10-13 01:35:37.468 64805 DEBUG heat.engine.service [req-c44bcb70-5b20-49e6-9428-03f30efc4d7b - - - - -] Service 02909b2b-774d-48b0-8f84-1d7f2c565e62 was aborted service_manage_cleanup /usr/lib/python3/dist-packages/heat/engine/service.py:2391
2025-10-13 01:35:37.492 64805 DEBUG heat.engine.service [req-c44bcb70-5b20-49e6-9428-03f30efc4d7b - - - - -] Service 04c65e23-fe0a-41da-b230-8abc7c9ee2fd was aborted service_manage_cleanup /usr/lib/python3/dist-packages/heat/engine/service.py:2391
2025-10-13 01:35:37.499 64806 DEBUG heat.engine.service [req-27e3609c-41fc-4de6-bb9b-439fc44f5dd4 - - - - -] Service 04c65e23-fe0a-41da-b230-8abc7c9ee2fd was aborted service_manage_cleanup /usr/lib/python3/dist-packages/heat/engine/service.py:2391
2025-10-13 01:35:37.501 64807 DEBUG heat.engine.service [req-f724ee58-b63f-42cc-80f5-3d2fcb9ea8c0 - - - - -] Service 02909b2b-774d-48b0-8f84-1d7f2c565e62 was aborted service_manage_cleanup /usr/lib/python3/dist-packages/heat/engine/service.py:2391
2025-10-13 01:35:37.503 64808 DEBUG heat.engine.service [req-aaabe196-b5b6-4e8f-8bf9-199564f252a1 - - - - -] Service 04c65e23-fe0a-41da-b230-8abc7c9ee2fd was aborted service_manage_cleanup /usr/lib/python3/dist-packages/heat/engine/service.py:2391
2025-10-13 01:35:37.507 64805 DEBUG heat.engine.service [req-c44bcb70-5b20-49e6-9428-03f30efc4d7b - - - - -] Service 0ad0840b-8ac0-40a0-be1b-c3d2bdfeefb3 was aborted service_manage_cleanup /usr/lib/python3/dist-packages/heat/engine/service.py:2391
2025-10-13 01:35:37.517 64806 DEBUG heat.engine.service [req-27e3609c-41fc-4de6-bb9b-439fc44f5dd4 - - - - -] Service 0ad0840b-8ac0-40a0-be1b-c3d2bdfeefb3 was aborted service_manage_cleanup /usr/lib/python3/dist-packages/heat/engine/service.py:2391
2025-10-13 01:35:37.519 64808 DEBUG heat.engine.service [req-aaabe196-b5b6-4e8f-8bf9-199564f252a1 - - - - -] Service 0ad0840b-8ac0-40a0-be1b-c3d2bdfeefb3 was aborted service_manage_cleanup /usr/lib/python3/dist-packages/heat/engine/service.py:2391
2025-10-13 01:35:37.522 64807 DEBUG heat.engine.service [req-f724ee58-b63f-42cc-80f5-3d2fcb9ea8c0 - - - - -] Service 04c65e23-fe0a-41da-b230-8abc7c9ee2fd was aborted service_manage_cleanup /usr/lib/python3/dist-packages/heat/engine/service.py:2391
2025-10-13 01:35:37.523 64805 DEBUG heat.engine.service [req-c44bcb70-5b20-49e6-9428-03f30efc4d7b - - - - -] Service 16792c79-697f-40b8-8143-927c3f3e1ed0 was aborted service_manage_cleanup /usr/lib/python3/dist-packages/heat/engine/service.py:2391
2025-10-13 01:35:37.525 64806 DEBUG heat.engine.service [req-27e3609c-41fc-4de6-bb9b-439fc44f5dd4 - - - - -] Service 16792c79-697f-40b8-8143-927c3f3e1ed0 was aborted service_manage_cleanup /usr/lib/python3/dist-packages/heat/engine/service.py:2391
2025-10-13 01:35:37.527 64808 DEBUG heat.engine.service [req-aaabe196-b5b6-4e8f-8bf9-199564f252a1 - - - - -] Service 16792c79-697f-40b8-8143-927c3f3e1ed0 was aborted service_manage_cleanup /usr/lib/python3/dist-packages/heat/engine/service.py:2391
2025-10-13 01:35:37.528 64807 DEBUG heat.engine.service [req-f724ee58-b63f-42cc-80f5-3d2fcb9ea8c0 - - - - -] Service 0ad0840b-8ac0-40a0-be1b-c3d2bdfeefb3 was aborted service_manage_cleanup /usr/lib/python3/dist-packages/heat/engine/service.py:2391
2025-10-13 01:35:37.534 64807 DEBUG heat.engine.service [req-f724ee58-b63f-42cc-80f5-3d2fcb9ea8c0 - - - - -] Service 16792c79-697f-40b8-8143-927c3f3e1ed0 was aborted service_manage_cleanup /usr/lib/python3/dist-packages/heat/engine/service.py:2391
2025-10-13 01:35:37.539 64805 DEBUG heat.engine.service [req-c44bcb70-5b20-49e6-9428-03f30efc4d7b - - - - -] Service 175b02f9-863e-499e-bcd3-8bce45eefc8a was aborted service_manage_cleanup /usr/lib/python3/dist-packages/heat/engine/service.py:2391
2025-10-13 01:35:37.540 64806 DEBUG heat.engine.service [req-27e3609c-41fc-4de6-bb9b-439fc44f5dd4 - - - - -] Service 175b02f9-863e-499e-bcd3-8bce45eefc8a was aborted service_manage_cleanup /usr/lib/python3/dist-packages/heat/engine/service.py:2391
2025-10-13 01:35:37.540 64808 DEBUG heat.engine.service [req-aaabe196-b5b6-4e8f-8bf9-199564f252a1 - - - - -] Service 175b02f9-863e-499e-bcd3-8bce45eefc8a was aborted service_manage_cleanup /usr/lib/python3/dist-packages/heat/engine/service.py:2391
2025-10-13 01:35:37.541 64807 DEBUG heat.engine.service [req-f724ee58-b63f-42cc-80f5-3d2fcb9ea8c0 - - - - -] Service 175b02f9-863e-499e-bcd3-8bce45eefc8a was aborted service_manage_cleanup /usr/lib/python3/dist-packages/heat/engine/service.py:2391
2025-10-13 01:35:37.549 64805 DEBUG heat.engine.service [req-c44bcb70-5b20-49e6-9428-03f30efc4d7b - - - - -] Service 83356ce3-fd9b-412f-b146-7aed66da20d9 was aborted service_manage_cleanup /usr/lib/python3/dist-packages/heat/engine/service.py:2391
2025-10-13 01:35:37.550 64806 DEBUG heat.engine.service [req-27e3609c-41fc-4de6-bb9b-439fc44f5dd4 - - - - -] Service 83356ce3-fd9b-412f-b146-7aed66da20d9 was aborted service_manage_cleanup /usr/lib/python3/dist-packages/heat/engine/service.py:2391
2025-10-13 01:35:37.551 64808 DEBUG heat.engine.service [req-aaabe196-b5b6-4e8f-8bf9-199564f252a1 - - - - -] Service 83356ce3-fd9b-412f-b146-7aed66da20d9 was aborted service_manage_cleanup /usr/lib/python3/dist-packages/heat/engine/service.py:2391
2025-10-13 01:35:37.553 64807 DEBUG heat.engine.service [req-f724ee58-b63f-42cc-80f5-3d2fcb9ea8c0 - - - - -] Service 83356ce3-fd9b-412f-b146-7aed66da20d9 was aborted service_manage_cleanup /usr/lib/python3/dist-packages/heat/engine/service.py:2391
2025-10-13 01:35:37.569 64805 DEBUG heat.engine.service [req-c44bcb70-5b20-49e6-9428-03f30efc4d7b - - - - -] Service 88afe1ae-fbad-4d0d-b5de-ba4518944161 was aborted service_manage_cleanup /usr/lib/python3/dist-packages/heat/engine/service.py:2391
2025-10-13 01:35:37.570 64806 DEBUG heat.engine.service [req-27e3609c-41fc-4de6-bb9b-439fc44f5dd4 - - - - -] Service 88afe1ae-fbad-4d0d-b5de-ba4518944161 was aborted service_manage_cleanup /usr/lib/python3/dist-packages/heat/engine/service.py:2391
2025-10-13 01:35:37.571 64807 DEBUG heat.engine.service [req-f724ee58-b63f-42cc-80f5-3d2fcb9ea8c0 - - - - -] Service 88afe1ae-fbad-4d0d-b5de-ba4518944161 was aborted service_manage_cleanup /usr/lib/python3/dist-packages/heat/engine/service.py:2391
2025-10-13 01:35:37.572 64808 DEBUG heat.engine.service [req-aaabe196-b5b6-4e8f-8bf9-199564f252a1 - - - - -] Service 88afe1ae-fbad-4d0d-b5de-ba4518944161 was aborted service_manage_cleanup /usr/lib/python3/dist-packages/heat/engine/service.py:2391
2025-10-13 01:35:37.582 64805 DEBUG heat.engine.service [req-c44bcb70-5b20-49e6-9428-03f30efc4d7b - - - - -] Service a89efb83-8a8b-49c2-9301-cc0e5cc925b3 was aborted service_manage_cleanup /usr/lib/python3/dist-packages/heat/engine/service.py:2391
2025-10-13 01:35:37.583 64806 DEBUG heat.engine.service [req-27e3609c-41fc-4de6-bb9b-439fc44f5dd4 - - - - -] Service a89efb83-8a8b-49c2-9301-cc0e5cc925b3 was aborted service_manage_cleanup /usr/lib/python3/dist-packages/heat/engine/service.py:2391
2025-10-13 01:35:37.584 64808 DEBUG heat.engine.service [req-aaabe196-b5b6-4e8f-8bf9-199564f252a1 - - - - -] Service a89efb83-8a8b-49c2-9301-cc0e5cc925b3 was aborted service_manage_cleanup /usr/lib/python3/dist-packages/heat/engine/service.py:2391
2025-10-13 01:35:37.585 64807 DEBUG heat.engine.service [req-f724ee58-b63f-42cc-80f5-3d2fcb9ea8c0 - - - - -] Service a89efb83-8a8b-49c2-9301-cc0e5cc925b3 was aborted service_manage_cleanup /usr/lib/python3/dist-packages/heat/engine/service.py:2391
2025-10-13 01:35:37.596 64805 DEBUG heat.engine.service [req-c44bcb70-5b20-49e6-9428-03f30efc4d7b - - - - -] Service b5a90f04-7929-4baf-a148-e57ad9f21cdb was aborted service_manage_cleanup /usr/lib/python3/dist-packages/heat/engine/service.py:2391
2025-10-13 01:35:37.597 64808 DEBUG heat.engine.service [req-aaabe196-b5b6-4e8f-8bf9-199564f252a1 - - - - -] Service b5a90f04-7929-4baf-a148-e57ad9f21cdb was aborted service_manage_cleanup /usr/lib/python3/dist-packages/heat/engine/service.py:2391
2025-10-13 01:35:37.598 64806 DEBUG heat.engine.service [req-27e3609c-41fc-4de6-bb9b-439fc44f5dd4 - - - - -] Service b5a90f04-7929-4baf-a148-e57ad9f21cdb was aborted service_manage_cleanup /usr/lib/python3/dist-packages/heat/engine/service.py:2391
2025-10-13 01:35:37.599 64807 DEBUG heat.engine.service [req-f724ee58-b63f-42cc-80f5-3d2fcb9ea8c0 - - - - -] Service b5a90f04-7929-4baf-a148-e57ad9f21cdb was aborted service_manage_cleanup /usr/lib/python3/dist-packages/heat/engine/service.py:2391
2025-10-13 01:35:37.609 64805 DEBUG heat.engine.service [req-c44bcb70-5b20-49e6-9428-03f30efc4d7b - - - - -] Service b9326193-d517-483c-ab49-8eb8af27e1c1 was aborted service_manage_cleanup /usr/lib/python3/dist-packages/heat/engine/service.py:2391
2025-10-13 01:35:37.610 64808 DEBUG heat.engine.service [req-aaabe196-b5b6-4e8f-8bf9-199564f252a1 - - - - -] Service b9326193-d517-483c-ab49-8eb8af27e1c1 was aborted service_manage_cleanup /usr/lib/python3/dist-packages/heat/engine/service.py:2391
2025-10-13 01:35:37.611 64807 DEBUG heat.engine.service [req-f724ee58-b63f-42cc-80f5-3d2fcb9ea8c0 - - - - -] Service b9326193-d517-483c-ab49-8eb8af27e1c1 was aborted service_manage_cleanup /usr/lib/python3/dist-packages/heat/engine/service.py:2391
2025-10-13 01:35:37.613 64806 DEBUG heat.engine.service [req-27e3609c-41fc-4de6-bb9b-439fc44f5dd4 - - - - -] Service b9326193-d517-483c-ab49-8eb8af27e1c1 was aborted service_manage_cleanup /usr/lib/python3/dist-packages/heat/engine/service.py:2391
2025-10-13 01:35:37.623 64805 DEBUG heat.engine.service [req-c44bcb70-5b20-49e6-9428-03f30efc4d7b - - - - -] Service c23f6e51-1889-4cf0-9557-8150e76039b4 was aborted service_manage_cleanup /usr/lib/python3/dist-packages/heat/engine/service.py:2391
2025-10-13 01:35:37.624 64808 DEBUG heat.engine.service [req-aaabe196-b5b6-4e8f-8bf9-199564f252a1 - - - - -] Service c23f6e51-1889-4cf0-9557-8150e76039b4 was aborted service_manage_cleanup /usr/lib/python3/dist-packages/heat/engine/service.py:2391
2025-10-13 01:35:37.625 64807 DEBUG heat.engine.service [req-f724ee58-b63f-42cc-80f5-3d2fcb9ea8c0 - - - - -] Service c23f6e51-1889-4cf0-9557-8150e76039b4 was aborted service_manage_cleanup /usr/lib/python3/dist-packages/heat/engine/service.py:2391
2025-10-13 01:35:37.626 64806 DEBUG heat.engine.service [req-27e3609c-41fc-4de6-bb9b-439fc44f5dd4 - - - - -] Service c23f6e51-1889-4cf0-9557-8150e76039b4 was aborted service_manage_cleanup /usr/lib/python3/dist-packages/heat/engine/service.py:2391
2025-10-13 01:35:37.637 64805 DEBUG heat.engine.service [req-c44bcb70-5b20-49e6-9428-03f30efc4d7b - - - - -] Service c5e5f5a6-13e6-4a9b-966c-d0ecba008ab3 was aborted service_manage_cleanup /usr/lib/python3/dist-packages/heat/engine/service.py:2391
2025-10-13 01:35:37.638 64808 DEBUG heat.engine.service [req-aaabe196-b5b6-4e8f-8bf9-199564f252a1 - - - - -] Service c5e5f5a6-13e6-4a9b-966c-d0ecba008ab3 was aborted service_manage_cleanup /usr/lib/python3/dist-packages/heat/engine/service.py:2391
2025-10-13 01:35:37.639 64807 DEBUG heat.engine.service [req-f724ee58-b63f-42cc-80f5-3d2fcb9ea8c0 - - - - -] Service c5e5f5a6-13e6-4a9b-966c-d0ecba008ab3 was aborted service_manage_cleanup /usr/lib/python3/dist-packages/heat/engine/service.py:2391
2025-10-13 01:35:37.639 64806 DEBUG heat.engine.service [req-27e3609c-41fc-4de6-bb9b-439fc44f5dd4 - - - - -] Service c5e5f5a6-13e6-4a9b-966c-d0ecba008ab3 was aborted service_manage_cleanup /usr/lib/python3/dist-packages/heat/engine/service.py:2391
2025-10-13 01:35:37.673 64805 DEBUG heat.engine.service [req-aa051bec-24e8-4c4b-9f0d-86e139cae821 - - - - -] Service b7d31d41-3866-4215-a0cd-caa58d5106c2 is started service_manage_report /usr/lib/python3/dist-packages/heat/engine/service.py:2363
2025-10-13 01:35:37.675 64808 DEBUG heat.engine.service [req-d68a761d-e866-4a4e-be67-1fbffe31c513 - - - - -] Service b7a088cb-b078-4011-9bbe-8bd00e73791a is started service_manage_report /usr/lib/python3/dist-packages/heat/engine/service.py:2363
2025-10-13 01:35:37.676 64807 DEBUG heat.engine.service [req-9c4159c9-c445-4ba1-9f45-d71268cd10c6 - - - - -] Service 6ae44b71-adae-4af0-acdb-f76ca55ffbe5 is started service_manage_report /usr/lib/python3/dist-packages/heat/engine/service.py:2363
2025-10-13 01:35:37.683 64806 DEBUG heat.engine.service [req-f8622e2e-8c98-49b3-ad51-ad5c57fed810 - - - - -] Service 4466ca5c-6a4e-4e56-b8b3-e216db69701c is started service_manage_report /usr/lib/python3/dist-packages/heat/engine/service.py:2363
2025-10-13 01:35:37.687 64808 DEBUG heat.engine.service [req-d68a761d-e866-4a4e-be67-1fbffe31c513 - - - - -] Service b7a088cb-b078-4011-9bbe-8bd00e73791a is updated service_manage_report /usr/lib/python3/dist-packages/heat/engine/service.py:2370
2025-10-13 01:35:37.697 64805 DEBUG heat.engine.service [req-aa051bec-24e8-4c4b-9f0d-86e139cae821 - - - - -] Service b7d31d41-3866-4215-a0cd-caa58d5106c2 is updated service_manage_report /usr/lib/python3/dist-packages/heat/engine/service.py:2370
2025-10-13 01:35:37.698 64806 DEBUG heat.engine.service [req-f8622e2e-8c98-49b3-ad51-ad5c57fed810 - - - - -] Service 4466ca5c-6a4e-4e56-b8b3-e216db69701c is updated service_manage_report /usr/lib/python3/dist-packages/heat/engine/service.py:2370
2025-10-13 01:35:37.698 64807 DEBUG heat.engine.service [req-9c4159c9-c445-4ba1-9f45-d71268cd10c6 - - - - -] Service 6ae44b71-adae-4af0-acdb-f76ca55ffbe5 is updated service_manage_report /usr/lib/python3/dist-packages/heat/engine/service.py:2370
2025-10-13 01:36:37.660 64805 DEBUG heat.engine.service [req-ff44de4c-3b98-443a-b071-b78f3cd004a5 - - - - -] Service b7d31d41-3866-4215-a0cd-caa58d5106c2 is updated service_manage_report /usr/lib/python3/dist-packages/heat/engine/service.py:2370
2025-10-13 01:36:37.663 64808 DEBUG heat.engine.service [req-0d150afd-fac0-4fca-9e2a-f6e6a380a51e - - - - -] Service b7a088cb-b078-4011-9bbe-8bd00e73791a is updated service_manage_report /usr/lib/python3/dist-packages/heat/engine/service.py:2370
2025-10-13 01:36:37.674 64807 DEBUG heat.engine.service [req-c68eccdd-3588-4c81-a6e2-78c3cb187dff - - - - -] Service 6ae44b71-adae-4af0-acdb-f76ca55ffbe5 is updated service_manage_report /usr/lib/python3/dist-packages/heat/engine/service.py:2370
2025-10-13 01:36:37.675 64806 DEBUG heat.engine.service [req-a6b40755-1ae5-40e9-a514-8d06f8a11d2d - - - - -] Service 4466ca5c-6a4e-4e56-b8b3-e216db69701c is updated service_manage_report /usr/lib/python3/dist-packages/heat/engine/service.py:2370
2025-10-13 01:37:00.366 64806 DEBUG heat.engine.service [-] Attempting to stop engine service... _stop_rpc_server /usr/lib/python3/dist-packages/heat/engine/service.py:437
2025-10-13 01:37:00.366 64807 DEBUG heat.engine.service [-] Attempting to stop engine service... _stop_rpc_server /usr/lib/python3/dist-packages/heat/engine/service.py:437
2025-10-13 01:37:00.367 64805 DEBUG heat.engine.service [-] Attempting to stop engine service... _stop_rpc_server /usr/lib/python3/dist-packages/heat/engine/service.py:437
2025-10-13 01:37:00.366 64808 DEBUG heat.engine.service [-] Attempting to stop engine service... _stop_rpc_server /usr/lib/python3/dist-packages/heat/engine/service.py:437
2025-10-13 01:37:00.378 64578 INFO oslo_service.service [-] Caught SIGTERM, stopping children
2025-10-13 01:37:00.379 64578 DEBUG oslo_concurrency.lockutils [-] Acquired lock "singleton_lock" lock /usr/lib/python3/dist-packages/oslo_concurrency/lockutils.py:294
2025-10-13 01:37:00.379 64578 DEBUG oslo_concurrency.lockutils [-] Releasing lock "singleton_lock" lock /usr/lib/python3/dist-packages/oslo_concurrency/lockutils.py:312
2025-10-13 01:37:00.380 64578 DEBUG oslo_service.service [-] Stop services. stop /usr/lib/python3/dist-packages/oslo_service/service.py:695
2025-10-13 01:37:00.380 64578 INFO heat.engine.service [-] All threads were gone, terminating engine
2025-10-13 01:37:00.380 64578 DEBUG oslo_service.service [-] Killing children. stop /usr/lib/python3/dist-packages/oslo_service/service.py:700
2025-10-13 01:37:00.395 64578 INFO oslo_service.service [-] Waiting on 4 children to exit
2025-10-13 01:37:00.395 64578 INFO oslo_service.service [-] Child 64805 killed by signal 15
2025-10-13 01:37:00.396 64578 INFO oslo_service.service [-] Child 64806 killed by signal 15
2025-10-13 01:37:00.396 64578 INFO oslo_service.service [-] Child 64808 killed by signal 15
2025-10-13 01:37:00.397 64578 INFO oslo_service.service [-] Child 64807 killed by signal 15
2025-10-13 01:37:02.591 67613 DEBUG oslo_concurrency.lockutils [-] Lock "context-manager" acquired by "neutron_lib.db.api._create_context_manager" :: waited 0.000s inner /usr/lib/python3/dist-packages/oslo_concurrency/lockutils.py:386
2025-10-13 01:37:02.592 67613 DEBUG oslo_concurrency.lockutils [-] Lock "context-manager" "released" by "neutron_lib.db.api._create_context_manager" :: held 0.001s inner /usr/lib/python3/dist-packages/oslo_concurrency/lockutils.py:400
2025-10-13 01:37:04.867 67613 WARNING heat.engine.environment [-] OS::Aodh::Alarm is DEPRECATED. Theshold alarm relies on ceilometer-api and has been deprecated in aodh since Ocata. Use OS::Aodh::GnocchiAggregationByResourcesAlarm instead.
2025-10-13 01:37:04.867 67613 WARNING heat.engine.environment [-] OS::Aodh::CombinationAlarm is HIDDEN. OS::Aodh::CombinationAlarm is deprecated and has been removed from Aodh, use OS::Aodh::CompositeAlarm instead.
2025-10-13 01:37:04.867 67613 WARNING heat.engine.environment [-] OS::Designate::Domain is HIDDEN. This resource has been removed, use OS::Designate::Zone instead.
2025-10-13 01:37:04.868 67613 WARNING heat.engine.environment [-] OS::Designate::Record is HIDDEN. This resource has been removed, use OS::Designate::RecordSet instead.
2025-10-13 01:37:04.868 67613 WARNING heat.engine.environment [-] OS::Glance::Image is DEPRECATED. Creating a Glance Image based on an existing URL location requires the Glance v1 API, which is deprecated.
2025-10-13 01:37:04.868 67613 WARNING heat.engine.environment [-] OS::Heat::HARestarter is HIDDEN. The HARestarter resource type has been removed. Existing stacks containing HARestarter resources can still be used, but the HARestarter resource will be a placeholder that does nothing.
2025-10-13 01:37:04.868 67613 WARNING heat.engine.environment [-] OS::Heat::SoftwareDeployments is HIDDEN. Please use OS::Heat::SoftwareDeploymentGroup instead.
2025-10-13 01:37:04.868 67613 WARNING heat.engine.environment [-] OS::Heat::StructuredDeployments is HIDDEN. Please use OS::Heat::StructuredDeploymentGroup instead.
2025-10-13 01:37:04.869 67613 WARNING heat.engine.environment [-] OS::Magnum::Bay is HIDDEN. Please use OS::Magnum::Cluster instead.
2025-10-13 01:37:04.869 67613 WARNING heat.engine.environment [-] OS::Magnum::BayModel is HIDDEN. Please use OS::Magnum::ClusterTemplate instead.
2025-10-13 01:37:04.869 67613 WARNING heat.engine.environment [-] OS::Neutron::ExtraRoute is UNSUPPORTED. Use this resource at your own risk.
2025-10-13 01:37:04.869 67613 WARNING heat.engine.environment [-] OS::Neutron::HealthMonitor is HIDDEN. Use LBaaS V2 instead.
2025-10-13 01:37:04.869 67613 WARNING heat.engine.environment [-] OS::Neutron::Pool is HIDDEN. Use LBaaS V2 instead.
2025-10-13 01:37:04.869 67613 WARNING heat.engine.environment [-] OS::Neutron::PoolMember is HIDDEN. Use LBaaS V2 instead.
2025-10-13 01:37:04.869 67613 WARNING heat.engine.environment [-] OS::Neutron::LoadBalancer is HIDDEN. Use LBaaS V2 instead.
2025-10-13 01:37:04.870 67613 WARNING heat.engine.environment [-] OS::Neutron::RouterGateway is HIDDEN. Use the `external_gateway_info` property in the router resource to set up the gateway.
2025-10-13 01:37:04.870 67613 WARNING heat.engine.environment [-] OS::Nova::FloatingIP is HIDDEN. Please use OS::Neutron::FloatingIP instead.
2025-10-13 01:37:04.870 67613 WARNING heat.engine.environment [-] OS::Nova::FloatingIPAssociation is HIDDEN. Please use OS::Neutron::FloatingIPAssociation instead.
2025-10-13 01:37:04.872 67613 INFO heat.engine.environment [-] Loading /etc/heat/environment.d/default.yaml
2025-10-13 01:37:04.873 67613 INFO heat.engine.environment [-] Registered: [Plugin](User:False) AWS::AutoScaling::AutoScalingGroup ->
2025-10-13 01:37:04.873 67613 INFO heat.engine.environment [-] Registered: [Plugin](User:False) AWS::AutoScaling::LaunchConfiguration ->
2025-10-13 01:37:04.873 67613 INFO heat.engine.environment [-] Registered: [Plugin](User:False) AWS::AutoScaling::ScalingPolicy ->
2025-10-13 01:37:04.873 67613 INFO heat.engine.environment [-] Registered: [Plugin](User:False) AWS::CloudFormation::Stack ->
2025-10-13 01:37:04.873 67613 INFO heat.engine.environment [-] Registered: [Plugin](User:False) AWS::CloudFormation::WaitCondition ->
2025-10-13 01:37:04.874 67613 INFO heat.engine.environment [-] Registered: [Plugin](User:False) AWS::CloudFormation::WaitConditionHandle ->
2025-10-13 01:37:04.874 67613 INFO heat.engine.environment [-] Registered: [Plugin](User:False) AWS::EC2::EIP ->
2025-10-13 01:37:04.874 67613 INFO heat.engine.environment [-] Registered: [Plugin](User:False) AWS::EC2::EIPAssociation ->
2025-10-13 01:37:04.874 67613 INFO heat.engine.environment [-] Registered: [Plugin](User:False) AWS::EC2::Instance ->
2025-10-13 01:37:04.874 67613 INFO heat.engine.environment [-] Registered: [Plugin](User:False) AWS::EC2::InternetGateway ->
2025-10-13 01:37:04.874 67613 INFO heat.engine.environment [-] Registered: [Plugin](User:False) AWS::EC2::VPCGatewayAttachment ->
2025-10-13 01:37:04.874 67613 INFO heat.engine.environment [-] Registered: [Plugin](User:False) AWS::EC2::NetworkInterface ->
2025-10-13 01:37:04.874 67613 INFO heat.engine.environment [-] Registered: [Plugin](User:False) AWS::EC2::RouteTable ->
2025-10-13 01:37:04.874 67613 INFO heat.engine.environment [-] Registered: [Plugin](User:False) AWS::EC2::SubnetRouteTableAssociation ->
2025-10-13 01:37:04.874 67613 INFO heat.engine.environment [-] Registered: [Plugin](User:False) AWS::EC2::SecurityGroup ->
2025-10-13 01:37:04.874 67613 INFO heat.engine.environment [-] Registered: [Plugin](User:False) AWS::EC2::Subnet ->
2025-10-13 01:37:04.874 67613 INFO heat.engine.environment [-] Registered: [Plugin](User:False) AWS::EC2::Volume ->
2025-10-13 01:37:04.875 67613 INFO heat.engine.environment [-] Registered: [Plugin](User:False) AWS::EC2::VolumeAttachment ->
2025-10-13 01:37:04.875 67613 INFO heat.engine.environment [-] Registered: [Plugin](User:False) AWS::EC2::VPC ->
2025-10-13 01:37:04.875 67613 INFO heat.engine.environment [-] Registered: [Plugin](User:False) AWS::IAM::User ->
2025-10-13 01:37:04.875 67613 INFO heat.engine.environment [-] Registered: [Plugin](User:False) AWS::IAM::AccessKey ->
2025-10-13 01:37:04.875 67613 INFO heat.engine.environment [-] Registered: [Plugin](User:False) AWS::ElasticLoadBalancing::LoadBalancer ->
2025-10-13 01:37:04.875 67613 INFO heat.engine.environment [-] Registered: [Plugin](User:False) AWS::S3::Bucket ->
2025-10-13 01:37:04.875 67613 INFO heat.engine.environment [-] Registered: [Plugin](User:False) OS::Aodh::Alarm ->
2025-10-13 01:37:04.875 67613 INFO heat.engine.environment [-] Registered: [Plugin](User:False) OS::Aodh::CombinationAlarm ->
2025-10-13 01:37:04.875 67613 INFO heat.engine.environment [-] Registered: [Plugin](User:False) OS::Aodh::EventAlarm ->
2025-10-13 01:37:04.875 67613 INFO heat.engine.environment [-] Registered: [Plugin](User:False) OS::Aodh::LBMemberHealthAlarm ->
2025-10-13 01:37:04.875 67613 INFO heat.engine.environment [-] Registered: [Plugin](User:False) OS::Aodh::CompositeAlarm ->
2025-10-13 01:37:04.875 67613 INFO heat.engine.environment [-] Registered: [Plugin](User:False) OS::Aodh::GnocchiResourcesAlarm ->
2025-10-13 01:37:04.876 67613 INFO heat.engine.environment [-] Registered: [Plugin](User:False) OS::Aodh::GnocchiAggregationByMetricsAlarm ->
2025-10-13 01:37:04.876 67613 INFO heat.engine.environment [-] Registered: [Plugin](User:False) OS::Aodh::GnocchiAggregationByResourcesAlarm ->
2025-10-13 01:37:04.876 67613 INFO heat.engine.environment [-] Registered: [Plugin](User:False) OS::Barbican::GenericContainer ->
2025-10-13 01:37:04.876 67613 INFO heat.engine.environment [-] Registered: [Plugin](User:False) OS::Barbican::CertificateContainer ->
2025-10-13 01:37:04.876 67613 INFO heat.engine.environment [-] Registered: [Plugin](User:False) OS::Barbican::RSAContainer ->
2025-10-13 01:37:04.876 67613 INFO heat.engine.environment [-] Registered: [Plugin](User:False) OS::Barbican::Order ->
2025-10-13 01:37:04.876 67613 INFO heat.engine.environment [-] Registered: [Plugin](User:False) OS::Barbican::Secret ->
2025-10-13 01:37:04.876 67613 INFO heat.engine.environment [-] Registered: [Plugin](User:False) OS::Blazar::Host ->
2025-10-13 01:37:04.876 67613 INFO heat.engine.environment [-] Registered: [Plugin](User:False) OS::Blazar::Lease ->
2025-10-13 01:37:04.876 67613 INFO heat.engine.environment [-] Registered: [Plugin](User:False) OS::Cinder::EncryptedVolumeType ->
2025-10-13 01:37:04.876 67613 INFO heat.engine.environment [-] Registered: [Plugin](User:False) OS::Cinder::QoSSpecs ->
2025-10-13 01:37:04.876 67613 INFO heat.engine.environment [-] Registered: [Plugin](User:False) OS::Cinder::QoSAssociation ->
2025-10-13 01:37:04.877 67613 INFO heat.engine.environment [-] Registered: [Plugin](User:False) OS::Cinder::Quota ->
2025-10-13 01:37:04.877 67613 INFO heat.engine.environment [-] Registered: [Plugin](User:False) OS::Cinder::Volume ->
2025-10-13 01:37:04.877 67613 INFO heat.engine.environment [-] Registered: [Plugin](User:False) OS::Cinder::VolumeAttachment ->
2025-10-13 01:37:04.877 67613 INFO heat.engine.environment [-] Registered: [Plugin](User:False) OS::Cinder::VolumeType ->
2025-10-13 01:37:04.877 67613 INFO heat.engine.environment [-] Registered: [Plugin](User:False) OS::Designate::Domain ->
