2025-10-13 01:38:19.268 69205 DEBUG oslo_service.service [-] oslo_messaging_metrics.metrics_thread_stop_timeout = 10 log_opt_values /usr/lib/python3/dist-packages/oslo_config/cfg.py:2609
2025-10-13 01:38:19.268 69205 DEBUG oslo_service.service [-] oslo_policy.enforce_new_defaults = False log_opt_values /usr/lib/python3/dist-packages/oslo_config/cfg.py:2609
2025-10-13 01:38:19.268 69205 DEBUG oslo_service.service [-] oslo_policy.enforce_scope = False log_opt_values /usr/lib/python3/dist-packages/oslo_config/cfg.py:2609
2025-10-13 01:38:19.268 69205 DEBUG oslo_service.service [-] oslo_policy.policy_default_rule = default log_opt_values /usr/lib/python3/dist-packages/oslo_config/cfg.py:2609
2025-10-13 01:38:19.269 69205 DEBUG oslo_service.service [-] oslo_policy.policy_dirs = ['policy.d'] log_opt_values /usr/lib/python3/dist-packages/oslo_config/cfg.py:2609
2025-10-13 01:38:19.269 69205 DEBUG oslo_service.service [-] oslo_policy.policy_file = policy.yaml log_opt_values /usr/lib/python3/dist-packages/oslo_config/cfg.py:2609
2025-10-13 01:38:19.269 69205 DEBUG oslo_service.service [-] oslo_policy.remote_content_type = application/x-www-form-urlencoded log_opt_values /usr/lib/python3/dist-packages/oslo_config/cfg.py:2609
2025-10-13 01:38:19.269 69205 DEBUG oslo_service.service [-] oslo_policy.remote_ssl_ca_crt_file = None log_opt_values /usr/lib/python3/dist-packages/oslo_config/cfg.py:2609
2025-10-13 01:38:19.270 69205 DEBUG oslo_service.service [-] oslo_policy.remote_ssl_client_crt_file = None log_opt_values /usr/lib/python3/dist-packages/oslo_config/cfg.py:2609
2025-10-13 01:38:19.270 69205 DEBUG oslo_service.service [-] oslo_policy.remote_ssl_client_key_file = None log_opt_values /usr/lib/python3/dist-packages/oslo_config/cfg.py:2609
2025-10-13 01:38:19.270 69205 DEBUG oslo_service.service [-] oslo_policy.remote_ssl_verify_server_crt = False log_opt_values /usr/lib/python3/dist-packages/oslo_config/cfg.py:2609
2025-10-13 01:38:19.270 69205 DEBUG oslo_service.service [-] trustee.auth_section = None log_opt_values /usr/lib/python3/dist-packages/oslo_config/cfg.py:2609
2025-10-13 01:38:19.271 69205 WARNING oslo_config.cfg [-] Deprecated: Option "auth_plugin" from group "trustee" is deprecated. Use option "auth_type" from group "trustee".
2025-10-13 01:38:19.271 69205 DEBUG oslo_service.service [-] trustee.auth_type = password log_opt_values /usr/lib/python3/dist-packages/oslo_config/cfg.py:2609
2025-10-13 01:38:19.271 69205 DEBUG oslo_service.service [-] oslo_versionedobjects.fatal_exception_format_errors = False log_opt_values /usr/lib/python3/dist-packages/oslo_config/cfg.py:2609
2025-10-13 01:38:19.271 69205 DEBUG oslo_service.service [-] oslo_messaging_rabbit.amqp_auto_delete = False log_opt_values /usr/lib/python3/dist-packages/oslo_config/cfg.py:2609
2025-10-13 01:38:19.272 69205 DEBUG oslo_service.service [-] oslo_messaging_rabbit.amqp_durable_queues = False log_opt_values /usr/lib/python3/dist-packages/oslo_config/cfg.py:2609
2025-10-13 01:38:19.272 69205 DEBUG oslo_service.service [-] oslo_messaging_rabbit.conn_pool_min_size = 2 log_opt_values /usr/lib/python3/dist-packages/oslo_config/cfg.py:2609
2025-10-13 01:38:19.272 69205 DEBUG oslo_service.service [-] oslo_messaging_rabbit.conn_pool_ttl = 1200 log_opt_values /usr/lib/python3/dist-packages/oslo_config/cfg.py:2609
2025-10-13 01:38:19.272 69205 DEBUG oslo_service.service [-] oslo_messaging_rabbit.direct_mandatory_flag = True log_opt_values /usr/lib/python3/dist-packages/oslo_config/cfg.py:2609
2025-10-13 01:38:19.272 69205 DEBUG oslo_service.service [-] oslo_messaging_rabbit.enable_cancel_on_failover = False log_opt_values /usr/lib/python3/dist-packages/oslo_config/cfg.py:2609
2025-10-13 01:38:19.273 69205 DEBUG oslo_service.service [-] oslo_messaging_rabbit.heartbeat_in_pthread = False log_opt_values /usr/lib/python3/dist-packages/oslo_config/cfg.py:2609
2025-10-13 01:38:19.273 69205 DEBUG oslo_service.service [-] oslo_messaging_rabbit.heartbeat_rate = 2 log_opt_values /usr/lib/python3/dist-packages/oslo_config/cfg.py:2609
2025-10-13 01:38:19.273 69205 DEBUG oslo_service.service [-] oslo_messaging_rabbit.heartbeat_timeout_threshold = 60 log_opt_values /usr/lib/python3/dist-packages/oslo_config/cfg.py:2609
2025-10-13 01:38:19.273 69205 DEBUG oslo_service.service [-] oslo_messaging_rabbit.kombu_compression = None log_opt_values /usr/lib/python3/dist-packages/oslo_config/cfg.py:2609
2025-10-13 01:38:19.273 69205 DEBUG oslo_service.service [-] oslo_messaging_rabbit.kombu_failover_strategy = round-robin log_opt_values /usr/lib/python3/dist-packages/oslo_config/cfg.py:2609
2025-10-13 01:38:19.274 69205 DEBUG oslo_service.service [-] oslo_messaging_rabbit.kombu_missing_consumer_retry_timeout = 60 log_opt_values /usr/lib/python3/dist-packages/oslo_config/cfg.py:2609
2025-10-13 01:38:19.274 69205 DEBUG oslo_service.service [-] oslo_messaging_rabbit.kombu_reconnect_delay = 1.0 log_opt_values /usr/lib/python3/dist-packages/oslo_config/cfg.py:2609
2025-10-13 01:38:19.274 69205 DEBUG oslo_service.service [-] oslo_messaging_rabbit.rabbit_ha_queues = False log_opt_values /usr/lib/python3/dist-packages/oslo_config/cfg.py:2609
2025-10-13 01:38:19.274 69205 DEBUG oslo_service.service [-] oslo_messaging_rabbit.rabbit_interval_max = 30 log_opt_values /usr/lib/python3/dist-packages/oslo_config/cfg.py:2609
2025-10-13 01:38:19.274 69205 DEBUG oslo_service.service [-] oslo_messaging_rabbit.rabbit_login_method = AMQPLAIN log_opt_values /usr/lib/python3/dist-packages/oslo_config/cfg.py:2609
2025-10-13 01:38:19.275 69205 DEBUG oslo_service.service [-] oslo_messaging_rabbit.rabbit_qos_prefetch_count = 0 log_opt_values /usr/lib/python3/dist-packages/oslo_config/cfg.py:2609
2025-10-13 01:38:19.275 69205 DEBUG oslo_service.service [-] oslo_messaging_rabbit.rabbit_quorum_queue = False log_opt_values /usr/lib/python3/dist-packages/oslo_config/cfg.py:2609
2025-10-13 01:38:19.275 69205 DEBUG oslo_service.service [-] oslo_messaging_rabbit.rabbit_retry_backoff = 2 log_opt_values /usr/lib/python3/dist-packages/oslo_config/cfg.py:2609
2025-10-13 01:38:19.275 69205 DEBUG oslo_service.service [-] oslo_messaging_rabbit.rabbit_retry_interval = 1 log_opt_values /usr/lib/python3/dist-packages/oslo_config/cfg.py:2609
2025-10-13 01:38:19.275 69205 DEBUG oslo_service.service [-] oslo_messaging_rabbit.rabbit_transient_queues_ttl = 1800 log_opt_values /usr/lib/python3/dist-packages/oslo_config/cfg.py:2609
2025-10-13 01:38:19.276 69205 DEBUG oslo_service.service [-] oslo_messaging_rabbit.rpc_conn_pool_size = 30 log_opt_values /usr/lib/python3/dist-packages/oslo_config/cfg.py:2609
2025-10-13 01:38:19.277 69205 DEBUG oslo_service.service [-] oslo_messaging_rabbit.ssl = False log_opt_values /usr/lib/python3/dist-packages/oslo_config/cfg.py:2609
2025-10-13 01:38:19.277 69205 DEBUG oslo_service.service [-] oslo_messaging_rabbit.ssl_ca_file = log_opt_values /usr/lib/python3/dist-packages/oslo_config/cfg.py:2609
2025-10-13 01:38:19.277 69205 DEBUG oslo_service.service [-] oslo_messaging_rabbit.ssl_cert_file = log_opt_values /usr/lib/python3/dist-packages/oslo_config/cfg.py:2609
2025-10-13 01:38:19.277 69205 DEBUG oslo_service.service [-] oslo_messaging_rabbit.ssl_key_file = log_opt_values /usr/lib/python3/dist-packages/oslo_config/cfg.py:2609
2025-10-13 01:38:19.278 69205 DEBUG oslo_service.service [-] oslo_messaging_rabbit.ssl_version = log_opt_values /usr/lib/python3/dist-packages/oslo_config/cfg.py:2609
2025-10-13 01:38:19.278 69205 DEBUG oslo_service.service [-] oslo_messaging_notifications.driver = [] log_opt_values /usr/lib/python3/dist-packages/oslo_config/cfg.py:2609
2025-10-13 01:38:19.278 69205 DEBUG oslo_service.service [-] oslo_messaging_notifications.retry = -1 log_opt_values /usr/lib/python3/dist-packages/oslo_config/cfg.py:2609
2025-10-13 01:38:19.278 69205 DEBUG oslo_service.service [-] oslo_messaging_notifications.topics = ['notifications'] log_opt_values /usr/lib/python3/dist-packages/oslo_config/cfg.py:2609
2025-10-13 01:38:19.279 69205 DEBUG oslo_service.service [-] oslo_messaging_notifications.transport_url = **** log_opt_values /usr/lib/python3/dist-packages/oslo_config/cfg.py:2609
2025-10-13 01:38:19.279 69205 DEBUG oslo_service.service [-] cache.backend = dogpile.cache.null log_opt_values /usr/lib/python3/dist-packages/oslo_config/cfg.py:2609
2025-10-13 01:38:19.279 69205 DEBUG oslo_service.service [-] cache.backend_argument = **** log_opt_values /usr/lib/python3/dist-packages/oslo_config/cfg.py:2609
2025-10-13 01:38:19.280 69205 DEBUG oslo_service.service [-] cache.config_prefix = cache.oslo log_opt_values /usr/lib/python3/dist-packages/oslo_config/cfg.py:2609
2025-10-13 01:38:19.280 69205 DEBUG oslo_service.service [-] cache.debug_cache_backend = False log_opt_values /usr/lib/python3/dist-packages/oslo_config/cfg.py:2609
2025-10-13 01:38:19.280 69205 DEBUG oslo_service.service [-] cache.enabled = False log_opt_values /usr/lib/python3/dist-packages/oslo_config/cfg.py:2609
2025-10-13 01:38:19.280 69205 DEBUG oslo_service.service [-] cache.expiration_time = 600 log_opt_values /usr/lib/python3/dist-packages/oslo_config/cfg.py:2609
2025-10-13 01:38:19.281 69205 DEBUG oslo_service.service [-] cache.memcache_dead_retry = 300 log_opt_values /usr/lib/python3/dist-packages/oslo_config/cfg.py:2609
2025-10-13 01:38:19.281 69205 DEBUG oslo_service.service [-] cache.memcache_pool_connection_get_timeout = 10 log_opt_values /usr/lib/python3/dist-packages/oslo_config/cfg.py:2609
2025-10-13 01:38:19.281 69205 DEBUG oslo_service.service [-] cache.memcache_pool_flush_on_reconnect = False log_opt_values /usr/lib/python3/dist-packages/oslo_config/cfg.py:2609
2025-10-13 01:38:19.282 69205 DEBUG oslo_service.service [-] cache.memcache_pool_maxsize = 10 log_opt_values /usr/lib/python3/dist-packages/oslo_config/cfg.py:2609
2025-10-13 01:38:19.282 69205 DEBUG oslo_service.service [-] cache.memcache_pool_unused_timeout = 60 log_opt_values /usr/lib/python3/dist-packages/oslo_config/cfg.py:2609
2025-10-13 01:38:19.283 69205 DEBUG oslo_service.service [-] cache.memcache_servers = ['localhost:11211'] log_opt_values /usr/lib/python3/dist-packages/oslo_config/cfg.py:2609
2025-10-13 01:38:19.283 69205 DEBUG oslo_service.service [-] cache.memcache_socket_timeout = 1.0 log_opt_values /usr/lib/python3/dist-packages/oslo_config/cfg.py:2609
2025-10-13 01:38:19.283 69205 DEBUG oslo_service.service [-] cache.proxies = [] log_opt_values /usr/lib/python3/dist-packages/oslo_config/cfg.py:2609
2025-10-13 01:38:19.283 69205 DEBUG oslo_service.service [-] cache.tls_allowed_ciphers = None log_opt_values /usr/lib/python3/dist-packages/oslo_config/cfg.py:2609
2025-10-13 01:38:19.284 69205 DEBUG oslo_service.service [-] cache.tls_cafile = None log_opt_values /usr/lib/python3/dist-packages/oslo_config/cfg.py:2609
2025-10-13 01:38:19.284 69205 DEBUG oslo_service.service [-] cache.tls_certfile = None log_opt_values /usr/lib/python3/dist-packages/oslo_config/cfg.py:2609
2025-10-13 01:38:19.284 69205 DEBUG oslo_service.service [-] cache.tls_enabled = False log_opt_values /usr/lib/python3/dist-packages/oslo_config/cfg.py:2609
2025-10-13 01:38:19.284 69205 DEBUG oslo_service.service [-] cache.tls_keyfile = None log_opt_values /usr/lib/python3/dist-packages/oslo_config/cfg.py:2609
2025-10-13 01:38:19.284 69205 DEBUG oslo_service.service [-] constraint_validation_cache.caching = True log_opt_values /usr/lib/python3/dist-packages/oslo_config/cfg.py:2609
2025-10-13 01:38:19.285 69205 DEBUG oslo_service.service [-] constraint_validation_cache.expiration_time = 60 log_opt_values /usr/lib/python3/dist-packages/oslo_config/cfg.py:2609
2025-10-13 01:38:19.285 69205 DEBUG oslo_service.service [-] service_extension_cache.caching = True log_opt_values /usr/lib/python3/dist-packages/oslo_config/cfg.py:2609
2025-10-13 01:38:19.285 69205 DEBUG oslo_service.service [-] service_extension_cache.expiration_time = 3600 log_opt_values /usr/lib/python3/dist-packages/oslo_config/cfg.py:2609
2025-10-13 01:38:19.285 69205 DEBUG oslo_service.service [-] resource_finder_cache.caching = True log_opt_values /usr/lib/python3/dist-packages/oslo_config/cfg.py:2609
2025-10-13 01:38:19.285 69205 DEBUG oslo_service.service [-] resource_finder_cache.expiration_time = 3600 log_opt_values /usr/lib/python3/dist-packages/oslo_config/cfg.py:2609
2025-10-13 01:38:19.286 69205 DEBUG oslo_service.service [-] yaql.limit_iterators = 200 log_opt_values /usr/lib/python3/dist-packages/oslo_config/cfg.py:2609
2025-10-13 01:38:19.286 69205 DEBUG oslo_service.service [-] yaql.memory_quota = 10000 log_opt_values /usr/lib/python3/dist-packages/oslo_config/cfg.py:2609
2025-10-13 01:38:19.286 69205 DEBUG oslo_service.service [-] ******************************************************************************** log_opt_values /usr/lib/python3/dist-packages/oslo_config/cfg.py:2613
2025-10-13 01:38:19.327 69433 DEBUG oslo_db.sqlalchemy.engines [req-44f4a7b0-cc79-41c6-b3fd-06e2ce983571 - - - - -] MySQL server mode set to STRICT_TRANS_TABLES,STRICT_ALL_TABLES,NO_ZERO_IN_DATE,NO_ZERO_DATE,ERROR_FOR_DIVISION_BY_ZERO,TRADITIONAL,NO_ENGINE_SUBSTITUTION _check_effective_sql_mode /usr/lib/python3/dist-packages/oslo_db/sqlalchemy/engines.py:314
2025-10-13 01:38:19.337 69435 DEBUG oslo_db.sqlalchemy.engines [req-6e7de589-1216-4c46-97fb-f98cc90d8d04 - - - - -] MySQL server mode set to STRICT_TRANS_TABLES,STRICT_ALL_TABLES,NO_ZERO_IN_DATE,NO_ZERO_DATE,ERROR_FOR_DIVISION_BY_ZERO,TRADITIONAL,NO_ENGINE_SUBSTITUTION _check_effective_sql_mode /usr/lib/python3/dist-packages/oslo_db/sqlalchemy/engines.py:314
2025-10-13 01:38:19.345 69434 DEBUG oslo_db.sqlalchemy.engines [req-3fd565db-d2eb-4e2c-966e-091b687a6578 - - - - -] MySQL server mode set to STRICT_TRANS_TABLES,STRICT_ALL_TABLES,NO_ZERO_IN_DATE,NO_ZERO_DATE,ERROR_FOR_DIVISION_BY_ZERO,TRADITIONAL,NO_ENGINE_SUBSTITUTION _check_effective_sql_mode /usr/lib/python3/dist-packages/oslo_db/sqlalchemy/engines.py:314
2025-10-13 01:38:19.356 69436 DEBUG oslo_db.sqlalchemy.engines [req-56dcc6a0-7695-4860-a21a-ef6c9cdb843b - - - - -] MySQL server mode set to STRICT_TRANS_TABLES,STRICT_ALL_TABLES,NO_ZERO_IN_DATE,NO_ZERO_DATE,ERROR_FOR_DIVISION_BY_ZERO,TRADITIONAL,NO_ENGINE_SUBSTITUTION _check_effective_sql_mode /usr/lib/python3/dist-packages/oslo_db/sqlalchemy/engines.py:314
2025-10-13 01:38:19.377 69433 DEBUG heat.engine.service [req-44f4a7b0-cc79-41c6-b3fd-06e2ce983571 - - - - -] Service 088551db-29c1-4a0c-924c-45d6f4bc9486 was aborted service_manage_cleanup /usr/lib/python3/dist-packages/heat/engine/service.py:2391
2025-10-13 01:38:19.384 69435 DEBUG heat.engine.service [req-6e7de589-1216-4c46-97fb-f98cc90d8d04 - - - - -] Service 088551db-29c1-4a0c-924c-45d6f4bc9486 was aborted service_manage_cleanup /usr/lib/python3/dist-packages/heat/engine/service.py:2391
2025-10-13 01:38:19.392 69434 DEBUG heat.engine.service [req-3fd565db-d2eb-4e2c-966e-091b687a6578 - - - - -] Service 088551db-29c1-4a0c-924c-45d6f4bc9486 was aborted service_manage_cleanup /usr/lib/python3/dist-packages/heat/engine/service.py:2391
2025-10-13 01:38:19.395 69433 DEBUG heat.engine.service [req-44f4a7b0-cc79-41c6-b3fd-06e2ce983571 - - - - -] Service 8c1bf61b-2516-4a7e-857b-e9a7f32f4669 was aborted service_manage_cleanup /usr/lib/python3/dist-packages/heat/engine/service.py:2391
2025-10-13 01:38:19.395 69435 DEBUG heat.engine.service [req-6e7de589-1216-4c46-97fb-f98cc90d8d04 - - - - -] Service 8c1bf61b-2516-4a7e-857b-e9a7f32f4669 was aborted service_manage_cleanup /usr/lib/python3/dist-packages/heat/engine/service.py:2391
2025-10-13 01:38:19.402 69434 DEBUG heat.engine.service [req-3fd565db-d2eb-4e2c-966e-091b687a6578 - - - - -] Service 8c1bf61b-2516-4a7e-857b-e9a7f32f4669 was aborted service_manage_cleanup /usr/lib/python3/dist-packages/heat/engine/service.py:2391
2025-10-13 01:38:19.412 69435 DEBUG heat.engine.service [req-6e7de589-1216-4c46-97fb-f98cc90d8d04 - - - - -] Service a2abecd2-1bbe-4aee-b9c4-58bee2281500 was aborted service_manage_cleanup /usr/lib/python3/dist-packages/heat/engine/service.py:2391
2025-10-13 01:38:19.412 69433 DEBUG heat.engine.service [req-44f4a7b0-cc79-41c6-b3fd-06e2ce983571 - - - - -] Service a2abecd2-1bbe-4aee-b9c4-58bee2281500 was aborted service_manage_cleanup /usr/lib/python3/dist-packages/heat/engine/service.py:2391
2025-10-13 01:38:19.413 69436 DEBUG heat.engine.service [req-56dcc6a0-7695-4860-a21a-ef6c9cdb843b - - - - -] Service 8c1bf61b-2516-4a7e-857b-e9a7f32f4669 was aborted service_manage_cleanup /usr/lib/python3/dist-packages/heat/engine/service.py:2391
2025-10-13 01:38:19.415 69434 DEBUG heat.engine.service [req-3fd565db-d2eb-4e2c-966e-091b687a6578 - - - - -] Service a2abecd2-1bbe-4aee-b9c4-58bee2281500 was aborted service_manage_cleanup /usr/lib/python3/dist-packages/heat/engine/service.py:2391
2025-10-13 01:38:19.426 69433 DEBUG heat.engine.service [req-44f4a7b0-cc79-41c6-b3fd-06e2ce983571 - - - - -] Service c297d942-7aa7-4ae7-bdef-59cc84a5c421 was aborted service_manage_cleanup /usr/lib/python3/dist-packages/heat/engine/service.py:2391
2025-10-13 01:38:19.427 69435 DEBUG heat.engine.service [req-6e7de589-1216-4c46-97fb-f98cc90d8d04 - - - - -] Service c297d942-7aa7-4ae7-bdef-59cc84a5c421 was aborted service_manage_cleanup /usr/lib/python3/dist-packages/heat/engine/service.py:2391
2025-10-13 01:38:19.427 69434 DEBUG heat.engine.service [req-3fd565db-d2eb-4e2c-966e-091b687a6578 - - - - -] Service c297d942-7aa7-4ae7-bdef-59cc84a5c421 was aborted service_manage_cleanup /usr/lib/python3/dist-packages/heat/engine/service.py:2391
2025-10-13 01:38:19.435 69436 DEBUG heat.engine.service [req-56dcc6a0-7695-4860-a21a-ef6c9cdb843b - - - - -] Service a2abecd2-1bbe-4aee-b9c4-58bee2281500 was aborted service_manage_cleanup /usr/lib/python3/dist-packages/heat/engine/service.py:2391
2025-10-13 01:38:19.445 69436 DEBUG heat.engine.service [req-56dcc6a0-7695-4860-a21a-ef6c9cdb843b - - - - -] Service c297d942-7aa7-4ae7-bdef-59cc84a5c421 was aborted service_manage_cleanup /usr/lib/python3/dist-packages/heat/engine/service.py:2391
2025-10-13 01:38:19.459 69435 DEBUG heat.engine.service [req-75629ad6-551e-4af0-831b-b78f7abb65e0 - - - - -] Service e9ac0893-ff0e-4fe4-a9ed-46019ab9f2b0 is started service_manage_report /usr/lib/python3/dist-packages/heat/engine/service.py:2363
2025-10-13 01:38:19.468 69433 DEBUG heat.engine.service [req-b70f3c16-bfde-410c-8dba-b6fa319e3a9c - - - - -] Service 393ab710-54a1-424a-b82f-cf45a10e45e5 is started service_manage_report /usr/lib/python3/dist-packages/heat/engine/service.py:2363
2025-10-13 01:38:19.473 69434 DEBUG heat.engine.service [req-ec0cf8fb-20cf-4191-9417-e54afda0813f - - - - -] Service 37ddc6a1-2b84-44ec-a4ba-ed3bc9420dd3 is started service_manage_report /usr/lib/python3/dist-packages/heat/engine/service.py:2363
2025-10-13 01:38:19.475 69436 DEBUG heat.engine.service [req-ae4f6fd4-4bdc-493a-a6dd-947bbfc44781 - - - - -] Service 10865647-e6ab-41ea-99b2-d7f18de27ae6 is started service_manage_report /usr/lib/python3/dist-packages/heat/engine/service.py:2363
2025-10-13 01:38:19.485 69435 DEBUG heat.engine.service [req-75629ad6-551e-4af0-831b-b78f7abb65e0 - - - - -] Service e9ac0893-ff0e-4fe4-a9ed-46019ab9f2b0 is updated service_manage_report /usr/lib/python3/dist-packages/heat/engine/service.py:2370
2025-10-13 01:38:19.495 69434 DEBUG heat.engine.service [req-ec0cf8fb-20cf-4191-9417-e54afda0813f - - - - -] Service 37ddc6a1-2b84-44ec-a4ba-ed3bc9420dd3 is updated service_manage_report /usr/lib/python3/dist-packages/heat/engine/service.py:2370
2025-10-13 01:38:19.497 69433 DEBUG heat.engine.service [req-b70f3c16-bfde-410c-8dba-b6fa319e3a9c - - - - -] Service 393ab710-54a1-424a-b82f-cf45a10e45e5 is updated service_manage_report /usr/lib/python3/dist-packages/heat/engine/service.py:2370
2025-10-13 01:38:19.499 69436 DEBUG heat.engine.service [req-ae4f6fd4-4bdc-493a-a6dd-947bbfc44781 - - - - -] Service 10865647-e6ab-41ea-99b2-d7f18de27ae6 is updated service_manage_report /usr/lib/python3/dist-packages/heat/engine/service.py:2370
2025-10-13 01:39:19.451 69433 DEBUG heat.engine.service [req-617a94da-a55c-46bc-97ba-9229314f2563 - - - - -] Service 393ab710-54a1-424a-b82f-cf45a10e45e5 is updated service_manage_report /usr/lib/python3/dist-packages/heat/engine/service.py:2370
2025-10-13 01:39:19.460 69435 DEBUG heat.engine.service [req-f3db88b4-eb7e-4bbd-8fae-4bb7033e1860 - - - - -] Service e9ac0893-ff0e-4fe4-a9ed-46019ab9f2b0 is updated service_manage_report /usr/lib/python3/dist-packages/heat/engine/service.py:2370
2025-10-13 01:39:19.462 69434 DEBUG heat.engine.service [req-56913382-faa9-4fdc-a2da-1dd1d331dddb - - - - -] Service 37ddc6a1-2b84-44ec-a4ba-ed3bc9420dd3 is updated service_manage_report /usr/lib/python3/dist-packages/heat/engine/service.py:2370
2025-10-13 01:39:19.474 69436 DEBUG heat.engine.service [req-c6ce3493-8eee-49af-a22d-afa0c60e1ebb - - - - -] Service 10865647-e6ab-41ea-99b2-d7f18de27ae6 is updated service_manage_report /usr/lib/python3/dist-packages/heat/engine/service.py:2370
2025-10-13 01:40:19.455 69433 DEBUG heat.engine.service [req-6adaa868-9307-41a9-8be0-a44601a6e84f - - - - -] Service 393ab710-54a1-424a-b82f-cf45a10e45e5 is updated service_manage_report /usr/lib/python3/dist-packages/heat/engine/service.py:2370
2025-10-13 01:40:19.458 69434 DEBUG heat.engine.service [req-e259f00b-7c9b-40b3-84d3-9d0d410a2a03 - - - - -] Service 37ddc6a1-2b84-44ec-a4ba-ed3bc9420dd3 is updated service_manage_report /usr/lib/python3/dist-packages/heat/engine/service.py:2370
2025-10-13 01:40:19.464 69435 DEBUG heat.engine.service [req-57d87249-1649-40b6-9e49-0d5076e0d36c - - - - -] Service e9ac0893-ff0e-4fe4-a9ed-46019ab9f2b0 is updated service_manage_report /usr/lib/python3/dist-packages/heat/engine/service.py:2370
2025-10-13 01:40:19.482 69436 DEBUG heat.engine.service [req-6577262f-82fc-41bb-a402-fa110f4581f8 - - - - -] Service 10865647-e6ab-41ea-99b2-d7f18de27ae6 is updated service_manage_report /usr/lib/python3/dist-packages/heat/engine/service.py:2370
2025-10-13 01:41:19.454 69434 DEBUG heat.engine.service [req-4c46c6c9-6fb6-4ff0-bc16-66b608f27f2e - - - - -] Service 37ddc6a1-2b84-44ec-a4ba-ed3bc9420dd3 is updated service_manage_report /usr/lib/python3/dist-packages/heat/engine/service.py:2370
2025-10-13 01:41:19.460 69433 DEBUG heat.engine.service [req-76639c10-ad37-4d8c-85ef-6a8b28612dec - - - - -] Service 393ab710-54a1-424a-b82f-cf45a10e45e5 is updated service_manage_report /usr/lib/python3/dist-packages/heat/engine/service.py:2370
2025-10-13 01:41:19.474 69435 DEBUG heat.engine.service [req-a3b2e730-b123-4817-87b0-135cae56b713 - - - - -] Service e9ac0893-ff0e-4fe4-a9ed-46019ab9f2b0 is updated service_manage_report /usr/lib/python3/dist-packages/heat/engine/service.py:2370
2025-10-13 01:41:19.476 69436 DEBUG heat.engine.service [req-92f28359-c27c-4106-b460-1ff3cbf0c44b - - - - -] Service 10865647-e6ab-41ea-99b2-d7f18de27ae6 is updated service_manage_report /usr/lib/python3/dist-packages/heat/engine/service.py:2370
2025-10-13 01:42:19.450 69434 DEBUG heat.engine.service [req-ef19426c-a78b-42d9-bb70-54f9ee67f395 - - - - -] Service 37ddc6a1-2b84-44ec-a4ba-ed3bc9420dd3 is updated service_manage_report /usr/lib/python3/dist-packages/heat/engine/service.py:2370
2025-10-13 01:42:19.464 69433 DEBUG heat.engine.service [req-c7eb19ec-cd73-41b3-b9e7-6fec14b96269 - - - - -] Service 393ab710-54a1-424a-b82f-cf45a10e45e5 is updated service_manage_report /usr/lib/python3/dist-packages/heat/engine/service.py:2370
2025-10-13 01:42:19.473 69435 DEBUG heat.engine.service [req-271e78e4-3148-45cf-b7c0-7de3fa6361d9 - - - - -] Service e9ac0893-ff0e-4fe4-a9ed-46019ab9f2b0 is updated service_manage_report /usr/lib/python3/dist-packages/heat/engine/service.py:2370
2025-10-13 01:42:19.479 69436 DEBUG heat.engine.service [req-88b8e831-23a2-4ea6-9400-58231c78131f - - - - -] Service 10865647-e6ab-41ea-99b2-d7f18de27ae6 is updated service_manage_report /usr/lib/python3/dist-packages/heat/engine/service.py:2370
2025-10-13 01:43:19.443 69434 DEBUG heat.engine.service [req-3d5d71ea-04e2-4c85-83d9-d675b98e05a3 - - - - -] Service 37ddc6a1-2b84-44ec-a4ba-ed3bc9420dd3 is updated service_manage_report /usr/lib/python3/dist-packages/heat/engine/service.py:2370
2025-10-13 01:43:19.470 69435 DEBUG heat.engine.service [req-cc92f1f9-e06e-40a3-b5cd-c47781d5a185 - - - - -] Service e9ac0893-ff0e-4fe4-a9ed-46019ab9f2b0 is updated service_manage_report /usr/lib/python3/dist-packages/heat/engine/service.py:2370
2025-10-13 01:43:19.474 69433 DEBUG heat.engine.service [req-3dbf6554-03ae-43ad-b982-51a96891c3e5 - - - - -] Service 393ab710-54a1-424a-b82f-cf45a10e45e5 is updated service_manage_report /usr/lib/python3/dist-packages/heat/engine/service.py:2370
2025-10-13 01:43:19.482 69436 DEBUG heat.engine.service [req-b0af06c6-639a-4faa-9dd5-42ff45435b77 - - - - -] Service 10865647-e6ab-41ea-99b2-d7f18de27ae6 is updated service_manage_report /usr/lib/python3/dist-packages/heat/engine/service.py:2370
2025-10-13 01:44:19.449 69434 DEBUG heat.engine.service [req-f95c0588-87c8-4eaa-bd83-b52249a09cc6 - - - - -] Service 37ddc6a1-2b84-44ec-a4ba-ed3bc9420dd3 is updated service_manage_report /usr/lib/python3/dist-packages/heat/engine/service.py:2370
2025-10-13 01:44:19.463 69435 DEBUG heat.engine.service [req-621a8386-4321-424b-acdb-8bff82d8bb5c - - - - -] Service e9ac0893-ff0e-4fe4-a9ed-46019ab9f2b0 is updated service_manage_report /usr/lib/python3/dist-packages/heat/engine/service.py:2370
2025-10-13 01:44:19.471 69433 DEBUG heat.engine.service [req-8e347ae7-1fdf-43ab-9479-e3e42238516f - - - - -] Service 393ab710-54a1-424a-b82f-cf45a10e45e5 is updated service_manage_report /usr/lib/python3/dist-packages/heat/engine/service.py:2370
2025-10-13 01:44:19.485 69436 DEBUG heat.engine.service [req-5ab12614-4994-43b3-9fa6-0a868ca7972d - - - - -] Service 10865647-e6ab-41ea-99b2-d7f18de27ae6 is updated service_manage_report /usr/lib/python3/dist-packages/heat/engine/service.py:2370
2025-10-13 01:45:19.467 69434 DEBUG heat.engine.service [req-f7d14151-f3f3-402a-b0b7-f3de2a301172 - - - - -] Service 37ddc6a1-2b84-44ec-a4ba-ed3bc9420dd3 is updated service_manage_report /usr/lib/python3/dist-packages/heat/engine/service.py:2370
2025-10-13 01:45:19.470 69435 DEBUG heat.engine.service [req-5afcc5b6-0ed7-49f5-8cf1-3400eb343529 - - - - -] Service e9ac0893-ff0e-4fe4-a9ed-46019ab9f2b0 is updated service_manage_report /usr/lib/python3/dist-packages/heat/engine/service.py:2370
2025-10-13 01:45:19.483 69433 DEBUG heat.engine.service [req-614ecbe0-e7b2-4812-b295-35078ee537dc - - - - -] Service 393ab710-54a1-424a-b82f-cf45a10e45e5 is updated service_manage_report /usr/lib/python3/dist-packages/heat/engine/service.py:2370
2025-10-13 01:45:19.491 69436 DEBUG heat.engine.service [req-e4f97f19-a411-4d52-8379-91b6ca6a48f9 - - - - -] Service 10865647-e6ab-41ea-99b2-d7f18de27ae6 is updated service_manage_report /usr/lib/python3/dist-packages/heat/engine/service.py:2370
2025-10-13 01:46:19.454 69434 DEBUG heat.engine.service [req-4f483ee6-8409-4da4-a58c-b109569f38c0 - - - - -] Service 37ddc6a1-2b84-44ec-a4ba-ed3bc9420dd3 is updated service_manage_report /usr/lib/python3/dist-packages/heat/engine/service.py:2370
2025-10-13 01:46:19.468 69435 DEBUG heat.engine.service [req-88639211-a301-4cf1-bcfc-48b491b4dff4 - - - - -] Service e9ac0893-ff0e-4fe4-a9ed-46019ab9f2b0 is updated service_manage_report /usr/lib/python3/dist-packages/heat/engine/service.py:2370
2025-10-13 01:46:19.471 69433 DEBUG heat.engine.service [req-b08cf13c-ff0e-4013-b586-6a99c5b35c8a - - - - -] Service 393ab710-54a1-424a-b82f-cf45a10e45e5 is updated service_manage_report /usr/lib/python3/dist-packages/heat/engine/service.py:2370
2025-10-13 01:46:19.494 69436 DEBUG heat.engine.service [req-24277b01-d9bf-4654-82a6-d396ce32de99 - - - - -] Service 10865647-e6ab-41ea-99b2-d7f18de27ae6 is updated service_manage_report /usr/lib/python3/dist-packages/heat/engine/service.py:2370
2025-10-13 01:47:19.452 69434 DEBUG heat.engine.service [req-56ac0570-16df-4989-8a6e-985027968c6d - - - - -] Service 37ddc6a1-2b84-44ec-a4ba-ed3bc9420dd3 is updated service_manage_report /usr/lib/python3/dist-packages/heat/engine/service.py:2370
2025-10-13 01:47:19.462 69435 DEBUG heat.engine.service [req-c14f5bf4-88ee-4be1-9d2b-2931d04ad273 - - - - -] Service e9ac0893-ff0e-4fe4-a9ed-46019ab9f2b0 is updated service_manage_report /usr/lib/python3/dist-packages/heat/engine/service.py:2370
2025-10-13 01:47:19.464 69433 DEBUG heat.engine.service [req-0248c69b-6a99-4e29-a4cc-244478862c27 - - - - -] Service 393ab710-54a1-424a-b82f-cf45a10e45e5 is updated service_manage_report /usr/lib/python3/dist-packages/heat/engine/service.py:2370
2025-10-13 01:47:19.499 69436 DEBUG heat.engine.service [req-4de3008e-ca56-4559-8ad7-8b3f07359511 - - - - -] Service 10865647-e6ab-41ea-99b2-d7f18de27ae6 is updated service_manage_report /usr/lib/python3/dist-packages/heat/engine/service.py:2370
2025-10-13 01:48:19.447 69434 DEBUG heat.engine.service [req-dd6e8e53-ba4c-4e97-b4ae-1501362fb8f7 - - - - -] Service 37ddc6a1-2b84-44ec-a4ba-ed3bc9420dd3 is updated service_manage_report /usr/lib/python3/dist-packages/heat/engine/service.py:2370
2025-10-13 01:48:19.468 69435 DEBUG heat.engine.service [req-0c2f92a6-0f0b-4f86-ab60-c47174dfc142 - - - - -] Service e9ac0893-ff0e-4fe4-a9ed-46019ab9f2b0 is updated service_manage_report /usr/lib/python3/dist-packages/heat/engine/service.py:2370
2025-10-13 01:48:19.470 69433 DEBUG heat.engine.service [req-aaed8333-642a-4e42-b54a-6a2cac59957c - - - - -] Service 393ab710-54a1-424a-b82f-cf45a10e45e5 is updated service_manage_report /usr/lib/python3/dist-packages/heat/engine/service.py:2370
2025-10-13 01:48:19.502 69436 DEBUG heat.engine.service [req-065078fa-c64e-45ef-8535-86393d1ce0fc - - - - -] Service 10865647-e6ab-41ea-99b2-d7f18de27ae6 is updated service_manage_report /usr/lib/python3/dist-packages/heat/engine/service.py:2370
2025-10-13 01:49:19.454 69434 DEBUG heat.engine.service [req-a2e36a27-aa0f-45e5-a548-9a1c88562331 - - - - -] Service 37ddc6a1-2b84-44ec-a4ba-ed3bc9420dd3 is updated service_manage_report /usr/lib/python3/dist-packages/heat/engine/service.py:2370
2025-10-13 01:49:19.463 69435 DEBUG heat.engine.service [req-82bf9784-f060-4b26-b847-2fcc4e617238 - - - - -] Service e9ac0893-ff0e-4fe4-a9ed-46019ab9f2b0 is updated service_manage_report /usr/lib/python3/dist-packages/heat/engine/service.py:2370
2025-10-13 01:49:19.465 69433 DEBUG heat.engine.service [req-71e64637-a6a1-483b-8b59-5b7a543086aa - - - - -] Service 393ab710-54a1-424a-b82f-cf45a10e45e5 is updated service_manage_report /usr/lib/python3/dist-packages/heat/engine/service.py:2370
2025-10-13 01:49:19.506 69436 DEBUG heat.engine.service [req-5766257f-c7e9-419d-a5c5-b07e3b000aca - - - - -] Service 10865647-e6ab-41ea-99b2-d7f18de27ae6 is updated service_manage_report /usr/lib/python3/dist-packages/heat/engine/service.py:2370
2025-10-13 01:50:19.449 69434 DEBUG heat.engine.service [req-0b706b82-6dc8-44e4-b9ab-c8c967054381 - - - - -] Service 37ddc6a1-2b84-44ec-a4ba-ed3bc9420dd3 is updated service_manage_report /usr/lib/python3/dist-packages/heat/engine/service.py:2370
2025-10-13 01:50:19.469 69435 DEBUG heat.engine.service [req-63f97c72-ac78-47c2-a8e6-2d3dd07d7f18 - - - - -] Service e9ac0893-ff0e-4fe4-a9ed-46019ab9f2b0 is updated service_manage_report /usr/lib/python3/dist-packages/heat/engine/service.py:2370
2025-10-13 01:50:19.470 69433 DEBUG heat.engine.service [req-b091046f-76e4-4564-8f35-ed948816c22f - - - - -] Service 393ab710-54a1-424a-b82f-cf45a10e45e5 is updated service_manage_report /usr/lib/python3/dist-packages/heat/engine/service.py:2370
2025-10-13 01:50:19.511 69436 DEBUG heat.engine.service [req-ef45103a-394c-4673-be1e-29758304c310 - - - - -] Service 10865647-e6ab-41ea-99b2-d7f18de27ae6 is updated service_manage_report /usr/lib/python3/dist-packages/heat/engine/service.py:2370
2025-10-13 01:51:19.467 69434 DEBUG heat.engine.service [req-b49762d4-932f-4fe4-9891-3a47e576e364 - - - - -] Service 37ddc6a1-2b84-44ec-a4ba-ed3bc9420dd3 is updated service_manage_report /usr/lib/python3/dist-packages/heat/engine/service.py:2370
2025-10-13 01:51:19.496 69435 DEBUG heat.engine.service [req-40499359-090d-4dc4-85cd-081784bf25c4 - - - - -] Service e9ac0893-ff0e-4fe4-a9ed-46019ab9f2b0 is updated service_manage_report /usr/lib/python3/dist-packages/heat/engine/service.py:2370
2025-10-13 01:51:19.496 69433 DEBUG heat.engine.service [req-0791eeaf-d022-44ca-b119-0ae22aea71fd - - - - -] Service 393ab710-54a1-424a-b82f-cf45a10e45e5 is updated service_manage_report /usr/lib/python3/dist-packages/heat/engine/service.py:2370
2025-10-13 01:51:19.528 69436 DEBUG heat.engine.service [req-007ce036-fcc7-4c93-9091-be0b100e3164 - - - - -] Service 10865647-e6ab-41ea-99b2-d7f18de27ae6 is updated service_manage_report /usr/lib/python3/dist-packages/heat/engine/service.py:2370
2025-10-13 01:52:19.454 69434 DEBUG heat.engine.service [req-a6883683-9c16-40c1-9e74-6b5d4b964e36 - - - - -] Service 37ddc6a1-2b84-44ec-a4ba-ed3bc9420dd3 is updated service_manage_report /usr/lib/python3/dist-packages/heat/engine/service.py:2370
2025-10-13 01:52:19.469 69433 DEBUG heat.engine.service [req-f808e2b6-16c5-474e-a23c-f39789dd21ba - - - - -] Service 393ab710-54a1-424a-b82f-cf45a10e45e5 is updated service_manage_report /usr/lib/python3/dist-packages/heat/engine/service.py:2370
2025-10-13 01:52:19.473 69435 DEBUG heat.engine.service [req-adde7aca-4c73-4681-875a-3b4ebe707301 - - - - -] Service e9ac0893-ff0e-4fe4-a9ed-46019ab9f2b0 is updated service_manage_report /usr/lib/python3/dist-packages/heat/engine/service.py:2370
2025-10-13 01:52:19.518 69436 DEBUG heat.engine.service [req-904aa2c9-4d1a-400c-ae7c-418f3805fdb8 - - - - -] Service 10865647-e6ab-41ea-99b2-d7f18de27ae6 is updated service_manage_report /usr/lib/python3/dist-packages/heat/engine/service.py:2370
2025-10-13 01:53:19.450 69434 DEBUG heat.engine.service [req-9fcdb25a-83d5-48b4-b1e1-52f7bdff1167 - - - - -] Service 37ddc6a1-2b84-44ec-a4ba-ed3bc9420dd3 is updated service_manage_report /usr/lib/python3/dist-packages/heat/engine/service.py:2370
2025-10-13 01:53:19.470 69435 DEBUG heat.engine.service [req-f63cf87a-246d-40a7-a8e2-98411bbc6e0f - - - - -] Service e9ac0893-ff0e-4fe4-a9ed-46019ab9f2b0 is updated service_manage_report /usr/lib/python3/dist-packages/heat/engine/service.py:2370
2025-10-13 01:53:19.473 69433 DEBUG heat.engine.service [req-ba8802ba-1122-471b-88d3-e6ce11a9e99c - - - - -] Service 393ab710-54a1-424a-b82f-cf45a10e45e5 is updated service_manage_report /usr/lib/python3/dist-packages/heat/engine/service.py:2370
2025-10-13 01:53:19.511 69436 DEBUG heat.engine.service [req-5d9afbe9-bbff-4115-97d6-15e75b32028f - - - - -] Service 10865647-e6ab-41ea-99b2-d7f18de27ae6 is updated service_manage_report /usr/lib/python3/dist-packages/heat/engine/service.py:2370
2025-10-13 01:54:19.460 69434 DEBUG heat.engine.service [req-0d3eaac0-f9aa-4d74-a703-1da699d5a9ad - - - - -] Service 37ddc6a1-2b84-44ec-a4ba-ed3bc9420dd3 is updated service_manage_report /usr/lib/python3/dist-packages/heat/engine/service.py:2370
2025-10-13 01:54:19.465 69435 DEBUG heat.engine.service [req-8f14aece-c2bf-4fa4-9f6a-539203e0eedd - - - - -] Service e9ac0893-ff0e-4fe4-a9ed-46019ab9f2b0 is updated service_manage_report /usr/lib/python3/dist-packages/heat/engine/service.py:2370
2025-10-13 01:54:19.480 69433 DEBUG heat.engine.service [req-ca1c81cb-48f9-46c5-8759-8ffdad47b83d - - - - -] Service 393ab710-54a1-424a-b82f-cf45a10e45e5 is updated service_manage_report /usr/lib/python3/dist-packages/heat/engine/service.py:2370
2025-10-13 01:54:19.521 69436 DEBUG heat.engine.service [req-2290b817-dc04-4ec9-97ec-8d1ef58cd4d3 - - - - -] Service 10865647-e6ab-41ea-99b2-d7f18de27ae6 is updated service_manage_report /usr/lib/python3/dist-packages/heat/engine/service.py:2370
2025-10-13 01:55:19.460 69434 DEBUG heat.engine.service [req-c152e975-04c0-4b74-86b6-0560818a4474 - - - - -] Service 37ddc6a1-2b84-44ec-a4ba-ed3bc9420dd3 is updated service_manage_report /usr/lib/python3/dist-packages/heat/engine/service.py:2370
2025-10-13 01:55:19.472 69435 DEBUG heat.engine.service [req-669ef7fc-538c-445e-b197-93564ee33c91 - - - - -] Service e9ac0893-ff0e-4fe4-a9ed-46019ab9f2b0 is updated service_manage_report /usr/lib/python3/dist-packages/heat/engine/service.py:2370
2025-10-13 01:55:19.475 69433 DEBUG heat.engine.service [req-a403d7e6-a710-4bf1-9856-4154efe1f986 - - - - -] Service 393ab710-54a1-424a-b82f-cf45a10e45e5 is updated service_manage_report /usr/lib/python3/dist-packages/heat/engine/service.py:2370
2025-10-13 01:55:19.515 69436 DEBUG heat.engine.service [req-3ab4de57-aec7-48c1-bf83-05ce1bfdee62 - - - - -] Service 10865647-e6ab-41ea-99b2-d7f18de27ae6 is updated service_manage_report /usr/lib/python3/dist-packages/heat/engine/service.py:2370
2025-10-13 01:56:19.459 69434 DEBUG heat.engine.service [req-0bd9a300-b7fa-475d-b540-23458c5160ea - - - - -] Service 37ddc6a1-2b84-44ec-a4ba-ed3bc9420dd3 is updated service_manage_report /usr/lib/python3/dist-packages/heat/engine/service.py:2370
2025-10-13 01:56:19.472 69435 DEBUG heat.engine.service [req-f12f0139-de6e-4909-8072-a6cf3ec76005 - - - - -] Service e9ac0893-ff0e-4fe4-a9ed-46019ab9f2b0 is updated service_manage_report /usr/lib/python3/dist-packages/heat/engine/service.py:2370
2025-10-13 01:56:19.473 69433 DEBUG heat.engine.service [req-2dfccda4-e369-45de-b98b-7499091213e7 - - - - -] Service 393ab710-54a1-424a-b82f-cf45a10e45e5 is updated service_manage_report /usr/lib/python3/dist-packages/heat/engine/service.py:2370
2025-10-13 01:56:19.529 69436 DEBUG heat.engine.service [req-13e52614-a7a7-49df-8f89-12a67b6a1861 - - - - -] Service 10865647-e6ab-41ea-99b2-d7f18de27ae6 is updated service_manage_report /usr/lib/python3/dist-packages/heat/engine/service.py:2370
2025-10-13 01:57:19.453 69434 DEBUG heat.engine.service [req-de1368ee-362e-4106-b58c-a9be80f2a377 - - - - -] Service 37ddc6a1-2b84-44ec-a4ba-ed3bc9420dd3 is updated service_manage_report /usr/lib/python3/dist-packages/heat/engine/service.py:2370
2025-10-13 01:57:19.465 69435 DEBUG heat.engine.service [req-0dce40cb-2293-44ce-af34-54c43f060f34 - - - - -] Service e9ac0893-ff0e-4fe4-a9ed-46019ab9f2b0 is updated service_manage_report /usr/lib/python3/dist-packages/heat/engine/service.py:2370
2025-10-13 01:57:19.467 69433 DEBUG heat.engine.service [req-67e89240-9f90-4b7c-a181-4a5ca11887e2 - - - - -] Service 393ab710-54a1-424a-b82f-cf45a10e45e5 is updated service_manage_report /usr/lib/python3/dist-packages/heat/engine/service.py:2370
2025-10-13 01:57:19.521 69436 DEBUG heat.engine.service [req-6d37f828-fa15-4f44-b969-eb885e696115 - - - - -] Service 10865647-e6ab-41ea-99b2-d7f18de27ae6 is updated service_manage_report /usr/lib/python3/dist-packages/heat/engine/service.py:2370
2025-10-13 01:58:19.459 69434 DEBUG heat.engine.service [req-f6bb6e0e-a016-45b0-9e33-af31a1318d25 - - - - -] Service 37ddc6a1-2b84-44ec-a4ba-ed3bc9420dd3 is updated service_manage_report /usr/lib/python3/dist-packages/heat/engine/service.py:2370
2025-10-13 01:58:19.471 69435 DEBUG heat.engine.service [req-42822268-df23-4f86-ba6a-161bd25244c2 - - - - -] Service e9ac0893-ff0e-4fe4-a9ed-46019ab9f2b0 is updated service_manage_report /usr/lib/python3/dist-packages/heat/engine/service.py:2370
2025-10-13 01:58:19.474 69433 DEBUG heat.engine.service [req-20031a15-9eee-4bf2-92e0-fb8bdb034702 - - - - -] Service 393ab710-54a1-424a-b82f-cf45a10e45e5 is updated service_manage_report /usr/lib/python3/dist-packages/heat/engine/service.py:2370
2025-10-13 01:58:19.525 69436 DEBUG heat.engine.service [req-c97602d2-ee7a-4aae-af94-11e4df6a5c77 - - - - -] Service 10865647-e6ab-41ea-99b2-d7f18de27ae6 is updated service_manage_report /usr/lib/python3/dist-packages/heat/engine/service.py:2370
2025-10-13 01:59:19.457 69434 DEBUG heat.engine.service [req-478df2f3-a2e6-40f2-8dd5-09a613256d68 - - - - -] Service 37ddc6a1-2b84-44ec-a4ba-ed3bc9420dd3 is updated service_manage_report /usr/lib/python3/dist-packages/heat/engine/service.py:2370
2025-10-13 01:59:19.471 69433 DEBUG heat.engine.service [req-820a8304-1390-4e53-ba59-b79600e3b83d - - - - -] Service 393ab710-54a1-424a-b82f-cf45a10e45e5 is updated service_manage_report /usr/lib/python3/dist-packages/heat/engine/service.py:2370
2025-10-13 01:59:19.478 69435 DEBUG heat.engine.service [req-0072b85a-1190-4d4c-a0ea-9a4132d7f37c - - - - -] Service e9ac0893-ff0e-4fe4-a9ed-46019ab9f2b0 is updated service_manage_report /usr/lib/python3/dist-packages/heat/engine/service.py:2370
2025-10-13 01:59:19.531 69436 DEBUG heat.engine.service [req-f04748f3-d5c1-4596-8fc1-cdea5d689e87 - - - - -] Service 10865647-e6ab-41ea-99b2-d7f18de27ae6 is updated service_manage_report /usr/lib/python3/dist-packages/heat/engine/service.py:2370
2025-10-13 02:00:19.457 69434 DEBUG heat.engine.service [req-aafb646d-9028-4954-b04f-4a82c9e923f1 - - - - -] Service 37ddc6a1-2b84-44ec-a4ba-ed3bc9420dd3 is updated service_manage_report /usr/lib/python3/dist-packages/heat/engine/service.py:2370
2025-10-13 02:00:19.469 69433 DEBUG heat.engine.service [req-4011a648-47d3-4974-ade5-9ad2599ba71e - - - - -] Service 393ab710-54a1-424a-b82f-cf45a10e45e5 is updated service_manage_report /usr/lib/python3/dist-packages/heat/engine/service.py:2370
2025-10-13 02:00:19.478 69435 DEBUG heat.engine.service [req-d51f871f-fdea-4fad-9c31-e3d4f05d6353 - - - - -] Service e9ac0893-ff0e-4fe4-a9ed-46019ab9f2b0 is updated service_manage_report /usr/lib/python3/dist-packages/heat/engine/service.py:2370
2025-10-13 02:00:19.536 69436 DEBUG heat.engine.service [req-d8400d5a-b945-4b53-8a4d-ec58a1ca760d - - - - -] Service 10865647-e6ab-41ea-99b2-d7f18de27ae6 is updated service_manage_report /usr/lib/python3/dist-packages/heat/engine/service.py:2370
2025-10-13 02:01:19.458 69434 DEBUG heat.engine.service [req-d76a2e53-28c2-4329-9700-0d86e392f590 - - - - -] Service 37ddc6a1-2b84-44ec-a4ba-ed3bc9420dd3 is updated service_manage_report /usr/lib/python3/dist-packages/heat/engine/service.py:2370
2025-10-13 02:01:19.470 69433 DEBUG heat.engine.service [req-cebb8e0a-b640-49d3-b60c-94653f1fcd4b - - - - -] Service 393ab710-54a1-424a-b82f-cf45a10e45e5 is updated service_manage_report /usr/lib/python3/dist-packages/heat/engine/service.py:2370
2025-10-13 02:01:19.483 69435 DEBUG heat.engine.service [req-bfea6caf-9e79-4212-971c-32836dd36d8c - - - - -] Service e9ac0893-ff0e-4fe4-a9ed-46019ab9f2b0 is updated service_manage_report /usr/lib/python3/dist-packages/heat/engine/service.py:2370
2025-10-13 02:01:19.534 69436 DEBUG heat.engine.service [req-e4f1ff67-4bf9-4ee0-b3f2-38afa7b9aa78 - - - - -] Service 10865647-e6ab-41ea-99b2-d7f18de27ae6 is updated service_manage_report /usr/lib/python3/dist-packages/heat/engine/service.py:2370
2025-10-13 02:02:19.459 69434 DEBUG heat.engine.service [req-9b2ae70c-2f27-4fcb-a4f7-9e673d9fd405 - - - - -] Service 37ddc6a1-2b84-44ec-a4ba-ed3bc9420dd3 is updated service_manage_report /usr/lib/python3/dist-packages/heat/engine/service.py:2370
2025-10-13 02:02:19.465 69433 DEBUG heat.engine.service [req-26e63b23-2555-40c2-a696-78a609efffd8 - - - - -] Service 393ab710-54a1-424a-b82f-cf45a10e45e5 is updated service_manage_report /usr/lib/python3/dist-packages/heat/engine/service.py:2370
2025-10-13 02:02:19.479 69435 DEBUG heat.engine.service [req-c60bdd6a-c102-4c8d-b058-cd94cfd4c8d0 - - - - -] Service e9ac0893-ff0e-4fe4-a9ed-46019ab9f2b0 is updated service_manage_report /usr/lib/python3/dist-packages/heat/engine/service.py:2370
2025-10-13 02:02:19.536 69436 DEBUG heat.engine.service [req-c107b1b8-9818-4dc3-9984-c4f4354c1ab5 - - - - -] Service 10865647-e6ab-41ea-99b2-d7f18de27ae6 is updated service_manage_report /usr/lib/python3/dist-packages/heat/engine/service.py:2370