2025-10-13 00:36:25.877 40197 DEBUG oslo_service.service [-] clients_keystone.insecure = None log_opt_values /usr/lib/python3/dist-packages/oslo_config/cfg.py:2609
2025-10-13 00:36:25.877 40197 DEBUG oslo_service.service [-] clients_keystone.key_file = None log_opt_values /usr/lib/python3/dist-packages/oslo_config/cfg.py:2609
2025-10-13 00:36:25.877 40197 DEBUG oslo_service.service [-] clients_magnum.ca_file = None log_opt_values /usr/lib/python3/dist-packages/oslo_config/cfg.py:2609
2025-10-13 00:36:25.877 40197 DEBUG oslo_service.service [-] clients_magnum.cert_file = None log_opt_values /usr/lib/python3/dist-packages/oslo_config/cfg.py:2609
2025-10-13 00:36:25.877 40197 DEBUG oslo_service.service [-] clients_magnum.endpoint_type = None log_opt_values /usr/lib/python3/dist-packages/oslo_config/cfg.py:2609
2025-10-13 00:36:25.878 40197 DEBUG oslo_service.service [-] clients_magnum.insecure = None log_opt_values /usr/lib/python3/dist-packages/oslo_config/cfg.py:2609
2025-10-13 00:36:25.878 40197 DEBUG oslo_service.service [-] clients_magnum.key_file = None log_opt_values /usr/lib/python3/dist-packages/oslo_config/cfg.py:2609
2025-10-13 00:36:25.878 40197 DEBUG oslo_service.service [-] clients_manila.ca_file = None log_opt_values /usr/lib/python3/dist-packages/oslo_config/cfg.py:2609
2025-10-13 00:36:25.878 40197 DEBUG oslo_service.service [-] clients_manila.cert_file = None log_opt_values /usr/lib/python3/dist-packages/oslo_config/cfg.py:2609
2025-10-13 00:36:25.878 40197 DEBUG oslo_service.service [-] clients_manila.endpoint_type = None log_opt_values /usr/lib/python3/dist-packages/oslo_config/cfg.py:2609
2025-10-13 00:36:25.878 40197 DEBUG oslo_service.service [-] clients_manila.insecure = None log_opt_values /usr/lib/python3/dist-packages/oslo_config/cfg.py:2609
2025-10-13 00:36:25.878 40197 DEBUG oslo_service.service [-] clients_manila.key_file = None log_opt_values /usr/lib/python3/dist-packages/oslo_config/cfg.py:2609
2025-10-13 00:36:25.879 40197 DEBUG oslo_service.service [-] clients_mistral.ca_file = None log_opt_values /usr/lib/python3/dist-packages/oslo_config/cfg.py:2609
2025-10-13 00:36:25.880 40197 DEBUG oslo_service.service [-] clients_mistral.cert_file = None log_opt_values /usr/lib/python3/dist-packages/oslo_config/cfg.py:2609
2025-10-13 00:36:25.880 40197 DEBUG oslo_service.service [-] clients_mistral.endpoint_type = None log_opt_values /usr/lib/python3/dist-packages/oslo_config/cfg.py:2609
2025-10-13 00:36:25.880 40197 DEBUG oslo_service.service [-] clients_mistral.insecure = None log_opt_values /usr/lib/python3/dist-packages/oslo_config/cfg.py:2609
2025-10-13 00:36:25.880 40197 DEBUG oslo_service.service [-] clients_mistral.key_file = None log_opt_values /usr/lib/python3/dist-packages/oslo_config/cfg.py:2609
2025-10-13 00:36:25.881 40197 DEBUG oslo_service.service [-] clients_monasca.ca_file = None log_opt_values /usr/lib/python3/dist-packages/oslo_config/cfg.py:2609
2025-10-13 00:36:25.881 40197 DEBUG oslo_service.service [-] clients_monasca.cert_file = None log_opt_values /usr/lib/python3/dist-packages/oslo_config/cfg.py:2609
2025-10-13 00:36:25.882 40197 DEBUG oslo_service.service [-] clients_monasca.endpoint_type = None log_opt_values /usr/lib/python3/dist-packages/oslo_config/cfg.py:2609
2025-10-13 00:36:25.882 40197 DEBUG oslo_service.service [-] clients_monasca.insecure = None log_opt_values /usr/lib/python3/dist-packages/oslo_config/cfg.py:2609
2025-10-13 00:36:25.882 40197 DEBUG oslo_service.service [-] clients_monasca.key_file = None log_opt_values /usr/lib/python3/dist-packages/oslo_config/cfg.py:2609
2025-10-13 00:36:25.883 40197 DEBUG oslo_service.service [-] clients_neutron.ca_file = None log_opt_values /usr/lib/python3/dist-packages/oslo_config/cfg.py:2609
2025-10-13 00:36:25.885 40197 DEBUG oslo_service.service [-] clients_neutron.cert_file = None log_opt_values /usr/lib/python3/dist-packages/oslo_config/cfg.py:2609
2025-10-13 00:36:25.885 40197 DEBUG oslo_service.service [-] clients_neutron.endpoint_type = None log_opt_values /usr/lib/python3/dist-packages/oslo_config/cfg.py:2609
2025-10-13 00:36:25.885 40197 DEBUG oslo_service.service [-] clients_neutron.insecure = None log_opt_values /usr/lib/python3/dist-packages/oslo_config/cfg.py:2609
2025-10-13 00:36:25.888 40197 DEBUG oslo_service.service [-] clients_neutron.key_file = None log_opt_values /usr/lib/python3/dist-packages/oslo_config/cfg.py:2609
2025-10-13 00:36:25.888 40197 DEBUG oslo_service.service [-] clients_nova.ca_file = None log_opt_values /usr/lib/python3/dist-packages/oslo_config/cfg.py:2609
2025-10-13 00:36:25.888 40197 DEBUG oslo_service.service [-] clients_nova.cert_file = None log_opt_values /usr/lib/python3/dist-packages/oslo_config/cfg.py:2609
2025-10-13 00:36:25.888 40197 DEBUG oslo_service.service [-] clients_nova.endpoint_type = None log_opt_values /usr/lib/python3/dist-packages/oslo_config/cfg.py:2609
2025-10-13 00:36:25.888 40197 DEBUG oslo_service.service [-] clients_nova.http_log_debug = False log_opt_values /usr/lib/python3/dist-packages/oslo_config/cfg.py:2609
2025-10-13 00:36:25.888 40197 DEBUG oslo_service.service [-] clients_nova.insecure = None log_opt_values /usr/lib/python3/dist-packages/oslo_config/cfg.py:2609
2025-10-13 00:36:25.889 40197 DEBUG oslo_service.service [-] clients_nova.key_file = None log_opt_values /usr/lib/python3/dist-packages/oslo_config/cfg.py:2609
2025-10-13 00:36:25.890 40197 DEBUG oslo_service.service [-] clients_octavia.ca_file = None log_opt_values /usr/lib/python3/dist-packages/oslo_config/cfg.py:2609
2025-10-13 00:36:25.890 40197 DEBUG oslo_service.service [-] clients_octavia.cert_file = None log_opt_values /usr/lib/python3/dist-packages/oslo_config/cfg.py:2609
2025-10-13 00:36:25.890 40197 DEBUG oslo_service.service [-] clients_octavia.endpoint_type = None log_opt_values /usr/lib/python3/dist-packages/oslo_config/cfg.py:2609
2025-10-13 00:36:25.890 40197 DEBUG oslo_service.service [-] clients_octavia.insecure = None log_opt_values /usr/lib/python3/dist-packages/oslo_config/cfg.py:2609
2025-10-13 00:36:25.890 40197 DEBUG oslo_service.service [-] clients_octavia.key_file = None log_opt_values /usr/lib/python3/dist-packages/oslo_config/cfg.py:2609
2025-10-13 00:36:25.890 40197 DEBUG oslo_service.service [-] clients_sahara.ca_file = None log_opt_values /usr/lib/python3/dist-packages/oslo_config/cfg.py:2609
2025-10-13 00:36:25.890 40197 DEBUG oslo_service.service [-] clients_sahara.cert_file = None log_opt_values /usr/lib/python3/dist-packages/oslo_config/cfg.py:2609
2025-10-13 00:36:25.890 40197 DEBUG oslo_service.service [-] clients_sahara.endpoint_type = None log_opt_values /usr/lib/python3/dist-packages/oslo_config/cfg.py:2609
2025-10-13 00:36:25.890 40197 DEBUG oslo_service.service [-] clients_sahara.insecure = None log_opt_values /usr/lib/python3/dist-packages/oslo_config/cfg.py:2609
2025-10-13 00:36:25.891 40197 DEBUG oslo_service.service [-] clients_sahara.key_file = None log_opt_values /usr/lib/python3/dist-packages/oslo_config/cfg.py:2609
2025-10-13 00:36:25.891 40197 DEBUG oslo_service.service [-] clients_senlin.ca_file = None log_opt_values /usr/lib/python3/dist-packages/oslo_config/cfg.py:2609
2025-10-13 00:36:25.895 40197 DEBUG oslo_service.service [-] clients_senlin.cert_file = None log_opt_values /usr/lib/python3/dist-packages/oslo_config/cfg.py:2609
2025-10-13 00:36:25.895 40197 DEBUG oslo_service.service [-] clients_senlin.endpoint_type = None log_opt_values /usr/lib/python3/dist-packages/oslo_config/cfg.py:2609
2025-10-13 00:36:25.895 40197 DEBUG oslo_service.service [-] clients_senlin.insecure = None log_opt_values /usr/lib/python3/dist-packages/oslo_config/cfg.py:2609
2025-10-13 00:36:25.896 40197 DEBUG oslo_service.service [-] clients_senlin.key_file = None log_opt_values /usr/lib/python3/dist-packages/oslo_config/cfg.py:2609
2025-10-13 00:36:25.896 40197 DEBUG oslo_service.service [-] clients_swift.ca_file = None log_opt_values /usr/lib/python3/dist-packages/oslo_config/cfg.py:2609
2025-10-13 00:36:25.896 40197 DEBUG oslo_service.service [-] clients_swift.cert_file = None log_opt_values /usr/lib/python3/dist-packages/oslo_config/cfg.py:2609
2025-10-13 00:36:25.896 40197 DEBUG oslo_service.service [-] clients_swift.endpoint_type = None log_opt_values /usr/lib/python3/dist-packages/oslo_config/cfg.py:2609
2025-10-13 00:36:25.898 40197 DEBUG oslo_service.service [-] clients_swift.insecure = None log_opt_values /usr/lib/python3/dist-packages/oslo_config/cfg.py:2609
2025-10-13 00:36:25.899 40197 DEBUG oslo_service.service [-] clients_swift.key_file = None log_opt_values /usr/lib/python3/dist-packages/oslo_config/cfg.py:2609
2025-10-13 00:36:25.900 40197 DEBUG oslo_service.service [-] clients_trove.ca_file = None log_opt_values /usr/lib/python3/dist-packages/oslo_config/cfg.py:2609
2025-10-13 00:36:25.900 40197 DEBUG oslo_service.service [-] clients_trove.cert_file = None log_opt_values /usr/lib/python3/dist-packages/oslo_config/cfg.py:2609
2025-10-13 00:36:25.900 40197 DEBUG oslo_service.service [-] clients_trove.endpoint_type = None log_opt_values /usr/lib/python3/dist-packages/oslo_config/cfg.py:2609
2025-10-13 00:36:25.902 40197 DEBUG oslo_service.service [-] clients_trove.insecure = None log_opt_values /usr/lib/python3/dist-packages/oslo_config/cfg.py:2609
2025-10-13 00:36:25.902 40197 DEBUG oslo_service.service [-] clients_trove.key_file = None log_opt_values /usr/lib/python3/dist-packages/oslo_config/cfg.py:2609
2025-10-13 00:36:25.903 40197 DEBUG oslo_service.service [-] clients_vitrage.ca_file = None log_opt_values /usr/lib/python3/dist-packages/oslo_config/cfg.py:2609
2025-10-13 00:36:25.903 40197 DEBUG oslo_service.service [-] clients_vitrage.cert_file = None log_opt_values /usr/lib/python3/dist-packages/oslo_config/cfg.py:2609
2025-10-13 00:36:25.903 40197 DEBUG oslo_service.service [-] clients_vitrage.endpoint_type = None log_opt_values /usr/lib/python3/dist-packages/oslo_config/cfg.py:2609
2025-10-13 00:36:25.903 40197 DEBUG oslo_service.service [-] clients_vitrage.insecure = None log_opt_values /usr/lib/python3/dist-packages/oslo_config/cfg.py:2609
2025-10-13 00:36:25.903 40197 DEBUG oslo_service.service [-] clients_vitrage.key_file = None log_opt_values /usr/lib/python3/dist-packages/oslo_config/cfg.py:2609
2025-10-13 00:36:25.903 40197 DEBUG oslo_service.service [-] clients_zaqar.ca_file = None log_opt_values /usr/lib/python3/dist-packages/oslo_config/cfg.py:2609
2025-10-13 00:36:25.903 40197 DEBUG oslo_service.service [-] clients_zaqar.cert_file = None log_opt_values /usr/lib/python3/dist-packages/oslo_config/cfg.py:2609
2025-10-13 00:36:25.903 40197 DEBUG oslo_service.service [-] clients_zaqar.endpoint_type = None log_opt_values /usr/lib/python3/dist-packages/oslo_config/cfg.py:2609
2025-10-13 00:36:25.904 40197 DEBUG oslo_service.service [-] clients_zaqar.insecure = None log_opt_values /usr/lib/python3/dist-packages/oslo_config/cfg.py:2609
2025-10-13 00:36:25.904 40197 DEBUG oslo_service.service [-] clients_zaqar.key_file = None log_opt_values /usr/lib/python3/dist-packages/oslo_config/cfg.py:2609
2025-10-13 00:36:25.904 40197 DEBUG oslo_service.service [-] database.backend = sqlalchemy log_opt_values /usr/lib/python3/dist-packages/oslo_config/cfg.py:2609
2025-10-13 00:36:25.904 40197 DEBUG oslo_service.service [-] database.connection = **** log_opt_values /usr/lib/python3/dist-packages/oslo_config/cfg.py:2609
2025-10-13 00:36:25.904 40197 DEBUG oslo_service.service [-] database.connection_debug = 0 log_opt_values /usr/lib/python3/dist-packages/oslo_config/cfg.py:2609
2025-10-13 00:36:25.904 40197 DEBUG oslo_service.service [-] database.connection_parameters = log_opt_values /usr/lib/python3/dist-packages/oslo_config/cfg.py:2609
2025-10-13 00:36:25.905 40197 DEBUG oslo_service.service [-] database.connection_recycle_time = 3600 log_opt_values /usr/lib/python3/dist-packages/oslo_config/cfg.py:2609
2025-10-13 00:36:25.905 40197 DEBUG oslo_service.service [-] database.connection_trace = False log_opt_values /usr/lib/python3/dist-packages/oslo_config/cfg.py:2609
2025-10-13 00:36:25.905 40197 DEBUG oslo_service.service [-] database.db_inc_retry_interval = True log_opt_values /usr/lib/python3/dist-packages/oslo_config/cfg.py:2609
2025-10-13 00:36:25.905 40197 DEBUG oslo_service.service [-] database.db_max_retries = 20 log_opt_values /usr/lib/python3/dist-packages/oslo_config/cfg.py:2609
2025-10-13 00:36:25.905 40197 DEBUG oslo_service.service [-] database.db_max_retry_interval = 10 log_opt_values /usr/lib/python3/dist-packages/oslo_config/cfg.py:2609
2025-10-13 00:36:25.905 40197 DEBUG oslo_service.service [-] database.db_retry_interval = 1 log_opt_values /usr/lib/python3/dist-packages/oslo_config/cfg.py:2609
2025-10-13 00:36:25.905 40197 DEBUG oslo_service.service [-] database.max_overflow = 50 log_opt_values /usr/lib/python3/dist-packages/oslo_config/cfg.py:2609
2025-10-13 00:36:25.905 40197 DEBUG oslo_service.service [-] database.max_pool_size = 5 log_opt_values /usr/lib/python3/dist-packages/oslo_config/cfg.py:2609
2025-10-13 00:36:25.906 40197 DEBUG oslo_service.service [-] database.max_retries = 10 log_opt_values /usr/lib/python3/dist-packages/oslo_config/cfg.py:2609
2025-10-13 00:36:25.906 40197 DEBUG oslo_service.service [-] database.mysql_enable_ndb = False log_opt_values /usr/lib/python3/dist-packages/oslo_config/cfg.py:2609
2025-10-13 00:36:25.906 40197 DEBUG oslo_service.service [-] database.mysql_sql_mode = TRADITIONAL log_opt_values /usr/lib/python3/dist-packages/oslo_config/cfg.py:2609
2025-10-13 00:36:25.906 40197 DEBUG oslo_service.service [-] database.pool_timeout = None log_opt_values /usr/lib/python3/dist-packages/oslo_config/cfg.py:2609
2025-10-13 00:36:25.906 40197 DEBUG oslo_service.service [-] database.retry_interval = 10 log_opt_values /usr/lib/python3/dist-packages/oslo_config/cfg.py:2609
2025-10-13 00:36:25.906 40197 DEBUG oslo_service.service [-] database.slave_connection = **** log_opt_values /usr/lib/python3/dist-packages/oslo_config/cfg.py:2609
2025-10-13 00:36:25.906 40197 DEBUG oslo_service.service [-] database.sqlite_synchronous = True log_opt_values /usr/lib/python3/dist-packages/oslo_config/cfg.py:2609
2025-10-13 00:36:25.906 40197 DEBUG oslo_service.service [-] database.use_db_reconnect = False log_opt_values /usr/lib/python3/dist-packages/oslo_config/cfg.py:2609
2025-10-13 00:36:25.907 40197 DEBUG oslo_service.service [-] oslo_messaging_metrics.metrics_buffer_size = 1000 log_opt_values /usr/lib/python3/dist-packages/oslo_config/cfg.py:2609
2025-10-13 00:36:25.907 40197 DEBUG oslo_service.service [-] oslo_messaging_metrics.metrics_enabled = False log_opt_values /usr/lib/python3/dist-packages/oslo_config/cfg.py:2609
2025-10-13 00:36:25.907 40197 DEBUG oslo_service.service [-] oslo_messaging_metrics.metrics_process_name = log_opt_values /usr/lib/python3/dist-packages/oslo_config/cfg.py:2609
2025-10-13 00:36:25.907 40197 DEBUG oslo_service.service [-] oslo_messaging_metrics.metrics_socket_file = /var/tmp/metrics_collector.sock log_opt_values /usr/lib/python3/dist-packages/oslo_config/cfg.py:2609
2025-10-13 00:36:25.907 40197 DEBUG oslo_service.service [-] oslo_messaging_metrics.metrics_thread_stop_timeout = 10 log_opt_values /usr/lib/python3/dist-packages/oslo_config/cfg.py:2609
2025-10-13 00:36:25.907 40197 DEBUG oslo_service.service [-] oslo_policy.enforce_new_defaults = False log_opt_values /usr/lib/python3/dist-packages/oslo_config/cfg.py:2609
2025-10-13 00:36:25.907 40197 DEBUG oslo_service.service [-] oslo_policy.enforce_scope = False log_opt_values /usr/lib/python3/dist-packages/oslo_config/cfg.py:2609
2025-10-13 00:36:25.907 40197 DEBUG oslo_service.service [-] oslo_policy.policy_default_rule = default log_opt_values /usr/lib/python3/dist-packages/oslo_config/cfg.py:2609
2025-10-13 00:36:25.907 40197 DEBUG oslo_service.service [-] oslo_policy.policy_dirs = ['policy.d'] log_opt_values /usr/lib/python3/dist-packages/oslo_config/cfg.py:2609
2025-10-13 00:36:25.908 40197 DEBUG oslo_service.service [-] oslo_policy.policy_file = policy.yaml log_opt_values /usr/lib/python3/dist-packages/oslo_config/cfg.py:2609
2025-10-13 00:36:25.908 40197 DEBUG oslo_service.service [-] oslo_policy.remote_content_type = application/x-www-form-urlencoded log_opt_values /usr/lib/python3/dist-packages/oslo_config/cfg.py:2609
2025-10-13 00:36:25.908 40197 DEBUG oslo_service.service [-] oslo_policy.remote_ssl_ca_crt_file = None log_opt_values /usr/lib/python3/dist-packages/oslo_config/cfg.py:2609
2025-10-13 00:36:25.908 40197 DEBUG oslo_service.service [-] oslo_policy.remote_ssl_client_crt_file = None log_opt_values /usr/lib/python3/dist-packages/oslo_config/cfg.py:2609
2025-10-13 00:36:25.908 40197 DEBUG oslo_service.service [-] oslo_policy.remote_ssl_client_key_file = None log_opt_values /usr/lib/python3/dist-packages/oslo_config/cfg.py:2609
2025-10-13 00:36:25.908 40197 DEBUG oslo_service.service [-] oslo_policy.remote_ssl_verify_server_crt = False log_opt_values /usr/lib/python3/dist-packages/oslo_config/cfg.py:2609
2025-10-13 00:36:25.908 40197 DEBUG oslo_service.service [-] trustee.auth_section = None log_opt_values /usr/lib/python3/dist-packages/oslo_config/cfg.py:2609
2025-10-13 00:36:25.909 40197 WARNING oslo_config.cfg [-] Deprecated: Option "auth_plugin" from group "trustee" is deprecated. Use option "auth_type" from group "trustee".
2025-10-13 00:36:25.909 40197 DEBUG oslo_service.service [-] trustee.auth_type = password log_opt_values /usr/lib/python3/dist-packages/oslo_config/cfg.py:2609
2025-10-13 00:36:25.909 40197 DEBUG oslo_service.service [-] oslo_versionedobjects.fatal_exception_format_errors = False log_opt_values /usr/lib/python3/dist-packages/oslo_config/cfg.py:2609
2025-10-13 00:36:25.909 40197 DEBUG oslo_service.service [-] oslo_messaging_rabbit.amqp_auto_delete = False log_opt_values /usr/lib/python3/dist-packages/oslo_config/cfg.py:2609
2025-10-13 00:36:25.909 40197 DEBUG oslo_service.service [-] oslo_messaging_rabbit.amqp_durable_queues = False log_opt_values /usr/lib/python3/dist-packages/oslo_config/cfg.py:2609
2025-10-13 00:36:25.909 40197 DEBUG oslo_service.service [-] oslo_messaging_rabbit.conn_pool_min_size = 2 log_opt_values /usr/lib/python3/dist-packages/oslo_config/cfg.py:2609
2025-10-13 00:36:25.909 40197 DEBUG oslo_service.service [-] oslo_messaging_rabbit.conn_pool_ttl = 1200 log_opt_values /usr/lib/python3/dist-packages/oslo_config/cfg.py:2609
2025-10-13 00:36:25.910 40197 DEBUG oslo_service.service [-] oslo_messaging_rabbit.direct_mandatory_flag = True log_opt_values /usr/lib/python3/dist-packages/oslo_config/cfg.py:2609
2025-10-13 00:36:25.910 40197 DEBUG oslo_service.service [-] oslo_messaging_rabbit.enable_cancel_on_failover = False log_opt_values /usr/lib/python3/dist-packages/oslo_config/cfg.py:2609
2025-10-13 00:36:25.910 40197 DEBUG oslo_service.service [-] oslo_messaging_rabbit.heartbeat_in_pthread = False log_opt_values /usr/lib/python3/dist-packages/oslo_config/cfg.py:2609
2025-10-13 00:36:25.910 40197 DEBUG oslo_service.service [-] oslo_messaging_rabbit.heartbeat_rate = 2 log_opt_values /usr/lib/python3/dist-packages/oslo_config/cfg.py:2609
2025-10-13 00:36:25.910 40197 DEBUG oslo_service.service [-] oslo_messaging_rabbit.heartbeat_timeout_threshold = 60 log_opt_values /usr/lib/python3/dist-packages/oslo_config/cfg.py:2609
2025-10-13 00:36:25.910 40197 DEBUG oslo_service.service [-] oslo_messaging_rabbit.kombu_compression = None log_opt_values /usr/lib/python3/dist-packages/oslo_config/cfg.py:2609
2025-10-13 00:36:25.910 40197 DEBUG oslo_service.service [-] oslo_messaging_rabbit.kombu_failover_strategy = round-robin log_opt_values /usr/lib/python3/dist-packages/oslo_config/cfg.py:2609
2025-10-13 00:36:25.911 40197 DEBUG oslo_service.service [-] oslo_messaging_rabbit.kombu_missing_consumer_retry_timeout = 60 log_opt_values /usr/lib/python3/dist-packages/oslo_config/cfg.py:2609
2025-10-13 00:36:25.911 40197 DEBUG oslo_service.service [-] oslo_messaging_rabbit.kombu_reconnect_delay = 1.0 log_opt_values /usr/lib/python3/dist-packages/oslo_config/cfg.py:2609
2025-10-13 00:36:25.911 40197 DEBUG oslo_service.service [-] oslo_messaging_rabbit.rabbit_ha_queues = False log_opt_values /usr/lib/python3/dist-packages/oslo_config/cfg.py:2609
2025-10-13 00:36:25.911 40197 DEBUG oslo_service.service [-] oslo_messaging_rabbit.rabbit_interval_max = 30 log_opt_values /usr/lib/python3/dist-packages/oslo_config/cfg.py:2609
2025-10-13 00:36:25.911 40197 DEBUG oslo_service.service [-] oslo_messaging_rabbit.rabbit_login_method = AMQPLAIN log_opt_values /usr/lib/python3/dist-packages/oslo_config/cfg.py:2609
2025-10-13 00:36:25.911 40197 DEBUG oslo_service.service [-] oslo_messaging_rabbit.rabbit_qos_prefetch_count = 0 log_opt_values /usr/lib/python3/dist-packages/oslo_config/cfg.py:2609
2025-10-13 00:36:25.911 40197 DEBUG oslo_service.service [-] oslo_messaging_rabbit.rabbit_quorum_queue = False log_opt_values /usr/lib/python3/dist-packages/oslo_config/cfg.py:2609
2025-10-13 00:36:25.912 40197 DEBUG oslo_service.service [-] oslo_messaging_rabbit.rabbit_retry_backoff = 2 log_opt_values /usr/lib/python3/dist-packages/oslo_config/cfg.py:2609
2025-10-13 00:36:25.912 40197 DEBUG oslo_service.service [-] oslo_messaging_rabbit.rabbit_retry_interval = 1 log_opt_values /usr/lib/python3/dist-packages/oslo_config/cfg.py:2609
2025-10-13 00:36:25.912 40197 DEBUG oslo_service.service [-] oslo_messaging_rabbit.rabbit_transient_queues_ttl = 1800 log_opt_values /usr/lib/python3/dist-packages/oslo_config/cfg.py:2609
2025-10-13 00:36:25.912 40197 DEBUG oslo_service.service [-] oslo_messaging_rabbit.rpc_conn_pool_size = 30 log_opt_values /usr/lib/python3/dist-packages/oslo_config/cfg.py:2609
2025-10-13 00:36:25.912 40197 DEBUG oslo_service.service [-] oslo_messaging_rabbit.ssl = False log_opt_values /usr/lib/python3/dist-packages/oslo_config/cfg.py:2609
2025-10-13 00:36:25.912 40197 DEBUG oslo_service.service [-] oslo_messaging_rabbit.ssl_ca_file = log_opt_values /usr/lib/python3/dist-packages/oslo_config/cfg.py:2609
2025-10-13 00:36:25.912 40197 DEBUG oslo_service.service [-] oslo_messaging_rabbit.ssl_cert_file = log_opt_values /usr/lib/python3/dist-packages/oslo_config/cfg.py:2609
2025-10-13 00:36:25.912 40197 DEBUG oslo_service.service [-] oslo_messaging_rabbit.ssl_key_file = log_opt_values /usr/lib/python3/dist-packages/oslo_config/cfg.py:2609
2025-10-13 00:36:25.913 40197 DEBUG oslo_service.service [-] oslo_messaging_rabbit.ssl_version = log_opt_values /usr/lib/python3/dist-packages/oslo_config/cfg.py:2609
2025-10-13 00:36:25.913 40197 DEBUG oslo_service.service [-] oslo_messaging_notifications.driver = [] log_opt_values /usr/lib/python3/dist-packages/oslo_config/cfg.py:2609
2025-10-13 00:36:25.913 40197 DEBUG oslo_service.service [-] oslo_messaging_notifications.retry = -1 log_opt_values /usr/lib/python3/dist-packages/oslo_config/cfg.py:2609
2025-10-13 00:36:25.913 40197 DEBUG oslo_service.service [-] oslo_messaging_notifications.topics = ['notifications'] log_opt_values /usr/lib/python3/dist-packages/oslo_config/cfg.py:2609
2025-10-13 00:36:25.913 40197 DEBUG oslo_service.service [-] oslo_messaging_notifications.transport_url = **** log_opt_values /usr/lib/python3/dist-packages/oslo_config/cfg.py:2609
2025-10-13 00:36:25.913 40197 DEBUG oslo_service.service [-] cache.backend = dogpile.cache.null log_opt_values /usr/lib/python3/dist-packages/oslo_config/cfg.py:2609
2025-10-13 00:36:25.913 40197 DEBUG oslo_service.service [-] cache.backend_argument = **** log_opt_values /usr/lib/python3/dist-packages/oslo_config/cfg.py:2609
2025-10-13 00:36:25.913 40197 DEBUG oslo_service.service [-] cache.config_prefix = cache.oslo log_opt_values /usr/lib/python3/dist-packages/oslo_config/cfg.py:2609
2025-10-13 00:36:25.913 40197 DEBUG oslo_service.service [-] cache.debug_cache_backend = False log_opt_values /usr/lib/python3/dist-packages/oslo_config/cfg.py:2609
2025-10-13 00:36:25.914 40197 DEBUG oslo_service.service [-] cache.enabled = False log_opt_values /usr/lib/python3/dist-packages/oslo_config/cfg.py:2609
2025-10-13 00:36:25.914 40197 DEBUG oslo_service.service [-] cache.expiration_time = 600 log_opt_values /usr/lib/python3/dist-packages/oslo_config/cfg.py:2609
2025-10-13 00:36:25.914 40197 DEBUG oslo_service.service [-] cache.memcache_dead_retry = 300 log_opt_values /usr/lib/python3/dist-packages/oslo_config/cfg.py:2609
2025-10-13 00:36:25.914 40197 DEBUG oslo_service.service [-] cache.memcache_pool_connection_get_timeout = 10 log_opt_values /usr/lib/python3/dist-packages/oslo_config/cfg.py:2609
2025-10-13 00:36:25.914 40197 DEBUG oslo_service.service [-] cache.memcache_pool_flush_on_reconnect = False log_opt_values /usr/lib/python3/dist-packages/oslo_config/cfg.py:2609
2025-10-13 00:36:25.914 40197 DEBUG oslo_service.service [-] cache.memcache_pool_maxsize = 10 log_opt_values /usr/lib/python3/dist-packages/oslo_config/cfg.py:2609
2025-10-13 00:36:25.914 40197 DEBUG oslo_service.service [-] cache.memcache_pool_unused_timeout = 60 log_opt_values /usr/lib/python3/dist-packages/oslo_config/cfg.py:2609
2025-10-13 00:36:25.914 40197 DEBUG oslo_service.service [-] cache.memcache_servers = ['localhost:11211'] log_opt_values /usr/lib/python3/dist-packages/oslo_config/cfg.py:2609
2025-10-13 00:36:25.915 40197 DEBUG oslo_service.service [-] cache.memcache_socket_timeout = 1.0 log_opt_values /usr/lib/python3/dist-packages/oslo_config/cfg.py:2609
2025-10-13 00:36:25.915 40197 DEBUG oslo_service.service [-] cache.proxies = [] log_opt_values /usr/lib/python3/dist-packages/oslo_config/cfg.py:2609
2025-10-13 00:36:25.915 40197 DEBUG oslo_service.service [-] cache.tls_allowed_ciphers = None log_opt_values /usr/lib/python3/dist-packages/oslo_config/cfg.py:2609
2025-10-13 00:36:25.915 40197 DEBUG oslo_service.service [-] cache.tls_cafile = None log_opt_values /usr/lib/python3/dist-packages/oslo_config/cfg.py:2609
2025-10-13 00:36:25.915 40197 DEBUG oslo_service.service [-] cache.tls_certfile = None log_opt_values /usr/lib/python3/dist-packages/oslo_config/cfg.py:2609
2025-10-13 00:36:25.915 40197 DEBUG oslo_service.service [-] cache.tls_enabled = False log_opt_values /usr/lib/python3/dist-packages/oslo_config/cfg.py:2609
2025-10-13 00:36:25.915 40197 DEBUG oslo_service.service [-] cache.tls_keyfile = None log_opt_values /usr/lib/python3/dist-packages/oslo_config/cfg.py:2609
2025-10-13 00:36:25.915 40197 DEBUG oslo_service.service [-] constraint_validation_cache.caching = True log_opt_values /usr/lib/python3/dist-packages/oslo_config/cfg.py:2609
2025-10-13 00:36:25.916 40197 DEBUG oslo_service.service [-] constraint_validation_cache.expiration_time = 60 log_opt_values /usr/lib/python3/dist-packages/oslo_config/cfg.py:2609
2025-10-13 00:36:25.916 40197 DEBUG oslo_service.service [-] service_extension_cache.caching = True log_opt_values /usr/lib/python3/dist-packages/oslo_config/cfg.py:2609
2025-10-13 00:36:25.916 40197 DEBUG oslo_service.service [-] service_extension_cache.expiration_time = 3600 log_opt_values /usr/lib/python3/dist-packages/oslo_config/cfg.py:2609
2025-10-13 00:36:25.916 40197 DEBUG oslo_service.service [-] resource_finder_cache.caching = True log_opt_values /usr/lib/python3/dist-packages/oslo_config/cfg.py:2609
2025-10-13 00:36:25.916 40197 DEBUG oslo_service.service [-] resource_finder_cache.expiration_time = 3600 log_opt_values /usr/lib/python3/dist-packages/oslo_config/cfg.py:2609
2025-10-13 00:36:25.916 40197 DEBUG oslo_service.service [-] yaql.limit_iterators = 200 log_opt_values /usr/lib/python3/dist-packages/oslo_config/cfg.py:2609
2025-10-13 00:36:25.916 40197 DEBUG oslo_service.service [-] yaql.memory_quota = 10000 log_opt_values /usr/lib/python3/dist-packages/oslo_config/cfg.py:2609
2025-10-13 00:36:25.916 40197 DEBUG oslo_service.service [-] ******************************************************************************** log_opt_values /usr/lib/python3/dist-packages/oslo_config/cfg.py:2613
2025-10-13 00:36:25.939 40420 DEBUG oslo_db.sqlalchemy.engines [req-86516afb-32ba-45cf-ab57-b5957a094b1e - - - - -] MySQL server mode set to STRICT_TRANS_TABLES,STRICT_ALL_TABLES,NO_ZERO_IN_DATE,NO_ZERO_DATE,ERROR_FOR_DIVISION_BY_ZERO,TRADITIONAL,NO_ENGINE_SUBSTITUTION _check_effective_sql_mode /usr/lib/python3/dist-packages/oslo_db/sqlalchemy/engines.py:314
2025-10-13 00:36:25.948 40418 DEBUG oslo_db.sqlalchemy.engines [req-38a72adc-eda7-41fd-af59-9a4bd4e8a6de - - - - -] MySQL server mode set to STRICT_TRANS_TABLES,STRICT_ALL_TABLES,NO_ZERO_IN_DATE,NO_ZERO_DATE,ERROR_FOR_DIVISION_BY_ZERO,TRADITIONAL,NO_ENGINE_SUBSTITUTION _check_effective_sql_mode /usr/lib/python3/dist-packages/oslo_db/sqlalchemy/engines.py:314
2025-10-13 00:36:25.955 40417 DEBUG oslo_db.sqlalchemy.engines [req-dcc2a564-03cd-4ba8-af3b-3fdfdd2d9d6f - - - - -] MySQL server mode set to STRICT_TRANS_TABLES,STRICT_ALL_TABLES,NO_ZERO_IN_DATE,NO_ZERO_DATE,ERROR_FOR_DIVISION_BY_ZERO,TRADITIONAL,NO_ENGINE_SUBSTITUTION _check_effective_sql_mode /usr/lib/python3/dist-packages/oslo_db/sqlalchemy/engines.py:314
2025-10-13 00:36:25.957 40419 DEBUG oslo_db.sqlalchemy.engines [req-1391d99c-e885-4787-9c85-c39eb4ec8461 - - - - -] MySQL server mode set to STRICT_TRANS_TABLES,STRICT_ALL_TABLES,NO_ZERO_IN_DATE,NO_ZERO_DATE,ERROR_FOR_DIVISION_BY_ZERO,TRADITIONAL,NO_ENGINE_SUBSTITUTION _check_effective_sql_mode /usr/lib/python3/dist-packages/oslo_db/sqlalchemy/engines.py:314
2025-10-13 00:36:26.038 40418 DEBUG heat.engine.service [req-296a34e6-097f-4a3b-98e5-27b42c47abcc - - - - -] Service 175b02f9-863e-499e-bcd3-8bce45eefc8a is started service_manage_report /usr/lib/python3/dist-packages/heat/engine/service.py:2363
2025-10-13 00:36:26.068 40418 DEBUG heat.engine.service [req-296a34e6-097f-4a3b-98e5-27b42c47abcc - - - - -] Service 175b02f9-863e-499e-bcd3-8bce45eefc8a is updated service_manage_report /usr/lib/python3/dist-packages/heat/engine/service.py:2370
2025-10-13 00:36:26.073 40417 DEBUG heat.engine.service [req-d0410cea-750f-47a7-812f-99372897ce28 - - - - -] Service b5a90f04-7929-4baf-a148-e57ad9f21cdb is started service_manage_report /usr/lib/python3/dist-packages/heat/engine/service.py:2363
2025-10-13 00:36:26.074 40419 DEBUG heat.engine.service [req-7c31969c-a517-4795-8764-b547c7b43f4f - - - - -] Service 0ad0840b-8ac0-40a0-be1b-c3d2bdfeefb3 is started service_manage_report /usr/lib/python3/dist-packages/heat/engine/service.py:2363
2025-10-13 00:36:26.089 40420 DEBUG heat.engine.service [req-eb816a7e-c3d9-4a7c-bd64-6e7499619516 - - - - -] Service b9326193-d517-483c-ab49-8eb8af27e1c1 is started service_manage_report /usr/lib/python3/dist-packages/heat/engine/service.py:2363
2025-10-13 00:36:26.091 40417 DEBUG heat.engine.service [req-d0410cea-750f-47a7-812f-99372897ce28 - - - - -] Service b5a90f04-7929-4baf-a148-e57ad9f21cdb is updated service_manage_report /usr/lib/python3/dist-packages/heat/engine/service.py:2370
2025-10-13 00:36:26.098 40419 DEBUG heat.engine.service [req-7c31969c-a517-4795-8764-b547c7b43f4f - - - - -] Service 0ad0840b-8ac0-40a0-be1b-c3d2bdfeefb3 is updated service_manage_report /usr/lib/python3/dist-packages/heat/engine/service.py:2370
2025-10-13 00:36:26.109 40420 DEBUG heat.engine.service [req-eb816a7e-c3d9-4a7c-bd64-6e7499619516 - - - - -] Service b9326193-d517-483c-ab49-8eb8af27e1c1 is updated service_manage_report /usr/lib/python3/dist-packages/heat/engine/service.py:2370
2025-10-13 00:37:26.029 40418 DEBUG heat.engine.service [req-a5ab0b68-e513-43dd-a2b6-1fa8c8510f8f - - - - -] Service 175b02f9-863e-499e-bcd3-8bce45eefc8a is updated service_manage_report /usr/lib/python3/dist-packages/heat/engine/service.py:2370
2025-10-13 00:37:26.055 40417 DEBUG heat.engine.service [req-ded1a92e-0ff4-4615-9d1a-e2d22c150f0c - - - - -] Service b5a90f04-7929-4baf-a148-e57ad9f21cdb is updated service_manage_report /usr/lib/python3/dist-packages/heat/engine/service.py:2370
2025-10-13 00:37:26.063 40419 DEBUG heat.engine.service [req-72497f9b-57ef-4b7b-a7b2-a62b8ecfecc2 - - - - -] Service 0ad0840b-8ac0-40a0-be1b-c3d2bdfeefb3 is updated service_manage_report /usr/lib/python3/dist-packages/heat/engine/service.py:2370
2025-10-13 00:37:26.083 40420 DEBUG heat.engine.service [req-27ebea35-809b-4981-89cf-fbd3d3d731b6 - - - - -] Service b9326193-d517-483c-ab49-8eb8af27e1c1 is updated service_manage_report /usr/lib/python3/dist-packages/heat/engine/service.py:2370
2025-10-13 00:38:26.026 40418 DEBUG heat.engine.service [req-d97b9312-ce61-4d03-9bfb-d14995ef8897 - - - - -] Service 175b02f9-863e-499e-bcd3-8bce45eefc8a is updated service_manage_report /usr/lib/python3/dist-packages/heat/engine/service.py:2370
2025-10-13 00:38:26.063 40417 DEBUG heat.engine.service [req-c928fcc4-96f5-46d0-8d76-14a5ceed2b0d - - - - -] Service b5a90f04-7929-4baf-a148-e57ad9f21cdb is updated service_manage_report /usr/lib/python3/dist-packages/heat/engine/service.py:2370
2025-10-13 00:38:26.067 40419 DEBUG heat.engine.service [req-1e18cd58-67f8-4764-98d1-279291162634 - - - - -] Service 0ad0840b-8ac0-40a0-be1b-c3d2bdfeefb3 is updated service_manage_report /usr/lib/python3/dist-packages/heat/engine/service.py:2370
2025-10-13 00:38:26.085 40420 DEBUG heat.engine.service [req-06647f41-2bf7-4885-b053-15df428397ed - - - - -] Service b9326193-d517-483c-ab49-8eb8af27e1c1 is updated service_manage_report /usr/lib/python3/dist-packages/heat/engine/service.py:2370
2025-10-13 00:39:26.020 40418 DEBUG heat.engine.service [req-e8f12842-b43f-4689-9266-4eec039f4884 - - - - -] Service 175b02f9-863e-499e-bcd3-8bce45eefc8a is updated service_manage_report /usr/lib/python3/dist-packages/heat/engine/service.py:2370
2025-10-13 00:39:26.056 40417 DEBUG heat.engine.service [req-a6ff2c6e-75a0-4cc4-99a8-8e874a0b73e7 - - - - -] Service b5a90f04-7929-4baf-a148-e57ad9f21cdb is updated service_manage_report /usr/lib/python3/dist-packages/heat/engine/service.py:2370
2025-10-13 00:39:26.074 40419 DEBUG heat.engine.service [req-544d171c-4531-4d95-9535-ab4d39e7c6ee - - - - -] Service 0ad0840b-8ac0-40a0-be1b-c3d2bdfeefb3 is updated service_manage_report /usr/lib/python3/dist-packages/heat/engine/service.py:2370
2025-10-13 00:39:26.088 40420 DEBUG heat.engine.service [req-1042d2ff-291d-4e40-aa1a-0d65e66246d2 - - - - -] Service b9326193-d517-483c-ab49-8eb8af27e1c1 is updated service_manage_report /usr/lib/python3/dist-packages/heat/engine/service.py:2370
2025-10-13 00:40:26.024 40418 DEBUG heat.engine.service [req-3995fc5d-4491-490a-90cb-496a59b72c2d - - - - -] Service 175b02f9-863e-499e-bcd3-8bce45eefc8a is updated service_manage_report /usr/lib/python3/dist-packages/heat/engine/service.py:2370
2025-10-13 00:40:26.060 40417 DEBUG heat.engine.service [req-b7a07347-0388-468d-9b11-8156ab7e8cf1 - - - - -] Service b5a90f04-7929-4baf-a148-e57ad9f21cdb is updated service_manage_report /usr/lib/python3/dist-packages/heat/engine/service.py:2370
2025-10-13 00:40:26.068 40419 DEBUG heat.engine.service [req-61317200-1141-4132-9a3f-97f15852a0b5 - - - - -] Service 0ad0840b-8ac0-40a0-be1b-c3d2bdfeefb3 is updated service_manage_report /usr/lib/python3/dist-packages/heat/engine/service.py:2370
2025-10-13 00:40:26.096 40420 DEBUG heat.engine.service [req-39adc77c-d672-40bd-83ce-b2c728842a5f - - - - -] Service b9326193-d517-483c-ab49-8eb8af27e1c1 is updated service_manage_report /usr/lib/python3/dist-packages/heat/engine/service.py:2370
2025-10-13 00:41:26.031 40418 DEBUG heat.engine.service [req-0797b724-4797-43c6-9763-0e75ed85a9bb - - - - -] Service 175b02f9-863e-499e-bcd3-8bce45eefc8a is updated service_manage_report /usr/lib/python3/dist-packages/heat/engine/service.py:2370
2025-10-13 00:41:26.065 40417 DEBUG heat.engine.service [req-f707e134-d8d1-4c43-a866-9192f1107b50 - - - - -] Service b5a90f04-7929-4baf-a148-e57ad9f21cdb is updated service_manage_report /usr/lib/python3/dist-packages/heat/engine/service.py:2370
2025-10-13 00:41:26.073 40419 DEBUG heat.engine.service [req-ef242d60-e422-4890-9b39-a8c99f48964f - - - - -] Service 0ad0840b-8ac0-40a0-be1b-c3d2bdfeefb3 is updated service_manage_report /usr/lib/python3/dist-packages/heat/engine/service.py:2370
2025-10-13 00:41:26.091 40420 DEBUG heat.engine.service [req-5bd1c292-78ad-4285-80c8-b75fe6f7b992 - - - - -] Service b9326193-d517-483c-ab49-8eb8af27e1c1 is updated service_manage_report /usr/lib/python3/dist-packages/heat/engine/service.py:2370
2025-10-13 00:42:26.024 40418 DEBUG heat.engine.service [req-5e966e9a-7706-4663-a44d-8d57671d43f9 - - - - -] Service 175b02f9-863e-499e-bcd3-8bce45eefc8a is updated service_manage_report /usr/lib/python3/dist-packages/heat/engine/service.py:2370
2025-10-13 00:42:26.068 40417 DEBUG heat.engine.service [req-7f042b6c-6230-47db-94e3-3d810f139be6 - - - - -] Service b5a90f04-7929-4baf-a148-e57ad9f21cdb is updated service_manage_report /usr/lib/python3/dist-packages/heat/engine/service.py:2370
2025-10-13 00:42:26.074 40419 DEBUG heat.engine.service [req-49c5ef73-c5a2-45a3-b349-21623b9239f3 - - - - -] Service 0ad0840b-8ac0-40a0-be1b-c3d2bdfeefb3 is updated service_manage_report /usr/lib/python3/dist-packages/heat/engine/service.py:2370
2025-10-13 00:42:26.092 40420 DEBUG heat.engine.service [req-6ee4e28c-7e17-4df8-a807-1c559242a79c - - - - -] Service b9326193-d517-483c-ab49-8eb8af27e1c1 is updated service_manage_report /usr/lib/python3/dist-packages/heat/engine/service.py:2370
2025-10-13 00:43:26.029 40418 DEBUG heat.engine.service [req-f3d9f076-e0f8-4321-8ca4-d5a673fa275c - - - - -] Service 175b02f9-863e-499e-bcd3-8bce45eefc8a is updated service_manage_report /usr/lib/python3/dist-packages/heat/engine/service.py:2370
2025-10-13 00:43:26.072 40417 DEBUG heat.engine.service [req-14f2be46-d047-46df-8ac4-f0ad708e1135 - - - - -] Service b5a90f04-7929-4baf-a148-e57ad9f21cdb is updated service_manage_report /usr/lib/python3/dist-packages/heat/engine/service.py:2370
2025-10-13 00:43:26.076 40419 DEBUG heat.engine.service [req-99a4daae-3cf4-4bb1-bcce-57d90dac1d22 - - - - -] Service 0ad0840b-8ac0-40a0-be1b-c3d2bdfeefb3 is updated service_manage_report /usr/lib/python3/dist-packages/heat/engine/service.py:2370
2025-10-13 00:43:26.098 40420 DEBUG heat.engine.service [req-1f3ab556-872c-4166-9a7e-bbca2e0c6fa8 - - - - -] Service b9326193-d517-483c-ab49-8eb8af27e1c1 is updated service_manage_report /usr/lib/python3/dist-packages/heat/engine/service.py:2370
2025-10-13 00:44:26.033 40418 DEBUG heat.engine.service [req-3baed561-8e44-4c25-a715-968fcd039b46 - - - - -] Service 175b02f9-863e-499e-bcd3-8bce45eefc8a is updated service_manage_report /usr/lib/python3/dist-packages/heat/engine/service.py:2370
2025-10-13 00:44:26.075 40417 DEBUG heat.engine.service [req-532b1201-8a4c-4393-a8f5-bc18afcf6d58 - - - - -] Service b5a90f04-7929-4baf-a148-e57ad9f21cdb is updated service_manage_report /usr/lib/python3/dist-packages/heat/engine/service.py:2370
2025-10-13 00:44:26.078 40419 DEBUG heat.engine.service [req-58817726-8e2c-4b74-a496-859382ad9095 - - - - -] Service 0ad0840b-8ac0-40a0-be1b-c3d2bdfeefb3 is updated service_manage_report /usr/lib/python3/dist-packages/heat/engine/service.py:2370
2025-10-13 00:44:26.091 40420 DEBUG heat.engine.service [req-e2d828cb-cdec-4d37-ac0c-2f5f9623e1dd - - - - -] Service b9326193-d517-483c-ab49-8eb8af27e1c1 is updated service_manage_report /usr/lib/python3/dist-packages/heat/engine/service.py:2370
2025-10-13 00:45:26.037 40418 DEBUG heat.engine.service [req-0cc2a145-cfde-42e1-ac8b-e18357790cab - - - - -] Service 175b02f9-863e-499e-bcd3-8bce45eefc8a is updated service_manage_report /usr/lib/python3/dist-packages/heat/engine/service.py:2370
2025-10-13 00:45:26.078 40417 DEBUG heat.engine.service [req-83747946-1994-4d53-9075-a4938234fc04 - - - - -] Service b5a90f04-7929-4baf-a148-e57ad9f21cdb is updated service_manage_report /usr/lib/python3/dist-packages/heat/engine/service.py:2370
2025-10-13 00:45:26.081 40419 DEBUG heat.engine.service [req-331c6d84-1d68-4e17-aef5-67592f218157 - - - - -] Service 0ad0840b-8ac0-40a0-be1b-c3d2bdfeefb3 is updated service_manage_report /usr/lib/python3/dist-packages/heat/engine/service.py:2370
2025-10-13 00:45:26.094 40420 DEBUG heat.engine.service [req-7a2ef5b1-71a3-43ac-b692-87f8f59685c5 - - - - -] Service b9326193-d517-483c-ab49-8eb8af27e1c1 is updated service_manage_report /usr/lib/python3/dist-packages/heat/engine/service.py:2370
2025-10-13 00:46:26.046 40418 DEBUG heat.engine.service [req-31b03f06-813b-4565-be55-3e37224f6c7b - - - - -] Service 175b02f9-863e-499e-bcd3-8bce45eefc8a is updated service_manage_report /usr/lib/python3/dist-packages/heat/engine/service.py:2370
2025-10-13 00:46:26.084 40417 DEBUG heat.engine.service [req-e4606125-8874-4b28-aa14-d453e68e6eae - - - - -] Service b5a90f04-7929-4baf-a148-e57ad9f21cdb is updated service_manage_report /usr/lib/python3/dist-packages/heat/engine/service.py:2370
2025-10-13 00:46:26.086 40419 DEBUG heat.engine.service [req-7fca2764-03d1-4f4d-92eb-6166934fdb56 - - - - -] Service 0ad0840b-8ac0-40a0-be1b-c3d2bdfeefb3 is updated service_manage_report /usr/lib/python3/dist-packages/heat/engine/service.py:2370
2025-10-13 00:46:26.096 40420 DEBUG heat.engine.service [req-4ef7f7eb-59ef-46f7-8723-186391bf8be7 - - - - -] Service b9326193-d517-483c-ab49-8eb8af27e1c1 is updated service_manage_report /usr/lib/python3/dist-packages/heat/engine/service.py:2370
2025-10-13 00:47:26.040 40418 DEBUG heat.engine.service [req-78ccd34b-4c3a-48a0-9cde-c4aec55cc132 - - - - -] Service 175b02f9-863e-499e-bcd3-8bce45eefc8a is updated service_manage_report /usr/lib/python3/dist-packages/heat/engine/service.py:2370
2025-10-13 00:47:26.079 40417 DEBUG heat.engine.service [req-db1cd42d-764d-47c9-b6a5-16a3c254d11c - - - - -] Service b5a90f04-7929-4baf-a148-e57ad9f21cdb is updated service_manage_report /usr/lib/python3/dist-packages/heat/engine/service.py:2370
2025-10-13 00:47:26.091 40419 DEBUG heat.engine.service [req-d6ff0480-dd5a-4d36-841c-3916989556b0 - - - - -] Service 0ad0840b-8ac0-40a0-be1b-c3d2bdfeefb3 is updated service_manage_report /usr/lib/python3/dist-packages/heat/engine/service.py:2370
2025-10-13 00:47:26.099 40420 DEBUG heat.engine.service [req-a218ae90-1afa-4439-92eb-1ea80eeea20f - - - - -] Service b9326193-d517-483c-ab49-8eb8af27e1c1 is updated service_manage_report /usr/lib/python3/dist-packages/heat/engine/service.py:2370
2025-10-13 00:48:26.045 40418 DEBUG heat.engine.service [req-28b18791-1aac-42a3-933d-64fe82f3f1e6 - - - - -] Service 175b02f9-863e-499e-bcd3-8bce45eefc8a is updated service_manage_report /usr/lib/python3/dist-packages/heat/engine/service.py:2370
2025-10-13 00:48:26.084 40417 DEBUG heat.engine.service [req-370850ad-7fc9-4d2d-af38-dff4e69d1a4c - - - - -] Service b5a90f04-7929-4baf-a148-e57ad9f21cdb is updated service_manage_report /usr/lib/python3/dist-packages/heat/engine/service.py:2370
2025-10-13 00:48:26.094 40419 DEBUG heat.engine.service [req-f59a4239-a87c-44ac-8c35-62e041fb927a - - - - -] Service 0ad0840b-8ac0-40a0-be1b-c3d2bdfeefb3 is updated service_manage_report /usr/lib/python3/dist-packages/heat/engine/service.py:2370
2025-10-13 00:48:26.104 40420 DEBUG heat.engine.service [req-a2e59056-2172-439f-ae1b-e815147fc993 - - - - -] Service b9326193-d517-483c-ab49-8eb8af27e1c1 is updated service_manage_report /usr/lib/python3/dist-packages/heat/engine/service.py:2370
2025-10-13 00:49:26.051 40418 DEBUG heat.engine.service [req-5a65f417-4c17-4112-bee9-b3520b32ebb4 - - - - -] Service 175b02f9-863e-499e-bcd3-8bce45eefc8a is updated service_manage_report /usr/lib/python3/dist-packages/heat/engine/service.py:2370
2025-10-13 00:49:26.088 40417 DEBUG heat.engine.service [req-1dc09b63-d01a-4d30-8fe4-1c60bb98f710 - - - - -] Service b5a90f04-7929-4baf-a148-e57ad9f21cdb is updated service_manage_report /usr/lib/python3/dist-packages/heat/engine/service.py:2370
2025-10-13 00:49:26.098 40419 DEBUG heat.engine.service [req-b80c598a-a2fd-4ed0-bfd3-c8a5e238db7e - - - - -] Service 0ad0840b-8ac0-40a0-be1b-c3d2bdfeefb3 is updated service_manage_report /usr/lib/python3/dist-packages/heat/engine/service.py:2370
2025-10-13 00:49:26.107 40420 DEBUG heat.engine.service [req-6fb89bb7-35e8-467f-9047-8737e27c5b78 - - - - -] Service b9326193-d517-483c-ab49-8eb8af27e1c1 is updated service_manage_report /usr/lib/python3/dist-packages/heat/engine/service.py:2370
2025-10-13 00:50:26.045 40418 DEBUG heat.engine.service [req-9ac8dd9a-792a-4bd0-88f8-8fdca84c1440 - - - - -] Service 175b02f9-863e-499e-bcd3-8bce45eefc8a is updated service_manage_report /usr/lib/python3/dist-packages/heat/engine/service.py:2370
2025-10-13 00:50:26.091 40417 DEBUG heat.engine.service [req-0ea71471-fd30-48b2-9fe3-ec4db41fbeaa - - - - -] Service b5a90f04-7929-4baf-a148-e57ad9f21cdb is updated service_manage_report /usr/lib/python3/dist-packages/heat/engine/service.py:2370
2025-10-13 00:50:26.100 40419 DEBUG heat.engine.service [req-45d6638f-8fb2-422a-b842-11ef6828bf15 - - - - -] Service 0ad0840b-8ac0-40a0-be1b-c3d2bdfeefb3 is updated service_manage_report /usr/lib/python3/dist-packages/heat/engine/service.py:2370
2025-10-13 00:50:26.108 40420 DEBUG heat.engine.service [req-a885c624-2bc9-480e-8f64-8c915c47c5e3 - - - - -] Service b9326193-d517-483c-ab49-8eb8af27e1c1 is updated service_manage_report /usr/lib/python3/dist-packages/heat/engine/service.py:2370
2025-10-13 00:51:26.053 40418 DEBUG heat.engine.service [req-2026773b-3a0b-47cb-9fad-ed2dc8d11109 - - - - -] Service 175b02f9-863e-499e-bcd3-8bce45eefc8a is updated service_manage_report /usr/lib/python3/dist-packages/heat/engine/service.py:2370
2025-10-13 00:51:26.098 40417 DEBUG heat.engine.service [req-7d9cff1e-9267-4ce8-80e5-1b58dfb24433 - - - - -] Service b5a90f04-7929-4baf-a148-e57ad9f21cdb is updated service_manage_report /usr/lib/python3/dist-packages/heat/engine/service.py:2370
2025-10-13 00:51:26.104 40419 DEBUG heat.engine.service [req-a26ce6f5-b541-4f8e-9b25-9fa1d78d377a - - - - -] Service 0ad0840b-8ac0-40a0-be1b-c3d2bdfeefb3 is updated service_manage_report /usr/lib/python3/dist-packages/heat/engine/service.py:2370
2025-10-13 00:51:26.111 40420 DEBUG heat.engine.service [req-34549c42-c47b-4f1d-a75f-befba65311c3 - - - - -] Service b9326193-d517-483c-ab49-8eb8af27e1c1 is updated service_manage_report /usr/lib/python3/dist-packages/heat/engine/service.py:2370
2025-10-13 00:52:26.045 40418 DEBUG heat.engine.service [req-b28ab7f6-770b-4eef-a5cf-8efade5c471e - - - - -] Service 175b02f9-863e-499e-bcd3-8bce45eefc8a is updated service_manage_report /usr/lib/python3/dist-packages/heat/engine/service.py:2370
2025-10-13 00:52:26.091 40417 DEBUG heat.engine.service [req-dcecb0f1-1f30-4c4c-af4d-8dc6f47060ec - - - - -] Service b5a90f04-7929-4baf-a148-e57ad9f21cdb is updated service_manage_report /usr/lib/python3/dist-packages/heat/engine/service.py:2370
2025-10-13 00:52:26.107 40419 DEBUG heat.engine.service [req-d82b3db7-44a5-423f-b1da-ebbf6d617368 - - - - -] Service 0ad0840b-8ac0-40a0-be1b-c3d2bdfeefb3 is updated service_manage_report /usr/lib/python3/dist-packages/heat/engine/service.py:2370
2025-10-13 00:52:26.119 40420 DEBUG heat.engine.service [req-32fcea76-63dc-4326-b09f-a8a5d209a777 - - - - -] Service b9326193-d517-483c-ab49-8eb8af27e1c1 is updated service_manage_report /usr/lib/python3/dist-packages/heat/engine/service.py:2370
2025-10-13 00:53:26.048 40418 DEBUG heat.engine.service [req-6f820ec3-a093-4d56-9b39-a025f832069d - - - - -] Service 175b02f9-863e-499e-bcd3-8bce45eefc8a is updated service_manage_report /usr/lib/python3/dist-packages/heat/engine/service.py:2370
2025-10-13 00:53:26.093 40417 DEBUG heat.engine.service [req-846cc15e-4c2a-4d0f-810b-89e6e0b6fc37 - - - - -] Service b5a90f04-7929-4baf-a148-e57ad9f21cdb is updated service_manage_report /usr/lib/python3/dist-packages/heat/engine/service.py:2370
2025-10-13 00:53:26.110 40419 DEBUG heat.engine.service [req-b1cce543-7c72-405d-8b4b-75a5a09a8cf6 - - - - -] Service 0ad0840b-8ac0-40a0-be1b-c3d2bdfeefb3 is updated service_manage_report /usr/lib/python3/dist-packages/heat/engine/service.py:2370
2025-10-13 00:53:26.114 40420 DEBUG heat.engine.service [req-933e130f-23a1-4bf7-91ee-31d964083529 - - - - -] Service b9326193-d517-483c-ab49-8eb8af27e1c1 is updated service_manage_report /usr/lib/python3/dist-packages/heat/engine/service.py:2370
2025-10-13 00:54:26.057 40418 DEBUG heat.engine.service [req-68b49bfb-2d69-482c-a058-f1a56f6568fb - - - - -] Service 175b02f9-863e-499e-bcd3-8bce45eefc8a is updated service_manage_report /usr/lib/python3/dist-packages/heat/engine/service.py:2370
2025-10-13 00:54:26.095 40417 DEBUG heat.engine.service [req-7785928a-13d4-4ec4-9c15-203a59d654b3 - - - - -] Service b5a90f04-7929-4baf-a148-e57ad9f21cdb is updated service_manage_report /usr/lib/python3/dist-packages/heat/engine/service.py:2370
2025-10-13 00:54:26.110 40419 DEBUG heat.engine.service [req-25be34c6-7a53-4365-bb98-f151b326dfbb - - - - -] Service 0ad0840b-8ac0-40a0-be1b-c3d2bdfeefb3 is updated service_manage_report /usr/lib/python3/dist-packages/heat/engine/service.py:2370
2025-10-13 00:54:26.115 40420 DEBUG heat.engine.service [req-f645cabb-fa55-4b2e-b765-78435697bb32 - - - - -] Service b9326193-d517-483c-ab49-8eb8af27e1c1 is updated service_manage_report /usr/lib/python3/dist-packages/heat/engine/service.py:2370
2025-10-13 00:55:26.053 40418 DEBUG heat.engine.service [req-00ad778d-e816-4349-8342-3342ab32a0a7 - - - - -] Service 175b02f9-863e-499e-bcd3-8bce45eefc8a is updated service_manage_report /usr/lib/python3/dist-packages/heat/engine/service.py:2370
2025-10-13 00:55:26.097 40417 DEBUG heat.engine.service [req-45db117b-8dae-4a1c-a392-6e58a48bcab6 - - - - -] Service b5a90f04-7929-4baf-a148-e57ad9f21cdb is updated service_manage_report /usr/lib/python3/dist-packages/heat/engine/service.py:2370
2025-10-13 00:55:26.116 40419 DEBUG heat.engine.service [req-78f09fed-47cd-4a53-aba7-5f64b0c3c1e6 - - - - -] Service 0ad0840b-8ac0-40a0-be1b-c3d2bdfeefb3 is updated service_manage_report /usr/lib/python3/dist-packages/heat/engine/service.py:2370
