2025-10-13 00:55:26.119 40420 DEBUG heat.engine.service [req-2c0a48d2-1be8-4c31-92cb-d64beb334108 - - - - -] Service b9326193-d517-483c-ab49-8eb8af27e1c1 is updated service_manage_report /usr/lib/python3/dist-packages/heat/engine/service.py:2370
2025-10-13 00:56:26.049 40418 DEBUG heat.engine.service [req-bc59ac72-2c0b-43cf-902e-b97b23c797a7 - - - - -] Service 175b02f9-863e-499e-bcd3-8bce45eefc8a is updated service_manage_report /usr/lib/python3/dist-packages/heat/engine/service.py:2370
2025-10-13 00:56:26.102 40417 DEBUG heat.engine.service [req-155ed372-2fbf-4864-ab8e-1da0597e50cd - - - - -] Service b5a90f04-7929-4baf-a148-e57ad9f21cdb is updated service_manage_report /usr/lib/python3/dist-packages/heat/engine/service.py:2370
2025-10-13 00:56:26.109 40419 DEBUG heat.engine.service [req-816d8860-296e-4cf8-8aa1-8ed410644b79 - - - - -] Service 0ad0840b-8ac0-40a0-be1b-c3d2bdfeefb3 is updated service_manage_report /usr/lib/python3/dist-packages/heat/engine/service.py:2370
2025-10-13 00:56:26.123 40420 DEBUG heat.engine.service [req-89528601-c805-46eb-b033-d74ab36a4b87 - - - - -] Service b9326193-d517-483c-ab49-8eb8af27e1c1 is updated service_manage_report /usr/lib/python3/dist-packages/heat/engine/service.py:2370
2025-10-13 00:57:26.043 40418 DEBUG heat.engine.service [req-bebfffd4-18e5-4879-be00-af08df1c44c2 - - - - -] Service 175b02f9-863e-499e-bcd3-8bce45eefc8a is updated service_manage_report /usr/lib/python3/dist-packages/heat/engine/service.py:2370
2025-10-13 00:57:26.110 40417 DEBUG heat.engine.service [req-e1fa5e1c-07e2-4ad7-ae10-95850838e223 - - - - -] Service b5a90f04-7929-4baf-a148-e57ad9f21cdb is updated service_manage_report /usr/lib/python3/dist-packages/heat/engine/service.py:2370
2025-10-13 00:57:26.113 40419 DEBUG heat.engine.service [req-6cf95e73-1a84-498e-b650-6a138bbeab56 - - - - -] Service 0ad0840b-8ac0-40a0-be1b-c3d2bdfeefb3 is updated service_manage_report /usr/lib/python3/dist-packages/heat/engine/service.py:2370
2025-10-13 00:57:26.126 40420 DEBUG heat.engine.service [req-6f7655fb-9981-41f5-8526-71aa8d1eeadf - - - - -] Service b9326193-d517-483c-ab49-8eb8af27e1c1 is updated service_manage_report /usr/lib/python3/dist-packages/heat/engine/service.py:2370
2025-10-13 00:58:26.045 40418 DEBUG heat.engine.service [req-8eb3505f-12ca-4c3e-871c-db451ef8fba9 - - - - -] Service 175b02f9-863e-499e-bcd3-8bce45eefc8a is updated service_manage_report /usr/lib/python3/dist-packages/heat/engine/service.py:2370
2025-10-13 00:58:26.102 40417 DEBUG heat.engine.service [req-2f6b52b9-30d1-4035-aabb-2a9227449b8f - - - - -] Service b5a90f04-7929-4baf-a148-e57ad9f21cdb is updated service_manage_report /usr/lib/python3/dist-packages/heat/engine/service.py:2370
2025-10-13 00:58:26.117 40419 DEBUG heat.engine.service [req-cbea6637-929b-41cf-ae7a-27cb63ce88f1 - - - - -] Service 0ad0840b-8ac0-40a0-be1b-c3d2bdfeefb3 is updated service_manage_report /usr/lib/python3/dist-packages/heat/engine/service.py:2370
2025-10-13 00:58:26.128 40420 DEBUG heat.engine.service [req-78998afc-09de-449c-91ab-6fced09d975f - - - - -] Service b9326193-d517-483c-ab49-8eb8af27e1c1 is updated service_manage_report /usr/lib/python3/dist-packages/heat/engine/service.py:2370
2025-10-13 00:59:26.049 40418 DEBUG heat.engine.service [req-8eb47115-542c-420f-8322-92c04ca9bf5b - - - - -] Service 175b02f9-863e-499e-bcd3-8bce45eefc8a is updated service_manage_report /usr/lib/python3/dist-packages/heat/engine/service.py:2370
2025-10-13 00:59:26.107 40417 DEBUG heat.engine.service [req-b3b03067-f40f-4124-a8a4-ca739b4b9c86 - - - - -] Service b5a90f04-7929-4baf-a148-e57ad9f21cdb is updated service_manage_report /usr/lib/python3/dist-packages/heat/engine/service.py:2370
2025-10-13 00:59:26.119 40419 DEBUG heat.engine.service [req-24a6606e-2efb-4180-8122-1eff7b5b3f4f - - - - -] Service 0ad0840b-8ac0-40a0-be1b-c3d2bdfeefb3 is updated service_manage_report /usr/lib/python3/dist-packages/heat/engine/service.py:2370
2025-10-13 00:59:26.131 40420 DEBUG heat.engine.service [req-b6293a7b-8f58-494a-b241-19e8f9276ba1 - - - - -] Service b9326193-d517-483c-ab49-8eb8af27e1c1 is updated service_manage_report /usr/lib/python3/dist-packages/heat/engine/service.py:2370
2025-10-13 01:00:26.054 40418 DEBUG heat.engine.service [req-c379cc94-4327-4f23-9bdf-9b22f48e4be2 - - - - -] Service 175b02f9-863e-499e-bcd3-8bce45eefc8a is updated service_manage_report /usr/lib/python3/dist-packages/heat/engine/service.py:2370
2025-10-13 01:00:26.112 40417 DEBUG heat.engine.service [req-9f71dc46-a18b-4842-a02c-ad49d69d7aea - - - - -] Service b5a90f04-7929-4baf-a148-e57ad9f21cdb is updated service_manage_report /usr/lib/python3/dist-packages/heat/engine/service.py:2370
2025-10-13 01:00:26.125 40419 DEBUG heat.engine.service [req-5a3225fb-1259-44e1-b9c5-f9b208340770 - - - - -] Service 0ad0840b-8ac0-40a0-be1b-c3d2bdfeefb3 is updated service_manage_report /usr/lib/python3/dist-packages/heat/engine/service.py:2370
2025-10-13 01:00:26.135 40420 DEBUG heat.engine.service [req-0d25a54b-7e09-4150-b60f-c5632ba97939 - - - - -] Service b9326193-d517-483c-ab49-8eb8af27e1c1 is updated service_manage_report /usr/lib/python3/dist-packages/heat/engine/service.py:2370
2025-10-13 01:01:26.059 40418 DEBUG heat.engine.service [req-db0112c8-e5e9-4586-8ec6-5f840738d91d - - - - -] Service 175b02f9-863e-499e-bcd3-8bce45eefc8a is updated service_manage_report /usr/lib/python3/dist-packages/heat/engine/service.py:2370
2025-10-13 01:01:26.121 40417 DEBUG heat.engine.service [req-38a6515a-bf2b-41bf-b4e9-94fc05b8cc5b - - - - -] Service b5a90f04-7929-4baf-a148-e57ad9f21cdb is updated service_manage_report /usr/lib/python3/dist-packages/heat/engine/service.py:2370
2025-10-13 01:01:26.132 40419 DEBUG heat.engine.service [req-fe8a61f4-c6e8-4708-88c7-994752d73a08 - - - - -] Service 0ad0840b-8ac0-40a0-be1b-c3d2bdfeefb3 is updated service_manage_report /usr/lib/python3/dist-packages/heat/engine/service.py:2370
2025-10-13 01:01:26.141 40420 DEBUG heat.engine.service [req-8f5a994a-f322-40c5-b19d-4ebd927c4c67 - - - - -] Service b9326193-d517-483c-ab49-8eb8af27e1c1 is updated service_manage_report /usr/lib/python3/dist-packages/heat/engine/service.py:2370
2025-10-13 01:02:26.066 40418 DEBUG heat.engine.service [req-e48688ed-9c3d-4c38-8137-047f7f157d1f - - - - -] Service 175b02f9-863e-499e-bcd3-8bce45eefc8a is updated service_manage_report /usr/lib/python3/dist-packages/heat/engine/service.py:2370
2025-10-13 01:02:26.114 40417 DEBUG heat.engine.service [req-4aaaa2c1-eb3e-4f59-9f7d-c8a416f1d66b - - - - -] Service b5a90f04-7929-4baf-a148-e57ad9f21cdb is updated service_manage_report /usr/lib/python3/dist-packages/heat/engine/service.py:2370
2025-10-13 01:02:26.128 40419 DEBUG heat.engine.service [req-e661e180-abcb-4ca1-9350-acf843a85de5 - - - - -] Service 0ad0840b-8ac0-40a0-be1b-c3d2bdfeefb3 is updated service_manage_report /usr/lib/python3/dist-packages/heat/engine/service.py:2370
2025-10-13 01:02:26.145 40420 DEBUG heat.engine.service [req-65062936-ec40-48b3-8263-a77781ec089a - - - - -] Service b9326193-d517-483c-ab49-8eb8af27e1c1 is updated service_manage_report /usr/lib/python3/dist-packages/heat/engine/service.py:2370
2025-10-13 01:03:26.061 40418 DEBUG heat.engine.service [req-1920a576-7f1b-4721-b9c4-1732c9c49df9 - - - - -] Service 175b02f9-863e-499e-bcd3-8bce45eefc8a is updated service_manage_report /usr/lib/python3/dist-packages/heat/engine/service.py:2370
2025-10-13 01:03:26.119 40417 DEBUG heat.engine.service [req-90cb4c4b-a30c-40c6-a74a-d202454dfa69 - - - - -] Service b5a90f04-7929-4baf-a148-e57ad9f21cdb is updated service_manage_report /usr/lib/python3/dist-packages/heat/engine/service.py:2370
2025-10-13 01:03:26.132 40419 DEBUG heat.engine.service [req-34bd14cd-fc63-4476-8ff6-6dd776e73776 - - - - -] Service 0ad0840b-8ac0-40a0-be1b-c3d2bdfeefb3 is updated service_manage_report /usr/lib/python3/dist-packages/heat/engine/service.py:2370
2025-10-13 01:03:26.150 40420 DEBUG heat.engine.service [req-7ac0fdd1-7535-4f35-bd94-cdd3c8972fe0 - - - - -] Service b9326193-d517-483c-ab49-8eb8af27e1c1 is updated service_manage_report /usr/lib/python3/dist-packages/heat/engine/service.py:2370
2025-10-13 01:04:26.066 40418 DEBUG heat.engine.service [req-2e34e165-0388-44c1-9f45-c0f39d5f8561 - - - - -] Service 175b02f9-863e-499e-bcd3-8bce45eefc8a is updated service_manage_report /usr/lib/python3/dist-packages/heat/engine/service.py:2370
2025-10-13 01:04:26.124 40417 DEBUG heat.engine.service [req-4c5f0469-b544-4b2f-abe2-160b2be943d3 - - - - -] Service b5a90f04-7929-4baf-a148-e57ad9f21cdb is updated service_manage_report /usr/lib/python3/dist-packages/heat/engine/service.py:2370
2025-10-13 01:04:26.136 40419 DEBUG heat.engine.service [req-d2c1834c-3c78-4c5d-b8c5-b405d7710a66 - - - - -] Service 0ad0840b-8ac0-40a0-be1b-c3d2bdfeefb3 is updated service_manage_report /usr/lib/python3/dist-packages/heat/engine/service.py:2370
2025-10-13 01:04:26.157 40420 DEBUG heat.engine.service [req-38f7adb6-c23c-433d-9c9c-31c26e08c536 - - - - -] Service b9326193-d517-483c-ab49-8eb8af27e1c1 is updated service_manage_report /usr/lib/python3/dist-packages/heat/engine/service.py:2370
2025-10-13 01:05:26.070 40418 DEBUG heat.engine.service [req-2e3f0a91-c9c5-4450-a2ac-99f1ee37df4d - - - - -] Service 175b02f9-863e-499e-bcd3-8bce45eefc8a is updated service_manage_report /usr/lib/python3/dist-packages/heat/engine/service.py:2370
2025-10-13 01:05:26.128 40417 DEBUG heat.engine.service [req-b298176e-5677-491e-824e-4608be26133a - - - - -] Service b5a90f04-7929-4baf-a148-e57ad9f21cdb is updated service_manage_report /usr/lib/python3/dist-packages/heat/engine/service.py:2370
2025-10-13 01:05:26.140 40419 DEBUG heat.engine.service [req-57070057-de81-4977-ab1f-48899c694b0d - - - - -] Service 0ad0840b-8ac0-40a0-be1b-c3d2bdfeefb3 is updated service_manage_report /usr/lib/python3/dist-packages/heat/engine/service.py:2370
2025-10-13 01:05:26.150 40420 DEBUG heat.engine.service [req-179cb6a9-8f9f-4632-abfa-9123966cef60 - - - - -] Service b9326193-d517-483c-ab49-8eb8af27e1c1 is updated service_manage_report /usr/lib/python3/dist-packages/heat/engine/service.py:2370
2025-10-13 01:06:26.077 40418 DEBUG heat.engine.service [req-b5c5f844-8c74-4adc-b82d-d1c79f2c260a - - - - -] Service 175b02f9-863e-499e-bcd3-8bce45eefc8a is updated service_manage_report /usr/lib/python3/dist-packages/heat/engine/service.py:2370
2025-10-13 01:06:26.139 40417 DEBUG heat.engine.service [req-1be8335e-9a5a-4119-abf8-b4dab7485104 - - - - -] Service b5a90f04-7929-4baf-a148-e57ad9f21cdb is updated service_manage_report /usr/lib/python3/dist-packages/heat/engine/service.py:2370
2025-10-13 01:06:26.143 40419 DEBUG heat.engine.service [req-9a964660-b22e-440e-ada9-8728d8869fc8 - - - - -] Service 0ad0840b-8ac0-40a0-be1b-c3d2bdfeefb3 is updated service_manage_report /usr/lib/python3/dist-packages/heat/engine/service.py:2370
2025-10-13 01:06:26.155 40420 DEBUG heat.engine.service [req-a2f703cc-f12e-4bc1-a9c1-5ae4feec048b - - - - -] Service b9326193-d517-483c-ab49-8eb8af27e1c1 is updated service_manage_report /usr/lib/python3/dist-packages/heat/engine/service.py:2370
2025-10-13 01:07:26.077 40418 DEBUG heat.engine.service [req-63d0f4f5-3185-4657-8828-210a90c7d184 - - - - -] Service 175b02f9-863e-499e-bcd3-8bce45eefc8a is updated service_manage_report /usr/lib/python3/dist-packages/heat/engine/service.py:2370
2025-10-13 01:07:26.137 40417 DEBUG heat.engine.service [req-38023546-4fbf-4e11-abf4-e361d941f374 - - - - -] Service b5a90f04-7929-4baf-a148-e57ad9f21cdb is updated service_manage_report /usr/lib/python3/dist-packages/heat/engine/service.py:2370
2025-10-13 01:07:26.157 40419 DEBUG heat.engine.service [req-8a52a550-5de2-4894-8479-077668e23f9a - - - - -] Service 0ad0840b-8ac0-40a0-be1b-c3d2bdfeefb3 is updated service_manage_report /usr/lib/python3/dist-packages/heat/engine/service.py:2370
2025-10-13 01:07:26.160 40420 DEBUG heat.engine.service [req-70e4736d-1e7a-4a07-9919-5819ff0d368f - - - - -] Service b9326193-d517-483c-ab49-8eb8af27e1c1 is updated service_manage_report /usr/lib/python3/dist-packages/heat/engine/service.py:2370
2025-10-13 01:08:26.073 40418 DEBUG heat.engine.service [req-533fafdb-0277-4f83-b84c-b966af2bfa93 - - - - -] Service 175b02f9-863e-499e-bcd3-8bce45eefc8a is updated service_manage_report /usr/lib/python3/dist-packages/heat/engine/service.py:2370
2025-10-13 01:08:26.132 40417 DEBUG heat.engine.service [req-57f7acc7-a168-48fa-b9f1-54b30a762a9e - - - - -] Service b5a90f04-7929-4baf-a148-e57ad9f21cdb is updated service_manage_report /usr/lib/python3/dist-packages/heat/engine/service.py:2370
2025-10-13 01:08:26.155 40419 DEBUG heat.engine.service [req-143ffadb-b332-47c4-a21b-6eaa9eee8aff - - - - -] Service 0ad0840b-8ac0-40a0-be1b-c3d2bdfeefb3 is updated service_manage_report /usr/lib/python3/dist-packages/heat/engine/service.py:2370
2025-10-13 01:08:26.162 40420 DEBUG heat.engine.service [req-dce3de17-5955-4a5f-bb01-412ab0e8436c - - - - -] Service b9326193-d517-483c-ab49-8eb8af27e1c1 is updated service_manage_report /usr/lib/python3/dist-packages/heat/engine/service.py:2370
2025-10-13 01:09:26.067 40418 DEBUG heat.engine.service [req-18507f08-1d4e-4726-8b91-3713e2fd3dba - - - - -] Service 175b02f9-863e-499e-bcd3-8bce45eefc8a is updated service_manage_report /usr/lib/python3/dist-packages/heat/engine/service.py:2370
2025-10-13 01:09:26.136 40417 DEBUG heat.engine.service [req-1b9c05d5-252e-4513-bd58-799bc5764e32 - - - - -] Service b5a90f04-7929-4baf-a148-e57ad9f21cdb is updated service_manage_report /usr/lib/python3/dist-packages/heat/engine/service.py:2370
2025-10-13 01:09:26.150 40419 DEBUG heat.engine.service [req-cd0366f3-d367-4caf-a743-cb2b07884837 - - - - -] Service 0ad0840b-8ac0-40a0-be1b-c3d2bdfeefb3 is updated service_manage_report /usr/lib/python3/dist-packages/heat/engine/service.py:2370
2025-10-13 01:09:26.167 40420 DEBUG heat.engine.service [req-4135b6a9-6d81-4a5d-b85e-c33c178dd7ac - - - - -] Service b9326193-d517-483c-ab49-8eb8af27e1c1 is updated service_manage_report /usr/lib/python3/dist-packages/heat/engine/service.py:2370
2025-10-13 01:10:26.071 40418 DEBUG heat.engine.service [req-c59ee13b-5a30-47ae-bc94-a9cb51f7c3ae - - - - -] Service 175b02f9-863e-499e-bcd3-8bce45eefc8a is updated service_manage_report /usr/lib/python3/dist-packages/heat/engine/service.py:2370
2025-10-13 01:10:26.140 40417 DEBUG heat.engine.service [req-4d3f3fce-50b4-4bf9-a78a-4a45afce0591 - - - - -] Service b5a90f04-7929-4baf-a148-e57ad9f21cdb is updated service_manage_report /usr/lib/python3/dist-packages/heat/engine/service.py:2370
2025-10-13 01:10:26.153 40419 DEBUG heat.engine.service [req-b34ca0c6-4f63-441c-9aa5-b513002308ca - - - - -] Service 0ad0840b-8ac0-40a0-be1b-c3d2bdfeefb3 is updated service_manage_report /usr/lib/python3/dist-packages/heat/engine/service.py:2370
2025-10-13 01:10:26.168 40420 DEBUG heat.engine.service [req-817c153e-d436-4013-92f0-453ea9b3a46f - - - - -] Service b9326193-d517-483c-ab49-8eb8af27e1c1 is updated service_manage_report /usr/lib/python3/dist-packages/heat/engine/service.py:2370
2025-10-13 01:11:26.077 40418 DEBUG heat.engine.service [req-741f0ae7-021e-403f-ace5-dd9a805a1dc9 - - - - -] Service 175b02f9-863e-499e-bcd3-8bce45eefc8a is updated service_manage_report /usr/lib/python3/dist-packages/heat/engine/service.py:2370
2025-10-13 01:11:26.144 40417 DEBUG heat.engine.service [req-581364fa-3d58-4804-ba8a-d72845d33b74 - - - - -] Service b5a90f04-7929-4baf-a148-e57ad9f21cdb is updated service_manage_report /usr/lib/python3/dist-packages/heat/engine/service.py:2370
2025-10-13 01:11:26.156 40419 DEBUG heat.engine.service [req-903ae22d-94ca-4a46-9364-d501fc75844b - - - - -] Service 0ad0840b-8ac0-40a0-be1b-c3d2bdfeefb3 is updated service_manage_report /usr/lib/python3/dist-packages/heat/engine/service.py:2370
2025-10-13 01:11:26.171 40420 DEBUG heat.engine.service [req-6d4097b6-bbdd-4c5f-a51f-ab057d299415 - - - - -] Service b9326193-d517-483c-ab49-8eb8af27e1c1 is updated service_manage_report /usr/lib/python3/dist-packages/heat/engine/service.py:2370
2025-10-13 01:12:26.082 40418 DEBUG heat.engine.service [req-4c15ec27-b67e-4cfe-b1f3-0ccf990e11ef - - - - -] Service 175b02f9-863e-499e-bcd3-8bce45eefc8a is updated service_manage_report /usr/lib/python3/dist-packages/heat/engine/service.py:2370
2025-10-13 01:12:26.147 40417 DEBUG heat.engine.service [req-9cf1e463-ccac-4628-be76-907c2a816225 - - - - -] Service b5a90f04-7929-4baf-a148-e57ad9f21cdb is updated service_manage_report /usr/lib/python3/dist-packages/heat/engine/service.py:2370
2025-10-13 01:12:26.160 40419 DEBUG heat.engine.service [req-8f592ad9-4f3d-4ec9-a0ed-812a3b4e1be7 - - - - -] Service 0ad0840b-8ac0-40a0-be1b-c3d2bdfeefb3 is updated service_manage_report /usr/lib/python3/dist-packages/heat/engine/service.py:2370
2025-10-13 01:12:26.174 40420 DEBUG heat.engine.service [req-85687360-b1ac-4a61-a2a8-2db8b7bc6bea - - - - -] Service b9326193-d517-483c-ab49-8eb8af27e1c1 is updated service_manage_report /usr/lib/python3/dist-packages/heat/engine/service.py:2370
2025-10-13 01:13:26.085 40418 DEBUG heat.engine.service [req-4ee88187-b351-445a-a9a6-6b6d3f52b468 - - - - -] Service 175b02f9-863e-499e-bcd3-8bce45eefc8a is updated service_manage_report /usr/lib/python3/dist-packages/heat/engine/service.py:2370
2025-10-13 01:13:26.152 40417 DEBUG heat.engine.service [req-1485c04c-992e-4dca-8626-fae6a75e8eef - - - - -] Service b5a90f04-7929-4baf-a148-e57ad9f21cdb is updated service_manage_report /usr/lib/python3/dist-packages/heat/engine/service.py:2370
2025-10-13 01:13:26.166 40419 DEBUG heat.engine.service [req-7fac0692-8878-45df-915e-c3b7bb264d8b - - - - -] Service 0ad0840b-8ac0-40a0-be1b-c3d2bdfeefb3 is updated service_manage_report /usr/lib/python3/dist-packages/heat/engine/service.py:2370
2025-10-13 01:13:26.177 40420 DEBUG heat.engine.service [req-e9156e96-b1a5-4230-b3cc-e27eb564086b - - - - -] Service b9326193-d517-483c-ab49-8eb8af27e1c1 is updated service_manage_report /usr/lib/python3/dist-packages/heat/engine/service.py:2370
2025-10-13 01:14:26.088 40418 DEBUG heat.engine.service [req-6a974281-b763-4204-a6c5-251c099dbb3d - - - - -] Service 175b02f9-863e-499e-bcd3-8bce45eefc8a is updated service_manage_report /usr/lib/python3/dist-packages/heat/engine/service.py:2370
2025-10-13 01:14:26.157 40417 DEBUG heat.engine.service [req-97d4cd66-eb36-4e2b-ad7f-d764df91238a - - - - -] Service b5a90f04-7929-4baf-a148-e57ad9f21cdb is updated service_manage_report /usr/lib/python3/dist-packages/heat/engine/service.py:2370
2025-10-13 01:14:26.171 40419 DEBUG heat.engine.service [req-5f79b1fb-45f3-4aeb-9108-d129268beef8 - - - - -] Service 0ad0840b-8ac0-40a0-be1b-c3d2bdfeefb3 is updated service_manage_report /usr/lib/python3/dist-packages/heat/engine/service.py:2370
2025-10-13 01:14:26.181 40420 DEBUG heat.engine.service [req-9fcfdbbb-963b-4625-8c06-93a97ccbfb1a - - - - -] Service b9326193-d517-483c-ab49-8eb8af27e1c1 is updated service_manage_report /usr/lib/python3/dist-packages/heat/engine/service.py:2370
2025-10-13 01:15:26.091 40418 DEBUG heat.engine.service [req-1cde0a5d-602c-40bb-9ec4-19580abcce3c - - - - -] Service 175b02f9-863e-499e-bcd3-8bce45eefc8a is updated service_manage_report /usr/lib/python3/dist-packages/heat/engine/service.py:2370
2025-10-13 01:15:26.164 40417 DEBUG heat.engine.service [req-c6b00607-1e0d-4a75-a137-cb47511faac2 - - - - -] Service b5a90f04-7929-4baf-a148-e57ad9f21cdb is updated service_manage_report /usr/lib/python3/dist-packages/heat/engine/service.py:2370
2025-10-13 01:15:26.173 40419 DEBUG heat.engine.service [req-69484124-77df-401f-8b48-3a8218715a28 - - - - -] Service 0ad0840b-8ac0-40a0-be1b-c3d2bdfeefb3 is updated service_manage_report /usr/lib/python3/dist-packages/heat/engine/service.py:2370
2025-10-13 01:15:26.183 40420 DEBUG heat.engine.service [req-a4aa7a99-da1f-4304-b500-e98eb5e421d2 - - - - -] Service b9326193-d517-483c-ab49-8eb8af27e1c1 is updated service_manage_report /usr/lib/python3/dist-packages/heat/engine/service.py:2370
2025-10-13 01:16:26.095 40418 DEBUG heat.engine.service [req-7be84150-50a8-48ba-9c9e-4b659ce55b50 - - - - -] Service 175b02f9-863e-499e-bcd3-8bce45eefc8a is updated service_manage_report /usr/lib/python3/dist-packages/heat/engine/service.py:2370
2025-10-13 01:16:26.160 40417 DEBUG heat.engine.service [req-855797eb-b416-4948-8dcd-c57abfcccae1 - - - - -] Service b5a90f04-7929-4baf-a148-e57ad9f21cdb is updated service_manage_report /usr/lib/python3/dist-packages/heat/engine/service.py:2370
2025-10-13 01:16:26.176 40419 DEBUG heat.engine.service [req-7dc055b2-9ae5-41ec-9bc2-670e2d701c26 - - - - -] Service 0ad0840b-8ac0-40a0-be1b-c3d2bdfeefb3 is updated service_manage_report /usr/lib/python3/dist-packages/heat/engine/service.py:2370
2025-10-13 01:16:26.185 40420 DEBUG heat.engine.service [req-8c4ad33b-4621-40d2-8d2e-2d7566ae5fdd - - - - -] Service b9326193-d517-483c-ab49-8eb8af27e1c1 is updated service_manage_report /usr/lib/python3/dist-packages/heat/engine/service.py:2370
2025-10-13 01:17:26.100 40418 DEBUG heat.engine.service [req-d5d66151-d69f-4b8c-94cb-813bad28f3bd - - - - -] Service 175b02f9-863e-499e-bcd3-8bce45eefc8a is updated service_manage_report /usr/lib/python3/dist-packages/heat/engine/service.py:2370
2025-10-13 01:17:26.168 40417 DEBUG heat.engine.service [req-4862a27d-d6a2-44bd-b421-339d07a0e3f4 - - - - -] Service b5a90f04-7929-4baf-a148-e57ad9f21cdb is updated service_manage_report /usr/lib/python3/dist-packages/heat/engine/service.py:2370
2025-10-13 01:17:26.181 40419 DEBUG heat.engine.service [req-2a172606-348e-412c-a066-cd919b77f09c - - - - -] Service 0ad0840b-8ac0-40a0-be1b-c3d2bdfeefb3 is updated service_manage_report /usr/lib/python3/dist-packages/heat/engine/service.py:2370
2025-10-13 01:17:26.188 40420 DEBUG heat.engine.service [req-36ad9d03-e94e-4ae7-a1e8-73f99d231b95 - - - - -] Service b9326193-d517-483c-ab49-8eb8af27e1c1 is updated service_manage_report /usr/lib/python3/dist-packages/heat/engine/service.py:2370
2025-10-13 01:18:26.104 40418 DEBUG heat.engine.service [req-c5843e29-7e0b-47b1-b84c-a8d113459654 - - - - -] Service 175b02f9-863e-499e-bcd3-8bce45eefc8a is updated service_manage_report /usr/lib/python3/dist-packages/heat/engine/service.py:2370
2025-10-13 01:18:26.166 40417 DEBUG heat.engine.service [req-6181a79c-5ea8-4c2a-8b8e-23768aa2f992 - - - - -] Service b5a90f04-7929-4baf-a148-e57ad9f21cdb is updated service_manage_report /usr/lib/python3/dist-packages/heat/engine/service.py:2370
2025-10-13 01:18:26.186 40419 DEBUG heat.engine.service [req-1dab65ad-bce2-4ea2-8371-f262a9c99aa9 - - - - -] Service 0ad0840b-8ac0-40a0-be1b-c3d2bdfeefb3 is updated service_manage_report /usr/lib/python3/dist-packages/heat/engine/service.py:2370
2025-10-13 01:18:26.192 40420 DEBUG heat.engine.service [req-cd27fdb3-4789-4f79-b21a-214fd88fbfde - - - - -] Service b9326193-d517-483c-ab49-8eb8af27e1c1 is updated service_manage_report /usr/lib/python3/dist-packages/heat/engine/service.py:2370
2025-10-13 01:19:26.110 40418 DEBUG heat.engine.service [req-a9715d81-bc43-4283-a460-9133ae78bbdf - - - - -] Service 175b02f9-863e-499e-bcd3-8bce45eefc8a is updated service_manage_report /usr/lib/python3/dist-packages/heat/engine/service.py:2370
2025-10-13 01:19:26.160 40417 DEBUG heat.engine.service [req-4227bb7b-5f2c-4519-82d9-bf139d065405 - - - - -] Service b5a90f04-7929-4baf-a148-e57ad9f21cdb is updated service_manage_report /usr/lib/python3/dist-packages/heat/engine/service.py:2370
2025-10-13 01:19:26.190 40419 DEBUG heat.engine.service [req-e8011583-fcb3-4169-aa80-de3811865da9 - - - - -] Service 0ad0840b-8ac0-40a0-be1b-c3d2bdfeefb3 is updated service_manage_report /usr/lib/python3/dist-packages/heat/engine/service.py:2370
2025-10-13 01:19:26.201 40420 DEBUG heat.engine.service [req-4663e707-df3a-4442-bcf8-f9b65bf57a28 - - - - -] Service b9326193-d517-483c-ab49-8eb8af27e1c1 is updated service_manage_report /usr/lib/python3/dist-packages/heat/engine/service.py:2370
2025-10-13 01:20:26.117 40418 DEBUG heat.engine.service [req-cec0796e-d25b-4fc8-ba33-875acc571282 - - - - -] Service 175b02f9-863e-499e-bcd3-8bce45eefc8a is updated service_manage_report /usr/lib/python3/dist-packages/heat/engine/service.py:2370
2025-10-13 01:20:26.166 40417 DEBUG heat.engine.service [req-a66d6f47-afac-409b-85bc-a50778089508 - - - - -] Service b5a90f04-7929-4baf-a148-e57ad9f21cdb is updated service_manage_report /usr/lib/python3/dist-packages/heat/engine/service.py:2370
2025-10-13 01:20:26.194 40419 DEBUG heat.engine.service [req-4387c785-9f78-4c50-ad64-0caa1eb9b20a - - - - -] Service 0ad0840b-8ac0-40a0-be1b-c3d2bdfeefb3 is updated service_manage_report /usr/lib/python3/dist-packages/heat/engine/service.py:2370
2025-10-13 01:20:26.195 40420 DEBUG heat.engine.service [req-c6666372-6182-4f8f-abb6-5953d5c241cf - - - - -] Service b9326193-d517-483c-ab49-8eb8af27e1c1 is updated service_manage_report /usr/lib/python3/dist-packages/heat/engine/service.py:2370
2025-10-13 01:21:26.112 40418 DEBUG heat.engine.service [req-71e56ecf-59a9-4662-8080-967360725970 - - - - -] Service 175b02f9-863e-499e-bcd3-8bce45eefc8a is updated service_manage_report /usr/lib/python3/dist-packages/heat/engine/service.py:2370
2025-10-13 01:21:26.170 40417 DEBUG heat.engine.service [req-4525b948-37ab-46ce-82b9-07d3f2a54466 - - - - -] Service b5a90f04-7929-4baf-a148-e57ad9f21cdb is updated service_manage_report /usr/lib/python3/dist-packages/heat/engine/service.py:2370
2025-10-13 01:21:26.200 40419 DEBUG heat.engine.service [req-b932718f-532a-4b7b-b6eb-7a801e4af550 - - - - -] Service 0ad0840b-8ac0-40a0-be1b-c3d2bdfeefb3 is updated service_manage_report /usr/lib/python3/dist-packages/heat/engine/service.py:2370
2025-10-13 01:21:26.201 40420 DEBUG heat.engine.service [req-c55a0ec7-044e-4aa8-b6e0-5395d89287d7 - - - - -] Service b9326193-d517-483c-ab49-8eb8af27e1c1 is updated service_manage_report /usr/lib/python3/dist-packages/heat/engine/service.py:2370
2025-10-13 01:22:26.118 40418 DEBUG heat.engine.service [req-a5734cc9-c97a-4607-832c-ef16197bb850 - - - - -] Service 175b02f9-863e-499e-bcd3-8bce45eefc8a is updated service_manage_report /usr/lib/python3/dist-packages/heat/engine/service.py:2370
2025-10-13 01:22:26.174 40417 DEBUG heat.engine.service [req-9ce7623e-b4c9-407e-b7ac-b632b17ea60d - - - - -] Service b5a90f04-7929-4baf-a148-e57ad9f21cdb is updated service_manage_report /usr/lib/python3/dist-packages/heat/engine/service.py:2370
2025-10-13 01:22:26.195 40419 DEBUG heat.engine.service [req-6a34e8ea-ec0e-4dfb-afa6-d62766f91795 - - - - -] Service 0ad0840b-8ac0-40a0-be1b-c3d2bdfeefb3 is updated service_manage_report /usr/lib/python3/dist-packages/heat/engine/service.py:2370
2025-10-13 01:22:26.197 40420 DEBUG heat.engine.service [req-feed09e1-abfb-444b-b971-e9034666395b - - - - -] Service b9326193-d517-483c-ab49-8eb8af27e1c1 is updated service_manage_report /usr/lib/python3/dist-packages/heat/engine/service.py:2370
2025-10-13 01:23:26.123 40418 DEBUG heat.engine.service [req-ff67a315-6bbc-4757-a48a-4748e5fc395a - - - - -] Service 175b02f9-863e-499e-bcd3-8bce45eefc8a is updated service_manage_report /usr/lib/python3/dist-packages/heat/engine/service.py:2370
2025-10-13 01:23:26.177 40417 DEBUG heat.engine.service [req-f19202be-b760-4700-87d2-8223dc22c531 - - - - -] Service b5a90f04-7929-4baf-a148-e57ad9f21cdb is updated service_manage_report /usr/lib/python3/dist-packages/heat/engine/service.py:2370
2025-10-13 01:23:26.190 40420 DEBUG heat.engine.service [req-e32c342d-772d-42af-bdaf-c86f0e016377 - - - - -] Service b9326193-d517-483c-ab49-8eb8af27e1c1 is updated service_manage_report /usr/lib/python3/dist-packages/heat/engine/service.py:2370
2025-10-13 01:23:26.199 40419 DEBUG heat.engine.service [req-bd4a84b8-ee26-4284-ad65-400d080a93c6 - - - - -] Service 0ad0840b-8ac0-40a0-be1b-c3d2bdfeefb3 is updated service_manage_report /usr/lib/python3/dist-packages/heat/engine/service.py:2370
2025-10-13 01:24:26.127 40418 DEBUG heat.engine.service [req-e1376e65-4679-4bda-a86b-614366bb290d - - - - -] Service 175b02f9-863e-499e-bcd3-8bce45eefc8a is updated service_manage_report /usr/lib/python3/dist-packages/heat/engine/service.py:2370
2025-10-13 01:24:26.182 40417 DEBUG heat.engine.service [req-af973d7e-5de4-4513-8f48-32d0b2db0a39 - - - - -] Service b5a90f04-7929-4baf-a148-e57ad9f21cdb is updated service_manage_report /usr/lib/python3/dist-packages/heat/engine/service.py:2370
2025-10-13 01:24:26.190 40420 DEBUG heat.engine.service [req-e0ce57d0-bdfb-4ee4-a05f-3b0f643011a3 - - - - -] Service b9326193-d517-483c-ab49-8eb8af27e1c1 is updated service_manage_report /usr/lib/python3/dist-packages/heat/engine/service.py:2370
2025-10-13 01:24:26.198 40419 DEBUG heat.engine.service [req-85a5e1c3-6aed-4a18-b4f3-69b7e4548dd7 - - - - -] Service 0ad0840b-8ac0-40a0-be1b-c3d2bdfeefb3 is updated service_manage_report /usr/lib/python3/dist-packages/heat/engine/service.py:2370
2025-10-13 01:25:26.133 40418 DEBUG heat.engine.service [req-da2c1402-6ba8-47d4-b9ce-0206f0915338 - - - - -] Service 175b02f9-863e-499e-bcd3-8bce45eefc8a is updated service_manage_report /usr/lib/python3/dist-packages/heat/engine/service.py:2370
2025-10-13 01:25:26.186 40417 DEBUG heat.engine.service [req-fcbbbc5d-6ec6-4138-a284-e8b52dc46460 - - - - -] Service b5a90f04-7929-4baf-a148-e57ad9f21cdb is updated service_manage_report /usr/lib/python3/dist-packages/heat/engine/service.py:2370
2025-10-13 01:25:26.193 40420 DEBUG heat.engine.service [req-942e760b-abb5-4111-9ad9-fed5bfac2b8a - - - - -] Service b9326193-d517-483c-ab49-8eb8af27e1c1 is updated service_manage_report /usr/lib/python3/dist-packages/heat/engine/service.py:2370
2025-10-13 01:25:26.202 40419 DEBUG heat.engine.service [req-66bfac56-8bd4-43f0-bac6-c18ba61880a2 - - - - -] Service 0ad0840b-8ac0-40a0-be1b-c3d2bdfeefb3 is updated service_manage_report /usr/lib/python3/dist-packages/heat/engine/service.py:2370
2025-10-13 01:26:26.126 40418 DEBUG heat.engine.service [req-94bc65e5-bac3-4053-b773-bfa0e3de955c - - - - -] Service 175b02f9-863e-499e-bcd3-8bce45eefc8a is updated service_manage_report /usr/lib/python3/dist-packages/heat/engine/service.py:2370
2025-10-13 01:26:26.192 40417 DEBUG heat.engine.service [req-88aa6a89-0d9e-40cb-a615-84b93700e82b - - - - -] Service b5a90f04-7929-4baf-a148-e57ad9f21cdb is updated service_manage_report /usr/lib/python3/dist-packages/heat/engine/service.py:2370
2025-10-13 01:26:26.195 40420 DEBUG heat.engine.service [req-6aec145f-c84f-4fc1-94f4-0e1f9dcbf8b9 - - - - -] Service b9326193-d517-483c-ab49-8eb8af27e1c1 is updated service_manage_report /usr/lib/python3/dist-packages/heat/engine/service.py:2370
2025-10-13 01:26:26.206 40419 DEBUG heat.engine.service [req-4968c17a-6b69-43a6-be72-36f05d9834f6 - - - - -] Service 0ad0840b-8ac0-40a0-be1b-c3d2bdfeefb3 is updated service_manage_report /usr/lib/python3/dist-packages/heat/engine/service.py:2370
2025-10-13 01:27:26.131 40418 DEBUG heat.engine.service [req-a511e797-869c-45ad-865d-925152050e84 - - - - -] Service 175b02f9-863e-499e-bcd3-8bce45eefc8a is updated service_manage_report /usr/lib/python3/dist-packages/heat/engine/service.py:2370
2025-10-13 01:27:26.196 40417 DEBUG heat.engine.service [req-93f19be2-38b2-4c0e-ac5b-049703167c95 - - - - -] Service b5a90f04-7929-4baf-a148-e57ad9f21cdb is updated service_manage_report /usr/lib/python3/dist-packages/heat/engine/service.py:2370
2025-10-13 01:27:26.198 40420 DEBUG heat.engine.service [req-951720de-ec87-40c3-83f4-5ec4df177b36 - - - - -] Service b9326193-d517-483c-ab49-8eb8af27e1c1 is updated service_manage_report /usr/lib/python3/dist-packages/heat/engine/service.py:2370
2025-10-13 01:27:26.211 40419 DEBUG heat.engine.service [req-d8a550c1-575b-40b4-98ad-e71c0099a3e8 - - - - -] Service 0ad0840b-8ac0-40a0-be1b-c3d2bdfeefb3 is updated service_manage_report /usr/lib/python3/dist-packages/heat/engine/service.py:2370
2025-10-13 01:28:26.134 40418 DEBUG heat.engine.service [req-13590322-ce64-44c7-b124-bcf2c228037e - - - - -] Service 175b02f9-863e-499e-bcd3-8bce45eefc8a is updated service_manage_report /usr/lib/python3/dist-packages/heat/engine/service.py:2370
2025-10-13 01:28:26.199 40417 DEBUG heat.engine.service [req-18294bec-77e7-4597-bdf3-395546fbb363 - - - - -] Service b5a90f04-7929-4baf-a148-e57ad9f21cdb is updated service_manage_report /usr/lib/python3/dist-packages/heat/engine/service.py:2370
2025-10-13 01:28:26.206 40420 DEBUG heat.engine.service [req-7e0fc1d1-396d-47f8-91c4-2d1569a54052 - - - - -] Service b9326193-d517-483c-ab49-8eb8af27e1c1 is updated service_manage_report /usr/lib/python3/dist-packages/heat/engine/service.py:2370
2025-10-13 01:28:26.214 40419 DEBUG heat.engine.service [req-15bcf0bc-73b2-4489-bafc-41abbaeeff20 - - - - -] Service 0ad0840b-8ac0-40a0-be1b-c3d2bdfeefb3 is updated service_manage_report /usr/lib/python3/dist-packages/heat/engine/service.py:2370
2025-10-13 01:29:26.139 40418 DEBUG heat.engine.service [req-1e01490d-d28c-48da-b18f-81067e1ff146 - - - - -] Service 175b02f9-863e-499e-bcd3-8bce45eefc8a is updated service_manage_report /usr/lib/python3/dist-packages/heat/engine/service.py:2370
2025-10-13 01:29:26.200 40420 DEBUG heat.engine.service [req-6fcc5281-e0d3-47eb-a422-bdec1c188a17 - - - - -] Service b9326193-d517-483c-ab49-8eb8af27e1c1 is updated service_manage_report /usr/lib/python3/dist-packages/heat/engine/service.py:2370
2025-10-13 01:29:26.204 40417 DEBUG heat.engine.service [req-9d6460ff-f1ab-47e6-9504-e27e0cc41858 - - - - -] Service b5a90f04-7929-4baf-a148-e57ad9f21cdb is updated service_manage_report /usr/lib/python3/dist-packages/heat/engine/service.py:2370
2025-10-13 01:29:26.220 40419 DEBUG heat.engine.service [req-522bf3c5-99a6-4246-9c14-f7a14ff7f982 - - - - -] Service 0ad0840b-8ac0-40a0-be1b-c3d2bdfeefb3 is updated service_manage_report /usr/lib/python3/dist-packages/heat/engine/service.py:2370
2025-10-13 01:30:26.144 40418 DEBUG heat.engine.service [req-57e6a2c3-56c6-4216-8bc9-9d5b89dda227 - - - - -] Service 175b02f9-863e-499e-bcd3-8bce45eefc8a is updated service_manage_report /usr/lib/python3/dist-packages/heat/engine/service.py:2370
2025-10-13 01:30:26.197 40417 DEBUG heat.engine.service [req-aadf4374-a3f5-47bc-ba68-2362365d97b3 - - - - -] Service b5a90f04-7929-4baf-a148-e57ad9f21cdb is updated service_manage_report /usr/lib/python3/dist-packages/heat/engine/service.py:2370
2025-10-13 01:30:26.202 40420 DEBUG heat.engine.service [req-8d2f4a1b-56af-43a1-a153-7090c214eefd - - - - -] Service b9326193-d517-483c-ab49-8eb8af27e1c1 is updated service_manage_report /usr/lib/python3/dist-packages/heat/engine/service.py:2370
2025-10-13 01:30:26.224 40419 DEBUG heat.engine.service [req-7e02e916-a47f-41c0-b516-d174c8b5d99c - - - - -] Service 0ad0840b-8ac0-40a0-be1b-c3d2bdfeefb3 is updated service_manage_report /usr/lib/python3/dist-packages/heat/engine/service.py:2370
2025-10-13 01:31:26.167 40418 DEBUG heat.engine.service [req-b3afa176-3441-4355-add0-20e3babbd8a0 - - - - -] Service 175b02f9-863e-499e-bcd3-8bce45eefc8a is updated service_manage_report /usr/lib/python3/dist-packages/heat/engine/service.py:2370
2025-10-13 01:31:26.210 40420 DEBUG heat.engine.service [req-b38b805d-9c1d-4753-a365-25d583f09271 - - - - -] Service b9326193-d517-483c-ab49-8eb8af27e1c1 is updated service_manage_report /usr/lib/python3/dist-packages/heat/engine/service.py:2370
2025-10-13 01:31:26.211 40417 DEBUG heat.engine.service [req-980483ae-b207-49af-951a-87c1defbf0ac - - - - -] Service b5a90f04-7929-4baf-a148-e57ad9f21cdb is updated service_manage_report /usr/lib/python3/dist-packages/heat/engine/service.py:2370
2025-10-13 01:31:26.229 40419 DEBUG heat.engine.service [req-78e2e96b-44a9-4ece-b957-0a4950f2fb72 - - - - -] Service 0ad0840b-8ac0-40a0-be1b-c3d2bdfeefb3 is updated service_manage_report /usr/lib/python3/dist-packages/heat/engine/service.py:2370
2025-10-13 01:32:15.498 40418 DEBUG heat.engine.service [-] Attempting to stop engine service... _stop_rpc_server /usr/lib/python3/dist-packages/heat/engine/service.py:437
2025-10-13 01:32:15.498 40417 DEBUG heat.engine.service [-] Attempting to stop engine service... _stop_rpc_server /usr/lib/python3/dist-packages/heat/engine/service.py:437
2025-10-13 01:32:15.498 40420 DEBUG heat.engine.service [-] Attempting to stop engine service... _stop_rpc_server /usr/lib/python3/dist-packages/heat/engine/service.py:437
2025-10-13 01:32:15.498 40419 DEBUG heat.engine.service [-] Attempting to stop engine service... _stop_rpc_server /usr/lib/python3/dist-packages/heat/engine/service.py:437
2025-10-13 01:32:15.502 40197 INFO oslo_service.service [-] Caught SIGTERM, stopping children
2025-10-13 01:32:15.502 40197 DEBUG oslo_concurrency.lockutils [-] Acquired lock "singleton_lock" lock /usr/lib/python3/dist-packages/oslo_concurrency/lockutils.py:294
2025-10-13 01:32:15.502 40197 DEBUG oslo_concurrency.lockutils [-] Releasing lock "singleton_lock" lock /usr/lib/python3/dist-packages/oslo_concurrency/lockutils.py:312
2025-10-13 01:32:15.502 40197 DEBUG oslo_service.service [-] Stop services. stop /usr/lib/python3/dist-packages/oslo_service/service.py:695
2025-10-13 01:32:15.503 40197 INFO heat.engine.service [-] All threads were gone, terminating engine
2025-10-13 01:32:15.503 40197 DEBUG oslo_service.service [-] Killing children. stop /usr/lib/python3/dist-packages/oslo_service/service.py:700
2025-10-13 01:32:15.503 40197 INFO oslo_service.service [-] Waiting on 4 children to exit
2025-10-13 01:32:15.510 40197 INFO oslo_service.service [-] Child 40417 killed by signal 15
2025-10-13 01:32:15.512 40197 INFO oslo_service.service [-] Child 40418 killed by signal 15
2025-10-13 01:32:15.513 40197 INFO oslo_service.service [-] Child 40419 killed by signal 15
2025-10-13 01:32:15.514 40197 INFO oslo_service.service [-] Child 40420 killed by signal 15
2025-10-13 01:32:17.450 60212 DEBUG oslo_concurrency.lockutils [-] Lock "context-manager" acquired by "neutron_lib.db.api._create_context_manager" :: waited 0.000s inner /usr/lib/python3/dist-packages/oslo_concurrency/lockutils.py:386
2025-10-13 01:32:17.451 60212 DEBUG oslo_concurrency.lockutils [-] Lock "context-manager" "released" by "neutron_lib.db.api._create_context_manager" :: held 0.001s inner /usr/lib/python3/dist-packages/oslo_concurrency/lockutils.py:400
2025-10-13 01:32:17.688 60212 WARNING heat.engine.environment [-] OS::Aodh::Alarm is DEPRECATED. Theshold alarm relies on ceilometer-api and has been deprecated in aodh since Ocata. Use OS::Aodh::GnocchiAggregationByResourcesAlarm instead.
2025-10-13 01:32:17.689 60212 WARNING heat.engine.environment [-] OS::Aodh::CombinationAlarm is HIDDEN. OS::Aodh::CombinationAlarm is deprecated and has been removed from Aodh, use OS::Aodh::CompositeAlarm instead.
2025-10-13 01:32:17.689 60212 WARNING heat.engine.environment [-] OS::Designate::Domain is HIDDEN. This resource has been removed, use OS::Designate::Zone instead.
2025-10-13 01:32:17.689 60212 WARNING heat.engine.environment [-] OS::Designate::Record is HIDDEN. This resource has been removed, use OS::Designate::RecordSet instead.
2025-10-13 01:32:17.689 60212 WARNING heat.engine.environment [-] OS::Glance::Image is DEPRECATED. Creating a Glance Image based on an existing URL location requires the Glance v1 API, which is deprecated.
2025-10-13 01:32:17.689 60212 WARNING heat.engine.environment [-] OS::Heat::HARestarter is HIDDEN. The HARestarter resource type has been removed. Existing stacks containing HARestarter resources can still be used, but the HARestarter resource will be a placeholder that does nothing.
2025-10-13 01:32:17.690 60212 WARNING heat.engine.environment [-] OS::Heat::SoftwareDeployments is HIDDEN. Please use OS::Heat::SoftwareDeploymentGroup instead.
2025-10-13 01:32:17.690 60212 WARNING heat.engine.environment [-] OS::Heat::StructuredDeployments is HIDDEN. Please use OS::Heat::StructuredDeploymentGroup instead.
2025-10-13 01:32:17.690 60212 WARNING heat.engine.environment [-] OS::Magnum::Bay is HIDDEN. Please use OS::Magnum::Cluster instead.
2025-10-13 01:32:17.690 60212 WARNING heat.engine.environment [-] OS::Magnum::BayModel is HIDDEN. Please use OS::Magnum::ClusterTemplate instead.
2025-10-13 01:32:17.690 60212 WARNING heat.engine.environment [-] OS::Neutron::ExtraRoute is UNSUPPORTED. Use this resource at your own risk.
2025-10-13 01:32:17.690 60212 WARNING heat.engine.environment [-] OS::Neutron::HealthMonitor is HIDDEN. Use LBaaS V2 instead.
2025-10-13 01:32:17.691 60212 WARNING heat.engine.environment [-] OS::Neutron::Pool is HIDDEN. Use LBaaS V2 instead.
2025-10-13 01:32:17.691 60212 WARNING heat.engine.environment [-] OS::Neutron::PoolMember is HIDDEN. Use LBaaS V2 instead.
2025-10-13 01:32:17.691 60212 WARNING heat.engine.environment [-] OS::Neutron::LoadBalancer is HIDDEN. Use LBaaS V2 instead.
2025-10-13 01:32:17.691 60212 WARNING heat.engine.environment [-] OS::Neutron::RouterGateway is HIDDEN. Use the `external_gateway_info` property in the router resource to set up the gateway.
2025-10-13 01:32:17.691 60212 WARNING heat.engine.environment [-] OS::Nova::FloatingIP is HIDDEN. Please use OS::Neutron::FloatingIP instead.
2025-10-13 01:32:17.691 60212 WARNING heat.engine.environment [-] OS::Nova::FloatingIPAssociation is HIDDEN. Please use OS::Neutron::FloatingIPAssociation instead.
2025-10-13 01:32:17.693 60212 INFO heat.engine.environment [-] Loading /etc/heat/environment.d/default.yaml
2025-10-13 01:32:17.693 60212 INFO heat.engine.environment [-] Registered: [Plugin](User:False) AWS::AutoScaling::AutoScalingGroup ->
2025-10-13 01:32:17.694 60212 INFO heat.engine.environment [-] Registered: [Plugin](User:False) AWS::AutoScaling::LaunchConfiguration ->
2025-10-13 01:32:17.694 60212 INFO heat.engine.environment [-] Registered: [Plugin](User:False) AWS::AutoScaling::ScalingPolicy ->
2025-10-13 01:32:17.694 60212 INFO heat.engine.environment [-] Registered: [Plugin](User:False) AWS::CloudFormation::Stack ->
2025-10-13 01:32:17.694 60212 INFO heat.engine.environment [-] Registered: [Plugin](User:False) AWS::CloudFormation::WaitCondition ->
2025-10-13 01:32:17.694 60212 INFO heat.engine.environment [-] Registered: [Plugin](User:False) AWS::CloudFormation::WaitConditionHandle ->
2025-10-13 01:32:17.694 60212 INFO heat.engine.environment [-] Registered: [Plugin](User:False) AWS::EC2::EIP ->
2025-10-13 01:32:17.694 60212 INFO heat.engine.environment [-] Registered: [Plugin](User:False) AWS::EC2::EIPAssociation ->
2025-10-13 01:32:17.694 60212 INFO heat.engine.environment [-] Registered: [Plugin](User:False) AWS::EC2::Instance ->
2025-10-13 01:32:17.694 60212 INFO heat.engine.environment [-] Registered: [Plugin](User:False) AWS::EC2::InternetGateway ->
2025-10-13 01:32:17.694 60212 INFO heat.engine.environment [-] Registered: [Plugin](User:False) AWS::EC2::VPCGatewayAttachment ->
2025-10-13 01:32:17.694 60212 INFO heat.engine.environment [-] Registered: [Plugin](User:False) AWS::EC2::NetworkInterface ->
2025-10-13 01:32:17.695 60212 INFO heat.engine.environment [-] Registered: [Plugin](User:False) AWS::EC2::RouteTable ->
2025-10-13 01:32:17.695 60212 INFO heat.engine.environment [-] Registered: [Plugin](User:False) AWS::EC2::SubnetRouteTableAssociation ->
2025-10-13 01:32:17.695 60212 INFO heat.engine.environment [-] Registered: [Plugin](User:False) AWS::EC2::SecurityGroup ->
2025-10-13 01:32:17.695 60212 INFO heat.engine.environment [-] Registered: [Plugin](User:False) AWS::EC2::Subnet ->
2025-10-13 01:32:17.695 60212 INFO heat.engine.environment [-] Registered: [Plugin](User:False) AWS::EC2::Volume ->
2025-10-13 01:32:17.695 60212 INFO heat.engine.environment [-] Registered: [Plugin](User:False) AWS::EC2::VolumeAttachment ->
2025-10-13 01:32:17.695 60212 INFO heat.engine.environment [-] Registered: [Plugin](User:False) AWS::EC2::VPC ->
2025-10-13 01:32:17.695 60212 INFO heat.engine.environment [-] Registered: [Plugin](User:False) AWS::IAM::User ->
2025-10-13 01:32:17.695 60212 INFO heat.engine.environment [-] Registered: [Plugin](User:False) AWS::IAM::AccessKey ->
2025-10-13 01:32:17.695 60212 INFO heat.engine.environment [-] Registered: [Plugin](User:False) AWS::ElasticLoadBalancing::LoadBalancer ->
2025-10-13 01:32:17.695 60212 INFO heat.engine.environment [-] Registered: [Plugin](User:False) AWS::S3::Bucket ->
2025-10-13 01:32:17.696 60212 INFO heat.engine.environment [-] Registered: [Plugin](User:False) OS::Aodh::Alarm ->
2025-10-13 01:32:17.696 60212 INFO heat.engine.environment [-] Registered: [Plugin](User:False) OS::Aodh::CombinationAlarm ->
2025-10-13 01:32:17.696 60212 INFO heat.engine.environment [-] Registered: [Plugin](User:False) OS::Aodh::EventAlarm ->
2025-10-13 01:32:17.696 60212 INFO heat.engine.environment [-] Registered: [Plugin](User:False) OS::Aodh::LBMemberHealthAlarm ->
2025-10-13 01:32:17.696 60212 INFO heat.engine.environment [-] Registered: [Plugin](User:False) OS::Aodh::CompositeAlarm ->
2025-10-13 01:32:17.696 60212 INFO heat.engine.environment [-] Registered: [Plugin](User:False) OS::Aodh::GnocchiResourcesAlarm ->
2025-10-13 01:32:17.696 60212 INFO heat.engine.environment [-] Registered: [Plugin](User:False) OS::Aodh::GnocchiAggregationByMetricsAlarm ->
2025-10-13 01:32:17.696 60212 INFO heat.engine.environment [-] Registered: [Plugin](User:False) OS::Aodh::GnocchiAggregationByResourcesAlarm ->
2025-10-13 01:32:17.696 60212 INFO heat.engine.environment [-] Registered: [Plugin](User:False) OS::Barbican::GenericContainer ->
2025-10-13 01:32:17.696 60212 INFO heat.engine.environment [-] Registered: [Plugin](User:False) OS::Barbican::CertificateContainer ->
2025-10-13 01:32:17.696 60212 INFO heat.engine.environment [-] Registered: [Plugin](User:False) OS::Barbican::RSAContainer ->
2025-10-13 01:32:17.696 60212 INFO heat.engine.environment [-] Registered: [Plugin](User:False) OS::Barbican::Order ->
2025-10-13 01:32:17.697 60212 INFO heat.engine.environment [-] Registered: [Plugin](User:False) OS::Barbican::Secret ->
2025-10-13 01:32:17.697 60212 INFO heat.engine.environment [-] Registered: [Plugin](User:False) OS::Blazar::Host ->
2025-10-13 01:32:17.697 60212 INFO heat.engine.environment [-] Registered: [Plugin](User:False) OS::Blazar::Lease ->
2025-10-13 01:32:17.697 60212 INFO heat.engine.environment [-] Registered: [Plugin](User:False) OS::Cinder::EncryptedVolumeType ->
2025-10-13 01:32:17.697 60212 INFO heat.engine.environment [-] Registered: [Plugin](User:False) OS::Cinder::QoSSpecs ->
2025-10-13 01:32:17.697 60212 INFO heat.engine.environment [-] Registered: [Plugin](User:False) OS::Cinder::QoSAssociation ->
2025-10-13 01:32:17.697 60212 INFO heat.engine.environment [-] Registered: [Plugin](User:False) OS::Cinder::Quota ->
2025-10-13 01:32:17.697 60212 INFO heat.engine.environment [-] Registered: [Plugin](User:False) OS::Cinder::Volume ->
2025-10-13 01:32:17.697 60212 INFO heat.engine.environment [-] Registered: [Plugin](User:False) OS::Cinder::VolumeAttachment ->
2025-10-13 01:32:17.697 60212 INFO heat.engine.environment [-] Registered: [Plugin](User:False) OS::Cinder::VolumeType ->
2025-10-13 01:32:17.697 60212 INFO heat.engine.environment [-] Registered: [Plugin](User:False) OS::Designate::Domain ->
2025-10-13 01:32:17.697 60212 INFO heat.engine.environment [-] Registered: [Plugin](User:False) OS::Designate::Record ->
2025-10-13 01:32:17.698 60212 INFO heat.engine.environment [-] Registered: [Plugin](User:False) OS::Designate::RecordSet ->
2025-10-13 01:32:17.698 60212 INFO heat.engine.environment [-] Registered: [Plugin](User:False) OS::Designate::Zone ->
2025-10-13 01:32:17.698 60212 INFO heat.engine.environment [-] Registered: [Plugin](User:False) OS::Glance::Image ->
2025-10-13 01:32:17.698 60212 INFO heat.engine.environment [-] Registered: [Plugin](User:False) OS::Glance::WebImage ->
2025-10-13 01:32:17.698 60212 INFO heat.engine.environment [-] Registered: [Plugin](User:False) OS::Heat::AccessPolicy ->
2025-10-13 01:32:17.698 60212 INFO heat.engine.environment [-] Registered: [Plugin](User:False) OS::Heat::AutoScalingGroup ->
2025-10-13 01:32:17.698 60212 INFO heat.engine.environment [-] Registered: [Plugin](User:False) OS::Heat::CloudConfig ->
2025-10-13 01:32:17.698 60212 INFO heat.engine.environment [-] Registered: [Plugin](User:False) OS::Heat::Delay ->
2025-10-13 01:32:17.698 60212 INFO heat.engine.environment [-] Registered: [Plugin](User:False) OS::Heat::DeployedServer ->
2025-10-13 01:32:17.698 60212 INFO heat.engine.environment [-] Registered: [Plugin](User:False) OS::Heat::HARestarter ->
2025-10-13 01:32:17.698 60212 INFO heat.engine.environment [-] Registered: [Plugin](User:False) OS::Heat::InstanceGroup ->
2025-10-13 01:32:17.698 60212 INFO heat.engine.environment [-] Registered: [Plugin](User:False) OS::Heat::MultipartMime ->
2025-10-13 01:32:17.699 60212 INFO heat.engine.environment [-] Registered: [Plugin](User:False) OS::Heat::None ->
2025-10-13 01:32:17.699 60212 INFO heat.engine.environment [-] Registered: [Plugin](User:False) OS::Heat::RandomString ->
2025-10-13 01:32:17.699 60212 INFO heat.engine.environment [-] Registered: [Plugin](User:False) OS::Heat::Stack ->
2025-10-13 01:32:17.699 60212 INFO heat.engine.environment [-] Registered: [Plugin](User:False) OS::Heat::ResourceChain ->
2025-10-13 01:32:17.699 60212 INFO heat.engine.environment [-] Registered: [Plugin](User:False) OS::Heat::ResourceGroup ->
2025-10-13 01:32:17.699 60212 INFO heat.engine.environment [-] Registered: [Plugin](User:False) OS::Heat::ScalingPolicy ->
2025-10-13 01:32:17.699 60212 INFO heat.engine.environment [-] Registered: [Plugin](User:False) OS::Heat::SoftwareComponent ->
2025-10-13 01:32:17.699 60212 INFO heat.engine.environment [-] Registered: [Plugin](User:False) OS::Heat::SoftwareConfig ->
2025-10-13 01:32:17.699 60212 INFO heat.engine.environment [-] Registered: [Plugin](User:False) OS::Heat::SoftwareDeployment ->
2025-10-13 01:32:17.699 60212 INFO heat.engine.environment [-] Registered: [Plugin](User:False) OS::Heat::SoftwareDeploymentGroup ->
2025-10-13 01:32:17.699 60212 INFO heat.engine.environment [-] Registered: [Plugin](User:False) OS::Heat::SoftwareDeployments ->
