2025-10-13 01:47:10.820 7 DEBUG oslo_service.service [-] ml2_type_vlan.network_vlan_ranges = [] log_opt_values /var/lib/kolla/venv/lib/python3.6/site-packages/oslo_config/cfg.py:2611
2025-10-13 01:47:10.820 7 DEBUG oslo_service.service [-] ml2_type_vxlan.vni_ranges = [] log_opt_values /var/lib/kolla/venv/lib/python3.6/site-packages/oslo_config/cfg.py:2611
2025-10-13 01:47:10.820 7 DEBUG oslo_service.service [-] ml2_type_vxlan.vxlan_group = None log_opt_values /var/lib/kolla/venv/lib/python3.6/site-packages/oslo_config/cfg.py:2611
2025-10-13 01:47:10.820 7 DEBUG oslo_service.service [-] database.backend = sqlalchemy log_opt_values /var/lib/kolla/venv/lib/python3.6/site-packages/oslo_config/cfg.py:2611
2025-10-13 01:47:10.820 7 DEBUG oslo_service.service [-] database.connection = **** log_opt_values /var/lib/kolla/venv/lib/python3.6/site-packages/oslo_config/cfg.py:2611
2025-10-13 01:47:10.820 7 DEBUG oslo_service.service [-] database.connection_debug = 0 log_opt_values /var/lib/kolla/venv/lib/python3.6/site-packages/oslo_config/cfg.py:2611
2025-10-13 01:47:10.820 7 DEBUG oslo_service.service [-] database.connection_parameters = log_opt_values /var/lib/kolla/venv/lib/python3.6/site-packages/oslo_config/cfg.py:2611
2025-10-13 01:47:10.821 7 DEBUG oslo_service.service [-] database.connection_recycle_time = 10 log_opt_values /var/lib/kolla/venv/lib/python3.6/site-packages/oslo_config/cfg.py:2611
2025-10-13 01:47:10.821 7 DEBUG oslo_service.service [-] database.connection_trace = False log_opt_values /var/lib/kolla/venv/lib/python3.6/site-packages/oslo_config/cfg.py:2611
2025-10-13 01:47:10.821 7 DEBUG oslo_service.service [-] database.db_inc_retry_interval = True log_opt_values /var/lib/kolla/venv/lib/python3.6/site-packages/oslo_config/cfg.py:2611
2025-10-13 01:47:10.821 7 DEBUG oslo_service.service [-] database.db_max_retries = 20 log_opt_values /var/lib/kolla/venv/lib/python3.6/site-packages/oslo_config/cfg.py:2611
2025-10-13 01:47:10.821 7 DEBUG oslo_service.service [-] database.db_max_retry_interval = 10 log_opt_values /var/lib/kolla/venv/lib/python3.6/site-packages/oslo_config/cfg.py:2611
2025-10-13 01:47:10.821 7 DEBUG oslo_service.service [-] database.db_retry_interval = 1 log_opt_values /var/lib/kolla/venv/lib/python3.6/site-packages/oslo_config/cfg.py:2611
2025-10-13 01:47:10.821 7 DEBUG oslo_service.service [-] database.max_overflow = 50 log_opt_values /var/lib/kolla/venv/lib/python3.6/site-packages/oslo_config/cfg.py:2611
2025-10-13 01:47:10.821 7 DEBUG oslo_service.service [-] database.max_pool_size = 1 log_opt_values /var/lib/kolla/venv/lib/python3.6/site-packages/oslo_config/cfg.py:2611
2025-10-13 01:47:10.821 7 DEBUG oslo_service.service [-] database.max_retries = -1 log_opt_values /var/lib/kolla/venv/lib/python3.6/site-packages/oslo_config/cfg.py:2611
2025-10-13 01:47:10.821 7 DEBUG oslo_service.service [-] database.mysql_enable_ndb = False log_opt_values /var/lib/kolla/venv/lib/python3.6/site-packages/oslo_config/cfg.py:2611
2025-10-13 01:47:10.821 7 DEBUG oslo_service.service [-] database.mysql_sql_mode = TRADITIONAL log_opt_values /var/lib/kolla/venv/lib/python3.6/site-packages/oslo_config/cfg.py:2611
2025-10-13 01:47:10.821 7 DEBUG oslo_service.service [-] database.pool_timeout = None log_opt_values /var/lib/kolla/venv/lib/python3.6/site-packages/oslo_config/cfg.py:2611
2025-10-13 01:47:10.821 7 DEBUG oslo_service.service [-] database.retry_interval = 10 log_opt_values /var/lib/kolla/venv/lib/python3.6/site-packages/oslo_config/cfg.py:2611
2025-10-13 01:47:10.821 7 DEBUG oslo_service.service [-] database.slave_connection = **** log_opt_values /var/lib/kolla/venv/lib/python3.6/site-packages/oslo_config/cfg.py:2611
2025-10-13 01:47:10.821 7 DEBUG oslo_service.service [-] database.sqlite_synchronous = True log_opt_values /var/lib/kolla/venv/lib/python3.6/site-packages/oslo_config/cfg.py:2611
2025-10-13 01:47:10.821 7 DEBUG oslo_service.service [-] database.use_db_reconnect = False log_opt_values /var/lib/kolla/venv/lib/python3.6/site-packages/oslo_config/cfg.py:2611
2025-10-13 01:47:10.821 7 DEBUG oslo_service.service [-] ******************************************************************************** log_opt_values /var/lib/kolla/venv/lib/python3.6/site-packages/oslo_config/cfg.py:2613
2025-10-13 01:47:12.452 22 DEBUG neutron.wsgi [-] (22) accepted ('10.0.0.38', 59710) server /var/lib/kolla/venv/lib/python3.6/site-packages/eventlet/wsgi.py:1004
2025-10-13 01:47:12.460 22 INFO neutron.wsgi [-] 10.0.0.38 "GET / HTTP/1.1" status: 200 len: 227 time: 0.0062704
2025-10-13 01:47:14.659 24 DEBUG neutron.api.rpc.handlers.dhcp_rpc [req-60c106ee-b2c0-4ad2-9fab-9bc335fc3a3e - - - - -] get_active_networks_info from cn-jenkins-deploy-platform-ansible-os-4295-1 get_active_networks_info /var/lib/kolla/venv/lib/python3.6/site-packages/neutron/api/rpc/handlers/dhcp_rpc.py:159
2025-10-13 01:47:14.683 27 DEBUG neutron_lib.callbacks.manager [req-797d32fd-77ca-477d-8937-9e6dd3d52cf6 - - - - -] Publish callbacks ['neutron.services.segments.db._update_segment_host_mapping_for_agent-8760115672947', 'neutron.services.l3_router.l3_router_plugin.DVRResourceOperationHandler.create_fip_agent_gw_ports-1640707'] for agent (0143d590-b72b-41f0-945e-cc2b5f9f6420), after_create _notify_loop /var/lib/kolla/venv/lib/python3.6/site-packages/neutron_lib/callbacks/manager.py:177
2025-10-13 01:47:14.696 24 DEBUG neutron.scheduler.dhcp_agent_scheduler [req-60c106ee-b2c0-4ad2-9fab-9bc335fc3a3e - - - - -] No non-hosted networks auto_schedule_networks /var/lib/kolla/venv/lib/python3.6/site-packages/neutron/scheduler/dhcp_agent_scheduler.py:60
2025-10-13 01:47:34.137 28 DEBUG neutron_lib.callbacks.manager [req-887f1e9f-a747-48b8-b377-820389bff709 - - - - -] Publish callbacks ['neutron.services.segments.db._update_segment_host_mapping_for_agent-8760115672947', 'neutron.services.l3_router.l3_router_plugin.DVRResourceOperationHandler.create_fip_agent_gw_ports-1640707'] for agent (fd4d9e06-275a-4ef4-9aa7-a0c5705e2500), after_create _notify_loop /var/lib/kolla/venv/lib/python3.6/site-packages/neutron_lib/callbacks/manager.py:177
2025-10-13 01:47:42.501 22 DEBUG neutron.wsgi [-] (22) accepted ('10.0.0.38', 33114) server /var/lib/kolla/venv/lib/python3.6/site-packages/eventlet/wsgi.py:1004
2025-10-13 01:47:42.505 22 INFO neutron.wsgi [-] 10.0.0.38 "GET / HTTP/1.1" status: 200 len: 227 time: 0.0030541
2025-10-13 01:47:44.673 26 DEBUG neutron_lib.callbacks.manager [req-03d89603-eea7-4fa6-a4ea-6a0aef2c69d9 - - - - -] Publish callbacks ['neutron.services.segments.db._update_segment_host_mapping_for_agent-8760115672947', 'neutron.plugins.ml2.plugin.Ml2Plugin._retry_binding_revived_agents-810709'] for agent (0143d590-b72b-41f0-945e-cc2b5f9f6420), after_update _notify_loop /var/lib/kolla/venv/lib/python3.6/site-packages/neutron_lib/callbacks/manager.py:177
2025-10-13 01:47:51.792 29 DEBUG neutron.db.agents_db [req-df674ead-0b74-4232-b65e-fb3e233ad3ff - - - - -] Agent healthcheck: found 2 active agents agent_health_check /var/lib/kolla/venv/lib/python3.6/site-packages/neutron/db/agents_db.py:318
2025-10-13 01:48:04.115 25 DEBUG neutron_lib.callbacks.manager [req-887f1e9f-a747-48b8-b377-820389bff709 - - - - -] Publish callbacks ['neutron.services.segments.db._update_segment_host_mapping_for_agent-8760115672947', 'neutron.plugins.ml2.plugin.Ml2Plugin._retry_binding_revived_agents-810709'] for agent (fd4d9e06-275a-4ef4-9aa7-a0c5705e2500), after_update _notify_loop /var/lib/kolla/venv/lib/python3.6/site-packages/neutron_lib/callbacks/manager.py:177
2025-10-13 01:48:12.546 22 DEBUG neutron.wsgi [-] (22) accepted ('10.0.0.38', 51026) server /var/lib/kolla/venv/lib/python3.6/site-packages/eventlet/wsgi.py:1004
2025-10-13 01:48:12.549 22 INFO neutron.wsgi [-] 10.0.0.38 "GET / HTTP/1.1" status: 200 len: 227 time: 0.0028973
2025-10-13 01:48:14.672 23 DEBUG neutron_lib.callbacks.manager [req-0a31a0f1-d953-4a49-898c-f5d51d0a1f3c - - - - -] Publish callbacks ['neutron.services.segments.db._update_segment_host_mapping_for_agent-8760115672947', 'neutron.plugins.ml2.plugin.Ml2Plugin._retry_binding_revived_agents-810709'] for agent (0143d590-b72b-41f0-945e-cc2b5f9f6420), after_update _notify_loop /var/lib/kolla/venv/lib/python3.6/site-packages/neutron_lib/callbacks/manager.py:177
2025-10-13 01:48:28.781 29 DEBUG neutron.db.agents_db [req-df674ead-0b74-4232-b65e-fb3e233ad3ff - - - - -] Agent healthcheck: found 2 active agents agent_health_check /var/lib/kolla/venv/lib/python3.6/site-packages/neutron/db/agents_db.py:318
2025-10-13 01:48:34.107 24 DEBUG neutron_lib.callbacks.manager [req-887f1e9f-a747-48b8-b377-820389bff709 - - - - -] Publish callbacks ['neutron.services.segments.db._update_segment_host_mapping_for_agent-8760115672947', 'neutron.plugins.ml2.plugin.Ml2Plugin._retry_binding_revived_agents-810709'] for agent (fd4d9e06-275a-4ef4-9aa7-a0c5705e2500), after_update _notify_loop /var/lib/kolla/venv/lib/python3.6/site-packages/neutron_lib/callbacks/manager.py:177
2025-10-13 01:48:42.594 22 DEBUG neutron.wsgi [-] (22) accepted ('10.0.0.38', 34190) server /var/lib/kolla/venv/lib/python3.6/site-packages/eventlet/wsgi.py:1004
2025-10-13 01:48:42.598 22 INFO neutron.wsgi [-] 10.0.0.38 "GET / HTTP/1.1" status: 200 len: 227 time: 0.0030389
2025-10-13 01:48:44.660 27 DEBUG neutron_lib.callbacks.manager [req-5b50571f-111d-4807-9d2b-6edd2040cb41 - - - - -] Publish callbacks ['neutron.services.segments.db._update_segment_host_mapping_for_agent-8760115672947', 'neutron.plugins.ml2.plugin.Ml2Plugin._retry_binding_revived_agents-810709'] for agent (0143d590-b72b-41f0-945e-cc2b5f9f6420), after_update _notify_loop /var/lib/kolla/venv/lib/python3.6/site-packages/neutron_lib/callbacks/manager.py:177
2025-10-13 01:49:04.106 28 DEBUG neutron_lib.callbacks.manager [req-887f1e9f-a747-48b8-b377-820389bff709 - - - - -] Publish callbacks ['neutron.services.segments.db._update_segment_host_mapping_for_agent-8760115672947', 'neutron.plugins.ml2.plugin.Ml2Plugin._retry_binding_revived_agents-810709'] for agent (fd4d9e06-275a-4ef4-9aa7-a0c5705e2500), after_update _notify_loop /var/lib/kolla/venv/lib/python3.6/site-packages/neutron_lib/callbacks/manager.py:177
2025-10-13 01:49:05.775 29 DEBUG neutron.db.agents_db [req-df674ead-0b74-4232-b65e-fb3e233ad3ff - - - - -] Agent healthcheck: found 2 active agents agent_health_check /var/lib/kolla/venv/lib/python3.6/site-packages/neutron/db/agents_db.py:318
2025-10-13 01:49:12.639 22 DEBUG neutron.wsgi [-] (22) accepted ('10.0.0.38', 49344) server /var/lib/kolla/venv/lib/python3.6/site-packages/eventlet/wsgi.py:1004
2025-10-13 01:49:12.643 22 INFO neutron.wsgi [-] 10.0.0.38 "GET / HTTP/1.1" status: 200 len: 227 time: 0.0033133
2025-10-13 01:49:14.656 26 DEBUG neutron_lib.callbacks.manager [req-8fddc407-2000-48f0-9b85-6e8f8eaf8b5f - - - - -] Publish callbacks ['neutron.services.segments.db._update_segment_host_mapping_for_agent-8760115672947', 'neutron.plugins.ml2.plugin.Ml2Plugin._retry_binding_revived_agents-810709'] for agent (0143d590-b72b-41f0-945e-cc2b5f9f6420), after_update _notify_loop /var/lib/kolla/venv/lib/python3.6/site-packages/neutron_lib/callbacks/manager.py:177
2025-10-13 01:49:34.107 25 DEBUG neutron_lib.callbacks.manager [req-887f1e9f-a747-48b8-b377-820389bff709 - - - - -] Publish callbacks ['neutron.services.segments.db._update_segment_host_mapping_for_agent-8760115672947', 'neutron.plugins.ml2.plugin.Ml2Plugin._retry_binding_revived_agents-810709'] for agent (fd4d9e06-275a-4ef4-9aa7-a0c5705e2500), after_update _notify_loop /var/lib/kolla/venv/lib/python3.6/site-packages/neutron_lib/callbacks/manager.py:177
2025-10-13 01:49:42.689 22 DEBUG neutron.wsgi [-] (22) accepted ('10.0.0.38', 33810) server /var/lib/kolla/venv/lib/python3.6/site-packages/eventlet/wsgi.py:1004
2025-10-13 01:49:42.693 22 INFO neutron.wsgi [-] 10.0.0.38 "GET / HTTP/1.1" status: 200 len: 227 time: 0.0030935
2025-10-13 01:49:42.783 29 DEBUG neutron.db.agents_db [req-df674ead-0b74-4232-b65e-fb3e233ad3ff - - - - -] Agent healthcheck: found 2 active agents agent_health_check /var/lib/kolla/venv/lib/python3.6/site-packages/neutron/db/agents_db.py:318
2025-10-13 01:49:44.653 23 DEBUG neutron_lib.callbacks.manager [req-50042689-a009-49b9-a4bd-faf8650a7c19 - - - - -] Publish callbacks ['neutron.services.segments.db._update_segment_host_mapping_for_agent-8760115672947', 'neutron.plugins.ml2.plugin.Ml2Plugin._retry_binding_revived_agents-810709'] for agent (0143d590-b72b-41f0-945e-cc2b5f9f6420), after_update _notify_loop /var/lib/kolla/venv/lib/python3.6/site-packages/neutron_lib/callbacks/manager.py:177
2025-10-13 01:50:04.110 24 DEBUG neutron_lib.callbacks.manager [req-887f1e9f-a747-48b8-b377-820389bff709 - - - - -] Publish callbacks ['neutron.services.segments.db._update_segment_host_mapping_for_agent-8760115672947', 'neutron.plugins.ml2.plugin.Ml2Plugin._retry_binding_revived_agents-810709'] for agent (fd4d9e06-275a-4ef4-9aa7-a0c5705e2500), after_update _notify_loop /var/lib/kolla/venv/lib/python3.6/site-packages/neutron_lib/callbacks/manager.py:177
2025-10-13 01:50:12.736 22 DEBUG neutron.wsgi [-] (22) accepted ('10.0.0.38', 36430) server /var/lib/kolla/venv/lib/python3.6/site-packages/eventlet/wsgi.py:1004
2025-10-13 01:50:12.740 22 INFO neutron.wsgi [-] 10.0.0.38 "GET / HTTP/1.1" status: 200 len: 227 time: 0.0024796
2025-10-13 01:50:14.650 27 DEBUG neutron_lib.callbacks.manager [req-526818b9-a139-4877-b656-1cbb99994b25 - - - - -] Publish callbacks ['neutron.services.segments.db._update_segment_host_mapping_for_agent-8760115672947', 'neutron.plugins.ml2.plugin.Ml2Plugin._retry_binding_revived_agents-810709'] for agent (0143d590-b72b-41f0-945e-cc2b5f9f6420), after_update _notify_loop /var/lib/kolla/venv/lib/python3.6/site-packages/neutron_lib/callbacks/manager.py:177
2025-10-13 01:50:19.782 29 DEBUG neutron.db.agents_db [req-df674ead-0b74-4232-b65e-fb3e233ad3ff - - - - -] Agent healthcheck: found 2 active agents agent_health_check /var/lib/kolla/venv/lib/python3.6/site-packages/neutron/db/agents_db.py:318
2025-10-13 01:50:34.117 28 DEBUG neutron_lib.callbacks.manager [req-887f1e9f-a747-48b8-b377-820389bff709 - - - - -] Publish callbacks ['neutron.services.segments.db._update_segment_host_mapping_for_agent-8760115672947', 'neutron.plugins.ml2.plugin.Ml2Plugin._retry_binding_revived_agents-810709'] for agent (fd4d9e06-275a-4ef4-9aa7-a0c5705e2500), after_update _notify_loop /var/lib/kolla/venv/lib/python3.6/site-packages/neutron_lib/callbacks/manager.py:177
2025-10-13 01:50:42.780 22 DEBUG neutron.wsgi [-] (22) accepted ('10.0.0.38', 35164) server /var/lib/kolla/venv/lib/python3.6/site-packages/eventlet/wsgi.py:1004
2025-10-13 01:50:42.784 22 INFO neutron.wsgi [-] 10.0.0.38 "GET / HTTP/1.1" status: 200 len: 227 time: 0.0026684
2025-10-13 01:50:44.662 26 DEBUG neutron_lib.callbacks.manager [req-f85a0a24-fd18-470b-b149-48e3f868005b - - - - -] Publish callbacks ['neutron.services.segments.db._update_segment_host_mapping_for_agent-8760115672947', 'neutron.plugins.ml2.plugin.Ml2Plugin._retry_binding_revived_agents-810709'] for agent (0143d590-b72b-41f0-945e-cc2b5f9f6420), after_update _notify_loop /var/lib/kolla/venv/lib/python3.6/site-packages/neutron_lib/callbacks/manager.py:177
2025-10-13 01:50:56.779 29 DEBUG neutron.db.agents_db [req-df674ead-0b74-4232-b65e-fb3e233ad3ff - - - - -] Agent healthcheck: found 2 active agents agent_health_check /var/lib/kolla/venv/lib/python3.6/site-packages/neutron/db/agents_db.py:318
2025-10-13 01:51:04.116 25 DEBUG neutron_lib.callbacks.manager [req-887f1e9f-a747-48b8-b377-820389bff709 - - - - -] Publish callbacks ['neutron.services.segments.db._update_segment_host_mapping_for_agent-8760115672947', 'neutron.plugins.ml2.plugin.Ml2Plugin._retry_binding_revived_agents-810709'] for agent (fd4d9e06-275a-4ef4-9aa7-a0c5705e2500), after_update _notify_loop /var/lib/kolla/venv/lib/python3.6/site-packages/neutron_lib/callbacks/manager.py:177
2025-10-13 01:51:12.832 22 DEBUG neutron.wsgi [-] (22) accepted ('10.0.0.38', 58906) server /var/lib/kolla/venv/lib/python3.6/site-packages/eventlet/wsgi.py:1004
2025-10-13 01:51:12.838 22 INFO neutron.wsgi [-] 10.0.0.38 "GET / HTTP/1.1" status: 200 len: 227 time: 0.0046968
2025-10-13 01:51:14.649 23 DEBUG neutron_lib.callbacks.manager [req-b82af290-9524-41ef-a64f-3a16052e8026 - - - - -] Publish callbacks ['neutron.services.segments.db._update_segment_host_mapping_for_agent-8760115672947', 'neutron.plugins.ml2.plugin.Ml2Plugin._retry_binding_revived_agents-810709'] for agent (0143d590-b72b-41f0-945e-cc2b5f9f6420), after_update _notify_loop /var/lib/kolla/venv/lib/python3.6/site-packages/neutron_lib/callbacks/manager.py:177
2025-10-13 01:51:33.787 29 DEBUG neutron.db.agents_db [req-df674ead-0b74-4232-b65e-fb3e233ad3ff - - - - -] Agent healthcheck: found 2 active agents agent_health_check /var/lib/kolla/venv/lib/python3.6/site-packages/neutron/db/agents_db.py:318
2025-10-13 01:51:34.117 24 DEBUG neutron_lib.callbacks.manager [req-887f1e9f-a747-48b8-b377-820389bff709 - - - - -] Publish callbacks ['neutron.services.segments.db._update_segment_host_mapping_for_agent-8760115672947', 'neutron.plugins.ml2.plugin.Ml2Plugin._retry_binding_revived_agents-810709'] for agent (fd4d9e06-275a-4ef4-9aa7-a0c5705e2500), after_update _notify_loop /var/lib/kolla/venv/lib/python3.6/site-packages/neutron_lib/callbacks/manager.py:177
2025-10-13 01:51:42.879 22 DEBUG neutron.wsgi [-] (22) accepted ('10.0.0.38', 40912) server /var/lib/kolla/venv/lib/python3.6/site-packages/eventlet/wsgi.py:1004
2025-10-13 01:51:42.884 22 INFO neutron.wsgi [-] 10.0.0.38 "GET / HTTP/1.1" status: 200 len: 227 time: 0.0042765
2025-10-13 01:51:44.798 27 DEBUG neutron_lib.callbacks.manager [req-fadbcd75-4245-4c45-84fe-d573e8c505ee - - - - -] Publish callbacks ['neutron.services.segments.db._update_segment_host_mapping_for_agent-8760115672947', 'neutron.plugins.ml2.plugin.Ml2Plugin._retry_binding_revived_agents-810709'] for agent (0143d590-b72b-41f0-945e-cc2b5f9f6420), after_update _notify_loop /var/lib/kolla/venv/lib/python3.6/site-packages/neutron_lib/callbacks/manager.py:177
2025-10-13 01:52:04.120 28 DEBUG neutron_lib.callbacks.manager [req-887f1e9f-a747-48b8-b377-820389bff709 - - - - -] Publish callbacks ['neutron.services.segments.db._update_segment_host_mapping_for_agent-8760115672947', 'neutron.plugins.ml2.plugin.Ml2Plugin._retry_binding_revived_agents-810709'] for agent (fd4d9e06-275a-4ef4-9aa7-a0c5705e2500), after_update _notify_loop /var/lib/kolla/venv/lib/python3.6/site-packages/neutron_lib/callbacks/manager.py:177
2025-10-13 01:52:10.787 29 DEBUG neutron.db.agents_db [req-df674ead-0b74-4232-b65e-fb3e233ad3ff - - - - -] Agent healthcheck: found 2 active agents agent_health_check /var/lib/kolla/venv/lib/python3.6/site-packages/neutron/db/agents_db.py:318
2025-10-13 01:52:12.940 22 DEBUG neutron.wsgi [-] (22) accepted ('10.0.0.38', 44070) server /var/lib/kolla/venv/lib/python3.6/site-packages/eventlet/wsgi.py:1004
2025-10-13 01:52:12.944 22 INFO neutron.wsgi [-] 10.0.0.38 "GET / HTTP/1.1" status: 200 len: 227 time: 0.0026665
2025-10-13 01:52:14.645 26 DEBUG neutron_lib.callbacks.manager [req-a1f54333-c5e3-478b-ade8-a622781039be - - - - -] Publish callbacks ['neutron.services.segments.db._update_segment_host_mapping_for_agent-8760115672947', 'neutron.plugins.ml2.plugin.Ml2Plugin._retry_binding_revived_agents-810709'] for agent (0143d590-b72b-41f0-945e-cc2b5f9f6420), after_update _notify_loop /var/lib/kolla/venv/lib/python3.6/site-packages/neutron_lib/callbacks/manager.py:177
2025-10-13 01:52:34.121 25 DEBUG neutron_lib.callbacks.manager [req-887f1e9f-a747-48b8-b377-820389bff709 - - - - -] Publish callbacks ['neutron.services.segments.db._update_segment_host_mapping_for_agent-8760115672947', 'neutron.plugins.ml2.plugin.Ml2Plugin._retry_binding_revived_agents-810709'] for agent (fd4d9e06-275a-4ef4-9aa7-a0c5705e2500), after_update _notify_loop /var/lib/kolla/venv/lib/python3.6/site-packages/neutron_lib/callbacks/manager.py:177
2025-10-13 01:52:42.986 22 DEBUG neutron.wsgi [-] (22) accepted ('10.0.0.38', 55850) server /var/lib/kolla/venv/lib/python3.6/site-packages/eventlet/wsgi.py:1004
2025-10-13 01:52:42.990 22 INFO neutron.wsgi [-] 10.0.0.38 "GET / HTTP/1.1" status: 200 len: 227 time: 0.0025642
2025-10-13 01:52:44.653 23 DEBUG neutron_lib.callbacks.manager [req-e07ed32e-537e-48d0-8488-4b0c7cde87cf - - - - -] Publish callbacks ['neutron.services.segments.db._update_segment_host_mapping_for_agent-8760115672947', 'neutron.plugins.ml2.plugin.Ml2Plugin._retry_binding_revived_agents-810709'] for agent (0143d590-b72b-41f0-945e-cc2b5f9f6420), after_update _notify_loop /var/lib/kolla/venv/lib/python3.6/site-packages/neutron_lib/callbacks/manager.py:177
2025-10-13 01:52:47.784 29 DEBUG neutron.db.agents_db [req-df674ead-0b74-4232-b65e-fb3e233ad3ff - - - - -] Agent healthcheck: found 2 active agents agent_health_check /var/lib/kolla/venv/lib/python3.6/site-packages/neutron/db/agents_db.py:318
2025-10-13 01:53:04.124 24 DEBUG neutron_lib.callbacks.manager [req-887f1e9f-a747-48b8-b377-820389bff709 - - - - -] Publish callbacks ['neutron.services.segments.db._update_segment_host_mapping_for_agent-8760115672947', 'neutron.plugins.ml2.plugin.Ml2Plugin._retry_binding_revived_agents-810709'] for agent (fd4d9e06-275a-4ef4-9aa7-a0c5705e2500), after_update _notify_loop /var/lib/kolla/venv/lib/python3.6/site-packages/neutron_lib/callbacks/manager.py:177
2025-10-13 01:53:13.029 22 DEBUG neutron.wsgi [-] (22) accepted ('10.0.0.38', 60186) server /var/lib/kolla/venv/lib/python3.6/site-packages/eventlet/wsgi.py:1004
2025-10-13 01:53:13.033 22 INFO neutron.wsgi [-] 10.0.0.38 "GET / HTTP/1.1" status: 200 len: 227 time: 0.0025492
2025-10-13 01:53:14.649 27 DEBUG neutron_lib.callbacks.manager [req-145ab5c2-34f3-4713-b6cb-99854bbd0439 - - - - -] Publish callbacks ['neutron.services.segments.db._update_segment_host_mapping_for_agent-8760115672947', 'neutron.plugins.ml2.plugin.Ml2Plugin._retry_binding_revived_agents-810709'] for agent (0143d590-b72b-41f0-945e-cc2b5f9f6420), after_update _notify_loop /var/lib/kolla/venv/lib/python3.6/site-packages/neutron_lib/callbacks/manager.py:177
2025-10-13 01:53:24.784 29 DEBUG neutron.db.agents_db [req-df674ead-0b74-4232-b65e-fb3e233ad3ff - - - - -] Agent healthcheck: found 2 active agents agent_health_check /var/lib/kolla/venv/lib/python3.6/site-packages/neutron/db/agents_db.py:318
2025-10-13 01:53:34.126 28 DEBUG neutron_lib.callbacks.manager [req-887f1e9f-a747-48b8-b377-820389bff709 - - - - -] Publish callbacks ['neutron.services.segments.db._update_segment_host_mapping_for_agent-8760115672947', 'neutron.plugins.ml2.plugin.Ml2Plugin._retry_binding_revived_agents-810709'] for agent (fd4d9e06-275a-4ef4-9aa7-a0c5705e2500), after_update _notify_loop /var/lib/kolla/venv/lib/python3.6/site-packages/neutron_lib/callbacks/manager.py:177
2025-10-13 01:53:43.078 22 DEBUG neutron.wsgi [-] (22) accepted ('10.0.0.38', 57302) server /var/lib/kolla/venv/lib/python3.6/site-packages/eventlet/wsgi.py:1004
2025-10-13 01:53:43.081 22 INFO neutron.wsgi [-] 10.0.0.38 "GET / HTTP/1.1" status: 200 len: 227 time: 0.0026224
2025-10-13 01:53:44.646 26 DEBUG neutron_lib.callbacks.manager [req-3a34b4a0-f1ea-4256-9f52-4bfd836cb3d0 - - - - -] Publish callbacks ['neutron.services.segments.db._update_segment_host_mapping_for_agent-8760115672947', 'neutron.plugins.ml2.plugin.Ml2Plugin._retry_binding_revived_agents-810709'] for agent (0143d590-b72b-41f0-945e-cc2b5f9f6420), after_update _notify_loop /var/lib/kolla/venv/lib/python3.6/site-packages/neutron_lib/callbacks/manager.py:177
2025-10-13 01:54:01.780 29 DEBUG neutron.db.agents_db [req-df674ead-0b74-4232-b65e-fb3e233ad3ff - - - - -] Agent healthcheck: found 2 active agents agent_health_check /var/lib/kolla/venv/lib/python3.6/site-packages/neutron/db/agents_db.py:318
2025-10-13 01:54:04.129 25 DEBUG neutron_lib.callbacks.manager [req-887f1e9f-a747-48b8-b377-820389bff709 - - - - -] Publish callbacks ['neutron.services.segments.db._update_segment_host_mapping_for_agent-8760115672947', 'neutron.plugins.ml2.plugin.Ml2Plugin._retry_binding_revived_agents-810709'] for agent (fd4d9e06-275a-4ef4-9aa7-a0c5705e2500), after_update _notify_loop /var/lib/kolla/venv/lib/python3.6/site-packages/neutron_lib/callbacks/manager.py:177
2025-10-13 01:54:13.125 22 DEBUG neutron.wsgi [-] (22) accepted ('10.0.0.38', 59828) server /var/lib/kolla/venv/lib/python3.6/site-packages/eventlet/wsgi.py:1004
2025-10-13 01:54:13.130 22 INFO neutron.wsgi [-] 10.0.0.38 "GET / HTTP/1.1" status: 200 len: 227 time: 0.0029926
2025-10-13 01:54:14.643 23 DEBUG neutron_lib.callbacks.manager [req-dafddf07-655a-4ddc-97d3-1fb2e2cbb6d6 - - - - -] Publish callbacks ['neutron.services.segments.db._update_segment_host_mapping_for_agent-8760115672947', 'neutron.plugins.ml2.plugin.Ml2Plugin._retry_binding_revived_agents-810709'] for agent (0143d590-b72b-41f0-945e-cc2b5f9f6420), after_update _notify_loop /var/lib/kolla/venv/lib/python3.6/site-packages/neutron_lib/callbacks/manager.py:177
2025-10-13 01:54:34.134 24 DEBUG neutron_lib.callbacks.manager [req-887f1e9f-a747-48b8-b377-820389bff709 - - - - -] Publish callbacks ['neutron.services.segments.db._update_segment_host_mapping_for_agent-8760115672947', 'neutron.plugins.ml2.plugin.Ml2Plugin._retry_binding_revived_agents-810709'] for agent (fd4d9e06-275a-4ef4-9aa7-a0c5705e2500), after_update _notify_loop /var/lib/kolla/venv/lib/python3.6/site-packages/neutron_lib/callbacks/manager.py:177
2025-10-13 01:54:38.778 29 DEBUG neutron.db.agents_db [req-df674ead-0b74-4232-b65e-fb3e233ad3ff - - - - -] Agent healthcheck: found 2 active agents agent_health_check /var/lib/kolla/venv/lib/python3.6/site-packages/neutron/db/agents_db.py:318
2025-10-13 01:54:43.179 22 DEBUG neutron.wsgi [-] (22) accepted ('10.0.0.38', 60362) server /var/lib/kolla/venv/lib/python3.6/site-packages/eventlet/wsgi.py:1004
2025-10-13 01:54:43.184 22 INFO neutron.wsgi [-] 10.0.0.38 "GET / HTTP/1.1" status: 200 len: 227 time: 0.0032558
2025-10-13 01:54:44.641 27 DEBUG neutron_lib.callbacks.manager [req-17ce61ae-13b4-4876-b48d-910066675c1b - - - - -] Publish callbacks ['neutron.services.segments.db._update_segment_host_mapping_for_agent-8760115672947', 'neutron.plugins.ml2.plugin.Ml2Plugin._retry_binding_revived_agents-810709'] for agent (0143d590-b72b-41f0-945e-cc2b5f9f6420), after_update _notify_loop /var/lib/kolla/venv/lib/python3.6/site-packages/neutron_lib/callbacks/manager.py:177
2025-10-13 01:55:04.201 28 DEBUG neutron_lib.callbacks.manager [req-887f1e9f-a747-48b8-b377-820389bff709 - - - - -] Publish callbacks ['neutron.services.segments.db._update_segment_host_mapping_for_agent-8760115672947', 'neutron.plugins.ml2.plugin.Ml2Plugin._retry_binding_revived_agents-810709'] for agent (fd4d9e06-275a-4ef4-9aa7-a0c5705e2500), after_update _notify_loop /var/lib/kolla/venv/lib/python3.6/site-packages/neutron_lib/callbacks/manager.py:177
2025-10-13 01:55:13.234 22 DEBUG neutron.wsgi [-] (22) accepted ('10.0.0.38', 40502) server /var/lib/kolla/venv/lib/python3.6/site-packages/eventlet/wsgi.py:1004
2025-10-13 01:55:13.238 22 INFO neutron.wsgi [-] 10.0.0.38 "GET / HTTP/1.1" status: 200 len: 227 time: 0.0029738
2025-10-13 01:55:14.666 26 DEBUG neutron_lib.callbacks.manager [req-b7b13ef3-570a-426d-b5da-1477161751b2 - - - - -] Publish callbacks ['neutron.services.segments.db._update_segment_host_mapping_for_agent-8760115672947', 'neutron.plugins.ml2.plugin.Ml2Plugin._retry_binding_revived_agents-810709'] for agent (0143d590-b72b-41f0-945e-cc2b5f9f6420), after_update _notify_loop /var/lib/kolla/venv/lib/python3.6/site-packages/neutron_lib/callbacks/manager.py:177
2025-10-13 01:55:15.776 29 DEBUG neutron.db.agents_db [req-df674ead-0b74-4232-b65e-fb3e233ad3ff - - - - -] Agent healthcheck: found 2 active agents agent_health_check /var/lib/kolla/venv/lib/python3.6/site-packages/neutron/db/agents_db.py:318
2025-10-13 01:55:21.028 7 INFO oslo_service.service [-] Caught SIGTERM, stopping children
2025-10-13 01:55:21.029 7 DEBUG oslo_concurrency.lockutils [-] Acquired lock "singleton_lock" lock /var/lib/kolla/venv/lib/python3.6/site-packages/oslo_concurrency/lockutils.py:294
2025-10-13 01:55:21.029 7 DEBUG oslo_concurrency.lockutils [-] Releasing lock "singleton_lock" lock /var/lib/kolla/venv/lib/python3.6/site-packages/oslo_concurrency/lockutils.py:312
2025-10-13 01:55:21.029 7 DEBUG oslo_service.service [-] Stop services. stop /var/lib/kolla/venv/lib/python3.6/site-packages/oslo_service/service.py:695
2025-10-13 01:55:21.029 7 DEBUG neutron.service [-] calling RpcWorker stop() stop /var/lib/kolla/venv/lib/python3.6/site-packages/neutron/service.py:138
2025-10-13 01:55:21.029 7 DEBUG neutron.service [-] calling RpcWorker stop() stop /var/lib/kolla/venv/lib/python3.6/site-packages/neutron/service.py:138
2025-10-13 01:55:21.030 7 DEBUG oslo_service.service [-] Killing children. stop /var/lib/kolla/venv/lib/python3.6/site-packages/oslo_service/service.py:700
2025-10-13 01:55:21.030 7 INFO oslo_service.service [-] Waiting on 8 children to exit
2025-10-13 01:55:21.030 23 DEBUG neutron.service [-] calling RpcWorker stop() stop /var/lib/kolla/venv/lib/python3.6/site-packages/neutron/service.py:138
2025-10-13 01:55:21.030 28 DEBUG neutron.service [-] calling RpcWorker stop() stop /var/lib/kolla/venv/lib/python3.6/site-packages/neutron/service.py:138
2025-10-13 01:55:21.031 29 DEBUG neutron.service [-] calling RpcWorker stop() stop /var/lib/kolla/venv/lib/python3.6/site-packages/neutron/service.py:138
2025-10-13 01:55:21.031 22 INFO neutron.wsgi [-] (22) wsgi exited, is_accepting=True
2025-10-13 01:55:21.032 25 DEBUG neutron.service [-] calling RpcWorker stop() stop /var/lib/kolla/venv/lib/python3.6/site-packages/neutron/service.py:138
2025-10-13 01:55:21.032 22 DEBUG oslo_concurrency.lockutils [req-7a2a4446-a9d0-454a-8a61-54049846527d - - - - -] Acquired lock "singleton_lock" lock /var/lib/kolla/venv/lib/python3.6/site-packages/oslo_concurrency/lockutils.py:294
2025-10-13 01:55:21.033 22 DEBUG oslo_concurrency.lockutils [req-7a2a4446-a9d0-454a-8a61-54049846527d - - - - -] Releasing lock "singleton_lock" lock /var/lib/kolla/venv/lib/python3.6/site-packages/oslo_concurrency/lockutils.py:312
2025-10-13 01:55:21.031 28 DEBUG neutron.service [-] calling stop on stop /var/lib/kolla/venv/lib/python3.6/site-packages/neutron/service.py:141
2025-10-13 01:55:21.031 29 DEBUG neutron.service [-] calling stop on stop /var/lib/kolla/venv/lib/python3.6/site-packages/neutron/service.py:141
2025-10-13 01:55:21.031 23 DEBUG neutron.service [-] calling stop on stop /var/lib/kolla/venv/lib/python3.6/site-packages/neutron/service.py:141
2025-10-13 01:55:21.039 27 DEBUG neutron.service [-] calling RpcWorker stop() stop /var/lib/kolla/venv/lib/python3.6/site-packages/neutron/service.py:138
2025-10-13 01:55:21.040 7 INFO oslo_service.service [-] Child 22 exited with status 0
2025-10-13 01:55:21.033 25 DEBUG neutron.service [-] calling stop on stop /var/lib/kolla/venv/lib/python3.6/site-packages/neutron/service.py:141
2025-10-13 01:55:21.039 27 DEBUG neutron.service [-] calling stop on stop /var/lib/kolla/venv/lib/python3.6/site-packages/neutron/service.py:141
2025-10-13 01:55:21.043 24 DEBUG neutron.service [-] calling RpcWorker stop() stop /var/lib/kolla/venv/lib/python3.6/site-packages/neutron/service.py:138
2025-10-13 01:55:21.044 24 DEBUG neutron.service [-] calling stop on stop /var/lib/kolla/venv/lib/python3.6/site-packages/neutron/service.py:141
2025-10-13 01:55:21.049 26 DEBUG neutron.service [-] calling RpcWorker stop() stop /var/lib/kolla/venv/lib/python3.6/site-packages/neutron/service.py:138
2025-10-13 01:55:21.050 26 DEBUG neutron.service [-] calling stop on stop /var/lib/kolla/venv/lib/python3.6/site-packages/neutron/service.py:141
2025-10-13 01:55:22.329 28 DEBUG oslo_concurrency.lockutils [req-7a2a4446-a9d0-454a-8a61-54049846527d - - - - -] Acquired lock "singleton_lock" lock /var/lib/kolla/venv/lib/python3.6/site-packages/oslo_concurrency/lockutils.py:294
2025-10-13 01:55:22.329 28 DEBUG oslo_concurrency.lockutils [req-7a2a4446-a9d0-454a-8a61-54049846527d - - - - -] Releasing lock "singleton_lock" lock /var/lib/kolla/venv/lib/python3.6/site-packages/oslo_concurrency/lockutils.py:312
2025-10-13 01:55:22.330 28 DEBUG neutron.service [req-7a2a4446-a9d0-454a-8a61-54049846527d - - - - -] calling RpcWorker wait() _wait /var/lib/kolla/venv/lib/python3.6/site-packages/neutron/service.py:128
2025-10-13 01:55:22.330 28 DEBUG neutron.service [req-7a2a4446-a9d0-454a-8a61-54049846527d - - - - -] calling wait on _wait /var/lib/kolla/venv/lib/python3.6/site-packages/neutron/service.py:131
2025-10-13 01:55:22.341 28 WARNING amqp [req-7a2a4446-a9d0-454a-8a61-54049846527d - - - - -] Received method (60, 30) during closing channel 1. This method will be ignored
2025-10-13 01:55:22.343 28 DEBUG neutron.service [req-7a2a4446-a9d0-454a-8a61-54049846527d - - - - -] returning from RpcWorker wait() _wait /var/lib/kolla/venv/lib/python3.6/site-packages/neutron/service.py:135
2025-10-13 01:55:22.349 7 INFO oslo_service.service [-] Child 28 exited with status 0
2025-10-13 01:55:22.839 26 DEBUG oslo_concurrency.lockutils [req-7a2a4446-a9d0-454a-8a61-54049846527d - - - - -] Acquired lock "singleton_lock" lock /var/lib/kolla/venv/lib/python3.6/site-packages/oslo_concurrency/lockutils.py:294
2025-10-13 01:55:22.840 27 DEBUG oslo_concurrency.lockutils [req-7a2a4446-a9d0-454a-8a61-54049846527d - - - - -] Acquired lock "singleton_lock" lock /var/lib/kolla/venv/lib/python3.6/site-packages/oslo_concurrency/lockutils.py:294
2025-10-13 01:55:22.840 27 DEBUG oslo_concurrency.lockutils [req-7a2a4446-a9d0-454a-8a61-54049846527d - - - - -] Releasing lock "singleton_lock" lock /var/lib/kolla/venv/lib/python3.6/site-packages/oslo_concurrency/lockutils.py:312
2025-10-13 01:55:22.841 27 DEBUG neutron.service [req-7a2a4446-a9d0-454a-8a61-54049846527d - - - - -] calling RpcWorker wait() _wait /var/lib/kolla/venv/lib/python3.6/site-packages/neutron/service.py:128
2025-10-13 01:55:22.841 27 DEBUG neutron.service [req-7a2a4446-a9d0-454a-8a61-54049846527d - - - - -] calling wait on _wait /var/lib/kolla/venv/lib/python3.6/site-packages/neutron/service.py:131
2025-10-13 01:55:22.840 26 DEBUG oslo_concurrency.lockutils [req-7a2a4446-a9d0-454a-8a61-54049846527d - - - - -] Releasing lock "singleton_lock" lock /var/lib/kolla/venv/lib/python3.6/site-packages/oslo_concurrency/lockutils.py:312
2025-10-13 01:55:22.842 26 DEBUG neutron.service [req-7a2a4446-a9d0-454a-8a61-54049846527d - - - - -] calling RpcWorker wait() _wait /var/lib/kolla/venv/lib/python3.6/site-packages/neutron/service.py:128
2025-10-13 01:55:22.842 26 DEBUG neutron.service [req-7a2a4446-a9d0-454a-8a61-54049846527d - - - - -] calling wait on _wait /var/lib/kolla/venv/lib/python3.6/site-packages/neutron/service.py:131
2025-10-13 01:55:22.848 27 WARNING amqp [req-7a2a4446-a9d0-454a-8a61-54049846527d - - - - -] Received method (60, 30) during closing channel 1. This method will be ignored
2025-10-13 01:55:22.849 27 DEBUG neutron.service [req-7a2a4446-a9d0-454a-8a61-54049846527d - - - - -] returning from RpcWorker wait() _wait /var/lib/kolla/venv/lib/python3.6/site-packages/neutron/service.py:135
2025-10-13 01:55:22.850 26 WARNING amqp [req-7a2a4446-a9d0-454a-8a61-54049846527d - - - - -] Received method (60, 30) during closing channel 1. This method will be ignored
2025-10-13 01:55:22.852 26 DEBUG neutron.service [req-7a2a4446-a9d0-454a-8a61-54049846527d - - - - -] returning from RpcWorker wait() _wait /var/lib/kolla/venv/lib/python3.6/site-packages/neutron/service.py:135
2025-10-13 01:55:22.857 7 INFO oslo_service.service [-] Child 27 exited with status 0
2025-10-13 01:55:22.858 7 INFO oslo_service.service [-] Child 26 exited with status 0
2025-10-13 01:55:25.775 23 DEBUG neutron.service [-] calling stop on stop /var/lib/kolla/venv/lib/python3.6/site-packages/neutron/service.py:141
2025-10-13 01:55:25.777 24 DEBUG neutron.service [-] calling stop on stop /var/lib/kolla/venv/lib/python3.6/site-packages/neutron/service.py:141
2025-10-13 01:55:25.789 25 DEBUG neutron.service [-] calling stop on stop /var/lib/kolla/venv/lib/python3.6/site-packages/neutron/service.py:141
2025-10-13 01:55:25.792 24 DEBUG neutron.service [-] calling stop on stop /var/lib/kolla/venv/lib/python3.6/site-packages/neutron/service.py:141
2025-10-13 01:55:25.798 23 DEBUG neutron.service [-] calling stop on stop /var/lib/kolla/venv/lib/python3.6/site-packages/neutron/service.py:141
2025-10-13 01:55:25.802 29 DEBUG oslo_concurrency.lockutils [req-7a2a4446-a9d0-454a-8a61-54049846527d - - - - -] Acquired lock "singleton_lock" lock /var/lib/kolla/venv/lib/python3.6/site-packages/oslo_concurrency/lockutils.py:294
2025-10-13 01:55:25.804 25 DEBUG neutron.service [-] calling stop on stop /var/lib/kolla/venv/lib/python3.6/site-packages/neutron/service.py:141
2025-10-13 01:55:25.803 29 DEBUG oslo_concurrency.lockutils [req-7a2a4446-a9d0-454a-8a61-54049846527d - - - - -] Releasing lock "singleton_lock" lock /var/lib/kolla/venv/lib/python3.6/site-packages/oslo_concurrency/lockutils.py:312
2025-10-13 01:55:25.804 29 DEBUG neutron.service [req-7a2a4446-a9d0-454a-8a61-54049846527d - - - - -] calling RpcWorker wait() _wait /var/lib/kolla/venv/lib/python3.6/site-packages/neutron/service.py:128
2025-10-13 01:55:25.805 29 DEBUG neutron.service [req-7a2a4446-a9d0-454a-8a61-54049846527d - - - - -] calling wait on _wait /var/lib/kolla/venv/lib/python3.6/site-packages/neutron/service.py:131
2025-10-13 01:55:25.812 29 WARNING amqp [req-7a2a4446-a9d0-454a-8a61-54049846527d - - - - -] Received method (60, 30) during closing channel 1. This method will be ignored
2025-10-13 01:55:25.813 29 DEBUG neutron.service [req-7a2a4446-a9d0-454a-8a61-54049846527d - - - - -] returning from RpcWorker wait() _wait /var/lib/kolla/venv/lib/python3.6/site-packages/neutron/service.py:135
2025-10-13 01:55:25.817 24 DEBUG neutron.service [-] calling stop on stop /var/lib/kolla/venv/lib/python3.6/site-packages/neutron/service.py:141
2025-10-13 01:55:25.818 25 DEBUG neutron.service [-] calling stop on stop /var/lib/kolla/venv/lib/python3.6/site-packages/neutron/service.py:141
2025-10-13 01:55:25.823 7 INFO oslo_service.service [-] Child 29 exited with status 0
2025-10-13 01:55:25.823 23 DEBUG neutron.service [-] calling stop on stop /var/lib/kolla/venv/lib/python3.6/site-packages/neutron/service.py:141
2025-10-13 01:55:25.827 25 DEBUG oslo_concurrency.lockutils [req-7a2a4446-a9d0-454a-8a61-54049846527d - - - - -] Acquired lock "singleton_lock" lock /var/lib/kolla/venv/lib/python3.6/site-packages/oslo_concurrency/lockutils.py:294
2025-10-13 01:55:25.827 25 DEBUG oslo_concurrency.lockutils [req-7a2a4446-a9d0-454a-8a61-54049846527d - - - - -] Releasing lock "singleton_lock" lock /var/lib/kolla/venv/lib/python3.6/site-packages/oslo_concurrency/lockutils.py:312
2025-10-13 01:55:25.828 25 DEBUG neutron.service [req-7a2a4446-a9d0-454a-8a61-54049846527d - - - - -] calling RpcWorker wait() _wait /var/lib/kolla/venv/lib/python3.6/site-packages/neutron/service.py:128
2025-10-13 01:55:25.828 25 DEBUG neutron.service [req-7a2a4446-a9d0-454a-8a61-54049846527d - - - - -] calling wait on _wait /var/lib/kolla/venv/lib/python3.6/site-packages/neutron/service.py:131
2025-10-13 01:55:25.828 24 DEBUG oslo_concurrency.lockutils [req-7a2a4446-a9d0-454a-8a61-54049846527d - - - - -] Acquired lock "singleton_lock" lock /var/lib/kolla/venv/lib/python3.6/site-packages/oslo_concurrency/lockutils.py:294
2025-10-13 01:55:25.829 24 DEBUG oslo_concurrency.lockutils [req-7a2a4446-a9d0-454a-8a61-54049846527d - - - - -] Releasing lock "singleton_lock" lock /var/lib/kolla/venv/lib/python3.6/site-packages/oslo_concurrency/lockutils.py:312
2025-10-13 01:55:25.829 24 DEBUG neutron.service [req-7a2a4446-a9d0-454a-8a61-54049846527d - - - - -] calling RpcWorker wait() _wait /var/lib/kolla/venv/lib/python3.6/site-packages/neutron/service.py:128
2025-10-13 01:55:25.831 24 DEBUG neutron.service [req-7a2a4446-a9d0-454a-8a61-54049846527d - - - - -] calling wait on _wait /var/lib/kolla/venv/lib/python3.6/site-packages/neutron/service.py:131
2025-10-13 01:55:25.830 23 DEBUG oslo_concurrency.lockutils [req-7a2a4446-a9d0-454a-8a61-54049846527d - - - - -] Acquired lock "singleton_lock" lock /var/lib/kolla/venv/lib/python3.6/site-packages/oslo_concurrency/lockutils.py:294
2025-10-13 01:55:25.832 23 DEBUG oslo_concurrency.lockutils [req-7a2a4446-a9d0-454a-8a61-54049846527d - - - - -] Releasing lock "singleton_lock" lock /var/lib/kolla/venv/lib/python3.6/site-packages/oslo_concurrency/lockutils.py:312
2025-10-13 01:55:25.833 23 DEBUG neutron.service [req-7a2a4446-a9d0-454a-8a61-54049846527d - - - - -] calling RpcWorker wait() _wait /var/lib/kolla/venv/lib/python3.6/site-packages/neutron/service.py:128
2025-10-13 01:55:25.833 23 DEBUG neutron.service [req-7a2a4446-a9d0-454a-8a61-54049846527d - - - - -] calling wait on _wait /var/lib/kolla/venv/lib/python3.6/site-packages/neutron/service.py:131
2025-10-13 01:55:25.836 25 WARNING amqp [req-7a2a4446-a9d0-454a-8a61-54049846527d - - - - -] Received method (60, 30) during closing channel 1. This method will be ignored
2025-10-13 01:55:25.838 25 DEBUG neutron.service [req-7a2a4446-a9d0-454a-8a61-54049846527d - - - - -] calling wait on _wait /var/lib/kolla/venv/lib/python3.6/site-packages/neutron/service.py:131
2025-10-13 01:55:25.839 23 WARNING amqp [req-7a2a4446-a9d0-454a-8a61-54049846527d - - - - -] Received method (60, 30) during closing channel 1. This method will be ignored
2025-10-13 01:55:25.840 23 DEBUG neutron.service [req-7a2a4446-a9d0-454a-8a61-54049846527d - - - - -] calling wait on _wait /var/lib/kolla/venv/lib/python3.6/site-packages/neutron/service.py:131
2025-10-13 01:55:25.841 24 WARNING amqp [req-7a2a4446-a9d0-454a-8a61-54049846527d - - - - -] Received method (60, 30) during closing channel 1. This method will be ignored
2025-10-13 01:55:25.843 24 DEBUG neutron.service [req-7a2a4446-a9d0-454a-8a61-54049846527d - - - - -] calling wait on _wait /var/lib/kolla/venv/lib/python3.6/site-packages/neutron/service.py:131
2025-10-13 01:55:25.843 25 WARNING amqp [req-7a2a4446-a9d0-454a-8a61-54049846527d - - - - -] Received method (60, 30) during closing channel 1. This method will be ignored
2025-10-13 01:55:25.845 25 DEBUG neutron.service [req-7a2a4446-a9d0-454a-8a61-54049846527d - - - - -] calling wait on _wait /var/lib/kolla/venv/lib/python3.6/site-packages/neutron/service.py:131
2025-10-13 01:55:25.851 23 WARNING amqp [req-7a2a4446-a9d0-454a-8a61-54049846527d - - - - -] Received method (60, 30) during closing channel 1. This method will be ignored
2025-10-13 01:55:25.852 23 DEBUG neutron.service [req-7a2a4446-a9d0-454a-8a61-54049846527d - - - - -] calling wait on _wait /var/lib/kolla/venv/lib/python3.6/site-packages/neutron/service.py:131
2025-10-13 01:55:25.854 24 WARNING amqp [req-7a2a4446-a9d0-454a-8a61-54049846527d - - - - -] Received method (60, 30) during closing channel 1. This method will be ignored
2025-10-13 01:55:25.855 24 DEBUG neutron.service [req-7a2a4446-a9d0-454a-8a61-54049846527d - - - - -] calling wait on _wait /var/lib/kolla/venv/lib/python3.6/site-packages/neutron/service.py:131
2025-10-13 01:55:25.858 25 WARNING amqp [req-7a2a4446-a9d0-454a-8a61-54049846527d - - - - -] Received method (60, 30) during closing channel 1. This method will be ignored
2025-10-13 01:55:25.859 25 DEBUG neutron.service [req-7a2a4446-a9d0-454a-8a61-54049846527d - - - - -] calling wait on _wait /var/lib/kolla/venv/lib/python3.6/site-packages/neutron/service.py:131
2025-10-13 01:55:25.862 23 WARNING amqp [req-7a2a4446-a9d0-454a-8a61-54049846527d - - - - -] Received method (60, 30) during closing channel 1. This method will be ignored
2025-10-13 01:55:25.863 23 DEBUG neutron.service [req-7a2a4446-a9d0-454a-8a61-54049846527d - - - - -] calling wait on _wait /var/lib/kolla/venv/lib/python3.6/site-packages/neutron/service.py:131
2025-10-13 01:55:25.865 24 WARNING amqp [req-7a2a4446-a9d0-454a-8a61-54049846527d - - - - -] Received method (60, 30) during closing channel 1. This method will be ignored
2025-10-13 01:55:25.867 24 DEBUG neutron.service [req-7a2a4446-a9d0-454a-8a61-54049846527d - - - - -] calling wait on _wait /var/lib/kolla/venv/lib/python3.6/site-packages/neutron/service.py:131
2025-10-13 01:55:25.869 25 WARNING amqp [req-7a2a4446-a9d0-454a-8a61-54049846527d - - - - -] Received method (60, 30) during closing channel 1. This method will be ignored
2025-10-13 01:55:25.870 25 DEBUG neutron.service [req-7a2a4446-a9d0-454a-8a61-54049846527d - - - - -] returning from RpcWorker wait() _wait /var/lib/kolla/venv/lib/python3.6/site-packages/neutron/service.py:135
2025-10-13 01:55:25.872 23 WARNING amqp [req-7a2a4446-a9d0-454a-8a61-54049846527d - - - - -] Received method (60, 30) during closing channel 1. This method will be ignored
2025-10-13 01:55:25.875 24 WARNING amqp [req-7a2a4446-a9d0-454a-8a61-54049846527d - - - - -] Received method (60, 30) during closing channel 1. This method will be ignored
2025-10-13 01:55:25.875 23 DEBUG neutron.service [req-7a2a4446-a9d0-454a-8a61-54049846527d - - - - -] returning from RpcWorker wait() _wait /var/lib/kolla/venv/lib/python3.6/site-packages/neutron/service.py:135
2025-10-13 01:55:25.876 24 DEBUG neutron.service [req-7a2a4446-a9d0-454a-8a61-54049846527d - - - - -] returning from RpcWorker wait() _wait /var/lib/kolla/venv/lib/python3.6/site-packages/neutron/service.py:135
2025-10-13 01:55:25.879 7 INFO oslo_service.service [-] Child 25 exited with status 0
2025-10-13 01:55:25.884 7 INFO oslo_service.service [-] Child 24 exited with status 0
2025-10-13 01:55:25.884 7 INFO oslo_service.service [-] Child 23 exited with status 0
2025-10-13 01:55:25.884 7 INFO oslo_service.service [-] Wait called after thread killed. Cleaning up.
2025-10-13 01:55:25.884 7 DEBUG oslo_service.service [-] Stop services. stop /var/lib/kolla/venv/lib/python3.6/site-packages/oslo_service/service.py:695
2025-10-13 01:55:25.884 7 DEBUG oslo_service.service [-] Killing children. stop /var/lib/kolla/venv/lib/python3.6/site-packages/oslo_service/service.py:700
2025-10-13 01:55:29.862 7 INFO neutron.common.config [-] Logging enabled!
2025-10-13 01:55:29.862 7 INFO neutron.common.config [-] /var/lib/kolla/venv/bin/neutron-server version 20.5.1.dev23
2025-10-13 01:55:29.863 7 DEBUG neutron.common.config [-] command line: /var/lib/kolla/venv/bin/neutron-server --config-file /etc/neutron/neutron.conf --config-file /etc/neutron/ContrailPlugin.ini --config-file /etc/neutron/api-paste.ini setup_logging /var/lib/kolla/venv/lib/python3.6/site-packages/neutron/common/config.py:115
2025-10-13 01:55:29.866 7 INFO neutron.common.config [-] Logging enabled!
2025-10-13 01:55:29.866 7 INFO neutron.common.config [-] /var/lib/kolla/venv/bin/neutron-server version 20.5.1.dev23
2025-10-13 01:55:29.866 7 DEBUG neutron.common.config [-] command line: /var/lib/kolla/venv/bin/neutron-server --config-file /etc/neutron/neutron.conf --config-file /etc/neutron/ContrailPlugin.ini --config-file /etc/neutron/api-paste.ini setup_logging /var/lib/kolla/venv/lib/python3.6/site-packages/neutron/common/config.py:115
2025-10-13 01:55:29.867 7 DEBUG neutron.common.config [-] ******************************************************************************** log_opt_values /var/lib/kolla/venv/lib/python3.6/site-packages/oslo_config/cfg.py:2589
2025-10-13 01:55:29.867 7 DEBUG neutron.common.config [-] Configuration options gathered from: log_opt_values /var/lib/kolla/venv/lib/python3.6/site-packages/oslo_config/cfg.py:2590
2025-10-13 01:55:29.867 7 DEBUG neutron.common.config [-] command line args: ['--config-file', '/etc/neutron/neutron.conf', '--config-file', '/etc/neutron/ContrailPlugin.ini', '--config-file', '/etc/neutron/api-paste.ini'] log_opt_values /var/lib/kolla/venv/lib/python3.6/site-packages/oslo_config/cfg.py:2591
2025-10-13 01:55:29.868 7 DEBUG neutron.common.config [-] config files: ['/etc/neutron/neutron.conf', '/etc/neutron/ContrailPlugin.ini', '/etc/neutron/api-paste.ini'] log_opt_values /var/lib/kolla/venv/lib/python3.6/site-packages/oslo_config/cfg.py:2593
2025-10-13 01:55:29.868 7 DEBUG neutron.common.config [-] ================================================================================ log_opt_values /var/lib/kolla/venv/lib/python3.6/site-packages/oslo_config/cfg.py:2594
2025-10-13 01:55:29.868 7 DEBUG neutron.common.config [-] allow_bulk = True log_opt_values /var/lib/kolla/venv/lib/python3.6/site-packages/oslo_config/cfg.py:2603
2025-10-13 01:55:29.868 7 WARNING oslo_config.cfg [-] Deprecated: Option "allow_overlapping_ips" from group "DEFAULT" is deprecated for removal. Its value may be silently ignored in the future.
2025-10-13 01:55:29.868 7 DEBUG neutron.common.config [-] allow_overlapping_ips = True log_opt_values /var/lib/kolla/venv/lib/python3.6/site-packages/oslo_config/cfg.py:2603
2025-10-13 01:55:29.869 7 DEBUG neutron.common.config [-] api_extensions_path = /opt/plugin/site-packages/neutron_plugin_contrail/extensions:/opt/plugin/site-packages/neutron_lbaas/extensions log_opt_values /var/lib/kolla/venv/lib/python3.6/site-packages/oslo_config/cfg.py:2603
2025-10-13 01:55:29.869 7 DEBUG neutron.common.config [-] api_paste_config = /etc/neutron/api-paste.ini log_opt_values /var/lib/kolla/venv/lib/python3.6/site-packages/oslo_config/cfg.py:2603
2025-10-13 01:55:29.869 7 DEBUG neutron.common.config [-] api_workers = 1 log_opt_values /var/lib/kolla/venv/lib/python3.6/site-packages/oslo_config/cfg.py:2603
2025-10-13 01:55:29.869 7 DEBUG neutron.common.config [-] auth_strategy = keystone log_opt_values /var/lib/kolla/venv/lib/python3.6/site-packages/oslo_config/cfg.py:2603
2025-10-13 01:55:29.869 7 DEBUG neutron.common.config [-] backlog = 4096 log_opt_values /var/lib/kolla/venv/lib/python3.6/site-packages/oslo_config/cfg.py:2603
2025-10-13 01:55:29.869 7 DEBUG neutron.common.config [-] base_mac = fa:16:3e:00:00:00 log_opt_values /var/lib/kolla/venv/lib/python3.6/site-packages/oslo_config/cfg.py:2603
